-- Table structure for table `BizPit_app_booking_master_table`
--

CREATE TABLE `BizPit_app_booking_master_table` (
  `id` int(11) NOT NULL AUTO_INCREMENT,
  `property_id` int(11) NOT NULL,
  `booking_id` int(11) NOT NULL,
  `booked_by` varchar(100) NOT NULL,
  `booked_by_id` int(11) NOT NULL,
  `booking_type` varchar(100) NOT NULL,
  `property_type` varchar(100) NOT NULL,
  `head_count` int(11) NOT NULL,
  `timestamp` varchar(100) NOT NULL,
  PRIMARY KEY (`id`)
) ENGINE=InnoDB AUTO_INCREMENT=662 DEFAULT CHARSET=latin1;

--
-- Dumping data for table `BizPit_app_booking_master_table`
--

INSERT INTO `BizPit_app_booking_master_table` VALUES (1,3,1,'user',4,'Hourly','Plug & Play',1,'04/06/2016'),(2,3,2,'user',4,'Hourly','Plug & Play',1,'04/06/2016'),(3,3,3,'user',3,'Hourly','Plug & Play',1,'05/06/2016'),(4,3,4,'user',5,'Hourly','Plug & Play',1,'02/06/2016'),(8,3,8,'user',5,'Hourly','Plug & Play',1,'04/06/2016'),(9,5,9,'user',4,'Daily','Plug & Play',1,'time'),(10,5,10,'user',4,'Daily','Plug & Play',1,'time'),(11,14,11,'user',4,'Hourly','Plug & Play',1,'05/06/2016'),(12,5,12,'user',7,'Daily','Plug & Play',1,'time'),(13,9,13,'user',5,'Daily','Plug & Play',1,'time'),(14,16,14,'user',4,'Hourly','Plug & Play',1,'05/06/2016'),(15,12,15,'user',4,'Hourly','Plug & Play',1,'05/06/2016'),(16,12,16,'user',4,'Hourly','Plug & Play',1,'03/06/2016'),(17,4,17,'user',4,'Daily','Plug & Play',1,'time'),(18,25,18,'user',4,'Weekly','Plug & Play',1,'time'),(19,20,19,'user',4,'Daily','Plug & Play',1,'time'),(20,20,20,'user',4,'Daily','Plug & Play',1,'time'),(21,20,21,'user',4,'Daily','Plug & Play',1,'time'),(22,20,22,'user',4,'Daily','Plug & Play',1,'time'),(23,21,23,'user',4,'Daily','Plug & Play',1,'time'),(24,21,24,'user',4,'Daily','Plug & Play',1,'time'),(25,5,25,'user',4,'Daily','Plug & Play',1,'time'),(26,5,26,'user',3,'Daily','Plug & Play',1,'time'),(27,5,27,'user',4,'Daily','Plug & Play',15,'time'),(28,5,28,'user',4,'Daily','Plug & Play',1,'time'),(29,5,29,'user',4,'Daily','Plug & Play',25,'time'),(30,3,30,'user',4,'Hourly','Plug & Play',50,'06/06/2016'),(31,10,31,'user',4,'Hourly','Plug & Play',1,'04/06/2016'),(32,10,32,'user',4,'Hourly','Plug & Play',1,'04/06/2016'),(33,10,33,'user',4,'Hourly','Plug & Play',1,'04/06/2016'),(34,35,34,'user',3,'Daily','Training Room',1,'time'),(35,29,35,'user',4,'Weekly','Plug & Play',1,'time'),(36,18,36,'user',4,'Daily','Plug & Play',1,'time'),(37,3,37,'user',4,'Hourly','Plug & Play',1,'04/06/2016'),(38,9,38,'user',4,'Daily','Plug & Play',1,'time'),(39,24,39,'user',4,'Weekly','Plug & Play',1,'time'),(40,29,40,'user',4,'Weekly','Plug & Play',1,'time'),(41,20,41,'user',4,'Daily','Plug & Play',1,'time'),(42,23,42,'user',3,'Daily','Plug & Play',1,'time'),(43,22,43,'user',3,'Daily','Plug & Play',1,'time'),(44,35,44,'user',3,'Daily','Event_Hall',1,'time'),(45,10,45,'user',4,'Hourly','Plug & Play',1,'03/06/2016'),(46,3,46,'user',4,'Hourly','Plug & Play',50,'03/06/2016'),(47,3,47,'user',4,'Hourly','Plug & Play',1,'07/06/2016'),(48,3,48,'user',4,'Hourly','Plug & Play',1,'05/06/2016'),(49,35,49,'user',3,'Daily','Training Room',90,'time'),(50,35,50,'user',3,'HalfDay','Training Room',90,'04/06/2016'),(51,25,51,'user',3,'Weekly','Plug & Play',1,'time'),(52,35,52,'user',3,'Hourly','Plug & Play',1,'03/06/2016'),(53,29,53,'user',3,'Weekly','Plug & Play',1,'time'),(54,24,54,'user',3,'Weekly','Plug & Play',1,'time'),(55,24,55,'user',3,'Weekly','Plug & Play',1,'time'),(56,25,56,'user',4,'Weekly','Plug & Play',1,'time'),(58,29,58,'user',4,'Weekly','Plug & Play',1,'time'),(59,29,59,'user',4,'Weekly','Plug & Play',1,'time'),(60,25,60,'user',4,'Weekly','Plug & Play',1,'time'),(61,33,61,'user',4,'Weekly','Plug & Play',1,'time'),(62,33,62,'user',4,'Weekly','Plug & Play',10,'time'),(63,4,63,'user',4,'Weekly','Plug & Play',1,'time'),(64,29,64,'user',4,'Weekly','Plug & Play',1,'time'),(66,34,66,'user',4,'Weekly','Plug & Play',1,'time'),(67,34,67,'user',4,'Weekly','Plug & Play',1,'time'),(68,34,68,'user',4,'Weekly','Plug & Play',10,'time'),(69,31,69,'user',4,'Weekly','Plug & Play',10,'time'),(70,29,70,'user',4,'Weekly','Plug & Play',1,'time'),(71,29,71,'user',4,'Weekly','Plug & Play',1,'time'),(72,16,72,'user',4,'Hourly','Plug & Play',10,'06/06/2016'),(73,40,73,'user',5,'Weekly','Meeting_Room',1,'time'),(74,40,74,'user',5,'Weekly','Meeting_Room',1,'time'),(75,40,75,'user',5,'Weekly','Meeting_Room',1,'time'),(76,14,76,'user',4,'Hourly','Plug & Play',1,'05/06/2016'),(77,21,77,'user',7,'Daily','Plug & Play',1,'time'),(78,34,78,'user',7,'Weekly','Plug & Play',1,'time'),(79,24,79,'user',5,'Weekly','Plug & Play',1,'time'),(80,24,80,'user',5,'Weekly','Plug & Play',1,'time'),(81,39,81,'user',5,'Weekly','Plug & Play',1,'time'),(82,5,82,'user',9,'Daily','Plug & Play',1,'time'),(83,35,83,'user',9,'Hourly','Meeting_Room',1,'05/06/2016'),(87,3,87,'user',9,'Hourly','Plug & Play',1,'05/06/2016'),(88,3,88,'user',9,'Hourly','Plug & Play',1,'08/06/2016'),(89,3,89,'user',9,'Hourly','Plug & Play',1,'13/06/2016'),(90,3,90,'user',9,'Hourly','Plug & Play',1,'08/06/2016'),(91,8,91,'user',9,'Daily','Plug & Play',1,'time'),(93,8,93,'user',9,'Daily','Plug & Play',1,'time'),(94,24,94,'user',9,'Weekly','Plug & Play',1,'time'),(95,25,95,'user',9,'Weekly','Plug & Play',1,'time'),(96,25,96,'user',9,'Weekly','Plug & Play',1,'time'),(97,39,97,'user',9,'Weekly','Plug & Play',1,'time'),(98,39,98,'user',9,'Weekly','Plug & Play',1,'time'),(99,40,99,'user',9,'Weekly','Meeting_Room',1,'time'),(100,24,100,'user',9,'Weekly','Plug & Play',1,'time'),(101,5,101,'user',9,'Daily','Plug & Play',1,'time'),(102,3,102,'user',9,'Hourly','Plug & Play',1,'08/06/2016'),(103,3,103,'user',7,'Hourly','Plug & Play',1,'04/06/2016'),(104,41,104,'user',11,'Daily','Training Room',1,'time'),(105,37,105,'user',12,'Weekly','Plug & Play',1,'time'),(106,37,106,'user',12,'Weekly','Plug & Play',1,'time'),(107,37,107,'user',12,'Weekly','Plug & Play',1,'time'),(108,13,108,'user',4,'Hourly','Plug & Play',20,'05/06/2016'),(109,13,109,'user',4,'Hourly','Plug & Play',20,'09/06/2016'),(110,40,110,'user',4,'Hourly','Meeting_Room',12,'06/06/2016'),(111,23,111,'user',4,'Daily','Plug & Play',1,'time'),(112,23,112,'user',4,'Daily','Plug & Play',30,'time'),(113,39,113,'user',4,'Weekly','Plug & Play',29,'time'),(114,39,114,'user',4,'Weekly','Plug & Play',29,'time'),(115,28,115,'user',4,'Weekly','Plug & Play',1,'time'),(116,22,116,'user',4,'Daily','Plug & Play',40,'time'),(117,22,117,'user',4,'Daily','Plug & Play',40,'time'),(118,10,118,'user',4,'Hourly','Plug & Play',50,'09/06/2016'),(120,10,120,'user',4,'Hourly','Plug & Play',50,'09/06/2016'),(121,10,121,'user',4,'Hourly','Plug & Play',50,'09/06/2016'),(122,10,122,'user',4,'Hourly','Plug & Play',50,'09/06/2016'),(123,10,123,'user',4,'Hourly','Plug & Play',50,'09/06/2016'),(124,10,124,'user',4,'Hourly','Plug & Play',49,'09/06/2016'),(125,10,125,'user',4,'Hourly','Plug & Play',49,'09/06/2016'),(126,10,126,'user',4,'Hourly','Plug & Play',37,'09/06/2016'),(127,9,127,'user',4,'Daily','Plug & Play',15,'time'),(128,24,128,'user',4,'Weekly','Plug & Play',1,'time'),(129,10,129,'user',4,'Hourly','Plug & Play',1,'09/06/2016'),(130,10,130,'user',4,'Hourly','Plug & Play',50,'09/06/2016'),(131,10,131,'user',10,'Hourly','Plug & Play',50,'11/06/2016'),(132,10,132,'user',10,'Hourly','Plug & Play',50,'16/06/2016'),(133,10,133,'user',10,'Hourly','Plug & Play',50,'16/06/2016'),(134,10,134,'user',10,'Hourly','Plug & Play',50,'16/06/2016'),(135,24,135,'user',4,'Weekly','Plug & Play',10,'time'),(136,24,136,'user',4,'Weekly','Plug & Play',10,'time'),(137,4,137,'user',4,'Weekly','Plug & Play',1,'time'),(138,4,138,'user',3,'Daily','Plug & Play',1,'time'),(139,57,139,'user',3,'Daily','Training Room',1,'time'),(140,5,140,'user',3,'Daily','Plug & Play',1,'time'),(141,60,141,'user',3,'Daily','Training Room',1,'time'),(142,56,142,'user',3,'Daily','Training Room',1,'time'),(143,56,143,'user',3,'Daily','Training Room',1,'time'),(144,55,144,'user',3,'Daily','Training Room',1,'time'),(145,24,145,'user',3,'Weekly','Plug & Play',1,'time'),(146,58,146,'user',3,'Hourly','Plug & Play',1,'08/06/2016'),(147,37,147,'user',4,'Weekly','Plug & Play',1,'time'),(148,37,148,'user',4,'Weekly','Plug & Play',1,'time'),(149,37,149,'user',4,'Weekly','Plug & Play',1,'time'),(150,25,150,'user',4,'Weekly','Plug & Play',1,'time'),(151,10,151,'user',3,'Hourly','Plug & Play',1,'10/06/2016'),(152,14,152,'user',4,'Hourly','Plug & Play',1,'08/06/2016'),(153,36,153,'user',4,'Weekly','Plug & Play',10,'time'),(154,27,154,'user',4,'Weekly','Plug & Play',1,'time'),(155,52,155,'user',6,'Daily','Plug & Play',1,'time'),(156,39,156,'user',4,'Weekly','Plug & Play',30,'time'),(157,29,157,'user',9,'Weekly','Plug & Play',1,'time'),(158,16,158,'user',10,'Daily','Training Room',1,'time'),(159,4,159,'user',4,'Weekly','Plug & Play',1,'time'),(160,27,160,'user',4,'Weekly','Plug & Play',1,'time'),(161,33,161,'user',4,'Weekly','Plug & Play',10,'time'),(162,33,162,'user',4,'Weekly','Plug & Play',10,'time'),(163,60,163,'user',4,'HalfDay','Training Room',30,'11/06/2016'),(164,60,164,'user',4,'HalfDay','Training Room',30,'07/06/2016'),(165,60,165,'user',4,'HalfDay','Training Room',30,'07/06/2016'),(166,5,166,'user',10,'Daily','Plug & Play',1,'time'),(167,57,167,'user',1,'Daily','Training Room',1,'time'),(168,60,168,'user',4,'HalfDay','Training Room',30,'07/06/2016'),(169,60,169,'user',4,'HalfDay','Training Room',30,'07/06/2016'),(170,60,170,'user',4,'HalfDay','Training Room',30,'07/06/2016'),(171,60,171,'user',4,'HalfDay','Training Room',30,'06/06/2016'),(172,60,172,'user',4,'HalfDay','Training Room',30,'06/06/2016'),(173,60,173,'user',10,'HalfDay','Training Room',1,'11/06/2016'),(174,60,174,'user',4,'HalfDay','Training Room',30,'06/06/2016'),(175,60,175,'user',4,'HalfDay','Training Room',30,'07/06/2016'),(176,60,176,'user',4,'HalfDay','Training Room',30,'08/06/2016'),(177,60,177,'user',4,'HalfDay','Training Room',30,'08/06/2016'),(178,60,178,'user',4,'HalfDay','Training Room',30,'08/06/2016'),(179,60,179,'user',3,'HalfDay','Training Room',1,'09/06/2016'),(180,4,180,'user',4,'Weekly','Plug & Play',1,'time'),(181,4,181,'user',4,'Weekly','Plug & Play',40,'time'),(182,4,182,'user',4,'Weekly','Plug & Play',40,'time'),(183,58,183,'user',3,'Hourly','Meeting_Room',1,'08/06/2016'),(184,25,184,'user',10,'Weekly','Plug & Play',1,'time'),(185,4,185,'user',6,'Weekly','Plug & Play',30,'time'),(186,4,186,'user',6,'Weekly','Plug & Play',30,'time'),(187,57,187,'user',6,'Daily','Training Room',1,'time'),(188,13,188,'user',10,'Hourly','Plug & Play',1,'12/06/2016'),(189,37,189,'user',4,'Weekly','Plug & Play',20,'time'),(190,3,190,'user',4,'Weekly','Plug & Play',50,'time'),(191,3,191,'user',4,'Weekly','Plug & Play',50,'time'),(192,3,192,'user',4,'Weekly','Plug & Play',50,'time'),(193,3,193,'user',4,'Weekly','Plug & Play',50,'time'),(194,3,194,'user',4,'Weekly','Plug & Play',50,'time'),(195,3,195,'user',6,'Weekly','Plug & Play',45,'time'),(196,3,196,'user',6,'Hourly','Plug & Play',1,'08/06/2016'),(197,3,197,'user',6,'Daily','Plug & Play',1,'time'),(198,47,198,'user',7,'Daily','Meeting_Room',1,'time'),(199,47,199,'user',7,'Daily','Meeting_Room',2,'time'),(200,47,200,'user',7,'Daily','Meeting_Room',2,'time'),(201,33,201,'user',4,'Weekly','Plug & Play',19,'time'),(202,10,202,'user',4,'Hourly','Plug & Play',50,'10/06/2016'),(203,1,203,'user',9,'Daily','Plug & Play',1,'time'),(204,1,204,'user',9,'Daily','Plug & Play',1,'time'),(205,1,205,'user',9,'Daily','Plug & Play',1,'time'),(206,2,206,'user',9,'Daily','Plug & Play',1,'time'),(207,2,207,'user',9,'Daily','Plug & Play',1,'time'),(208,2,208,'user',3,'Daily','Plug & Play',1,'time'),(209,2,209,'user',3,'Daily','Plug & Play',1,'time'),(210,2,210,'user',9,'Daily','Plug & Play',1,'time'),(211,3,211,'user',6,'Weekly','Plug & Play',1,'time'),(212,3,212,'user',9,'Hourly','Plug & Play',1,'09/06/2016'),(213,37,213,'user',10,'Weekly','Plug & Play',1,'time'),(214,2,214,'user',9,'Daily','Plug & Play',1,'time'),(215,3,215,'user',10,'Weekly','Plug & Play',1,'time'),(216,24,216,'user',6,'Weekly','Plug & Play',1,'time'),(217,2,217,'user',9,'Daily','Plug & Play',1,'time'),(218,3,218,'user',6,'Daily','Plug & Play',1,'time'),(219,2,219,'user',9,'Daily','Plug & Play',1,'time'),(220,59,220,'user',10,'Daily','Meeting_Room',1,'time'),(221,60,221,'user',10,'Daily','Training Room',1,'time'),(222,2,222,'user',9,'Daily','Plug & Play',1,'time'),(223,47,223,'user',6,'Daily','Meeting_Room',1,'time'),(224,46,224,'user',6,'Daily','Training Room',1,'time'),(225,60,225,'user',6,'Daily','Training Room',1,'time'),(226,56,226,'user',6,'Daily','Training Room',1,'time'),(227,56,227,'user',6,'Daily','Plug & Play',1,'time'),(228,60,228,'user',6,'Daily','Training Room',1,'time'),(229,2,229,'user',9,'Daily','Plug & Play',1,'time'),(230,51,230,'user',6,'Daily','Plug & Play',1,'time'),(231,12,231,'user',9,'Hourly','Plug & Play',1,'08/06/2016'),(232,60,232,'user',9,'Daily','Training Room',1,'time'),(233,16,233,'user',9,'Hourly','Plug & Play',1,'10/06/2016'),(234,60,234,'user',9,'Daily','Training Room',1,'time'),(235,60,235,'user',6,'Daily','Training Room',1,'time'),(236,60,236,'user',9,'Daily','Training Room',1,'time'),(237,60,237,'user',9,'Daily','Training Room',1,'time'),(238,46,238,'user',9,'Daily','Training Room',1,'time'),(239,59,239,'user',2,'FullDay','Event_Hall',2,'time'),(240,44,240,'user',6,'Daily','Plug & Play',1,'time'),(241,59,241,'user',2,'FullDay','Event_Hall',2,'time'),(242,32,242,'user',9,'Weekly','Plug & Play',1,'time'),(243,4,243,'user',4,'Weekly','Plug & Play',39,'time'),(244,59,244,'user',2,'FullDay','Event_Hall',2,'time'),(245,59,245,'user',2,'FullDay','Event_Hall',2,'time'),(246,3,246,'user',10,'Hourly','Plug & Play',1,'08/06/2016'),(247,59,247,'user',2,'FullDay','Event_Hall',2,'time'),(248,3,248,'user',10,'Hourly','Plug & Play',1,'10/06/2016'),(249,3,249,'user',10,'Weekly','Plug & Play',1,'time'),(250,59,250,'user',2,'FullDay','Event_Hall',2,'time'),(251,33,251,'user',4,'Weekly','Plug & Play',1,'time'),(252,33,252,'user',4,'Weekly','Plug & Play',1,'time'),(253,3,253,'user',10,'Hourly','Plug & Play',1,'09/06/2016'),(254,33,254,'user',4,'Weekly','Plug & Play',1,'time'),(255,3,255,'user',10,'Weekly','Plug & Play',1,'time'),(256,34,256,'user',4,'Weekly','Plug & Play',1,'time'),(257,34,257,'user',4,'Weekly','Plug & Play',1,'time'),(258,13,258,'user',4,'Hourly','Plug & Play',1,'10/06/2016'),(259,59,259,'user',2,'FullDay','Event_Hall',2,'time'),(260,44,260,'user',6,'Daily','Plug & Play',1,'time'),(261,47,261,'user',6,'Daily','Meeting_Room',1,'time'),(262,22,262,'user',4,'Daily','Plug & Play',38,'time'),(263,3,263,'user',4,'Weekly','Plug & Play',48,'time'),(264,3,264,'user',4,'Daily','Plug & Play',1,'time'),(265,58,265,'user',9,'Hourly','Meeting_Room',1,'08/06/2016'),(266,58,266,'user',9,'Hourly','Meeting_Room',2,'08/06/2016'),(267,58,267,'user',9,'Hourly','Meeting_Room',2,'08/06/2016'),(268,21,268,'user',4,'Daily','Plug & Play',1,'time'),(269,33,269,'user',9,'Weekly','Plug & Play',2,'time'),(270,6,270,'user',11,'Daily','Plug & Play',1,'time'),(271,58,271,'user',9,'Hourly','Meeting_Room',2,'09/06/2016'),(272,58,272,'user',9,'Hourly','Meeting_Room',2,'09/06/2016'),(273,58,273,'user',9,'Hourly','Meeting_Room',2,'09/06/2016'),(274,33,274,'user',4,'Weekly','Plug & Play',18,'time'),(275,3,275,'user',5,'Hourly','Plug & Play',1,'11/06/2016'),(276,3,276,'user',5,'Hourly','Plug & Play',1,'11/06/2016'),(277,3,277,'user',5,'Hourly','Plug & Play',1,'11/06/2016'),(278,3,278,'user',5,'Hourly','Plug & Play',1,'11/06/2016'),(279,3,279,'user',5,'Hourly','Plug & Play',1,'07/06/2016'),(280,3,280,'user',5,'Hourly','Plug & Play',1,'08/06/2016'),(281,56,281,'user',5,'Daily','Event_Hall',1,'time'),(282,33,282,'user',11,'Weekly','Plug & Play',1,'time'),(283,33,283,'user',11,'Weekly','Plug & Play',1,'time'),(284,55,284,'user',3,'Daily','Plug & Play',1,'time'),(285,3,285,'user',2,'Hourly','Plug & Play',2,'7/6/2016'),(286,1,286,'user',6,'Daily','Plug & Play',2,'time'),(287,1,287,'user',6,'Daily','Plug & Play',2,'time'),(288,60,288,'user',4,'HalfDay','Training Room',1,'10/06/2016'),(289,60,289,'user',4,'HalfDay','Training Room',30,'10/06/2016'),(290,60,290,'user',4,'HalfDay','Training Room',30,'10/06/2016'),(291,60,291,'user',4,'HalfDay','Training Room',30,'10/06/2016'),(292,60,292,'user',4,'HalfDay','Training Room',30,'10/06/2016'),(293,60,293,'user',4,'HalfDay','Training Room',30,'10/06/2016'),(294,60,294,'user',4,'HalfDay','Training Room',30,'10/06/2016'),(295,60,295,'user',4,'HalfDay','Training Room',30,'10/06/2016'),(296,60,296,'user',4,'HalfDay','Training Room',30,'08/06/2016'),(297,60,297,'user',4,'HalfDay','Training Room',30,'08/06/2016'),(298,60,298,'user',4,'HalfDay','Training Room',30,'08/06/2016'),(299,33,299,'user',4,'Weekly','Plug & Play',20,'time'),(300,33,300,'user',4,'Weekly','Plug & Play',20,'time'),(301,60,301,'user',4,'HalfDay','Training Room',30,'08/06/2016'),(302,60,302,'user',4,'HalfDay','Training Room',30,'11/06/2016'),(303,60,303,'user',4,'HalfDay','Training Room',30,'11/06/2016'),(304,4,304,'user',3,'Daily','Plug & Play',2,'time'),(305,3,305,'user',4,'Hourly','Plug & Play',1,'10/06/2016'),(306,3,306,'user',4,'Hourly','Plug & Play',1,'09/06/2016'),(307,3,307,'user',4,'Daily','Plug & Play',50,'time'),(308,3,308,'user',4,'Weekly','Plug & Play',50,'time'),(309,3,309,'user',4,'Weekly','Plug & Play',50,'time'),(310,3,310,'user',4,'Weekly','Plug & Play',50,'time'),(311,3,311,'user',4,'Weekly','Plug & Play',48,'time'),(312,3,312,'user',4,'Weekly','Plug & Play',48,'time'),(313,8,313,'user',3,'Weekly','Plug & Play',1,'time'),(314,34,314,'user',4,'Weekly','Plug & Play',1,'time'),(315,4,315,'user',4,'Weekly','Plug & Play',1,'time'),(316,3,316,'user',3,'Daily','Plug & Play',1,'time'),(317,56,317,'user',4,'Daily','Event_Hall',1,'time'),(318,56,318,'user',4,'Daily','Event_Hall',20,'time'),(319,12,319,'user',9,'Hourly','Plug & Play',1,'10/06/2016'),(320,56,320,'user',4,'Daily','Event_Hall',20,'time'),(321,57,321,'user',10,'Daily','Training Room',1,'time'),(326,33,326,'user',3,'Weekly','Plug & Play',1,'time'),(327,1,327,'user',9,'Daily','Plug & Play',1,'time'),(328,60,328,'user',9,'HalfDay','Training Room',1,'10/06/2016'),(329,60,329,'user',9,'HalfDay','Training Room',1,'12/06/2016'),(330,60,330,'user',9,'HalfDay','Training Room',1,'12/06/2016'),(331,60,331,'user',3,'HalfDay','Training Room',1,'13/06/2016'),(332,60,332,'user',9,'HalfDay','Training Room',1,'12/06/2016'),(333,60,333,'user',3,'HalfDay','Training Room',1,'12/06/2016'),(334,19,334,'user',4,'Daily','Plug & Play',19,'time'),(335,19,335,'user',1,'Daily','Plug & Play',1,'time'),(336,55,336,'user',3,'Daily','Training Room',1,'time'),(340,56,340,'user',3,'Daily','Training Room',1,'time'),(341,55,341,'user',3,'Daily','Meeting_Room',1,'time'),(342,36,342,'user',4,'Weekly','Plug & Play',1,'time'),(343,36,343,'user',4,'Weekly','Plug & Play',1,'time'),(344,20,344,'user',4,'Daily','Plug & Play',1,'time'),(345,3,345,'user',3,'Hourly','Plug & Play',1,'10/06/2016'),(346,3,346,'user',9,'Hourly','Plug & Play',1,'10/06/2016'),(347,3,347,'user',9,'Hourly','Plug & Play',1,'09/06/2016'),(348,1,348,'user',9,'Daily','Plug & Play',1,'time'),(349,1,349,'user',9,'Daily','Plug & Play',1,'time'),(350,1,350,'user',9,'Daily','Plug & Play',1,'time'),(351,19,351,'user',9,'Daily','Plug & Play',1,'time'),(352,37,352,'user',4,'Weekly','Plug & Play',20,'time'),(356,60,356,'user',4,'HalfDay','Training Room',29,'11/06/2016'),(357,57,357,'user',4,'Daily','Plug & Play',25,'time'),(358,31,358,'user',4,'Weekly','Plug & Play',1,'time'),(359,31,359,'user',4,'Weekly','Plug & Play',1,'time'),(360,34,360,'user',7,'Weekly','Plug & Play',1,'time'),(361,33,361,'user',4,'Weekly','Plug & Play',20,'time'),(362,33,362,'user',4,'Weekly','Plug & Play',20,'time'),(363,13,363,'user',4,'Hourly','Plug & Play',19,'13/06/2016'),(364,13,364,'user',4,'Hourly','Plug & Play',19,'12/06/2016'),(365,13,365,'user',4,'Hourly','Plug & Play',19,'14/06/2016'),(366,6,366,'user',3,'Daily','Plug & Play',1,'time'),(367,34,367,'user',4,'Weekly','Plug & Play',18,'time'),(369,34,369,'user',4,'Weekly','Plug & Play',18,'time'),(370,10,370,'user',14,'Hourly','Plug & Play',1,'11/06/2016'),(371,54,371,'user',15,'Daily','Training Room',1,'time'),(372,54,372,'user',15,'Daily','Event_Hall',1,'time'),(373,34,373,'user',15,'Weekly','Plug & Play',20,'time'),(374,16,374,'user',15,'Daily','Training Room',1,'time'),(375,22,375,'user',15,'Daily','Plug & Play',3,'time'),(376,22,376,'user',15,'Daily','Plug & Play',3,'time'),(377,21,377,'user',15,'Daily','Plug & Play',6,'time'),(379,24,379,'user',14,'Weekly','Plug & Play',1,'time'),(380,33,380,'user',6,'Weekly','Plug & Play',1,'time'),(381,33,381,'user',6,'Weekly','Plug & Play',1,'time'),(382,33,382,'user',6,'Weekly','Plug & Play',1,'time'),(383,33,383,'user',6,'Weekly','Plug & Play',1,'time'),(384,38,384,'user',6,'Weekly','Plug & Play',1,'time'),(385,38,385,'user',6,'Weekly','Plug & Play',1,'time'),(386,38,386,'user',6,'Weekly','Plug & Play',1,'time'),(387,38,387,'user',6,'Weekly','Plug & Play',1,'time'),(388,38,388,'user',6,'Weekly','Plug & Play',1,'time'),(389,37,389,'user',6,'Weekly','Plug & Play',19,'time'),(390,37,390,'user',6,'Weekly','Plug & Play',19,'time'),(391,37,391,'user',6,'Weekly','Plug & Play',19,'time'),(396,39,396,'user',9,'Weekly','Plug & Play',2,'time'),(410,59,410,'user',17,'HalfDay','Training Room',20,'11/06/2016'),(412,59,412,'user',17,'HalfDay','Training Room',20,'10/06/2016'),(414,5,414,'user',1,'Daily','Plug & Play',1,'time'),(415,2,415,'user',1,'Daily','Plug & Play',1,'time'),(422,59,422,'user',9,'Daily','Event_Hall',1,'time'),(423,59,423,'user',9,'Daily','Event_Hall',1,'time'),(424,3,424,'user',16,'Hourly','Plug & Play',1,'13/06/2016'),(425,3,425,'user',16,'Hourly','Plug & Play',1,'10/06/2016'),(426,3,426,'user',16,'Hourly','Plug & Play',1,'10/06/2016'),(427,3,427,'user',16,'Hourly','Plug & Play',50,'18/06/2016'),(428,10,428,'user',16,'Hourly','Plug & Play',50,'22/06/2016'),(429,14,429,'user',1,'Hourly','Plug & Play',1,'10/06/2016'),(430,3,430,'user',1,'Hourly','Plug & Play',1,'09/06/2016'),(431,3,431,'user',1,'Hourly','Plug & Play',1,'09/06/2016'),(432,3,432,'user',1,'Hourly','Plug & Play',1,'09/06/2016'),(433,4,433,'user',1,'Daily','Plug & Play',1,'time'),(435,53,434,'user',14,'Daily','Training Room',1,'time'),(436,26,435,'user',14,'Weekly','Plug & Play',1,'time'),(437,22,436,'user',9,'Daily','Plug & Play',1,'time'),(438,14,437,'user',3,'Hourly','Plug & Play',1,'12/06/2016'),(439,25,438,'user',3,'Weekly','Plug & Play',1,'time'),(440,5,439,'user',15,'Daily','Plug & Play',1,'time'),(441,5,440,'user',15,'Daily','Plug & Play',1,'time'),(442,5,441,'user',15,'Daily','Plug & Play',1,'time'),(443,63,442,'user',9,'Daily','Plug & Play',1,'time'),(444,64,443,'user',7,'Hourly','Meeting_Room',1,'12/06/2016'),(445,63,444,'user',3,'HalfDay','Event_Hall',1,'12/06/2016'),(446,62,445,'user',3,'Weekly','Plug & Play',1,'time'),(447,62,446,'user',7,'HalfDay','Training Room',1,'14/06/2016'),(448,63,447,'user',14,'HalfDay','Training Room',1,'13/06/2016'),(449,61,448,'user',14,'HalfDay','Event_Hall',1,'13/06/2016'),(450,61,449,'user',14,'Hourly','Plug & Play',1,'12/06/2016'),(451,13,450,'user',14,'Hourly','Plug & Play',1,'14/06/2016'),(452,62,451,'user',14,'HalfDay','Training Room',1,'15/06/2016'),(453,63,452,'user',7,'HalfDay','Event_Hall',1,'11/06/2016'),(454,60,453,'user',14,'HalfDay','Event_Hall',1,'13/06/2016'),(455,48,454,'user',14,'Daily','Training Room',1,'time'),(456,48,455,'user',14,'Daily','Training Room',1,'time'),(457,60,456,'user',7,'HalfDay','Event_Hall',1,'10/06/2016'),(458,50,457,'user',15,'Daily','Training Room',1,'time'),(459,38,458,'user',15,'Weekly','Plug & Play',1,'time'),(460,65,459,'user',6,'Hourly','Plug & Play',1,'15/06/2016'),(461,65,460,'user',6,'Daily','Plug & Play',1,'time'),(462,65,461,'user',6,'HalfDay','Training Room',1,'14/06/2016'),(463,65,462,'user',6,'HalfDay','Training Room',1,'14/06/2016'),(464,33,463,'user',3,'Weekly','Plug & Play',1,'time'),(465,24,464,'user',5,'Weekly','Plug & Play',8,'time'),(466,24,465,'user',5,'Weekly','Plug & Play',8,'time'),(467,37,466,'user',4,'Weekly','Plug & Play',1,'time'),(468,37,467,'user',4,'Weekly','Plug & Play',23,'time'),(469,37,468,'user',4,'Weekly','Plug & Play',23,'time'),(470,37,469,'user',4,'Weekly','Plug & Play',23,'time'),(471,5,470,'user',4,'Daily','Plug & Play',19,'time'),(472,5,471,'user',4,'Daily','Plug & Play',19,'time'),(473,68,472,'user',4,'HalfDay','Event_Hall',1,'15/06/2016'),(474,68,473,'user',4,'HalfDay','Event_Hall',1,'15/06/2016'),(475,24,474,'user',4,'Weekly','Plug & Play',23,'time'),(476,43,475,'user',4,'Daily','Plug & Play',1,'time'),(477,6,476,'user',4,'Daily','Plug & Play',23,'time'),(478,25,477,'user',6,'Weekly','Plug & Play',1,'time'),(479,1,478,'user',6,'Daily','Plug & Play',10,'time'),(480,69,479,'user',6,'Hourly','Meeting_Room',1,'18/06/2016'),(481,69,480,'user',4,'HalfDay','Training Room',1,'19/06/2016'),(482,68,481,'user',4,'Hourly','Meeting_Room',1,'21/06/2016'),(483,68,482,'user',4,'Weekly','Meeting_Room',1,'time'),(484,69,483,'user',6,'Hourly','Meeting_Room',1,'18/06/2016'),(485,18,484,'user',4,'Daily','Plug & Play',16,'time'),(486,37,485,'user',4,'Weekly','Plug & Play',1,'time'),(487,20,486,'user',4,'Daily','Plug & Play',1,'time'),(488,63,487,'user',4,'Hourly','Plug & Play',1,'19/06/2016'),(489,63,488,'user',4,'Hourly','Plug & Play',1,'19/06/2016'),(490,63,489,'user',4,'Daily','Plug & Play',1,'time'),(491,8,490,'user',6,'Daily','Plug & Play',1,'time'),(492,38,491,'user',6,'Weekly','Plug & Play',1,'time'),(493,2,492,'user',4,'Daily','Plug & Play',1,'time'),(494,2,493,'user',4,'Daily','Plug & Play',1,'time'),(495,24,494,'user',4,'Weekly','Plug & Play',1,'time'),(496,3,495,'user',4,'Hourly','Plug & Play',48,'21/06/2016'),(497,66,496,'user',15,'Daily','Plug & Play',1,'time'),(498,16,497,'user',29,'Hourly','Plug & Play',1,'22/06/2016'),(499,3,498,'user',4,'Hourly','Plug & Play',1,'25/06/2016'),(500,70,499,'user',15,'Hourly','Plug & Play',1,'24/06/2016'),(501,63,500,'user',15,'Hourly','Plug & Play',1,'26/06/2016'),(502,65,501,'user',15,'Hourly','Plug & Play',1,'24/06/2016'),(503,67,502,'user',3,'Hourly','Plug & Play',1,'27/06/2016'),(504,23,503,'user',14,'Daily','Plug & Play',1,'time'),(505,65,504,'user',13,'HalfDay','Training Room',1,'27/06/2016'),(506,65,505,'user',13,'HalfDay','Training Room',30,'28/06/2016'),(507,60,506,'user',14,'HalfDay','Event_Hall',1,'27/06/2016'),(508,65,507,'user',15,'Daily','Plug & Play',1,'time'),(509,73,508,'user',14,'Hourly','Plug & Play',1,'30/06/2016'),(510,21,509,'user',14,'Daily','Plug & Play',1,'time'),(511,72,510,'user',14,'HalfDay','Training Room',1,'01/07/2016'),(512,63,511,'user',15,'HalfDay','Training Room',1,'30/06/2016'),(513,43,512,'user',14,'Daily','Plug & Play',1,'time'),(514,43,513,'user',14,'Daily','Plug & Play',20,'time'),(515,50,514,'user',14,'Daily','Event_Hall',1,'time'),(516,6,515,'user',6,'Daily','Plug & Play',1,'time'),(517,6,516,'user',6,'Daily','Plug & Play',1,'time'),(518,6,517,'user',6,'Daily','Plug & Play',1,'time'),(519,20,518,'user',6,'Daily','Plug & Play',1,'time'),(520,65,519,'user',6,'Hourly','Plug & Play',1,'01/07/2016'),(521,73,520,'user',14,'Hourly','Plug & Play',1,'01/07/2016'),(522,76,521,'user',14,'HalfDay','Event_Hall',1,'01/07/2016'),(523,37,522,'user',14,'Weekly','Plug & Play',1,'time'),(524,70,523,'user',14,'Hourly','Meeting_Room',1,'28/06/2016'),(525,68,524,'user',14,'HalfDay','Training Room',1,'01/07/2016'),(526,67,525,'user',15,'Hourly','Meeting_Room',1,'01/07/2016'),(527,82,526,'user',3,'Hourly','Plug & Play',1,'02/07/2016'),(528,82,527,'user',3,'HalfDay','Training Room',1,'03/07/2016'),(529,82,528,'user',3,'HalfDay','Training Room',1,'03/07/2016'),(530,82,529,'user',3,'HalfDay','Event_Hall',1,'04/07/2016'),(531,82,530,'user',3,'Hourly','Plug & Play',2,'02/07/2016'),(532,82,531,'user',3,'Hourly','Plug & Play',2,'04/07/2016'),(533,67,532,'user',6,'Hourly','Plug & Play',1,'01/07/2016'),(534,67,533,'user',6,'Hourly','Meeting_Room',1,'02/07/2016'),(535,67,534,'user',6,'HalfDay','Training Room',1,'03/07/2016'),(536,70,535,'user',15,'Daily','Meeting_Room',1,'time'),(537,60,536,'user',6,'HalfDay','Event_Hall',1,'01/07/2016'),(538,73,537,'user',3,'Hourly','Plug & Play',1,'03/07/2016'),(539,63,538,'user',6,'HalfDay','Event_Hall',100,'01/07/2016'),(540,63,539,'user',6,'Hourly','Meeting_Room',1,'02/07/2016'),(541,65,540,'user',6,'HalfDay','Training Room',30,'03/07/2016'),(542,50,541,'user',6,'Hourly','Plug & Play',1,'04/07/2016'),(543,37,542,'user',6,'Weekly','Plug & Play',19,'time'),(544,29,543,'user',5,'Weekly','Plug & Play',1,'time'),(545,29,544,'user',5,'Weekly','Plug & Play',10,'time'),(546,30,545,'user',5,'Weekly','Plug & Play',1,'time'),(547,29,546,'user',5,'Weekly','Plug & Play',1,'time'),(548,67,547,'user',15,'Daily','Meeting_Room',1,'time'),(549,58,548,'user',15,'Hourly','Meeting_Room',1,'07/07/2016'),(550,37,549,'user',5,'Weekly','Plug & Play',1,'time'),(551,37,550,'user',6,'Weekly','Plug & Play',1,'time'),(552,29,551,'user',6,'Weekly','Plug & Play',1,'time'),(553,2,552,'user',5,'Monthly','Plug & Play',1,'time'),(554,63,553,'user',7,'HalfDay','Event_Hall',100,'10/07/2016'),(555,2,554,'user',5,'Monthly','Plug & Play',1,'time'),(556,2,555,'user',5,'Monthly','Plug & Play',15,'time'),(557,2,556,'user',5,'Monthly','Plug & Play',1,'time'),(558,2,557,'user',5,'Monthly','Plug & Play',1,'time'),(559,5,558,'user',5,'Monthly','Plug & Play',1,'time'),(560,5,559,'user',5,'Monthly','Plug & Play',25,'time'),(561,5,560,'user',5,'Monthly','Plug & Play',25,'time'),(562,43,561,'user',5,'Monthly','Plug & Play',20,'time'),(563,43,562,'user',5,'Monthly','Plug & Play',1,'time'),(564,29,563,'user',5,'Weekly','Plug & Play',1,'time'),(565,30,564,'user',5,'Weekly','Plug & Play',1,'time'),(566,30,565,'user',5,'Weekly','Plug & Play',1,'time'),(567,30,566,'user',5,'Weekly','Plug & Play',1,'time'),(568,2,567,'user',5,'Monthly','Plug & Play',1,'time'),(569,2,568,'user',5,'Monthly','Plug & Play',1,'time'),(570,2,569,'user',5,'Monthly','Plug & Play',1,'time'),(571,2,570,'user',5,'Monthly','Plug & Play',1,'time'),(572,24,571,'user',5,'Weekly','Plug & Play',1,'time'),(573,30,572,'user',5,'Weekly','Plug & Play',10,'time'),(574,30,573,'user',5,'Weekly','Plug & Play',1,'time'),(575,42,574,'user',14,'Weekly','Plug & Play',1,'time'),(576,19,575,'user',14,'Daily','Plug & Play',1,'time'),(577,73,576,'user',3,'Hourly','Plug & Play',1,'12/07/2016'),(578,63,577,'user',15,'Hourly','Meeting_Room',1,'10/07/2016'),(579,1,578,'user',2,'Monthly','Plug & Play',5,'time'),(580,81,579,'user',5,'Monthly','Plug & Play',1,'time'),(581,63,580,'user',20,'Hourly','Plug & Play',1,'13/07/2016'),(582,89,581,'user',5,'Monthly','Plug & Play',1,'time'),(583,89,582,'user',5,'Monthly','Plug & Play',1,'time'),(584,42,583,'user',15,'Weekly','Plug & Play',1,'time'),(585,89,584,'user',5,'Monthly','Plug & Play',1,'time'),(586,2,585,'user',3,'Daily','Plug & Play',1,'time'),(587,2,586,'user',5,'Daily','Plug & Play',1,'time'),(588,2,587,'user',5,'Daily','Plug & Play',1,'time'),(589,2,588,'user',5,'Daily','Plug & Play',1,'time'),(590,2,589,'user',5,'Daily','Plug & Play',1,'time'),(591,2,590,'user',5,'Daily','Plug & Play',1,'time'),(592,2,591,'user',5,'Daily','Plug & Play',1,'time'),(593,2,592,'user',5,'Daily','Plug & Play',1,'time'),(594,2,593,'user',5,'Daily','Plug & Play',1,'time'),(595,2,594,'user',5,'Daily','Plug & Play',1,'time'),(596,2,595,'user',5,'Daily','Plug & Play',1,'time'),(597,2,596,'user',5,'Daily','Plug & Play',1,'time'),(598,2,597,'user',5,'Daily','Plug & Play',1,'time'),(599,37,598,'user',6,'Weekly','Plug & Play',1,'time'),(600,65,599,'user',6,'Hourly','Plug & Play',1,'14/07/2016'),(601,65,600,'user',6,'Monthly','Plug & Play',1,'time'),(602,65,601,'user',6,'HalfDay','Training Room',30,'15/07/2016'),(603,2,602,'user',6,'Daily','Plug & Play',1,'time'),(604,37,603,'user',6,'Weekly','Plug & Play',1,'time'),(605,65,604,'user',6,'HalfDay','Training Room',30,'16/07/2016'),(606,77,605,'user',5,'Daily','Training Room',50,'time'),(607,75,606,'user',6,'HalfDay','Training Room',30,'14/07/2016'),(608,75,607,'user',6,'HalfDay','Training Room',20,'14/07/2016'),(609,60,608,'user',6,'HalfDay','Event_Hall',20,'15/07/2016'),(610,77,609,'user',6,'HalfDay','Training Room',50,'15/07/2016'),(611,6,610,'user',22,'Daily','Plug & Play',1,'time'),(612,77,611,'user',5,'Hourly','Meeting_Room',80,'14/07/2016'),(613,2,612,'user',6,'Daily','Plug & Play',1,'time'),(614,63,613,'user',6,'HalfDay','Training Room',2,'8/8/2016'),(615,63,614,'user',6,'HalfDay','Training Room',2,'8/8/2016'),(616,63,615,'user',6,'HalfDay','Training Room',2,'8/8/2016'),(617,2,616,'user',6,'Daily','Plug & Play',1,'time'),(618,2,617,'user',6,'Daily','Plug & Play',1,'time'),(619,2,618,'user',6,'Daily','Plug & Play',1,'time'),(620,2,619,'user',6,'Daily','Plug & Play',1,'time'),(621,2,620,'user',6,'Daily','Plug & Play',1,'time'),(622,2,621,'user',6,'Daily','Plug & Play',1,'time'),(623,5,622,'user',3,'Monthly','Plug & Play',1,'time'),(624,63,623,'user',6,'HalfDay','Training Room',2,'8/8/2016'),(625,63,624,'user',6,'HalfDay','Training Room',2,'8/8/2016'),(626,5,625,'user',6,'Daily','Plug & Play',1,'time'),(627,2,626,'user',6,'Daily','Plug & Play',1,'time'),(628,6,627,'user',6,'Daily','Plug & Play',1,'time'),(629,67,628,'user',5,'Hourly','Plug & Play,Training Room,Event_Hall,Meeting_Room',1,' 15/07/2016'),(630,71,629,'user',5,'Hourly','Plug & Play,Training Room,Event_Hall,Meeting_Room',1,' 16/07/2016'),(631,71,630,'user',6,'Hourly','Plug & Play,Training Room,Event_Hall,Meeting_Room',1,' 15/07/2016'),(632,74,631,'user',6,'HalfDay','Plug & Play,Training Room',20,' 16/07/2016'),(633,81,632,'user',5,'Hourly','Plug & Play,Training Room,Event_Hall,Meeting_Room',1,'15/07/2016'),(634,74,633,'user',6,'Hourly','Plug & Play,Training Room',10,' 17/07/2016'),(635,73,634,'user',24,'Hourly','Plug & Play',1,'16/07/2016'),(636,77,635,'user',24,'HalfDay','Event_Hall,Training Room,Meeting_Room,Plug & Play',100,' 16/07/2016'),(637,81,636,'user',24,'HalfDay','Plug & Play,Training Room,Event_Hall,Meeting_Room',50,' 16/07/2016'),(638,67,637,'user',6,'Daily','Plug & Play,Training Room,Event_Hall,Meeting_Room',30,'time'),(639,81,638,'user',14,'Hourly','Plug & Play,Training Room,Event_Hall,Meeting_Room',10,'16/07/2016'),(640,70,639,'user',25,'Hourly','Meeting_Room,Event_Hall,Training Room,Plug & Play',20,'17/07/2016'),(641,60,640,'user',25,'Monthly','Plug & Play,Event_Hall',620,'time'),(642,93,641,'user',5,'Monthly','Plug & Play',30,'time'),(643,93,642,'user',5,'Monthly','Plug & Play',30,'time'),(644,98,643,'user',6,'Monthly','Plug & Play',25,'time'),(645,74,644,'user',25,'HalfDay','Meeting_Room,Event_Hall,Training Room,Plug & Play',20,' 19/07/2016'),(646,1,645,'user',5,'Daily','Meeting_Room,Event_Hall,Training Room,Plug & Play',1,'time'),(647,102,646,'user',26,'Monthly','Event_Hall,Plug & Play,Meeting_Room,Training Room',1,'time'),(648,75,647,'user',5,'HalfDay','Plug & Play,Training Room',20,' 19/07/2016'),(649,43,648,'user',5,'Daily','Plug & Play',1,'time'),(650,81,649,'user',5,'Monthly','Plug & Play,Training Room,Event_Hall,Meeting_Room',1,'time'),(651,2,650,'user',5,'Daily','Plug & Play',1,'time'),(652,94,651,'user',5,'HalfDay','Event_Hall,Training Room,Meeting_Room',55,' 19/07/2016'),(653,81,652,'user',6,'HalfDay','Plug & Play,Training Room,Event_Hall,Meeting_Room',20,' 18/07/2016'),(654,2,653,'user',6,'Daily','Plug & Play',1,'time'),(655,75,654,'user',24,'HalfDay','Plug & Play,Training Room',20,' 20/07/2016'),(656,103,655,'user',24,'HalfDay','Event_Hall,Meeting_Room,Training Room,Plug & Play',90,' 19/07/2016'),(657,106,656,'user',6,'Hourly','Plug & Play,Training Room,Event_Hall,Meeting_Room',1,'19/07/2016'),(658,20,657,'user',24,'Daily','Plug & Play',1,'time'),(659,109,658,'user',24,'Monthly','Plug & Play',25,'time'),(660,2,659,'user',5,'Daily','Plug & Play',1,'time'),(661,2,660,'user',5,'Daily','Plug & Play',1,'time');

--
-- Table structure for table `BizPit_app_booking_type`
--

CREATE TABLE `BizPit_app_booking_type` (
  `id` int(11) NOT NULL AUTO_INCREMENT,
  `property_id` int(11) NOT NULL,
  `book_type` varchar(500) NOT NULL,
  `property_type` varchar(500) NOT NULL,
  PRIMARY KEY (`id`)
) ENGINE=InnoDB AUTO_INCREMENT=129 DEFAULT CHARSET=latin1;

--
-- Dumping data for table `BizPit_app_booking_type`
--

INSERT INTO `BizPit_app_booking_type` VALUES (1,1,'Monthly','Plug & Play'),(2,2,'Monthly','Plug & Play'),(3,3,'Monthly,Hourly,Daily','Plug & Play'),(4,4,'Monthly','Plug & Play'),(5,5,'Monthly','Plug & Play'),(8,6,'Daily,Monthly','Plug & Play'),(9,8,'Daily','Plug & Play'),(10,9,'Daily','Plug & Play'),(11,10,'Hourly','Plug & Play'),(13,12,'Hourly','Plug & Play'),(14,13,'Hourly','Plug & Play'),(15,14,'Hourly','Plug & Play'),(16,15,'Hourly','Plug & Play'),(17,16,'Hourly','Plug & Play'),(18,17,'Hourly','Plug & Play'),(19,18,'Daily','Plug & Play'),(20,19,'Daily','Plug & Play'),(21,20,'Daily','Plug & Play'),(22,21,'Daily','Plug & Play'),(23,22,'Daily','Plug & Play'),(24,23,'Daily','Plug & Play'),(25,24,'Weekly','Plug & Play'),(26,25,'Weekly','Plug & Play'),(27,26,'Weekly','Plug & Play'),(28,27,'Weekly','Plug & Play'),(29,28,'Weekly','Plug & Play'),(30,29,'Weekly','Plug & Play'),(32,30,'Weekly','Plug & Play'),(33,31,'Weekly','Plug & Play'),(34,32,'Weekly','Plug & Play'),(35,33,'Weekly','Plug & Play'),(36,34,'Weekly','Plug & Play'),(37,36,'Weekly','Plug & Play'),(39,37,'Weekly','Plug & Play'),(40,38,'Weekly','Plug & Play'),(41,39,'Weekly','Plug & Play'),(43,42,'Monthly','Plug & Play'),(44,43,'Monthly','Plug & Play'),(49,46,'FullDay','Training Room'),(50,47,'Daily','Meeting_Room'),(51,48,'FullDay','Event_Hall'),(52,50,'FullDay,Hourly','Training Room'),(53,51,'Hourly,Daily','Meeting_Room'),(54,52,'FullDay,Hourly','Event_Hall'),(55,53,'FullDay,Daily','Training Room'),(56,54,'FullDay','Event_Hall'),(57,55,'FullDay,Hourly,Daily','Training Room'),(58,56,'FullDay,Hourly','Event_Hall'),(59,57,'FullDay,Hourly','Event_Hall'),(60,58,'FullDay,Hourly','Event_Hall,Meeting_Room,Plug & Play'),(61,59,'FullDay,Daily','Event_Hall,Meeting_Room,Training Room'),(67,60,'','Plug & Play'),(68,61,'','Plug & Play'),(69,62,'Hourly,Monthly,Daily,FullDay,HalfDay,Weekly','Event_Hall'),(70,63,'','Meeting_Room'),(71,64,'Hourly,Daily,Weekly','Meeting_Room'),(72,65,'','Plug & Play'),(73,66,'Hourly,Daily,Weekly','Meeting_Room'),(74,67,'','Meeting_Room'),(75,68,'','Meeting_Room'),(76,69,'Hourly,Daily,Weekly','Meeting_Room'),(77,70,'Hourly,Monthly,Daily,FullDay,HalfDay,Weekly','Event_Hall'),(78,71,'FullDay,Hourly,HalfDay','Event_Hall'),(79,72,'Hourly,Monthly,Daily,FullDay,HalfDay,Weekly','Event_Hall'),(80,73,'Monthly,Hourly,Daily','Plug & Play'),(81,74,'Hourly,HalfDay','Training Room'),(82,75,'','Plug & Play'),(83,76,'Monthly,Hourly,Daily,HalfDay','Plug & Play'),(84,77,'Hourly,Daily,Weekly','Meeting_Room'),(85,78,'','Plug & Play'),(86,79,'Monthly,Hourly,Daily','Plug & Play'),(87,80,'Monthly,Hourly,Daily','Plug & Play'),(88,81,'','Meeting_Room'),(89,82,'','Meeting_Room'),(90,83,'Hourly,Monthly,Daily,FullDay,HalfDay,Weekly','Event_Hall'),(91,84,'','Meeting_Room'),(92,85,'','Plug & Play'),(93,86,'','Plug & Play'),(94,87,'Monthly,Hourly,Daily,Weekly','Plug & Play'),(100,89,'','Plug & Play'),(101,90,'','Meeting_Room'),(102,91,'Monthly,Hourly,Daily,Weekly','Plug & Play'),(103,92,'','Meeting_Room'),(104,93,'','Plug & Play'),(105,94,'FullDay,Hourly,HalfDay','Event_Hall'),(106,95,'Monthly,Hourly,Daily,Weekly','ND'),(107,96,'','Plug & Play'),(108,97,'Monthly,Hourly,HalfDay,Daily','Training Room'),(109,98,'Monthly,Hourly,Daily,Weekly','ND'),(110,99,'FullDay,Hourly,HalfDay','Event_Hall'),(111,100,'Monthly,Hourly,Daily,Weekly','ND'),(112,101,'','Plug & Play'),(113,102,'Hourly,Daily,Weekly','Meeting_Room'),(114,103,'Hourly,Daily,Weekly','Meeting_Room'),(115,104,'','ND'),(116,105,'','ND'),(117,106,'FullDay,Hourly,HalfDay,Daily','Event_Hall'),(118,107,'','ND'),(119,108,'Monthly','Plug & Play'),(120,109,'Monthly,Hourly,Daily,Weekly','ND'),(121,110,'Monthly','Plug & Play'),(122,111,'FullDay,HalfDay','Event_Hall'),(123,112,'Monthly,Hourly,Weekly,Daily','Plug & Play'),(124,114,'Monthly,Hourly,Daily,Weekly','Plug & Play'),(125,113,'FullDay,HalfDay','Training Room'),(126,113,'FullDay,HalfDay','Event_Hall'),(127,114,'Monthly,Hourly,Daily,Weekly','Plug & Play'),(128,115,'Monthly,Hourly,Daily,Weekly','Plug & Play');

--
-- Table structure for table `BizPit_app_commercial_halls`
--

CREATE TABLE `BizPit_app_commercial_halls` (
  `id` int(11) NOT NULL AUTO_INCREMENT,
  `property_id` int(11) NOT NULL,
  `capacity` int(11) NOT NULL,
  `rate_hr` int(11) NOT NULL,
  `rate_daily` int(11) NOT NULL,
  `rate_weekly` int(11) NOT NULL,
  `rate_monthly` int(11) NOT NULL,
  `shared_images` longtext NOT NULL,
  PRIMARY KEY (`id`)
) ENGINE=InnoDB DEFAULT CHARSET=latin1;

--
-- Dumping data for table `BizPit_app_commercial_halls`
--


--
-- Table structure for table `BizPit_app_daily_booking`
--

CREATE TABLE `BizPit_app_daily_booking` (
  `id` int(11) NOT NULL AUTO_INCREMENT,
  `property_id` int(11) NOT NULL,
  `booking_id` int(11) NOT NULL,
  `booked_by` varchar(100),
  `booked_by_id` int(11),
  `start_date` varchar(100) NOT NULL,
  `end_date` varchar(100) NOT NULL,
  `start_time` varchar(100) NOT NULL,
  `end_time` varchar(100) NOT NULL,
  `Timestamp` varchar(100) NOT NULL,
  `head_count` int(11) NOT NULL,
  `property_type` varchar(100) NOT NULL,
  PRIMARY KEY (`id`)
) ENGINE=InnoDB DEFAULT CHARSET=latin1;

--
-- Dumping data for table `BizPit_app_daily_booking`
--


--
-- Table structure for table `BizPit_app_dwm_booking`
--

CREATE TABLE `BizPit_app_dwm_booking` (
  `id` int(11) NOT NULL AUTO_INCREMENT,
  `property_id` int(11) NOT NULL,
  `booking_id` int(11) NOT NULL,
  `booking_type` varchar(100) NOT NULL,
  `head_count` int(11) NOT NULL,
  `date` varchar(100) NOT NULL,
  `room_no` int(11) NOT NULL,
  PRIMARY KEY (`id`)
) ENGINE=InnoDB AUTO_INCREMENT=2485 DEFAULT CHARSET=latin1;

--
-- Dumping data for table `BizPit_app_dwm_booking`
--

INSERT INTO `BizPit_app_dwm_booking` VALUES (11,5,9,'Daily',1,'14/06/2016',1),(12,5,9,'Daily',1,'16/06/2016',1),(13,5,9,'Daily',1,'18/06/2016',1),(14,5,10,'Daily',1,'29/06/2017',1),(15,5,10,'Daily',1,'30/06/2017',1),(16,5,12,'Daily',1,'08/06/2016',1),(17,5,12,'Daily',1,'09/06/2016',1),(18,9,13,'Daily',1,'09/06/2016',1),(19,9,13,'Daily',1,'17/06/2016',1),(20,4,17,'Daily',1,'16/06/2016',1),(21,4,17,'Daily',1,'15/06/2016',1),(22,4,17,'Daily',1,'13/06/2016',1),(23,4,17,'Daily',1,'14/06/2016',1),(24,25,18,'Weekly',1,'06/06/2016',1),(25,25,18,'Weekly',1,'07/06/2016',1),(26,25,18,'Weekly',1,'08/06/2016',1),(27,25,18,'Weekly',1,'09/06/2016',1),(28,25,18,'Weekly',1,'10/06/2016',1),(29,25,18,'Weekly',1,'11/06/2016',1),(30,25,18,'Weekly',1,'20/06/2016',1),(31,25,18,'Weekly',1,'21/06/2016',1),(32,25,18,'Weekly',1,'22/06/2016',1),(33,25,18,'Weekly',1,'23/06/2016',1),(34,25,18,'Weekly',1,'24/06/2016',1),(35,25,18,'Weekly',1,'25/06/2016',1),(36,20,19,'Daily',1,'13/06/2016',1),(37,20,19,'Daily',1,'15/06/2016',1),(38,20,19,'Daily',1,'17/06/2016',1),(39,20,19,'Daily',1,'23/06/2016',1),(40,20,19,'Daily',1,'21/06/2016',1),(41,20,19,'Daily',1,'29/06/2016',1),(42,20,19,'Daily',1,'07/06/2016',1),(43,20,19,'Daily',1,'09/06/2016',1),(44,20,19,'Daily',1,'11/06/2016',1),(45,20,19,'Daily',1,'25/06/2016',1),(46,20,19,'Daily',1,'27/06/2016',1),(47,20,19,'Daily',1,'01/07/2016',1),(48,20,19,'Daily',1,'03/06/2016',1),(49,20,20,'Daily',1,'02/06/2016',1),(50,20,20,'Daily',1,'03/06/2016',1),(51,20,20,'Daily',1,'04/06/2016',1),(52,20,20,'Daily',1,'06/06/2016',1),(53,20,20,'Daily',1,'07/06/2016',1),(54,20,20,'Daily',1,'08/06/2016',1),(55,20,20,'Daily',1,'09/06/2016',1),(56,20,20,'Daily',1,'30/06/2016',1),(57,20,20,'Daily',1,'29/06/2016',1),(58,20,20,'Daily',1,'28/06/2016',1),(59,20,20,'Daily',1,'27/06/2016',1),(60,20,20,'Daily',1,'20/06/2016',1),(61,20,20,'Daily',1,'21/06/2016',1),(62,20,20,'Daily',1,'25/06/2016',1),(63,20,20,'Daily',1,'24/06/2016',1),(64,20,20,'Daily',1,'23/06/2016',1),(65,20,20,'Daily',1,'22/06/2016',1),(66,20,20,'Daily',1,'13/06/2016',1),(67,20,20,'Daily',1,'16/06/2016',1),(68,20,20,'Daily',1,'17/06/2016',1),(69,20,20,'Daily',1,'18/06/2016',1),(70,20,20,'Daily',1,'11/06/2016',1),(71,20,20,'Daily',1,'10/06/2016',1),(72,20,20,'Daily',1,'14/06/2016',1),(73,20,21,'Daily',1,'04/06/2016',1),(74,20,21,'Daily',1,'02/06/2016',1),(75,20,21,'Daily',1,'03/06/2016',1),(76,20,21,'Daily',1,'30/06/2016',1),(77,20,21,'Daily',1,'29/06/2016',1),(78,20,21,'Daily',1,'28/06/2016',1),(79,20,21,'Daily',1,'27/06/2016',1),(80,20,21,'Daily',1,'06/06/2016',1),(81,20,21,'Daily',1,'07/06/2016',1),(82,20,21,'Daily',1,'08/06/2016',1),(83,20,21,'Daily',1,'09/06/2016',1),(84,20,21,'Daily',1,'10/06/2016',1),(85,20,21,'Daily',1,'11/06/2016',1),(86,20,21,'Daily',1,'18/06/2016',1),(87,20,21,'Daily',1,'14/06/2016',1),(88,20,21,'Daily',1,'13/06/2016',1),(89,20,21,'Daily',1,'25/06/2016',1),(90,20,21,'Daily',1,'24/06/2016',1),(91,20,21,'Daily',1,'23/06/2016',1),(92,20,21,'Daily',1,'20/06/2016',1),(93,20,21,'Daily',1,'21/06/2016',1),(94,20,21,'Daily',1,'22/06/2016',1),(95,20,21,'Daily',1,'17/06/2016',1),(96,20,21,'Daily',1,'15/06/2016',1),(97,20,21,'Daily',1,'16/06/2016',1),(98,20,22,'Daily',1,'15/06/2016',1),(99,21,23,'Daily',1,'06/06/2016',1),(100,21,23,'Daily',1,'08/06/2016',1),(101,21,23,'Daily',1,'10/06/2016',1),(102,21,23,'Daily',1,'14/06/2016',1),(103,21,23,'Daily',1,'16/06/2016',1),(104,21,23,'Daily',1,'18/06/2016',1),(105,21,23,'Daily',1,'04/06/2016',1),(106,21,23,'Daily',1,'02/06/2016',1),(107,21,23,'Daily',1,'20/06/2016',1),(108,21,23,'Daily',1,'22/06/2016',1),(109,21,23,'Daily',1,'24/06/2016',1),(110,21,23,'Daily',1,'30/06/2016',1),(111,21,23,'Daily',1,'28/06/2016',1),(112,21,23,'Daily',1,'02/07/2016',1),(113,21,24,'Daily',1,'02/07/2016',1),(114,21,24,'Daily',1,'30/06/2016',1),(115,21,24,'Daily',1,'28/06/2016',1),(116,21,24,'Daily',1,'22/06/2016',1),(117,21,24,'Daily',1,'24/06/2016',1),(118,21,24,'Daily',1,'20/06/2016',1),(119,21,24,'Daily',1,'16/06/2016',1),(120,21,24,'Daily',1,'14/06/2016',1),(121,21,24,'Daily',1,'18/06/2016',1),(122,21,24,'Daily',1,'10/06/2016',1),(123,21,24,'Daily',1,'08/06/2016',1),(124,21,24,'Daily',1,'06/06/2016',1),(125,21,24,'Daily',1,'04/06/2016',1),(126,21,24,'Daily',1,'02/06/2016',1),(127,5,25,'Daily',1,'06/06/2016',1),(128,5,25,'Daily',1,'07/06/2016',1),(129,5,25,'Daily',1,'08/06/2016',1),(131,5,27,'Daily',15,'06/06/2016',1),(132,5,27,'Daily',15,'07/06/2016',1),(133,5,27,'Daily',15,'08/06/2016',1),(134,5,28,'Daily',1,'06/06/2016',1),(135,5,28,'Daily',1,'07/06/2016',1),(136,5,28,'Daily',1,'08/06/2016',1),(137,5,29,'Daily',25,'15/06/2016',1),(138,5,29,'Daily',25,'13/06/2016',1),(139,35,34,'Daily',1,'02/06/2016',1),(140,29,35,'Weekly',1,'15/06/2016',1),(141,29,35,'Weekly',1,'16/06/2016',1),(142,29,35,'Weekly',1,'17/06/2016',1),(143,29,35,'Weekly',1,'18/06/2016',1),(144,29,35,'Weekly',1,'20/06/2016',1),(145,29,35,'Weekly',1,'21/06/2016',1),(146,18,36,'Daily',1,'14/06/2016',1),(147,18,36,'Daily',1,'16/06/2016',1),(148,9,38,'Daily',1,'08/06/2016',1),(149,9,38,'Daily',1,'16/06/2016',1),(150,24,39,'Weekly',1,'15/06/2016',1),(151,24,39,'Weekly',1,'16/06/2016',1),(152,24,39,'Weekly',1,'17/06/2016',1),(153,24,39,'Weekly',1,'18/06/2016',1),(154,24,39,'Weekly',1,'20/06/2016',1),(155,24,39,'Weekly',1,'21/06/2016',1),(156,29,40,'Weekly',1,'16/06/2016',1),(157,29,40,'Weekly',1,'17/06/2016',1),(158,29,40,'Weekly',1,'18/06/2016',1),(159,29,40,'Weekly',1,'20/06/2016',1),(160,29,40,'Weekly',1,'21/06/2016',1),(161,29,40,'Weekly',1,'22/06/2016',1),(162,20,41,'Daily',1,'14/06/2016',1),(163,20,41,'Daily',1,'15/06/2016',1),(166,35,44,'Daily',1,'02/06/2016',1),(167,35,49,'Daily',90,'02/06/2016',2),(168,25,51,'Weekly',1,'09/06/2016',1),(169,25,51,'Weekly',1,'10/06/2016',1),(170,25,51,'Weekly',1,'11/06/2016',1),(171,25,51,'Weekly',1,'13/06/2016',1),(172,25,51,'Weekly',1,'14/06/2016',1),(173,25,51,'Weekly',1,'15/06/2016',1),(174,29,53,'Weekly',1,'02/06/2016',1),(175,29,53,'Weekly',1,'03/06/2016',1),(176,29,53,'Weekly',1,'04/06/2016',1),(177,29,53,'Weekly',1,'06/06/2016',1),(178,29,53,'Weekly',1,'07/06/2016',1),(179,29,53,'Weekly',1,'08/06/2016',1),(180,24,54,'Weekly',1,'16/06/2016',1),(181,24,54,'Weekly',1,'17/06/2016',1),(182,24,54,'Weekly',1,'18/06/2016',1),(183,24,54,'Weekly',1,'20/06/2016',1),(184,24,54,'Weekly',1,'21/06/2016',1),(185,24,54,'Weekly',1,'22/06/2016',1),(186,24,55,'Weekly',1,'23/06/2016',1),(187,24,55,'Weekly',1,'24/06/2016',1),(188,24,55,'Weekly',1,'25/06/2016',1),(189,24,55,'Weekly',1,'27/06/2016',1),(190,24,55,'Weekly',1,'28/06/2016',1),(191,24,55,'Weekly',1,'29/06/2016',1),(192,25,56,'Weekly',1,'16/06/2016',1),(193,25,56,'Weekly',1,'17/06/2016',1),(194,25,56,'Weekly',1,'18/06/2016',1),(195,25,56,'Weekly',1,'20/06/2016',1),(196,25,56,'Weekly',1,'21/06/2016',1),(197,25,56,'Weekly',1,'22/06/2016',1),(198,25,56,'Weekly',1,'23/06/2016',1),(199,25,56,'Weekly',1,'24/06/2016',1),(200,25,56,'Weekly',1,'25/06/2016',1),(201,25,56,'Weekly',1,'27/06/2016',1),(202,25,56,'Weekly',1,'07/06/2016',1),(203,25,56,'Weekly',1,'08/06/2016',1),(205,29,58,'Weekly',1,'14/06/2016',1),(206,29,58,'Weekly',1,'15/06/2016',1),(207,29,58,'Weekly',1,'16/06/2016',1),(208,29,58,'Weekly',1,'17/06/2016',1),(209,29,58,'Weekly',1,'18/06/2016',1),(210,29,58,'Weekly',1,'20/06/2016',1),(211,29,59,'Weekly',1,'06/06/2016',1),(212,29,59,'Weekly',1,'07/06/2016',1),(213,29,59,'Weekly',1,'08/06/2016',1),(214,29,59,'Weekly',1,'09/06/2016',1),(215,29,59,'Weekly',1,'10/06/2016',1),(216,29,59,'Weekly',1,'11/06/2016',1),(217,29,59,'Weekly',1,'20/06/2016',1),(218,29,59,'Weekly',1,'21/06/2016',1),(219,29,59,'Weekly',1,'22/06/2016',1),(220,29,59,'Weekly',1,'23/06/2016',1),(221,29,59,'Weekly',1,'24/06/2016',1),(222,29,59,'Weekly',1,'25/06/2016',1),(223,25,60,'Weekly',1,'15/06/2016',1),(224,25,60,'Weekly',1,'16/06/2016',1),(225,25,60,'Weekly',1,'17/06/2016',1),(226,25,60,'Weekly',1,'18/06/2016',1),(227,25,60,'Weekly',1,'20/06/2016',1),(228,25,60,'Weekly',1,'21/06/2016',1),(229,33,61,'Weekly',1,'07/06/2016',1),(230,33,61,'Weekly',1,'08/06/2016',1),(231,33,61,'Weekly',1,'09/06/2016',1),(232,33,61,'Weekly',1,'10/06/2016',1),(233,33,61,'Weekly',1,'11/06/2016',1),(234,33,61,'Weekly',1,'13/06/2016',1),(235,33,62,'Weekly',10,'14/06/2016',1),(236,33,62,'Weekly',10,'15/06/2016',1),(237,33,62,'Weekly',10,'16/06/2016',1),(238,33,62,'Weekly',10,'17/06/2016',1),(239,33,62,'Weekly',10,'18/06/2016',1),(240,33,62,'Weekly',10,'20/06/2016',1),(241,4,63,'Weekly',1,'18/06/2016',1),(242,4,63,'Weekly',1,'20/06/2016',1),(243,4,63,'Weekly',1,'21/06/2016',1),(244,4,63,'Weekly',1,'22/06/2016',1),(245,4,63,'Weekly',1,'23/06/2016',1),(246,4,63,'Weekly',1,'24/06/2016',1),(247,29,64,'Weekly',1,'07/06/2016',1),(248,29,64,'Weekly',1,'08/06/2016',1),(249,29,64,'Weekly',1,'09/06/2016',1),(250,29,64,'Weekly',1,'10/06/2016',1),(251,29,64,'Weekly',1,'11/06/2016',1),(252,29,64,'Weekly',1,'13/06/2016',1),(253,34,66,'Weekly',1,'13/06/2016',1),(254,34,66,'Weekly',1,'14/06/2016',1),(255,34,66,'Weekly',1,'15/06/2016',1),(256,34,66,'Weekly',1,'16/06/2016',1),(257,34,66,'Weekly',1,'17/06/2016',1),(258,34,66,'Weekly',1,'18/06/2016',1),(259,34,66,'Weekly',1,'27/06/2016',1),(260,34,66,'Weekly',1,'28/06/2016',1),(261,34,66,'Weekly',1,'29/06/2016',1),(262,34,66,'Weekly',1,'30/06/2016',1),(263,34,66,'Weekly',1,'01/07/2016',1),(264,34,66,'Weekly',1,'02/07/2016',1),(265,34,67,'Weekly',1,'06/06/2016',1),(266,34,67,'Weekly',1,'07/06/2016',1),(267,34,67,'Weekly',1,'08/06/2016',1),(268,34,67,'Weekly',1,'09/06/2016',1),(269,34,67,'Weekly',1,'10/06/2016',1),(270,34,67,'Weekly',1,'11/06/2016',1),(271,34,67,'Weekly',1,'27/06/2016',1),(272,34,67,'Weekly',1,'28/06/2016',1),(273,34,67,'Weekly',1,'29/06/2016',1),(274,34,67,'Weekly',1,'30/06/2016',1),(275,34,67,'Weekly',1,'01/07/2016',1),(276,34,67,'Weekly',1,'02/07/2016',1),(277,34,68,'Weekly',10,'20/06/2016',1),(278,34,68,'Weekly',10,'21/06/2016',1),(279,34,68,'Weekly',10,'22/06/2016',1),(280,34,68,'Weekly',10,'23/06/2016',1),(281,34,68,'Weekly',10,'24/06/2016',1),(282,34,68,'Weekly',10,'25/06/2016',1),(283,34,68,'Weekly',10,'01/07/2016',1),(284,34,68,'Weekly',10,'02/07/2016',1),(285,31,69,'Weekly',10,'06/06/2016',1),(286,31,69,'Weekly',10,'07/06/2016',1),(287,31,69,'Weekly',10,'08/06/2016',1),(288,31,69,'Weekly',10,'09/06/2016',1),(289,31,69,'Weekly',10,'10/06/2016',1),(290,31,69,'Weekly',10,'11/06/2016',1),(291,31,69,'Weekly',10,'20/06/2016',1),(292,31,69,'Weekly',10,'21/06/2016',1),(293,31,69,'Weekly',10,'22/06/2016',1),(294,31,69,'Weekly',10,'23/06/2016',1),(295,31,69,'Weekly',10,'24/06/2016',1),(296,31,69,'Weekly',10,'25/06/2016',1),(297,29,70,'Weekly',1,'06/06/2016',1),(298,29,70,'Weekly',1,'07/06/2016',1),(299,29,70,'Weekly',1,'08/06/2016',1),(300,29,70,'Weekly',1,'09/06/2016',1),(301,29,70,'Weekly',1,'10/06/2016',1),(302,29,70,'Weekly',1,'11/06/2016',1),(303,29,70,'Weekly',1,'27/06/2016',1),(304,29,70,'Weekly',1,'28/06/2016',1),(305,29,70,'Weekly',1,'29/06/2016',1),(306,29,70,'Weekly',1,'30/06/2016',1),(307,29,70,'Weekly',1,'01/07/2016',1),(308,29,70,'Weekly',1,'02/07/2016',1),(309,29,71,'Weekly',1,'06/06/2016',1),(310,29,71,'Weekly',1,'07/06/2016',1),(311,29,71,'Weekly',1,'08/06/2016',1),(312,29,71,'Weekly',1,'09/06/2016',1),(313,29,71,'Weekly',1,'10/06/2016',1),(314,29,71,'Weekly',1,'11/06/2016',1),(315,29,71,'Weekly',1,'27/06/2016',1),(316,29,71,'Weekly',1,'28/06/2016',1),(317,29,71,'Weekly',1,'29/06/2016',1),(318,29,71,'Weekly',1,'30/06/2016',1),(319,29,71,'Weekly',1,'01/07/2016',1),(320,29,71,'Weekly',1,'02/07/2016',1),(321,40,73,'Weekly',1,'13/06/2016',1),(322,40,73,'Weekly',1,'14/06/2016',1),(323,40,73,'Weekly',1,'15/06/2016',1),(324,40,73,'Weekly',1,'16/06/2016',1),(325,40,73,'Weekly',1,'17/06/2016',1),(326,40,74,'Weekly',1,'13/06/2016',1),(327,40,74,'Weekly',1,'14/06/2016',1),(328,40,74,'Weekly',1,'15/06/2016',1),(329,40,74,'Weekly',1,'16/06/2016',1),(330,40,74,'Weekly',1,'17/06/2016',1),(331,40,74,'Weekly',1,'27/06/2016',1),(332,40,74,'Weekly',1,'28/06/2016',1),(333,40,74,'Weekly',1,'29/06/2016',1),(334,40,74,'Weekly',1,'30/06/2016',1),(335,40,74,'Weekly',1,'01/07/2016',1),(336,40,74,'Weekly',1,'02/07/2016',1),(337,40,75,'Weekly',1,'06/06/2016',1),(338,40,75,'Weekly',1,'07/06/2016',1),(339,40,75,'Weekly',1,'08/06/2016',1),(340,40,75,'Weekly',1,'09/06/2016',1),(341,40,75,'Weekly',1,'10/06/2016',1),(342,40,75,'Weekly',1,'20/06/2016',1),(343,40,75,'Weekly',1,'21/06/2016',1),(344,40,75,'Weekly',1,'22/06/2016',1),(345,40,75,'Weekly',1,'23/06/2016',1),(346,40,75,'Weekly',1,'24/06/2016',1),(347,21,77,'Daily',1,'14/06/2016',1),(348,21,77,'Daily',1,'15/06/2016',1),(349,21,77,'Daily',1,'16/06/2016',1),(350,34,78,'Weekly',1,'11/07/2016',1),(351,34,78,'Weekly',1,'12/07/2016',1),(352,34,78,'Weekly',1,'13/07/2016',1),(353,34,78,'Weekly',1,'14/07/2016',1),(354,34,78,'Weekly',1,'15/07/2016',1),(355,34,78,'Weekly',1,'16/07/2016',1),(356,24,79,'Weekly',1,'06/06/2016',1),(357,24,79,'Weekly',1,'07/06/2016',1),(358,24,79,'Weekly',1,'08/06/2016',1),(359,24,79,'Weekly',1,'09/06/2016',1),(360,24,79,'Weekly',1,'10/06/2016',1),(361,24,79,'Weekly',1,'11/06/2016',1),(362,24,79,'Weekly',1,'20/06/2016',1),(363,24,79,'Weekly',1,'21/06/2016',1),(364,24,79,'Weekly',1,'22/06/2016',1),(365,24,79,'Weekly',1,'23/06/2016',1),(366,24,79,'Weekly',1,'24/06/2016',1),(367,24,79,'Weekly',1,'25/06/2016',1),(368,24,80,'Weekly',1,'06/06/2016',1),(369,24,80,'Weekly',1,'07/06/2016',1),(370,24,80,'Weekly',1,'08/06/2016',1),(371,24,80,'Weekly',1,'09/06/2016',1),(372,24,80,'Weekly',1,'10/06/2016',1),(373,24,80,'Weekly',1,'11/06/2016',1),(374,24,80,'Weekly',1,'20/06/2016',1),(375,24,80,'Weekly',1,'21/06/2016',1),(376,24,80,'Weekly',1,'22/06/2016',1),(377,24,80,'Weekly',1,'23/06/2016',1),(378,24,80,'Weekly',1,'24/06/2016',1),(379,24,80,'Weekly',1,'25/06/2016',1),(380,39,81,'Weekly',1,'14/06/2016',1),(381,39,81,'Weekly',1,'15/06/2016',1),(382,39,81,'Weekly',1,'16/06/2016',1),(383,39,81,'Weekly',1,'17/06/2016',1),(384,39,81,'Weekly',1,'18/06/2016',1),(385,39,81,'Weekly',1,'20/06/2016',1),(386,5,82,'Daily',1,'23/06/2016',1),(387,5,82,'Daily',1,'25/06/2016',1),(388,5,82,'Daily',1,'24/06/2016',1),(389,5,82,'Daily',1,'20/06/2016',1),(391,8,91,'Daily',1,'03/06/2016',1),(393,8,93,'Daily',1,'03/06/2016',1),(394,24,94,'Weekly',1,'09/06/2016',1),(395,24,94,'Weekly',1,'10/06/2016',1),(396,24,94,'Weekly',1,'11/06/2016',1),(397,24,94,'Weekly',1,'13/06/2016',1),(398,24,94,'Weekly',1,'14/06/2016',1),(399,24,94,'Weekly',1,'15/06/2016',1),(400,25,95,'Weekly',1,'06/06/2016',1),(401,25,95,'Weekly',1,'07/06/2016',1),(402,25,95,'Weekly',1,'08/06/2016',1),(403,25,95,'Weekly',1,'09/06/2016',1),(404,25,95,'Weekly',1,'10/06/2016',1),(405,25,95,'Weekly',1,'11/06/2016',1),(406,25,95,'Weekly',1,'20/06/2016',1),(407,25,95,'Weekly',1,'21/06/2016',1),(408,25,95,'Weekly',1,'22/06/2016',1),(409,25,95,'Weekly',1,'23/06/2016',1),(410,25,95,'Weekly',1,'24/06/2016',1),(411,25,95,'Weekly',1,'25/06/2016',1),(412,25,96,'Weekly',1,'08/06/2016',1),(413,25,96,'Weekly',1,'09/06/2016',1),(414,25,96,'Weekly',1,'10/06/2016',1),(415,25,96,'Weekly',1,'11/06/2016',1),(416,25,96,'Weekly',1,'13/06/2016',1),(417,25,96,'Weekly',1,'14/06/2016',1),(418,25,96,'Weekly',1,'23/06/2016',1),(419,25,96,'Weekly',1,'24/06/2016',1),(420,25,96,'Weekly',1,'25/06/2016',1),(421,25,96,'Weekly',1,'27/06/2016',1),(422,25,96,'Weekly',1,'28/06/2016',1),(423,25,96,'Weekly',1,'29/06/2016',1),(424,39,97,'Weekly',1,'07/06/2016',1),(425,39,97,'Weekly',1,'08/06/2016',1),(426,39,97,'Weekly',1,'09/06/2016',1),(427,39,97,'Weekly',1,'10/06/2016',1),(428,39,97,'Weekly',1,'11/06/2016',1),(429,39,97,'Weekly',1,'13/06/2016',1),(430,39,97,'Weekly',1,'15/06/2016',1),(431,39,97,'Weekly',1,'16/06/2016',1),(432,39,97,'Weekly',1,'17/06/2016',1),(433,39,97,'Weekly',1,'18/06/2016',1),(434,39,97,'Weekly',1,'20/06/2016',1),(435,39,97,'Weekly',1,'21/06/2016',1),(436,39,98,'Weekly',1,'14/06/2016',1),(437,39,98,'Weekly',1,'15/06/2016',1),(438,39,98,'Weekly',1,'16/06/2016',1),(439,39,98,'Weekly',1,'17/06/2016',1),(440,39,98,'Weekly',1,'18/06/2016',1),(441,39,98,'Weekly',1,'20/06/2016',1),(442,40,99,'Weekly',1,'06/06/2016',1),(443,40,99,'Weekly',1,'07/06/2016',1),(444,40,99,'Weekly',1,'08/06/2016',1),(445,40,99,'Weekly',1,'09/06/2016',1),(446,40,99,'Weekly',1,'10/06/2016',1),(447,40,99,'Weekly',1,'20/06/2016',1),(448,40,99,'Weekly',1,'21/06/2016',1),(449,40,99,'Weekly',1,'22/06/2016',1),(450,40,99,'Weekly',1,'23/06/2016',1),(451,40,99,'Weekly',1,'24/06/2016',1),(452,24,100,'Weekly',1,'06/06/2016',1),(453,24,100,'Weekly',1,'07/06/2016',1),(454,24,100,'Weekly',1,'08/06/2016',1),(455,24,100,'Weekly',1,'09/06/2016',1),(456,24,100,'Weekly',1,'10/06/2016',1),(457,24,100,'Weekly',1,'11/06/2016',1),(458,24,100,'Weekly',1,'20/06/2016',1),(459,24,100,'Weekly',1,'21/06/2016',1),(460,24,100,'Weekly',1,'22/06/2016',1),(461,24,100,'Weekly',1,'23/06/2016',1),(462,24,100,'Weekly',1,'24/06/2016',1),(463,24,100,'Weekly',1,'25/06/2016',1),(464,5,101,'Daily',1,'22/06/2016',1),(465,5,101,'Daily',1,'29/06/2016',1),(466,41,104,'Daily',1,'15/06/2016',1),(467,37,105,'Weekly',1,'22/06/2016',1),(468,37,105,'Weekly',1,'23/06/2016',1),(469,37,105,'Weekly',1,'24/06/2016',1),(470,37,105,'Weekly',1,'25/06/2016',1),(471,37,105,'Weekly',1,'26/06/2016',1),(472,37,105,'Weekly',1,'27/06/2016',1),(473,37,105,'Weekly',1,'28/06/2016',1),(474,37,105,'Weekly',1,'01/07/2016',1),(475,37,105,'Weekly',1,'02/07/2016',1),(476,37,105,'Weekly',1,'04/07/2016',1),(477,37,105,'Weekly',1,'05/07/2016',1),(478,37,105,'Weekly',1,'06/07/2016',1),(479,37,105,'Weekly',1,'07/07/2016',1),(480,37,106,'Weekly',1,'10/06/2016',1),(481,37,106,'Weekly',1,'11/06/2016',1),(482,37,106,'Weekly',1,'13/06/2016',1),(483,37,106,'Weekly',1,'14/06/2016',1),(484,37,106,'Weekly',1,'15/06/2016',1),(485,37,106,'Weekly',1,'16/06/2016',1),(486,37,107,'Weekly',1,'08/06/2016',1),(487,37,107,'Weekly',1,'09/06/2016',1),(488,37,107,'Weekly',1,'10/06/2016',1),(489,37,107,'Weekly',1,'11/06/2016',1),(490,37,107,'Weekly',1,'13/06/2016',1),(491,37,107,'Weekly',1,'14/06/2016',1),(492,23,111,'Daily',1,'13/06/2016',1),(493,23,111,'Daily',1,'16/06/2016',1),(494,23,111,'Daily',1,'14/06/2016',1),(495,23,112,'Daily',30,'20/06/2016',1),(496,23,112,'Daily',30,'21/06/2016',1),(497,23,112,'Daily',30,'15/06/2016',1),(498,39,113,'Weekly',29,'22/06/2016',1),(499,39,113,'Weekly',29,'23/06/2016',1),(500,39,113,'Weekly',29,'24/06/2016',1),(501,39,113,'Weekly',29,'25/06/2016',1),(502,39,113,'Weekly',29,'27/06/2016',1),(503,39,113,'Weekly',29,'28/06/2016',1),(504,39,114,'Weekly',29,'01/07/2016',1),(505,39,114,'Weekly',29,'02/07/2016',1),(506,39,114,'Weekly',29,'04/07/2016',1),(507,39,114,'Weekly',29,'05/07/2016',1),(508,39,114,'Weekly',29,'06/07/2016',1),(509,39,114,'Weekly',29,'07/07/2016',1),(510,39,114,'Weekly',29,'25/07/2016',1),(511,39,114,'Weekly',29,'26/07/2016',1),(512,39,114,'Weekly',29,'27/07/2016',1),(513,39,114,'Weekly',29,'28/07/2016',1),(514,39,114,'Weekly',29,'29/07/2016',1),(515,39,114,'Weekly',29,'30/07/2016',1),(516,28,115,'Weekly',1,'05/07/2016',1),(517,28,115,'Weekly',1,'06/07/2016',1),(518,28,115,'Weekly',1,'07/07/2016',1),(519,28,115,'Weekly',1,'08/07/2016',1),(520,28,115,'Weekly',1,'09/07/2016',1),(521,28,115,'Weekly',1,'11/07/2016',1),(522,28,115,'Weekly',1,'29/07/2016',1),(523,28,115,'Weekly',1,'30/07/2016',1),(524,22,116,'Daily',40,'04/07/2016',1),(525,22,116,'Daily',40,'07/07/2016',1),(526,22,116,'Daily',40,'12/07/2016',1),(527,22,116,'Daily',40,'13/07/2016',1),(528,22,116,'Daily',40,'15/07/2016',1),(529,22,116,'Daily',40,'22/07/2016',1),(530,22,117,'Daily',40,'06/06/2016',1),(531,22,117,'Daily',40,'23/06/2016',1),(532,22,117,'Daily',40,'09/06/2016',1),(533,9,127,'Daily',15,'20/06/2016',1),(534,9,127,'Daily',15,'21/06/2016',1),(535,9,127,'Daily',15,'22/06/2016',1),(536,9,127,'Daily',15,'23/06/2016',1),(537,9,127,'Daily',15,'24/06/2016',1),(538,9,127,'Daily',15,'25/06/2016',1),(539,9,127,'Daily',15,'27/06/2016',1),(540,9,127,'Daily',15,'28/06/2016',1),(541,9,127,'Daily',15,'29/06/2016',1),(542,9,127,'Daily',15,'30/06/2016',1),(543,9,127,'Daily',15,'01/07/2016',1),(544,9,127,'Daily',15,'02/07/2016',1),(545,24,128,'Weekly',1,'27/06/2016',1),(546,24,128,'Weekly',1,'28/06/2016',1),(547,24,128,'Weekly',1,'29/06/2016',1),(548,24,128,'Weekly',1,'30/06/2016',1),(549,24,128,'Weekly',1,'01/07/2016',1),(550,24,128,'Weekly',1,'02/07/2016',1),(551,24,128,'Weekly',1,'06/06/2016',1),(552,24,128,'Weekly',1,'07/06/2016',1),(553,24,128,'Weekly',1,'08/06/2016',1),(554,24,128,'Weekly',1,'09/06/2016',1),(555,24,128,'Weekly',1,'10/06/2016',1),(556,24,128,'Weekly',1,'11/06/2016',1),(557,24,135,'Weekly',10,'29/07/2016',1),(558,24,135,'Weekly',10,'30/07/2016',1),(559,24,136,'Weekly',10,'31/07/2016',1),(560,24,136,'Weekly',10,'01/08/2016',1),(561,24,136,'Weekly',10,'02/08/2016',1),(562,24,136,'Weekly',10,'03/08/2016',1),(563,24,136,'Weekly',10,'04/08/2016',1),(564,24,136,'Weekly',10,'05/08/2016',1),(565,24,136,'Weekly',10,'06/08/2016',1),(566,24,136,'Weekly',10,'01/09/2016',1),(567,24,136,'Weekly',10,'02/09/2016',1),(568,24,136,'Weekly',10,'03/09/2016',1),(569,4,137,'Weekly',1,'01/07/2016',1),(570,4,137,'Weekly',1,'02/07/2016',1),(571,4,138,'Daily',1,'30/06/2016',1),(572,57,139,'Daily',1,'23/06/2016',1),(573,5,140,'Daily',1,'01/07/2016',1),(574,5,140,'Daily',1,'06/08/2016',1),(576,56,142,'Daily',1,'23/06/2016',1),(577,56,143,'Daily',1,'30/06/2016',1),(578,55,144,'Daily',1,'29/06/2016',1),(579,24,145,'Weekly',1,'01/07/2016',1),(580,24,145,'Weekly',1,'02/07/2016',1),(581,37,147,'Weekly',1,'30/06/2016',1),(582,37,147,'Weekly',1,'01/07/2016',1),(583,37,147,'Weekly',1,'02/07/2016',1),(584,37,148,'Weekly',1,'29/06/2016',1),(585,37,148,'Weekly',1,'30/06/2016',1),(586,37,148,'Weekly',1,'01/07/2016',1),(587,37,148,'Weekly',1,'02/07/2016',1),(588,37,149,'Weekly',1,'30/06/2016',1),(589,37,149,'Weekly',1,'01/07/2016',1),(590,37,149,'Weekly',1,'02/07/2016',1),(591,25,150,'Weekly',1,'30/06/2016',1),(592,25,150,'Weekly',1,'01/07/2016',1),(593,25,150,'Weekly',1,'02/07/2016',1),(594,36,153,'Weekly',10,'30/06/2016',1),(595,36,153,'Weekly',10,'01/07/2016',1),(596,36,153,'Weekly',10,'02/07/2016',1),(597,27,154,'Weekly',1,'30/06/2016',1),(598,27,154,'Weekly',1,'01/07/2016',1),(599,27,154,'Weekly',1,'02/07/2016',1),(600,52,155,'Daily',1,'07/06/2016',1),(601,39,156,'Weekly',30,'08/07/2016',1),(602,39,156,'Weekly',30,'09/07/2016',1),(603,39,156,'Weekly',30,'11/07/2016',1),(604,39,156,'Weekly',30,'12/07/2016',1),(605,39,156,'Weekly',30,'13/07/2016',1),(606,39,156,'Weekly',30,'14/07/2016',1),(607,39,156,'Weekly',30,'18/07/2016',1),(608,39,156,'Weekly',30,'19/07/2016',1),(609,39,156,'Weekly',30,'20/07/2016',1),(610,39,156,'Weekly',30,'21/07/2016',1),(611,39,156,'Weekly',30,'22/07/2016',1),(612,39,156,'Weekly',30,'23/07/2016',1),(613,29,157,'Weekly',1,'07/06/2016',1),(614,29,157,'Weekly',1,'08/06/2016',1),(615,29,157,'Weekly',1,'09/06/2016',1),(616,29,157,'Weekly',1,'10/06/2016',1),(617,29,157,'Weekly',1,'11/06/2016',1),(618,29,157,'Weekly',1,'13/06/2016',1),(619,16,158,'Daily',1,'07/06/2016',1),(620,16,158,'Daily',1,'08/06/2016',1),(621,16,158,'Daily',1,'09/06/2016',1),(622,4,159,'Weekly',1,'29/06/2016',1),(623,4,159,'Weekly',1,'30/06/2016',1),(624,4,159,'Weekly',1,'01/07/2016',1),(625,4,159,'Weekly',1,'02/07/2016',1),(626,27,160,'Weekly',1,'30/06/2016',1),(627,27,160,'Weekly',1,'01/07/2016',1),(628,27,160,'Weekly',1,'02/07/2016',1),(629,33,161,'Weekly',10,'29/06/2016',1),(630,33,161,'Weekly',10,'30/06/2016',1),(631,33,161,'Weekly',10,'01/07/2016',1),(632,33,161,'Weekly',10,'02/07/2016',1),(633,33,162,'Weekly',10,'01/07/2016',1),(634,33,162,'Weekly',10,'02/07/2016',1),(635,5,166,'Daily',1,'13/07/2016',1),(636,57,167,'Daily',1,'24/06/2016',1),(637,4,180,'Weekly',1,'27/06/2016',1),(638,4,180,'Weekly',1,'28/06/2016',1),(639,4,180,'Weekly',1,'29/06/2016',1),(640,4,180,'Weekly',1,'30/06/2016',1),(641,4,180,'Weekly',1,'01/07/2016',1),(642,4,180,'Weekly',1,'02/07/2016',1),(643,4,181,'Weekly',40,'01/07/2016',1),(644,4,181,'Weekly',40,'02/07/2016',1),(645,4,182,'Weekly',40,'06/06/2016',1),(646,4,182,'Weekly',40,'07/06/2016',1),(647,4,182,'Weekly',40,'08/06/2016',1),(648,4,182,'Weekly',40,'09/06/2016',1),(649,4,182,'Weekly',40,'10/06/2016',1),(650,4,182,'Weekly',40,'11/06/2016',1),(651,25,184,'Weekly',1,'14/06/2016',1),(652,25,184,'Weekly',1,'15/06/2016',1),(653,25,184,'Weekly',1,'16/06/2016',1),(654,25,184,'Weekly',1,'17/06/2016',1),(655,25,184,'Weekly',1,'18/06/2016',1),(656,25,184,'Weekly',1,'20/06/2016',1),(657,4,185,'Weekly',30,'13/07/2016',1),(658,4,185,'Weekly',30,'14/07/2016',1),(659,4,185,'Weekly',30,'15/07/2016',1),(660,4,185,'Weekly',30,'16/07/2016',1),(661,4,185,'Weekly',30,'18/07/2016',1),(662,4,185,'Weekly',30,'19/07/2016',1),(663,4,186,'Weekly',30,'20/07/2016',1),(664,4,186,'Weekly',30,'21/07/2016',1),(665,4,186,'Weekly',30,'22/07/2016',1),(666,4,186,'Weekly',30,'23/07/2016',1),(667,4,186,'Weekly',30,'25/07/2016',1),(668,4,186,'Weekly',30,'26/07/2016',1),(669,57,187,'Daily',1,'20/07/2016',1),(670,57,187,'Daily',1,'27/07/2016',1),(671,57,187,'Daily',1,'31/07/2016',1),(672,37,189,'Weekly',20,'25/07/2016',1),(673,37,189,'Weekly',20,'26/07/2016',1),(674,37,189,'Weekly',20,'27/07/2016',1),(675,37,189,'Weekly',20,'28/07/2016',1),(676,37,189,'Weekly',20,'29/07/2016',1),(677,37,189,'Weekly',20,'30/07/2016',1),(678,3,190,'Weekly',50,'28/06/2016',1),(679,3,190,'Weekly',50,'29/06/2016',1),(680,3,190,'Weekly',50,'30/06/2016',1),(681,3,190,'Weekly',50,'01/07/2016',1),(682,3,190,'Weekly',50,'02/07/2016',1),(683,3,191,'Weekly',50,'01/07/2016',1),(684,3,191,'Weekly',50,'02/07/2016',1),(685,3,192,'Weekly',50,'01/07/2016',1),(686,3,192,'Weekly',50,'02/07/2016',1),(687,3,193,'Weekly',50,'01/07/2016',1),(688,3,193,'Weekly',50,'02/07/2016',1),(689,3,194,'Weekly',50,'01/07/2016',1),(690,3,194,'Weekly',50,'02/07/2016',1),(691,3,195,'Weekly',45,'01/07/2016',1),(692,3,195,'Weekly',45,'02/07/2016',1),(693,3,197,'Daily',1,'16/06/2016',1),(694,47,198,'Daily',1,'08/06/2016',1),(695,47,198,'Daily',1,'16/06/2016',1),(696,47,198,'Daily',1,'09/06/2016',1),(697,47,199,'Daily',2,'08/06/2016',1),(698,47,199,'Daily',2,'09/06/2016',1),(699,47,199,'Daily',2,'16/06/2016',1),(700,47,200,'Daily',2,'15/06/2016',1),(701,47,200,'Daily',2,'08/06/2016',1),(702,33,201,'Weekly',19,'01/07/2016',1),(703,33,201,'Weekly',19,'02/07/2016',1),(704,1,203,'Daily',1,'08/06/2016',1),(705,1,204,'Daily',1,'20/06/2016',1),(706,1,205,'Daily',1,'13/06/2016',1),(707,2,206,'Daily',1,'22/06/2016',1),(708,2,207,'Daily',1,'15/06/2016',1),(709,2,208,'Daily',1,'15/06/2016',1),(710,2,209,'Daily',1,'22/06/2016',1),(711,2,210,'Daily',1,'07/06/2016',1),(712,3,211,'Weekly',1,'21/06/2016',1),(713,3,211,'Weekly',1,'22/06/2016',1),(714,3,211,'Weekly',1,'23/06/2016',1),(715,3,211,'Weekly',1,'24/06/2016',1),(716,3,211,'Weekly',1,'25/06/2016',1),(717,3,211,'Weekly',1,'27/06/2016',1),(718,37,213,'Weekly',1,'12/07/2016',1),(719,37,213,'Weekly',1,'13/07/2016',1),(720,37,213,'Weekly',1,'14/07/2016',1),(721,37,213,'Weekly',1,'15/07/2016',1),(722,37,213,'Weekly',1,'16/07/2016',1),(723,37,213,'Weekly',1,'18/07/2016',1),(724,2,214,'Daily',1,'07/06/2016',1),(725,3,215,'Weekly',1,'20/07/2016',1),(726,3,215,'Weekly',1,'21/07/2016',1),(727,3,215,'Weekly',1,'22/07/2016',1),(728,3,215,'Weekly',1,'23/07/2016',1),(729,3,215,'Weekly',1,'25/07/2016',1),(730,3,215,'Weekly',1,'26/07/2016',1),(731,24,216,'Weekly',1,'12/07/2016',1),(732,24,216,'Weekly',1,'13/07/2016',1),(733,24,216,'Weekly',1,'14/07/2016',1),(734,24,216,'Weekly',1,'15/07/2016',1),(735,24,216,'Weekly',1,'16/07/2016',1),(736,24,216,'Weekly',1,'18/07/2016',1),(737,2,217,'Daily',1,'07/06/2016',1),(738,3,218,'Daily',1,'08/06/2016',1),(739,2,219,'Daily',1,'15/06/2016',1),(740,59,220,'Daily',1,'15/06/2016',1),(742,2,222,'Daily',1,'16/06/2016',1),(743,47,223,'Daily',1,'14/06/2016',1),(744,46,224,'Daily',1,'14/06/2016',1),(746,56,226,'Daily',1,'22/06/2016',1),(747,56,227,'Daily',1,'22/06/2016',1),(749,2,229,'Daily',1,'07/06/2016',1),(750,51,230,'Daily',1,'15/06/2016',1),(756,46,238,'Daily',1,'08/06/2016',1),(757,59,239,'FullDay',2,'7/6/2016',1),(758,44,240,'Daily',1,'21/06/2016',1),(759,59,241,'FullDay',2,'7/6/2016',1),(760,32,242,'Weekly',1,'07/06/2016',1),(761,32,242,'Weekly',1,'08/06/2016',1),(762,32,242,'Weekly',1,'09/06/2016',1),(763,32,242,'Weekly',1,'10/06/2016',1),(764,32,242,'Weekly',1,'11/06/2016',1),(765,32,242,'Weekly',1,'13/06/2016',1),(766,4,243,'Weekly',39,'29/07/2016',1),(767,4,243,'Weekly',39,'30/07/2016',1),(768,59,244,'FullDay',2,'7/6/2016',1),(769,59,245,'FullDay',2,'7/6/2016',1),(770,59,247,'FullDay',2,'7/6/2016',1),(771,3,249,'Weekly',1,'05/07/2016',1),(772,3,249,'Weekly',1,'06/07/2016',1),(773,3,249,'Weekly',1,'07/07/2016',1),(774,3,249,'Weekly',1,'08/07/2016',1),(775,3,249,'Weekly',1,'09/07/2016',1),(776,3,249,'Weekly',1,'11/07/2016',1),(777,59,250,'FullDay',2,'7/6/2016',1),(778,33,251,'Weekly',1,'01/07/2016',1),(779,33,251,'Weekly',1,'02/07/2016',1),(780,33,252,'Weekly',1,'01/07/2016',1),(781,33,252,'Weekly',1,'02/07/2016',1),(782,33,254,'Weekly',1,'01/07/2016',1),(783,33,254,'Weekly',1,'02/07/2016',1),(784,3,255,'Weekly',1,'12/07/2016',1),(785,3,255,'Weekly',1,'13/07/2016',1),(786,3,255,'Weekly',1,'14/07/2016',1),(787,3,255,'Weekly',1,'15/07/2016',1),(788,3,255,'Weekly',1,'16/07/2016',1),(789,3,255,'Weekly',1,'18/07/2016',1),(790,34,256,'Weekly',1,'25/07/2016',1),(791,34,256,'Weekly',1,'26/07/2016',1),(792,34,256,'Weekly',1,'27/07/2016',1),(793,34,256,'Weekly',1,'28/07/2016',1),(794,34,256,'Weekly',1,'29/07/2016',1),(795,34,256,'Weekly',1,'30/07/2016',1),(796,34,257,'Weekly',1,'04/07/2016',1),(797,34,257,'Weekly',1,'05/07/2016',1),(798,34,257,'Weekly',1,'06/07/2016',1),(799,34,257,'Weekly',1,'07/07/2016',1),(800,34,257,'Weekly',1,'08/07/2016',1),(801,34,257,'Weekly',1,'09/07/2016',1),(802,59,259,'FullDay',2,'7/6/2016',1),(804,47,261,'Daily',1,'15/06/2016',1),(805,22,262,'Daily',38,'15/06/2016',1),(806,3,263,'Weekly',48,'22/08/2016',1),(807,3,263,'Weekly',48,'23/08/2016',1),(808,3,263,'Weekly',48,'24/08/2016',1),(809,3,263,'Weekly',48,'25/08/2016',1),(810,3,263,'Weekly',48,'26/08/2016',1),(811,3,263,'Weekly',48,'27/08/2016',1),(812,3,264,'Daily',1,'09/06/2016',1),(813,3,264,'Daily',1,'23/06/2016',1),(814,21,268,'Daily',1,'14/06/2016',1),(815,21,268,'Daily',1,'01/07/2016',1),(816,33,269,'Weekly',2,'22/06/2016',1),(817,33,269,'Weekly',2,'23/06/2016',1),(818,33,269,'Weekly',2,'24/06/2016',1),(819,33,269,'Weekly',2,'25/06/2016',1),(820,33,269,'Weekly',2,'27/06/2016',1),(821,33,269,'Weekly',2,'28/06/2016',1),(822,6,270,'Daily',1,'07/06/2016',1),(823,6,270,'Daily',1,'08/06/2016',1),(824,6,270,'Daily',1,'09/06/2016',1),(825,33,274,'Weekly',18,'01/07/2016',1),(826,33,274,'Weekly',18,'02/07/2016',1),(827,56,281,'Daily',1,'07/06/2016',1),(828,33,282,'Weekly',1,'01/07/2016',1),(829,33,282,'Weekly',1,'02/07/2016',1),(830,33,283,'Weekly',1,'01/07/2016',1),(831,33,283,'Weekly',1,'02/07/2016',1),(832,55,284,'Daily',1,'15/06/2016',1),(833,1,286,'Daily',2,'15/06/2016',1),(834,1,287,'Daily',2,'15/06/2016',1),(835,1,287,'Daily',2,'16/06/2016',1),(836,33,299,'Weekly',20,'25/07/2016',1),(837,33,299,'Weekly',20,'26/07/2016',1),(838,33,299,'Weekly',20,'27/07/2016',1),(839,33,299,'Weekly',20,'28/07/2016',1),(840,33,299,'Weekly',20,'29/07/2016',1),(841,33,299,'Weekly',20,'30/07/2016',1),(842,33,300,'Weekly',20,'18/07/2016',1),(843,33,300,'Weekly',20,'19/07/2016',1),(844,33,300,'Weekly',20,'20/07/2016',1),(845,33,300,'Weekly',20,'21/07/2016',1),(846,33,300,'Weekly',20,'22/07/2016',1),(847,33,300,'Weekly',20,'23/07/2016',1),(848,4,304,'Daily',2,'15/06/2016',1),(849,3,307,'Daily',50,'17/06/2016',1),(850,3,307,'Daily',50,'18/06/2016',1),(851,3,308,'Weekly',50,'29/08/2016',1),(852,3,308,'Weekly',50,'30/08/2016',1),(853,3,308,'Weekly',50,'31/08/2016',1),(854,3,308,'Weekly',50,'01/09/2016',1),(855,3,308,'Weekly',50,'02/09/2016',1),(856,3,308,'Weekly',50,'03/09/2016',1),(857,3,309,'Weekly',50,'01/08/2016',1),(858,3,309,'Weekly',50,'02/08/2016',1),(859,3,309,'Weekly',50,'03/08/2016',1),(860,3,309,'Weekly',50,'04/08/2016',1),(861,3,309,'Weekly',50,'05/08/2016',1),(862,3,309,'Weekly',50,'06/08/2016',1),(863,3,310,'Weekly',50,'31/08/2016',1),(864,3,310,'Weekly',50,'01/09/2016',1),(865,3,310,'Weekly',50,'02/09/2016',1),(866,3,310,'Weekly',50,'03/09/2016',1),(867,3,311,'Weekly',48,'27/07/2016',1),(868,3,311,'Weekly',48,'28/07/2016',1),(869,3,311,'Weekly',48,'29/07/2016',1),(870,3,311,'Weekly',48,'30/07/2016',1),(871,3,312,'Weekly',48,'05/09/2016',1),(872,3,312,'Weekly',48,'06/09/2016',1),(873,3,312,'Weekly',48,'07/09/2016',1),(874,3,312,'Weekly',48,'08/09/2016',1),(875,3,312,'Weekly',48,'09/09/2016',1),(876,3,312,'Weekly',48,'10/09/2016',1),(877,3,312,'Weekly',48,'30/09/2016',1),(878,3,312,'Weekly',48,'01/10/2016',1),(879,8,313,'Weekly',1,'22/06/2016',1),(880,8,313,'Weekly',1,'23/06/2016',1),(881,8,313,'Weekly',1,'24/06/2016',1),(882,8,313,'Weekly',1,'25/06/2016',1),(883,8,313,'Weekly',1,'26/06/2016',1),(884,8,313,'Weekly',1,'27/06/2016',1),(885,8,313,'Weekly',1,'28/06/2016',1),(886,34,314,'Weekly',1,'22/08/2016',1),(887,34,314,'Weekly',1,'23/08/2016',1),(888,34,314,'Weekly',1,'24/08/2016',1),(889,34,314,'Weekly',1,'25/08/2016',1),(890,34,314,'Weekly',1,'26/08/2016',1),(891,34,314,'Weekly',1,'27/08/2016',1),(892,4,315,'Weekly',1,'08/08/2016',1),(893,4,315,'Weekly',1,'09/08/2016',1),(894,4,315,'Weekly',1,'10/08/2016',1),(895,4,315,'Weekly',1,'11/08/2016',1),(896,4,315,'Weekly',1,'12/08/2016',1),(897,4,315,'Weekly',1,'13/08/2016',1),(898,3,316,'Daily',1,'15/06/2016',1),(899,56,317,'Daily',1,'15/06/2016',1),(900,56,317,'Daily',1,'16/06/2016',1),(901,56,318,'Daily',20,'17/06/2016',1),(902,56,318,'Daily',20,'18/06/2016',1),(903,56,320,'Daily',20,'13/06/2016',1),(904,56,320,'Daily',20,'14/06/2016',1),(905,57,321,'Daily',1,'25/06/2016',1),(907,33,326,'Weekly',1,'01/07/2016',1),(908,33,326,'Weekly',1,'02/07/2016',1),(909,33,326,'Weekly',1,'06/07/2016',1),(910,33,326,'Weekly',1,'07/07/2016',1),(911,33,326,'Weekly',1,'08/07/2016',1),(912,33,326,'Weekly',1,'09/07/2016',1),(913,33,326,'Weekly',1,'11/07/2016',1),(914,33,326,'Weekly',1,'12/07/2016',1),(915,1,327,'Daily',1,'08/06/2016',1),(916,1,327,'Daily',1,'15/06/2016',1),(917,1,327,'Daily',1,'22/06/2016',1),(918,1,327,'Daily',1,'29/06/2016',1),(919,19,334,'Daily',19,'15/06/2016',1),(920,19,335,'Daily',1,'17/06/2016',1),(921,55,336,'Daily',1,'08/06/2016',1),(924,56,340,'Daily',1,'24/06/2016',1),(925,55,341,'Daily',1,'23/06/2016',1),(926,36,342,'Weekly',1,'11/07/2016',1),(927,36,342,'Weekly',1,'12/07/2016',1),(928,36,342,'Weekly',1,'13/07/2016',1),(929,36,342,'Weekly',1,'14/07/2016',1),(930,36,342,'Weekly',1,'15/07/2016',1),(931,36,342,'Weekly',1,'16/07/2016',1),(932,36,343,'Weekly',1,'21/06/2016',1),(933,36,343,'Weekly',1,'22/06/2016',1),(934,36,343,'Weekly',1,'23/06/2016',1),(935,36,343,'Weekly',1,'24/06/2016',1),(936,36,343,'Weekly',1,'25/06/2016',1),(937,36,343,'Weekly',1,'27/06/2016',1),(938,20,344,'Daily',1,'21/06/2016',1),(939,20,344,'Daily',1,'22/06/2016',1),(940,20,344,'Daily',1,'23/06/2016',1),(941,1,348,'Daily',1,'08/06/2016',1),(942,1,349,'Daily',1,'08/06/2016',1),(943,1,350,'Daily',1,'22/06/2016',1),(944,19,351,'Daily',1,'23/06/2016',1),(945,37,352,'Weekly',20,'22/08/2016',1),(946,37,352,'Weekly',20,'23/08/2016',1),(947,37,352,'Weekly',20,'24/08/2016',1),(948,37,352,'Weekly',20,'25/08/2016',1),(949,37,352,'Weekly',20,'26/08/2016',1),(950,37,352,'Weekly',20,'27/08/2016',1),(951,57,357,'Daily',25,'08/07/2016',1),(952,57,357,'Daily',25,'16/07/2016',1),(953,57,357,'Daily',25,'09/07/2016',1),(954,31,358,'Weekly',1,'25/07/2016',1),(955,31,358,'Weekly',1,'26/07/2016',1),(956,31,358,'Weekly',1,'27/07/2016',1),(957,31,358,'Weekly',1,'28/07/2016',1),(958,31,358,'Weekly',1,'29/07/2016',1),(959,31,358,'Weekly',1,'30/07/2016',1),(960,31,359,'Weekly',1,'31/08/2016',1),(961,31,359,'Weekly',1,'01/09/2016',1),(962,31,359,'Weekly',1,'02/09/2016',1),(963,31,359,'Weekly',1,'03/09/2016',1),(964,34,360,'Weekly',1,'02/08/2016',1),(965,34,360,'Weekly',1,'03/08/2016',1),(966,34,360,'Weekly',1,'04/08/2016',1),(967,34,360,'Weekly',1,'05/08/2016',1),(968,34,360,'Weekly',1,'06/08/2016',1),(969,34,360,'Weekly',1,'08/08/2016',1),(970,33,361,'Weekly',20,'26/08/2016',1),(971,33,361,'Weekly',20,'27/08/2016',1),(972,33,361,'Weekly',20,'29/08/2016',1),(973,33,361,'Weekly',20,'30/08/2016',1),(974,33,361,'Weekly',20,'31/08/2016',1),(975,33,361,'Weekly',20,'01/09/2016',1),(976,33,362,'Weekly',20,'31/08/2016',1),(977,33,362,'Weekly',20,'01/09/2016',1),(978,33,362,'Weekly',20,'02/09/2016',1),(979,33,362,'Weekly',20,'03/09/2016',1),(980,6,366,'Daily',1,'15/06/2016',1),(981,34,367,'Weekly',18,'29/08/2016',1),(982,34,367,'Weekly',18,'30/08/2016',1),(983,34,367,'Weekly',18,'31/08/2016',1),(984,34,367,'Weekly',18,'01/09/2016',1),(985,34,367,'Weekly',18,'02/09/2016',1),(986,34,367,'Weekly',18,'03/09/2016',1),(993,34,369,'Weekly',18,'15/08/2016',1),(994,34,369,'Weekly',18,'16/08/2016',1),(995,34,369,'Weekly',18,'17/08/2016',1),(996,34,369,'Weekly',18,'18/08/2016',1),(997,34,369,'Weekly',18,'19/08/2016',1),(998,34,369,'Weekly',18,'20/08/2016',1),(999,54,371,'Daily',1,'08/06/2016',1),(1000,54,371,'Daily',1,'09/06/2016',1),(1001,54,371,'Daily',1,'10/06/2016',1),(1002,54,372,'Daily',1,'08/06/2016',1),(1003,54,372,'Daily',1,'09/06/2016',1),(1004,54,372,'Daily',1,'10/06/2016',1),(1005,34,373,'Weekly',20,'01/07/2016',1),(1006,34,373,'Weekly',20,'02/07/2016',1),(1007,16,374,'Daily',1,'13/06/2016',1),(1008,16,374,'Daily',1,'14/06/2016',1),(1009,16,374,'Daily',1,'15/06/2016',1),(1010,22,375,'Daily',3,'17/06/2016',1),(1011,22,376,'Daily',3,'24/06/2016',1),(1012,22,376,'Daily',3,'25/06/2016',1),(1013,21,377,'Daily',6,'17/06/2016',1),(1014,21,377,'Daily',6,'18/06/2016',1),(1015,21,377,'Daily',6,'20/06/2016',1),(1016,24,379,'Weekly',1,'19/07/2016',1),(1017,24,379,'Weekly',1,'20/07/2016',1),(1018,24,379,'Weekly',1,'21/07/2016',1),(1019,24,379,'Weekly',1,'22/07/2016',1),(1020,24,379,'Weekly',1,'23/07/2016',1),(1021,24,379,'Weekly',1,'25/07/2016',1),(1022,33,380,'Weekly',1,'10/08/2016',1),(1023,33,380,'Weekly',1,'11/08/2016',1),(1024,33,380,'Weekly',1,'12/08/2016',1),(1025,33,380,'Weekly',1,'13/08/2016',1),(1026,33,380,'Weekly',1,'15/08/2016',1),(1027,33,380,'Weekly',1,'16/08/2016',1),(1028,33,381,'Weekly',1,'02/08/2016',1),(1029,33,381,'Weekly',1,'03/08/2016',1),(1030,33,381,'Weekly',1,'04/08/2016',1),(1031,33,381,'Weekly',1,'05/08/2016',1),(1032,33,381,'Weekly',1,'06/08/2016',1),(1033,33,381,'Weekly',1,'08/08/2016',1),(1034,33,382,'Weekly',1,'06/09/2016',1),(1035,33,382,'Weekly',1,'07/09/2016',1),(1036,33,382,'Weekly',1,'08/09/2016',1),(1037,33,382,'Weekly',1,'09/09/2016',1),(1038,33,382,'Weekly',1,'10/09/2016',1),(1039,33,382,'Weekly',1,'12/09/2016',1),(1040,33,383,'Weekly',1,'13/09/2016',1),(1041,33,383,'Weekly',1,'14/09/2016',1),(1042,33,383,'Weekly',1,'15/09/2016',1),(1043,33,383,'Weekly',1,'16/09/2016',1),(1044,33,383,'Weekly',1,'17/09/2016',1),(1045,33,383,'Weekly',1,'19/09/2016',1),(1046,38,384,'Weekly',1,'09/06/2016',1),(1047,38,384,'Weekly',1,'10/06/2016',1),(1048,38,384,'Weekly',1,'11/06/2016',1),(1049,38,384,'Weekly',1,'12/06/2016',1),(1050,38,384,'Weekly',1,'13/06/2016',1),(1051,38,384,'Weekly',1,'14/06/2016',1),(1052,38,384,'Weekly',1,'15/06/2016',1),(1053,38,385,'Weekly',1,'09/06/2016',1),(1054,38,385,'Weekly',1,'10/06/2016',1),(1055,38,385,'Weekly',1,'11/06/2016',1),(1056,38,385,'Weekly',1,'12/06/2016',1),(1057,38,385,'Weekly',1,'13/06/2016',1),(1058,38,385,'Weekly',1,'14/06/2016',1),(1059,38,385,'Weekly',1,'15/06/2016',1),(1060,38,386,'Weekly',1,'15/06/2016',1),(1061,38,386,'Weekly',1,'16/06/2016',1),(1062,38,386,'Weekly',1,'17/06/2016',1),(1063,38,386,'Weekly',1,'18/06/2016',1),(1064,38,386,'Weekly',1,'19/06/2016',1),(1065,38,386,'Weekly',1,'20/06/2016',1),(1066,38,386,'Weekly',1,'21/06/2016',1),(1067,38,387,'Weekly',1,'09/06/2016',1),(1068,38,387,'Weekly',1,'10/06/2016',1),(1069,38,387,'Weekly',1,'11/06/2016',1),(1070,38,387,'Weekly',1,'12/06/2016',1),(1071,38,387,'Weekly',1,'13/06/2016',1),(1072,38,387,'Weekly',1,'14/06/2016',1),(1073,38,387,'Weekly',1,'15/06/2016',1),(1074,38,387,'Weekly',1,'23/06/2016',1),(1075,38,387,'Weekly',1,'24/06/2016',1),(1076,38,387,'Weekly',1,'25/06/2016',1),(1077,38,387,'Weekly',1,'26/06/2016',1),(1078,38,387,'Weekly',1,'27/06/2016',1),(1079,38,387,'Weekly',1,'28/06/2016',1),(1080,38,387,'Weekly',1,'29/06/2016',1),(1081,38,388,'Weekly',1,'09/06/2016',1),(1082,38,388,'Weekly',1,'10/06/2016',1),(1083,38,388,'Weekly',1,'11/06/2016',1),(1084,38,388,'Weekly',1,'12/06/2016',1),(1085,38,388,'Weekly',1,'13/06/2016',1),(1086,38,388,'Weekly',1,'14/06/2016',1),(1087,38,388,'Weekly',1,'15/06/2016',1),(1088,37,389,'Weekly',19,'29/08/2016',1),(1089,37,389,'Weekly',19,'30/08/2016',1),(1090,37,389,'Weekly',19,'31/08/2016',1),(1091,37,389,'Weekly',19,'01/09/2016',1),(1092,37,389,'Weekly',19,'02/09/2016',1),(1093,37,389,'Weekly',19,'03/09/2016',1),(1094,37,390,'Weekly',19,'28/09/2016',1),(1095,37,390,'Weekly',19,'29/09/2016',1),(1096,37,390,'Weekly',19,'30/09/2016',1),(1097,37,390,'Weekly',19,'01/10/2016',1),(1098,37,391,'Weekly',19,'28/10/2016',1),(1099,37,391,'Weekly',19,'29/10/2016',1),(1101,39,396,'Weekly',2,'09/08/2016',1),(1102,39,396,'Weekly',2,'10/08/2016',1),(1103,39,396,'Weekly',2,'11/08/2016',1),(1104,39,396,'Weekly',2,'12/08/2016',1),(1105,39,396,'Weekly',2,'13/08/2016',1),(1106,39,396,'Weekly',2,'15/08/2016',1),(1107,5,414,'Daily',1,'17/06/2016',1),(1108,2,415,'Daily',1,'09/06/2016',1),(1128,59,422,'Daily',1,'16/06/2016',1),(1129,59,423,'Daily',1,'09/06/2016',1),(1130,4,433,'Daily',1,'13/06/2016',1),(1131,4,433,'Daily',1,'14/06/2016',1),(1132,4,433,'Daily',1,'16/06/2016',1),(1133,4,433,'Daily',1,'15/06/2016',1),(1140,53,434,'Daily',1,'16/06/2016',1),(1141,53,434,'Daily',1,'17/06/2016',1),(1142,26,435,'Weekly',1,'09/06/2016',1),(1143,26,435,'Weekly',1,'10/06/2016',1),(1144,26,435,'Weekly',1,'11/06/2016',1),(1145,26,435,'Weekly',1,'13/06/2016',1),(1146,26,435,'Weekly',1,'14/06/2016',1),(1147,26,435,'Weekly',1,'15/06/2016',1),(1148,22,436,'Daily',1,'16/06/2016',1),(1149,25,438,'Weekly',1,'16/06/2016',1),(1150,25,438,'Weekly',1,'17/06/2016',1),(1151,25,438,'Weekly',1,'18/06/2016',1),(1152,25,438,'Weekly',1,'20/06/2016',1),(1153,25,438,'Weekly',1,'21/06/2016',1),(1154,25,438,'Weekly',1,'22/06/2016',1),(1155,5,439,'Daily',1,'30/06/2016',1),(1156,5,439,'Daily',1,'01/07/2016',1),(1157,5,440,'Daily',1,'01/07/2016',1),(1158,5,440,'Daily',1,'02/07/2016',1),(1159,5,441,'Daily',1,'01/07/2016',1),(1160,5,441,'Daily',1,'02/07/2016',1),(1161,63,442,'Daily',1,'23/06/2016',1),(1162,63,442,'Daily',1,'24/06/2016',1),(1163,63,442,'Daily',1,'25/06/2016',1),(1164,62,445,'Weekly',1,'10/06/2016',1),(1165,62,445,'Weekly',1,'11/06/2016',1),(1166,62,445,'Weekly',1,'12/06/2016',1),(1167,62,445,'Weekly',1,'13/06/2016',1),(1168,62,445,'Weekly',1,'15/06/2016',1),(1169,62,445,'Weekly',1,'16/06/2016',1),(1170,48,454,'Daily',1,'16/06/2016',1),(1172,50,457,'Daily',1,'17/06/2016',1),(1173,50,457,'Daily',1,'18/06/2016',1),(1174,38,458,'Weekly',1,'14/06/2016',1),(1175,38,458,'Weekly',1,'15/06/2016',1),(1176,38,458,'Weekly',1,'16/06/2016',1),(1177,38,458,'Weekly',1,'17/06/2016',1),(1178,38,458,'Weekly',1,'18/06/2016',1),(1179,38,458,'Weekly',1,'19/06/2016',1),(1180,38,458,'Weekly',1,'20/06/2016',1),(1181,65,460,'Daily',1,'22/06/2016',1),(1182,33,463,'Weekly',1,'01/07/2016',1),(1183,33,463,'Weekly',1,'02/07/2016',1),(1184,24,464,'Weekly',8,'01/07/2016',1),(1185,24,464,'Weekly',8,'02/07/2016',1),(1186,24,465,'Weekly',8,'28/09/2016',1),(1187,24,465,'Weekly',8,'29/09/2016',1),(1188,24,465,'Weekly',8,'30/09/2016',1),(1189,24,465,'Weekly',8,'01/10/2016',1),(1190,37,466,'Weekly',1,'31/08/2016',1),(1191,37,466,'Weekly',1,'01/09/2016',1),(1192,37,466,'Weekly',1,'02/09/2016',1),(1193,37,466,'Weekly',1,'03/09/2016',1),(1194,37,467,'Weekly',23,'01/07/2016',1),(1195,37,467,'Weekly',23,'02/07/2016',1),(1196,37,468,'Weekly',23,'15/08/2016',1),(1197,37,468,'Weekly',23,'16/08/2016',1),(1198,37,468,'Weekly',23,'17/08/2016',1),(1199,37,468,'Weekly',23,'18/08/2016',1),(1200,37,468,'Weekly',23,'19/08/2016',1),(1201,37,468,'Weekly',23,'20/08/2016',1),(1202,37,469,'Weekly',23,'02/09/2016',1),(1203,37,469,'Weekly',23,'03/09/2016',1),(1204,5,470,'Daily',19,'09/08/2016',1),(1205,5,470,'Daily',19,'11/08/2016',1),(1206,5,470,'Daily',19,'13/08/2016',1),(1207,5,471,'Daily',19,'03/08/2016',1),(1208,5,471,'Daily',19,'04/08/2016',1),(1209,5,471,'Daily',19,'05/08/2016',1),(1210,5,471,'Daily',19,'06/08/2016',1),(1211,24,474,'Weekly',23,'30/06/2016',1),(1212,24,474,'Weekly',23,'01/07/2016',1),(1213,24,474,'Weekly',23,'02/07/2016',1),(1214,43,475,'Daily',1,'16/06/2016',1),(1215,43,475,'Daily',1,'24/06/2016',1),(1216,43,475,'Daily',1,'30/06/2016',1),(1217,6,476,'Daily',23,'20/06/2016',1),(1218,6,476,'Daily',23,'21/06/2016',1),(1219,6,476,'Daily',23,'22/06/2016',1),(1220,6,476,'Daily',23,'23/06/2016',1),(1221,6,476,'Daily',23,'16/06/2016',1),(1222,25,477,'Weekly',1,'16/06/2016',1),(1223,25,477,'Weekly',1,'17/06/2016',1),(1224,25,477,'Weekly',1,'18/06/2016',1),(1225,25,477,'Weekly',1,'20/06/2016',1),(1226,25,477,'Weekly',1,'21/06/2016',1),(1227,25,477,'Weekly',1,'22/06/2016',1),(1228,1,478,'Daily',10,'16/06/2016',1),(1229,68,482,'Weekly',1,'30/06/2016',1),(1230,68,482,'Weekly',1,'01/07/2016',1),(1231,68,482,'Weekly',1,'02/07/2016',1),(1232,18,484,'Daily',16,'25/06/2016',1),(1233,18,484,'Daily',16,'22/06/2016',1),(1234,18,484,'Daily',16,'21/06/2016',1),(1235,37,485,'Weekly',1,'31/07/2016',1),(1236,37,485,'Weekly',1,'01/08/2016',1),(1237,37,485,'Weekly',1,'02/08/2016',1),(1238,37,485,'Weekly',1,'03/08/2016',1),(1239,37,485,'Weekly',1,'04/08/2016',1),(1240,37,485,'Weekly',1,'05/08/2016',1),(1241,37,485,'Weekly',1,'06/08/2016',1),(1242,20,486,'Daily',1,'21/06/2016',1),(1243,20,486,'Daily',1,'23/06/2016',1),(1244,20,486,'Daily',1,'29/06/2016',1),(1245,63,489,'Daily',1,'20/06/2016',1),(1246,63,489,'Daily',1,'22/06/2016',1),(1247,63,489,'Daily',1,'25/06/2016',1),(1249,38,491,'Weekly',1,'01/07/2016',1),(1250,38,491,'Weekly',1,'02/07/2016',1),(1251,38,491,'Weekly',1,'03/07/2016',1),(1252,38,491,'Weekly',1,'04/07/2016',1),(1253,38,491,'Weekly',1,'05/07/2016',1),(1254,38,491,'Weekly',1,'06/07/2016',1),(1255,38,491,'Weekly',1,'07/07/2016',1),(1256,2,492,'Daily',1,'20/06/2016',1),(1257,2,492,'Daily',1,'23/06/2016',1),(1258,2,492,'Daily',1,'21/06/2016',1),(1259,2,492,'Daily',1,'25/06/2016',1),(1260,2,493,'Daily',1,'25/06/2016',1),(1261,2,493,'Daily',1,'23/06/2016',1),(1262,2,493,'Daily',1,'21/06/2016',1),(1263,24,494,'Weekly',1,'31/08/2016',1),(1264,24,494,'Weekly',1,'01/09/2016',1),(1265,24,494,'Weekly',1,'02/09/2016',1),(1266,24,494,'Weekly',1,'03/09/2016',1),(1267,66,496,'Daily',1,'21/06/2016',1),(1268,23,503,'Daily',1,'01/07/2016',1),(1269,65,507,'Daily',1,'29/06/2016',1),(1270,65,507,'Daily',1,'30/06/2016',1),(1271,21,509,'Daily',1,'29/06/2016',1),(1272,43,512,'Daily',1,'29/07/2016',1),(1273,43,513,'Daily',20,'01/07/2016',1),(1274,43,513,'Daily',20,'29/06/2016',1),(1275,50,514,'Daily',1,'30/06/2016',1),(1276,6,515,'Daily',1,'29/06/2016',1),(1277,6,516,'Daily',1,'30/06/2016',1),(1278,6,517,'Daily',1,'01/07/2016',1),(1279,20,518,'Daily',1,'30/06/2016',1),(1280,37,522,'Weekly',1,'31/08/2016',1),(1281,37,522,'Weekly',1,'01/09/2016',1),(1282,37,522,'Weekly',1,'02/09/2016',1),(1283,37,522,'Weekly',1,'03/09/2016',1),(1284,37,522,'Weekly',1,'08/08/2016',1),(1285,37,522,'Weekly',1,'09/08/2016',1),(1286,37,522,'Weekly',1,'10/08/2016',1),(1287,37,522,'Weekly',1,'11/08/2016',1),(1288,37,522,'Weekly',1,'12/08/2016',1),(1289,37,522,'Weekly',1,'13/08/2016',1),(1290,70,535,'Daily',1,'01/07/2016',1),(1291,37,542,'Weekly',19,'26/11/2016',1),(1292,37,542,'Weekly',19,'28/11/2016',1),(1293,37,542,'Weekly',19,'29/11/2016',1),(1294,37,542,'Weekly',19,'30/11/2016',1),(1295,37,542,'Weekly',19,'01/12/2016',1),(1296,37,542,'Weekly',19,'02/12/2016',1),(1297,29,543,'Weekly',1,'27/09/2016',1),(1298,29,543,'Weekly',1,'28/09/2016',1),(1299,29,543,'Weekly',1,'29/09/2016',1),(1300,29,543,'Weekly',1,'30/09/2016',1),(1301,29,543,'Weekly',1,'01/10/2016',1),(1302,29,543,'Weekly',1,'02/10/2016',1),(1303,29,543,'Weekly',1,'03/10/2016',1),(1304,29,544,'Weekly',10,'30/08/2016',1),(1305,29,544,'Weekly',10,'31/08/2016',1),(1306,29,544,'Weekly',10,'01/09/2016',1),(1307,29,544,'Weekly',10,'02/09/2016',1),(1308,29,544,'Weekly',10,'03/09/2016',1),(1309,29,544,'Weekly',10,'04/09/2016',1),(1310,29,544,'Weekly',10,'05/09/2016',1),(1311,30,545,'Weekly',1,'30/08/2016',1),(1312,30,545,'Weekly',1,'31/08/2016',1),(1313,30,545,'Weekly',1,'01/09/2016',1),(1314,30,545,'Weekly',1,'02/09/2016',1),(1315,30,545,'Weekly',1,'03/09/2016',1),(1316,30,545,'Weekly',1,'04/09/2016',1),(1317,30,545,'Weekly',1,'05/09/2016',1),(1318,29,546,'Weekly',1,'30/11/2016',1),(1319,29,546,'Weekly',1,'01/12/2016',1),(1320,29,546,'Weekly',1,'02/12/2016',1),(1321,29,546,'Weekly',1,'03/12/2016',1),(1322,29,546,'Weekly',1,'06/12/2016',1),(1323,29,546,'Weekly',1,'04/12/2016',1),(1324,29,546,'Weekly',1,'05/12/2016',1),(1325,67,547,'Daily',1,'05/08/2016',1),(1326,67,547,'Daily',1,'07/07/2016',1),(1327,37,549,'Weekly',1,'28/12/2016',1),(1328,37,549,'Weekly',1,'29/12/2016',1),(1329,37,549,'Weekly',1,'30/12/2016',1),(1330,37,549,'Weekly',1,'31/12/2016',1),(1331,37,549,'Weekly',1,'03/01/2017',1),(1332,37,549,'Weekly',1,'02/01/2017',1),(1333,37,550,'Weekly',1,'27/02/2017',1),(1334,37,550,'Weekly',1,'28/02/2017',1),(1335,37,550,'Weekly',1,'01/03/2017',1),(1336,37,550,'Weekly',1,'02/03/2017',1),(1337,37,550,'Weekly',1,'03/03/2017',1),(1338,37,550,'Weekly',1,'04/03/2017',1),(1339,29,551,'Weekly',1,'27/12/2016',1),(1340,29,551,'Weekly',1,'28/12/2016',1),(1341,29,551,'Weekly',1,'29/12/2016',1),(1342,29,551,'Weekly',1,'30/12/2016',1),(1343,29,551,'Weekly',1,'31/12/2016',1),(1344,29,551,'Weekly',1,'02/01/2017',1),(1345,2,552,'Monthly',1,'07/07/2016',1),(1346,2,552,'Monthly',1,'08/07/2016',1),(1347,2,552,'Monthly',1,'09/07/2016',1),(1348,2,552,'Monthly',1,'10/07/2016',1),(1349,2,552,'Monthly',1,'11/07/2016',1),(1350,2,552,'Monthly',1,'12/07/2016',1),(1351,2,552,'Monthly',1,'14/07/2016',1),(1352,2,552,'Monthly',1,'15/07/2016',1),(1353,2,552,'Monthly',1,'16/07/2016',1),(1354,2,552,'Monthly',1,'17/07/2016',1),(1355,2,552,'Monthly',1,'18/07/2016',1),(1356,2,552,'Monthly',1,'19/07/2016',1),(1357,2,552,'Monthly',1,'21/07/2016',1),(1358,2,552,'Monthly',1,'22/07/2016',1),(1359,2,552,'Monthly',1,'23/07/2016',1),(1360,2,552,'Monthly',1,'24/07/2016',1),(1361,2,552,'Monthly',1,'25/07/2016',1),(1362,2,552,'Monthly',1,'26/07/2016',1),(1363,2,552,'Monthly',1,'28/07/2016',1),(1364,2,552,'Monthly',1,'29/07/2016',1),(1365,2,552,'Monthly',1,'30/07/2016',1),(1366,2,552,'Monthly',1,'31/07/2016',1),(1367,2,552,'Monthly',1,'01/08/2016',1),(1368,2,552,'Monthly',1,'02/08/2016',1),(1369,2,552,'Monthly',1,'03/08/2016',1),(1370,2,552,'Monthly',1,'04/08/2016',1),(1371,2,552,'Monthly',1,'05/08/2016',1),(1372,2,554,'Monthly',1,'14/07/2016',1),(1373,2,554,'Monthly',1,'15/07/2016',1),(1374,2,554,'Monthly',1,'16/07/2016',1),(1375,2,554,'Monthly',1,'17/07/2016',1),(1376,2,554,'Monthly',1,'18/07/2016',1),(1377,2,554,'Monthly',1,'19/07/2016',1),(1378,2,554,'Monthly',1,'21/07/2016',1),(1379,2,554,'Monthly',1,'22/07/2016',1),(1380,2,554,'Monthly',1,'23/07/2016',1),(1381,2,554,'Monthly',1,'24/07/2016',1),(1382,2,554,'Monthly',1,'25/07/2016',1),(1383,2,554,'Monthly',1,'26/07/2016',1),(1384,2,554,'Monthly',1,'28/07/2016',1),(1385,2,554,'Monthly',1,'29/07/2016',1),(1386,2,554,'Monthly',1,'30/07/2016',1),(1387,2,554,'Monthly',1,'08/08/2016',1),(1388,2,554,'Monthly',1,'06/08/2016',1),(1389,2,554,'Monthly',1,'02/08/2016',1),(1390,2,554,'Monthly',1,'01/08/2016',1),(1391,2,554,'Monthly',1,'05/08/2016',1),(1392,2,554,'Monthly',1,'09/08/2016',1),(1393,2,554,'Monthly',1,'07/08/2016',1),(1394,2,554,'Monthly',1,'04/08/2016',1),(1395,2,554,'Monthly',1,'31/07/2016',1),(1396,2,554,'Monthly',1,'12/08/2016',1),(1397,2,554,'Monthly',1,'11/08/2016',1),(1398,2,555,'Monthly',15,'18/08/2016',1),(1399,2,555,'Monthly',15,'19/08/2016',1),(1400,2,555,'Monthly',15,'20/08/2016',1),(1401,2,555,'Monthly',15,'21/08/2016',1),(1402,2,555,'Monthly',15,'22/08/2016',1),(1403,2,555,'Monthly',15,'23/08/2016',1),(1404,2,555,'Monthly',15,'25/08/2016',1),(1405,2,555,'Monthly',15,'26/08/2016',1),(1406,2,555,'Monthly',15,'27/08/2016',1),(1407,2,555,'Monthly',15,'28/08/2016',1),(1408,2,555,'Monthly',15,'29/08/2016',1),(1409,2,555,'Monthly',15,'30/08/2016',1),(1410,2,555,'Monthly',15,'01/09/2016',1),(1411,2,555,'Monthly',15,'02/09/2016',1),(1412,2,555,'Monthly',15,'03/09/2016',1),(1413,2,555,'Monthly',15,'09/09/2016',1),(1414,2,555,'Monthly',15,'10/09/2016',1),(1415,2,555,'Monthly',15,'05/09/2016',1),(1416,2,555,'Monthly',15,'08/09/2016',1),(1417,2,555,'Monthly',15,'04/09/2016',1),(1418,2,555,'Monthly',15,'12/09/2016',1),(1419,2,555,'Monthly',15,'06/09/2016',1),(1420,2,555,'Monthly',15,'15/09/2016',1),(1421,2,555,'Monthly',15,'13/09/2016',1),(1422,2,555,'Monthly',15,'16/09/2016',1),(1423,2,555,'Monthly',15,'11/09/2016',1),(1424,2,556,'Monthly',1,'17/09/2016',1),(1425,2,556,'Monthly',1,'18/09/2016',1),(1426,2,556,'Monthly',1,'19/09/2016',1),(1427,2,556,'Monthly',1,'20/09/2016',1),(1428,2,556,'Monthly',1,'21/09/2016',1),(1429,2,556,'Monthly',1,'22/09/2016',1),(1430,2,556,'Monthly',1,'23/09/2016',1),(1431,2,556,'Monthly',1,'24/09/2016',1),(1432,2,556,'Monthly',1,'25/09/2016',1),(1433,2,556,'Monthly',1,'26/09/2016',1),(1434,2,556,'Monthly',1,'27/09/2016',1),(1435,2,556,'Monthly',1,'28/09/2016',1),(1436,2,556,'Monthly',1,'29/09/2016',1),(1437,2,556,'Monthly',1,'30/09/2016',1),(1438,2,556,'Monthly',1,'01/10/2016',1),(1439,2,556,'Monthly',1,'07/10/2016',1),(1440,2,556,'Monthly',1,'10/10/2016',1),(1441,2,556,'Monthly',1,'15/10/2016',1),(1442,2,556,'Monthly',1,'04/10/2016',1),(1443,2,556,'Monthly',1,'13/10/2016',1),(1444,2,556,'Monthly',1,'06/10/2016',1),(1445,2,556,'Monthly',1,'14/10/2016',1),(1446,2,556,'Monthly',1,'03/10/2016',1),(1447,2,556,'Monthly',1,'11/10/2016',1),(1448,2,556,'Monthly',1,'02/10/2016',1),(1449,2,556,'Monthly',1,'09/10/2016',1),(1450,2,556,'Monthly',1,'08/10/2016',1),(1451,2,556,'Monthly',1,'16/10/2016',1),(1452,2,557,'Monthly',1,'20/10/2016',1),(1453,2,557,'Monthly',1,'21/10/2016',1),(1454,2,557,'Monthly',1,'22/10/2016',1),(1455,2,557,'Monthly',1,'23/10/2016',1),(1456,2,557,'Monthly',1,'24/10/2016',1),(1457,2,557,'Monthly',1,'25/10/2016',1),(1458,2,557,'Monthly',1,'27/10/2016',1),(1459,2,557,'Monthly',1,'28/10/2016',1),(1460,2,557,'Monthly',1,'29/10/2016',1),(1461,2,557,'Monthly',1,'15/11/2016',1),(1462,2,557,'Monthly',1,'03/11/2016',1),(1463,2,557,'Monthly',1,'07/11/2016',1),(1464,2,557,'Monthly',1,'01/11/2016',1),(1465,2,557,'Monthly',1,'10/11/2016',1),(1466,2,557,'Monthly',1,'17/11/2016',1),(1467,2,557,'Monthly',1,'13/11/2016',1),(1468,2,557,'Monthly',1,'05/11/2016',1),(1469,2,557,'Monthly',1,'08/11/2016',1),(1470,2,557,'Monthly',1,'04/11/2016',1),(1471,2,557,'Monthly',1,'31/10/2016',1),(1472,2,557,'Monthly',1,'30/10/2016',1),(1473,2,557,'Monthly',1,'14/11/2016',1),(1474,2,557,'Monthly',1,'12/11/2016',1),(1475,2,557,'Monthly',1,'06/11/2016',1),(1476,2,557,'Monthly',1,'18/11/2016',1),(1477,2,557,'Monthly',1,'11/11/2016',1),(1478,5,558,'Monthly',1,'14/07/2016',1),(1479,5,558,'Monthly',1,'15/07/2016',1),(1480,5,558,'Monthly',1,'16/07/2016',1),(1481,5,558,'Monthly',1,'18/07/2016',1),(1482,5,558,'Monthly',1,'19/07/2016',1),(1483,5,558,'Monthly',1,'20/07/2016',1),(1484,5,558,'Monthly',1,'21/07/2016',1),(1485,5,558,'Monthly',1,'22/07/2016',1),(1486,5,558,'Monthly',1,'23/07/2016',1),(1487,5,558,'Monthly',1,'25/07/2016',1),(1488,5,558,'Monthly',1,'26/07/2016',1),(1489,5,558,'Monthly',1,'27/07/2016',1),(1490,5,558,'Monthly',1,'28/07/2016',1),(1491,5,558,'Monthly',1,'29/07/2016',1),(1492,5,558,'Monthly',1,'30/07/2016',1),(1493,5,558,'Monthly',1,'01/08/2016',1),(1494,5,558,'Monthly',1,'02/08/2016',1),(1495,5,558,'Monthly',1,'03/08/2016',1),(1496,5,558,'Monthly',1,'04/08/2016',1),(1497,5,558,'Monthly',1,'05/08/2016',1),(1498,5,558,'Monthly',1,'06/08/2016',1),(1499,5,558,'Monthly',1,'08/08/2016',1),(1500,5,558,'Monthly',1,'09/08/2016',1),(1501,5,558,'Monthly',1,'10/08/2016',1),(1502,5,558,'Monthly',1,'11/08/2016',1),(1503,5,558,'Monthly',1,'12/08/2016',1),(1504,5,559,'Monthly',25,'15/08/2016',1),(1505,5,559,'Monthly',25,'16/08/2016',1),(1506,5,559,'Monthly',25,'17/08/2016',1),(1507,5,559,'Monthly',25,'18/08/2016',1),(1508,5,559,'Monthly',25,'19/08/2016',1),(1509,5,559,'Monthly',25,'20/08/2016',1),(1510,5,559,'Monthly',25,'22/08/2016',1),(1511,5,559,'Monthly',25,'23/08/2016',1),(1512,5,559,'Monthly',25,'24/08/2016',1),(1513,5,559,'Monthly',25,'25/08/2016',1),(1514,5,559,'Monthly',25,'26/08/2016',1),(1515,5,559,'Monthly',25,'27/08/2016',1),(1516,5,559,'Monthly',25,'29/08/2016',1),(1517,5,559,'Monthly',25,'30/08/2016',1),(1518,5,559,'Monthly',25,'31/08/2016',1),(1519,5,559,'Monthly',25,'01/09/2016',1),(1520,5,559,'Monthly',25,'02/09/2016',1),(1521,5,559,'Monthly',25,'03/09/2016',1),(1522,5,559,'Monthly',25,'05/09/2016',1),(1523,5,559,'Monthly',25,'06/09/2016',1),(1524,5,559,'Monthly',25,'07/09/2016',1),(1525,5,559,'Monthly',25,'08/09/2016',1),(1526,5,559,'Monthly',25,'09/09/2016',1),(1527,5,559,'Monthly',25,'10/09/2016',1),(1528,5,559,'Monthly',25,'12/09/2016',1),(1529,5,559,'Monthly',25,'13/09/2016',1),(1530,5,560,'Monthly',25,'02/10/2016',1),(1531,5,560,'Monthly',25,'03/10/2016',1),(1532,5,560,'Monthly',25,'04/10/2016',1),(1533,5,560,'Monthly',25,'05/10/2016',1),(1534,5,560,'Monthly',25,'06/10/2016',1),(1535,5,560,'Monthly',25,'07/10/2016',1),(1536,5,560,'Monthly',25,'08/10/2016',1),(1537,5,560,'Monthly',25,'09/10/2016',1),(1538,5,560,'Monthly',25,'10/10/2016',1),(1539,5,560,'Monthly',25,'11/10/2016',1),(1540,5,560,'Monthly',25,'12/10/2016',1),(1541,5,560,'Monthly',25,'13/10/2016',1),(1542,5,560,'Monthly',25,'14/10/2016',1),(1543,5,560,'Monthly',25,'15/10/2016',1),(1544,5,560,'Monthly',25,'16/10/2016',1),(1545,5,560,'Monthly',25,'17/10/2016',1),(1546,5,560,'Monthly',25,'18/10/2016',1),(1547,5,560,'Monthly',25,'19/10/2016',1),(1548,5,560,'Monthly',25,'20/10/2016',1),(1549,5,560,'Monthly',25,'02/10/2016',1),(1550,5,560,'Monthly',25,'03/10/2016',1),(1551,5,560,'Monthly',25,'04/10/2016',1),(1552,5,560,'Monthly',25,'05/10/2016',1),(1553,5,560,'Monthly',25,'06/10/2016',1),(1554,5,560,'Monthly',25,'07/10/2016',1),(1555,5,560,'Monthly',25,'08/10/2016',1),(1556,5,560,'Monthly',25,'09/10/2016',1),(1557,5,560,'Monthly',25,'10/10/2016',1),(1558,5,560,'Monthly',25,'11/10/2016',1),(1559,5,560,'Monthly',25,'12/10/2016',1),(1560,5,560,'Monthly',25,'13/10/2016',1),(1561,5,560,'Monthly',25,'14/10/2016',1),(1562,5,560,'Monthly',25,'15/10/2016',1),(1563,5,560,'Monthly',25,'16/10/2016',1),(1564,5,560,'Monthly',25,'17/10/2016',1),(1565,5,560,'Monthly',25,'18/10/2016',1),(1566,5,560,'Monthly',25,'19/10/2016',1),(1567,5,560,'Monthly',25,'20/10/2016',1),(1568,5,560,'Monthly',25,'02/01/2017',1),(1569,5,560,'Monthly',25,'03/01/2017',1),(1570,5,560,'Monthly',25,'04/01/2017',1),(1571,5,560,'Monthly',25,'05/01/2017',1),(1572,5,560,'Monthly',25,'06/01/2017',1),(1573,5,560,'Monthly',25,'07/01/2017',1),(1574,5,560,'Monthly',25,'09/01/2017',1),(1575,5,560,'Monthly',25,'10/01/2017',1),(1576,5,560,'Monthly',25,'11/01/2017',1),(1577,5,560,'Monthly',25,'12/01/2017',1),(1578,5,560,'Monthly',25,'13/01/2017',1),(1579,5,560,'Monthly',25,'14/01/2017',1),(1580,5,560,'Monthly',25,'16/01/2017',1),(1581,5,560,'Monthly',25,'17/01/2017',1),(1582,5,560,'Monthly',25,'18/01/2017',1),(1583,5,560,'Monthly',25,'19/01/2017',1),(1584,5,560,'Monthly',25,'20/01/2017',1),(1585,5,560,'Monthly',25,'21/01/2017',1),(1586,5,560,'Monthly',25,'23/01/2017',1),(1587,5,560,'Monthly',25,'24/01/2017',1),(1588,5,560,'Monthly',25,'25/01/2017',1),(1589,5,560,'Monthly',25,'26/01/2017',1),(1590,5,560,'Monthly',25,'27/01/2017',1),(1591,5,560,'Monthly',25,'28/01/2017',1),(1592,5,560,'Monthly',25,'30/01/2017',1),(1593,5,560,'Monthly',25,'31/01/2017',1),(1594,43,561,'Monthly',20,'10/08/2016',1),(1595,43,561,'Monthly',20,'11/08/2016',1),(1596,43,561,'Monthly',20,'12/08/2016',1),(1597,43,561,'Monthly',20,'13/08/2016',1),(1598,43,561,'Monthly',20,'15/08/2016',1),(1599,43,561,'Monthly',20,'16/08/2016',1),(1600,43,561,'Monthly',20,'17/08/2016',1),(1601,43,561,'Monthly',20,'18/08/2016',1),(1602,43,561,'Monthly',20,'19/08/2016',1),(1603,43,561,'Monthly',20,'20/08/2016',1),(1604,43,561,'Monthly',20,'22/08/2016',1),(1605,43,561,'Monthly',20,'23/08/2016',1),(1606,43,561,'Monthly',20,'24/08/2016',1),(1607,43,561,'Monthly',20,'25/08/2016',1),(1608,43,561,'Monthly',20,'26/08/2016',1),(1609,43,561,'Monthly',20,'27/08/2016',1),(1610,43,561,'Monthly',20,'29/08/2016',1),(1611,43,561,'Monthly',20,'30/08/2016',1),(1612,43,561,'Monthly',20,'31/08/2016',1),(1613,43,561,'Monthly',20,'01/09/2016',1),(1614,43,561,'Monthly',20,'02/09/2016',1),(1615,43,561,'Monthly',20,'03/09/2016',1),(1616,43,561,'Monthly',20,'05/09/2016',1),(1617,43,561,'Monthly',20,'06/09/2016',1),(1618,43,561,'Monthly',20,'07/09/2016',1),(1619,43,561,'Monthly',20,'08/09/2016',1),(1620,43,562,'Monthly',1,'03/10/2016',1),(1621,43,562,'Monthly',1,'04/10/2016',1),(1622,43,562,'Monthly',1,'05/10/2016',1),(1623,43,562,'Monthly',1,'06/10/2016',1),(1624,43,562,'Monthly',1,'07/10/2016',1),(1625,43,562,'Monthly',1,'08/10/2016',1),(1626,43,562,'Monthly',1,'10/10/2016',1),(1627,43,562,'Monthly',1,'11/10/2016',1),(1628,43,562,'Monthly',1,'12/09/2016',1),(1629,43,562,'Monthly',1,'13/09/2016',1),(1630,43,562,'Monthly',1,'14/09/2016',1),(1631,43,562,'Monthly',1,'15/09/2016',1),(1632,43,562,'Monthly',1,'16/09/2016',1),(1633,43,562,'Monthly',1,'17/09/2016',1),(1634,43,562,'Monthly',1,'19/09/2016',1),(1635,43,562,'Monthly',1,'20/09/2016',1),(1636,43,562,'Monthly',1,'21/09/2016',1),(1637,43,562,'Monthly',1,'22/09/2016',1),(1638,43,562,'Monthly',1,'23/09/2016',1),(1639,43,562,'Monthly',1,'24/09/2016',1),(1640,43,562,'Monthly',1,'26/09/2016',1),(1641,43,562,'Monthly',1,'27/09/2016',1),(1642,43,562,'Monthly',1,'28/09/2016',1),(1643,43,562,'Monthly',1,'29/09/2016',1),(1644,43,562,'Monthly',1,'30/09/2016',1),(1645,43,562,'Monthly',1,'01/10/2016',1),(1646,43,562,'Monthly',1,'03/10/2016',1),(1647,43,562,'Monthly',1,'04/10/2016',1),(1648,43,562,'Monthly',1,'05/10/2016',1),(1649,43,562,'Monthly',1,'06/10/2016',1),(1650,43,562,'Monthly',1,'07/10/2016',1),(1651,43,562,'Monthly',1,'08/10/2016',1),(1652,43,562,'Monthly',1,'10/10/2016',1),(1653,43,562,'Monthly',1,'11/10/2016',1),(1654,29,563,'Weekly',1,'09/07/2016',1),(1655,29,563,'Weekly',1,'10/07/2016',1),(1656,29,563,'Weekly',1,'11/07/2016',1),(1657,29,563,'Weekly',1,'12/07/2016',1),(1658,29,563,'Weekly',1,'13/07/2016',1),(1659,29,563,'Weekly',1,'14/07/2016',1),(1660,29,563,'Weekly',1,'15/07/2016',1),(1661,29,563,'Weekly',1,'20/07/2016',1),(1662,29,563,'Weekly',1,'21/07/2016',1),(1663,29,563,'Weekly',1,'22/07/2016',1),(1664,29,563,'Weekly',1,'23/07/2016',1),(1665,29,563,'Weekly',1,'24/07/2016',1),(1666,29,563,'Weekly',1,'25/07/2016',1),(1667,29,563,'Weekly',1,'26/07/2016',1),(1668,29,563,'Weekly',1,'10/08/2016',1),(1669,29,563,'Weekly',1,'11/08/2016',1),(1670,29,563,'Weekly',1,'12/08/2016',1),(1671,29,563,'Weekly',1,'13/08/2016',1),(1672,29,563,'Weekly',1,'15/08/2016',1),(1673,29,563,'Weekly',1,'16/08/2016',1),(1674,30,564,'Weekly',1,'01/08/2016',1),(1675,30,564,'Weekly',1,'02/08/2016',1),(1676,30,564,'Weekly',1,'03/08/2016',1),(1677,30,564,'Weekly',1,'31/07/2016',1),(1678,30,564,'Weekly',1,'06/09/2016',1),(1679,30,564,'Weekly',1,'05/09/2016',1),(1680,30,564,'Weekly',1,'31/08/2016',1),(1681,30,564,'Weekly',1,'01/09/2016',1),(1682,30,564,'Weekly',1,'02/09/2016',1),(1683,30,564,'Weekly',1,'03/09/2016',1),(1684,30,564,'Weekly',1,'06/09/2016',1),(1685,30,564,'Weekly',1,'05/09/2016',1),(1686,30,565,'Weekly',1,'31/08/2016',1),(1687,30,565,'Weekly',1,'01/09/2016',1),(1688,30,565,'Weekly',1,'02/09/2016',1),(1689,30,565,'Weekly',1,'03/09/2016',1),(1690,30,565,'Weekly',1,'06/09/2016',1),(1691,30,565,'Weekly',1,'05/09/2016',1),(1692,30,566,'Weekly',1,'28/07/2016',1),(1693,30,566,'Weekly',1,'29/07/2016',1),(1694,30,566,'Weekly',1,'30/07/2016',1),(1695,30,566,'Weekly',1,'01/08/2016',1),(1696,30,566,'Weekly',1,'02/08/2016',1),(1697,30,566,'Weekly',1,'03/08/2016',1),(1698,30,566,'Weekly',1,'31/07/2016',1),(1699,30,566,'Weekly',1,'11/08/2016',1),(1700,30,566,'Weekly',1,'12/08/2016',1),(1701,30,566,'Weekly',1,'13/08/2016',1),(1702,30,566,'Weekly',1,'15/08/2016',1),(1703,30,566,'Weekly',1,'16/08/2016',1),(1704,30,566,'Weekly',1,'17/08/2016',1),(1705,30,566,'Weekly',1,'04/08/2016',1),(1706,30,566,'Weekly',1,'05/08/2016',1),(1707,30,566,'Weekly',1,'06/08/2016',1),(1708,30,566,'Weekly',1,'08/08/2016',1),(1709,30,566,'Weekly',1,'09/08/2016',1),(1710,30,566,'Weekly',1,'10/08/2016',1),(1711,2,567,'Monthly',1,'01/01/2017',1),(1712,2,567,'Monthly',1,'02/01/2017',1),(1713,2,567,'Monthly',1,'03/01/2017',1),(1714,2,567,'Monthly',1,'05/01/2017',1),(1715,2,567,'Monthly',1,'06/01/2017',1),(1716,2,567,'Monthly',1,'07/01/2017',1),(1717,2,567,'Monthly',1,'08/01/2017',1),(1718,2,567,'Monthly',1,'09/01/2017',1),(1719,2,567,'Monthly',1,'10/01/2017',1),(1720,2,567,'Monthly',1,'12/01/2017',1),(1721,2,567,'Monthly',1,'13/01/2017',1),(1722,2,567,'Monthly',1,'01/01/2017',1),(1723,2,567,'Monthly',1,'02/01/2017',1),(1724,2,567,'Monthly',1,'03/01/2017',1),(1725,2,567,'Monthly',1,'05/01/2017',1),(1726,2,567,'Monthly',1,'06/01/2017',1),(1727,2,567,'Monthly',1,'07/01/2017',1),(1728,2,567,'Monthly',1,'08/01/2017',1),(1729,2,567,'Monthly',1,'09/01/2017',1),(1730,2,567,'Monthly',1,'10/01/2017',1),(1731,2,567,'Monthly',1,'12/01/2017',1),(1732,2,567,'Monthly',1,'13/01/2017',1),(1733,2,567,'Monthly',1,'14/01/2017',1),(1734,2,567,'Monthly',1,'15/01/2017',1),(1735,2,567,'Monthly',1,'01/01/2017',1),(1736,2,567,'Monthly',1,'02/01/2017',1),(1737,2,567,'Monthly',1,'03/01/2017',1),(1738,2,567,'Monthly',1,'05/01/2017',1),(1739,2,567,'Monthly',1,'06/01/2017',1),(1740,2,567,'Monthly',1,'07/01/2017',1),(1741,2,567,'Monthly',1,'08/01/2017',1),(1742,2,567,'Monthly',1,'09/01/2017',1),(1743,2,567,'Monthly',1,'10/01/2017',1),(1744,2,567,'Monthly',1,'12/01/2017',1),(1745,2,567,'Monthly',1,'13/01/2017',1),(1746,2,567,'Monthly',1,'14/01/2017',1),(1747,2,567,'Monthly',1,'15/01/2017',1),(1748,2,567,'Monthly',1,'16/01/2017',1),(1749,2,567,'Monthly',1,'17/01/2017',1),(1750,2,567,'Monthly',1,'19/01/2017',1),(1751,2,567,'Monthly',1,'20/01/2017',1),(1752,2,567,'Monthly',1,'21/01/2017',1),(1753,2,567,'Monthly',1,'01/01/2017',1),(1754,2,567,'Monthly',1,'02/01/2017',1),(1755,2,567,'Monthly',1,'03/01/2017',1),(1756,2,567,'Monthly',1,'05/01/2017',1),(1757,2,567,'Monthly',1,'06/01/2017',1),(1758,2,567,'Monthly',1,'07/01/2017',1),(1759,2,567,'Monthly',1,'08/01/2017',1),(1760,2,567,'Monthly',1,'09/01/2017',1),(1761,2,567,'Monthly',1,'10/01/2017',1),(1762,2,567,'Monthly',1,'12/01/2017',1),(1763,2,567,'Monthly',1,'13/01/2017',1),(1764,2,567,'Monthly',1,'14/01/2017',1),(1765,2,567,'Monthly',1,'15/01/2017',1),(1766,2,567,'Monthly',1,'16/01/2017',1),(1767,2,567,'Monthly',1,'17/01/2017',1),(1768,2,567,'Monthly',1,'19/01/2017',1),(1769,2,567,'Monthly',1,'20/01/2017',1),(1770,2,567,'Monthly',1,'21/01/2017',1),(1771,2,567,'Monthly',1,'09/12/2016',1),(1772,2,567,'Monthly',1,'10/12/2016',1),(1773,2,567,'Monthly',1,'11/12/2016',1),(1774,2,567,'Monthly',1,'12/12/2016',1),(1775,2,567,'Monthly',1,'13/12/2016',1),(1776,2,567,'Monthly',1,'15/12/2016',1),(1777,2,567,'Monthly',1,'16/12/2016',1),(1778,2,567,'Monthly',1,'17/12/2016',1),(1779,2,567,'Monthly',1,'18/12/2016',1),(1780,2,567,'Monthly',1,'19/12/2016',1),(1781,2,567,'Monthly',1,'20/12/2016',1),(1782,2,567,'Monthly',1,'22/12/2016',1),(1783,2,567,'Monthly',1,'23/12/2016',1),(1784,2,567,'Monthly',1,'24/12/2016',1),(1785,2,567,'Monthly',1,'25/12/2016',1),(1786,2,567,'Monthly',1,'26/12/2016',1),(1787,2,567,'Monthly',1,'27/12/2016',1),(1788,2,567,'Monthly',1,'29/12/2016',1),(1789,2,567,'Monthly',1,'30/12/2016',1),(1790,2,567,'Monthly',1,'31/12/2016',1),(1791,2,567,'Monthly',1,'01/01/2017',1),(1792,2,567,'Monthly',1,'02/01/2017',1),(1793,2,567,'Monthly',1,'03/01/2017',1),(1794,2,567,'Monthly',1,'05/01/2017',1),(1795,2,567,'Monthly',1,'06/01/2017',1),(1796,2,567,'Monthly',1,'07/01/2017',1),(1797,2,568,'Monthly',1,'04/12/2016',1),(1798,2,568,'Monthly',1,'05/12/2016',1),(1799,2,568,'Monthly',1,'06/12/2016',1),(1800,2,568,'Monthly',1,'07/12/2016',1),(1801,2,568,'Monthly',1,'08/12/2016',1),(1802,2,568,'Monthly',1,'09/12/2016',1),(1803,2,568,'Monthly',1,'10/12/2016',1),(1804,2,568,'Monthly',1,'11/12/2016',1),(1805,2,568,'Monthly',1,'12/12/2016',1),(1806,2,568,'Monthly',1,'13/12/2016',1),(1807,2,568,'Monthly',1,'14/12/2016',1),(1808,2,568,'Monthly',1,'15/12/2016',1),(1809,2,568,'Monthly',1,'16/12/2016',1),(1810,2,568,'Monthly',1,'17/12/2016',1),(1811,2,568,'Monthly',1,'18/12/2016',1),(1812,2,568,'Monthly',1,'05/02/2017',1),(1813,2,568,'Monthly',1,'06/02/2017',1),(1814,2,568,'Monthly',1,'07/02/2017',1),(1815,2,568,'Monthly',1,'09/02/2017',1),(1816,2,568,'Monthly',1,'10/02/2017',1),(1817,2,568,'Monthly',1,'11/02/2017',1),(1818,2,568,'Monthly',1,'12/02/2017',1),(1819,2,568,'Monthly',1,'13/02/2017',1),(1820,2,568,'Monthly',1,'14/02/2017',1),(1821,2,568,'Monthly',1,'16/02/2017',1),(1822,2,568,'Monthly',1,'17/02/2017',1),(1823,2,568,'Monthly',1,'18/02/2017',1),(1824,2,568,'Monthly',1,'19/02/2017',1),(1825,2,568,'Monthly',1,'20/02/2017',1),(1826,2,568,'Monthly',1,'21/02/2017',1),(1827,2,568,'Monthly',1,'23/02/2017',1),(1828,2,568,'Monthly',1,'24/02/2017',1),(1829,2,569,'Monthly',1,'24/11/2016',1),(1830,2,569,'Monthly',1,'25/11/2016',1),(1831,2,569,'Monthly',1,'26/11/2016',1),(1832,2,569,'Monthly',1,'27/11/2016',1),(1833,2,569,'Monthly',1,'28/11/2016',1),(1834,2,569,'Monthly',1,'29/11/2016',1),(1835,2,569,'Monthly',1,'01/12/2016',1),(1836,2,569,'Monthly',1,'02/12/2016',1),(1837,2,569,'Monthly',1,'03/12/2016',1),(1838,2,569,'Monthly',1,'04/12/2016',1),(1839,2,569,'Monthly',1,'05/12/2016',1),(1840,2,569,'Monthly',1,'06/12/2016',1),(1841,2,569,'Monthly',1,'08/12/2016',1),(1842,2,569,'Monthly',1,'09/12/2016',1),(1843,2,569,'Monthly',1,'10/12/2016',1),(1844,2,569,'Monthly',1,'11/12/2016',1),(1845,2,569,'Monthly',1,'12/12/2016',1),(1846,2,569,'Monthly',1,'13/12/2016',1),(1847,2,569,'Monthly',1,'15/12/2016',1),(1848,2,569,'Monthly',1,'16/12/2016',1),(1849,2,569,'Monthly',1,'17/12/2016',1),(1850,2,569,'Monthly',1,'18/12/2016',1),(1851,2,569,'Monthly',1,'19/12/2016',1),(1852,2,569,'Monthly',1,'20/12/2016',1),(1853,2,569,'Monthly',1,'22/12/2016',1),(1854,2,569,'Monthly',1,'23/12/2016',1),(1855,2,570,'Monthly',1,'26/01/2017',1),(1856,2,570,'Monthly',1,'27/01/2017',1),(1857,2,570,'Monthly',1,'28/01/2017',1),(1858,2,570,'Monthly',1,'29/01/2017',1),(1859,2,570,'Monthly',1,'30/01/2017',1),(1860,2,570,'Monthly',1,'31/01/2017',1),(1861,2,570,'Monthly',1,'02/02/2017',1),(1862,2,570,'Monthly',1,'03/02/2017',1),(1863,2,570,'Monthly',1,'04/02/2017',1),(1864,2,570,'Monthly',1,'05/02/2017',1),(1865,2,570,'Monthly',1,'06/02/2017',1),(1866,2,570,'Monthly',1,'07/02/2017',1),(1867,2,570,'Monthly',1,'09/02/2017',1),(1868,2,570,'Monthly',1,'10/02/2017',1),(1869,2,570,'Monthly',1,'11/02/2017',1),(1870,2,570,'Monthly',1,'12/02/2017',1),(1871,2,570,'Monthly',1,'13/02/2017',1),(1872,2,570,'Monthly',1,'14/02/2017',1),(1873,2,570,'Monthly',1,'16/02/2017',1),(1874,2,570,'Monthly',1,'17/02/2017',1),(1875,2,570,'Monthly',1,'18/02/2017',1),(1876,2,570,'Monthly',1,'19/02/2017',1),(1877,2,570,'Monthly',1,'20/02/2017',1),(1878,2,570,'Monthly',1,'21/02/2017',1),(1879,2,570,'Monthly',1,'23/02/2017',1),(1880,2,570,'Monthly',1,'24/02/2017',1),(1881,24,571,'Weekly',1,'08/08/2016',1),(1882,24,571,'Weekly',1,'09/08/2016',1),(1883,24,571,'Weekly',1,'10/08/2016',1),(1884,24,571,'Weekly',1,'11/08/2016',1),(1885,24,571,'Weekly',1,'12/08/2016',1),(1886,24,571,'Weekly',1,'13/08/2016',1),(1887,24,571,'Weekly',1,'14/08/2016',1),(1888,24,571,'Weekly',1,'27/10/2016',1),(1889,24,571,'Weekly',1,'28/10/2016',1),(1890,24,571,'Weekly',1,'29/10/2016',1),(1891,24,571,'Weekly',1,'01/11/2016',1),(1892,24,571,'Weekly',1,'31/10/2016',1),(1893,24,571,'Weekly',1,'02/11/2016',1),(1894,30,572,'Weekly',10,'27/10/2016',1),(1895,30,572,'Weekly',10,'28/10/2016',1),(1896,30,572,'Weekly',10,'29/10/2016',1),(1897,30,572,'Weekly',10,'01/11/2016',1),(1898,30,572,'Weekly',10,'31/10/2016',1),(1899,30,572,'Weekly',10,'02/11/2016',1),(1900,30,573,'Weekly',1,'21/09/2016',1),(1901,30,573,'Weekly',1,'22/09/2016',1),(1902,30,573,'Weekly',1,'23/09/2016',1),(1903,30,573,'Weekly',1,'24/09/2016',1),(1904,30,573,'Weekly',1,'26/09/2016',1),(1905,30,573,'Weekly',1,'27/09/2016',1),(1906,30,573,'Weekly',1,'28/09/2016',1),(1907,30,573,'Weekly',1,'29/09/2016',1),(1908,30,573,'Weekly',1,'30/09/2016',1),(1909,30,573,'Weekly',1,'01/10/2016',1),(1910,30,573,'Weekly',1,'04/10/2016',1),(1911,30,573,'Weekly',1,'03/10/2016',1),(1912,42,574,'Weekly',1,'14/07/2016',1),(1913,42,574,'Weekly',1,'15/07/2016',1),(1914,42,574,'Weekly',1,'16/07/2016',1),(1915,42,574,'Weekly',1,'18/07/2016',1),(1916,42,574,'Weekly',1,'19/07/2016',1),(1917,42,574,'Weekly',1,'20/07/2016',1),(1918,19,575,'Daily',1,'27/07/2016',1),(1919,1,578,'Monthly',5,'23/08/2016',1),(1920,1,578,'Monthly',5,'24/08/2016',1),(1921,1,578,'Monthly',5,'25/08/2016',1),(1922,1,578,'Monthly',5,'26/08/2016',1),(1923,1,578,'Monthly',5,'27/08/2016',1),(1924,1,578,'Monthly',5,'28/08/2016',1),(1925,1,578,'Monthly',5,'29/08/2016',1),(1926,1,578,'Monthly',5,'30/08/2016',1),(1927,1,578,'Monthly',5,'31/08/2016',1),(1928,1,578,'Monthly',5,'01/09/2016',1),(1929,1,578,'Monthly',5,'02/09/2016',1),(1930,1,578,'Monthly',5,'03/09/2016',1),(1931,1,578,'Monthly',5,'04/09/2016',1),(1932,1,578,'Monthly',5,'05/09/2016',1),(1933,1,578,'Monthly',5,'06/09/2016',1),(1934,1,578,'Monthly',5,'07/09/2016',1),(1935,1,578,'Monthly',5,'08/09/2016',1),(1936,1,578,'Monthly',5,'09/09/2016',1),(1937,1,578,'Monthly',5,'10/09/2016',1),(1938,1,578,'Monthly',5,'11/09/2016',1),(1939,1,578,'Monthly',5,'12/09/2016',1),(1940,1,578,'Monthly',5,'13/09/2016',1),(1941,1,578,'Monthly',5,'14/09/2016',1),(1942,1,578,'Monthly',5,'15/09/2016',1),(1943,1,578,'Monthly',5,'16/09/2016',1),(1944,1,578,'Monthly',5,'17/09/2016',1),(1945,1,578,'Monthly',5,'18/09/2016',1),(1946,1,578,'Monthly',5,'19/09/2016',1),(1947,1,578,'Monthly',5,'20/09/2016',1),(1948,1,578,'Monthly',5,'21/09/2016',1),(1950,89,581,'Monthly',1,'12/06/2016',1),(1951,89,581,'Monthly',1,'13/06/2016',1),(1952,89,581,'Monthly',1,'14/06/2016',1),(1953,89,581,'Monthly',1,'15/06/2016',1),(1954,89,581,'Monthly',1,'16/06/2016',1),(1955,89,581,'Monthly',1,'17/06/2016',1),(1956,89,581,'Monthly',1,'18/06/2016',1),(1957,89,581,'Monthly',1,'19/06/2016',1),(1958,89,581,'Monthly',1,'20/06/2016',1),(1959,89,581,'Monthly',1,'21/06/2016',1),(1960,89,581,'Monthly',1,'22/06/2016',1),(1961,89,581,'Monthly',1,'23/06/2016',1),(1962,89,581,'Monthly',1,'24/06/2016',1),(1963,89,581,'Monthly',1,'25/06/2016',1),(1964,89,581,'Monthly',1,'26/06/2016',1),(1965,89,581,'Monthly',1,'27/06/2016',1),(1966,89,581,'Monthly',1,'28/06/2016',1),(1967,89,581,'Monthly',1,'29/06/2016',1),(1968,89,581,'Monthly',1,'30/06/2016',1),(1969,89,581,'Monthly',1,'01/07/2016',1),(1970,89,581,'Monthly',1,'02/07/2016',1),(1971,89,581,'Monthly',1,'03/07/2016',1),(1972,89,581,'Monthly',1,'04/07/2016',1),(1973,89,581,'Monthly',1,'05/07/2016',1),(1974,89,581,'Monthly',1,'06/07/2016',1),(1975,89,581,'Monthly',1,'07/07/2016',1),(1976,89,581,'Monthly',1,'08/07/2016',1),(1977,89,581,'Monthly',1,'09/07/2016',1),(1978,89,581,'Monthly',1,'10/07/2016',1),(1979,89,581,'Monthly',1,'11/07/2016',1),(1980,89,582,'Monthly',1,'12/06/2016',1),(1981,89,582,'Monthly',1,'13/06/2016',1),(1982,89,582,'Monthly',1,'14/06/2016',1),(1983,89,582,'Monthly',1,'15/06/2016',1),(1984,89,582,'Monthly',1,'16/06/2016',1),(1985,89,582,'Monthly',1,'17/06/2016',1),(1986,89,582,'Monthly',1,'18/06/2016',1),(1987,89,582,'Monthly',1,'19/06/2016',1),(1988,89,582,'Monthly',1,'20/06/2016',1),(1989,89,582,'Monthly',1,'21/06/2016',1),(1990,89,582,'Monthly',1,'22/06/2016',1),(1991,89,582,'Monthly',1,'23/06/2016',1),(1992,89,582,'Monthly',1,'24/06/2016',1),(1993,89,582,'Monthly',1,'25/06/2016',1),(1994,89,582,'Monthly',1,'26/06/2016',1),(1995,89,582,'Monthly',1,'27/06/2016',1),(1996,89,582,'Monthly',1,'28/06/2016',1),(1997,89,582,'Monthly',1,'29/06/2016',1),(1998,89,582,'Monthly',1,'30/06/2016',1),(1999,89,582,'Monthly',1,'01/07/2016',1),(2000,89,582,'Monthly',1,'02/07/2016',1),(2001,89,582,'Monthly',1,'03/07/2016',1),(2002,89,582,'Monthly',1,'04/07/2016',1),(2003,89,582,'Monthly',1,'05/07/2016',1),(2004,89,582,'Monthly',1,'06/07/2016',1),(2005,89,582,'Monthly',1,'07/07/2016',1),(2006,89,582,'Monthly',1,'08/07/2016',1),(2007,89,582,'Monthly',1,'09/07/2016',1),(2008,89,582,'Monthly',1,'10/07/2016',1),(2009,89,582,'Monthly',1,'11/07/2016',1),(2010,42,583,'Weekly',1,'29/07/2016',1),(2011,42,583,'Weekly',1,'30/07/2016',1),(2012,89,584,'Monthly',1,'13/06/2016',1),(2013,89,584,'Monthly',1,'14/06/2016',1),(2014,89,584,'Monthly',1,'15/06/2016',1),(2015,89,584,'Monthly',1,'16/06/2016',1),(2016,89,584,'Monthly',1,'17/06/2016',1),(2017,89,584,'Monthly',1,'18/06/2016',1),(2018,89,584,'Monthly',1,'19/06/2016',1),(2019,89,584,'Monthly',1,'20/06/2016',1),(2020,89,584,'Monthly',1,'21/06/2016',1),(2021,89,584,'Monthly',1,'22/06/2016',1),(2022,89,584,'Monthly',1,'23/06/2016',1),(2023,89,584,'Monthly',1,'24/06/2016',1),(2024,89,584,'Monthly',1,'25/06/2016',1),(2025,89,584,'Monthly',1,'26/06/2016',1),(2026,89,584,'Monthly',1,'27/06/2016',1),(2027,89,584,'Monthly',1,'28/06/2016',1),(2028,89,584,'Monthly',1,'29/06/2016',1),(2029,89,584,'Monthly',1,'30/06/2016',1),(2030,89,584,'Monthly',1,'01/07/2016',1),(2031,89,584,'Monthly',1,'02/07/2016',1),(2032,89,584,'Monthly',1,'03/07/2016',1),(2033,89,584,'Monthly',1,'04/07/2016',1),(2034,89,584,'Monthly',1,'05/07/2016',1),(2035,89,584,'Monthly',1,'06/07/2016',1),(2036,89,584,'Monthly',1,'07/07/2016',1),(2037,89,584,'Monthly',1,'08/07/2016',1),(2038,89,584,'Monthly',1,'09/07/2016',1),(2039,89,584,'Monthly',1,'10/07/2016',1),(2040,89,584,'Monthly',1,'11/07/2016',1),(2041,89,584,'Monthly',1,'12/07/2016',1),(2042,2,585,'Daily',1,'21/07/2016',1),(2043,2,586,'Daily',1,'14/07/2016',1),(2044,2,587,'Daily',1,'14/07/2016',1),(2045,2,588,'Daily',1,'14/07/2016',1),(2046,2,589,'Daily',1,'14/07/2016',1),(2047,2,590,'Daily',1,'21/07/2016',1),(2048,2,591,'Daily',1,'21/07/2016',1),(2049,2,592,'Daily',1,'14/07/2016',1),(2050,2,593,'Daily',1,'21/07/2016',1),(2051,2,594,'Daily',1,'21/07/2016',1),(2052,2,595,'Daily',1,'21/07/2016',1),(2053,2,596,'Daily',1,'21/07/2016',1),(2054,2,597,'Daily',1,'21/07/2016',1),(2055,2,597,'Daily',1,'22/07/2016',1),(2056,2,597,'Daily',1,'23/07/2016',1),(2057,2,597,'Daily',1,'24/07/2016',1),(2058,2,597,'Daily',1,'25/07/2016',1),(2059,2,597,'Daily',1,'26/07/2016',1),(2060,37,598,'Weekly',1,'14/09/2016',1),(2061,37,598,'Weekly',1,'15/09/2016',1),(2062,37,598,'Weekly',1,'16/09/2016',1),(2063,37,598,'Weekly',1,'17/09/2016',1),(2064,37,598,'Weekly',1,'19/09/2016',1),(2065,37,598,'Weekly',1,'20/09/2016',1),(2066,65,600,'Monthly',1,'12/07/2017',1),(2067,65,600,'Monthly',1,'13/07/2017',1),(2068,65,600,'Monthly',1,'14/07/2017',1),(2069,65,600,'Monthly',1,'15/07/2017',1),(2070,65,600,'Monthly',1,'16/07/2017',1),(2071,65,600,'Monthly',1,'17/07/2017',1),(2072,65,600,'Monthly',1,'18/07/2017',1),(2073,65,600,'Monthly',1,'19/07/2017',1),(2074,65,600,'Monthly',1,'20/07/2017',1),(2075,65,600,'Monthly',1,'21/07/2017',1),(2076,65,600,'Monthly',1,'22/07/2017',1),(2077,65,600,'Monthly',1,'23/07/2017',1),(2078,65,600,'Monthly',1,'24/07/2017',1),(2079,65,600,'Monthly',1,'25/07/2017',1),(2080,65,600,'Monthly',1,'26/07/2017',1),(2081,65,600,'Monthly',1,'27/07/2017',1),(2082,65,600,'Monthly',1,'28/07/2017',1),(2083,65,600,'Monthly',1,'29/07/2017',1),(2084,65,600,'Monthly',1,'30/07/2017',1),(2085,65,600,'Monthly',1,'31/07/2017',1),(2086,65,600,'Monthly',1,'01/08/2017',1),(2087,65,600,'Monthly',1,'02/08/2017',1),(2088,65,600,'Monthly',1,'03/08/2017',1),(2089,65,600,'Monthly',1,'04/08/2017',1),(2090,65,600,'Monthly',1,'05/08/2017',1),(2091,65,600,'Monthly',1,'06/08/2017',1),(2092,65,600,'Monthly',1,'07/08/2017',1),(2093,65,600,'Monthly',1,'08/08/2017',1),(2094,65,600,'Monthly',1,'09/08/2017',1),(2095,65,600,'Monthly',1,'10/08/2017',1),(2096,2,602,'Daily',1,'21/07/2016',1),(2097,37,603,'Weekly',1,'06/09/2016',1),(2098,37,603,'Weekly',1,'07/09/2016',1),(2099,37,603,'Weekly',1,'08/09/2016',1),(2100,37,603,'Weekly',1,'09/09/2016',1),(2101,37,603,'Weekly',1,'10/09/2016',1),(2102,37,603,'Weekly',1,'12/09/2016',1),(2103,77,605,'Daily',50,'13/07/2016',2),(2104,6,610,'Daily',1,'20/07/2016',1),(2105,2,612,'Daily',1,'14/07/2016',1),(2106,2,616,'Daily',1,'21/07/2016',0),(2107,2,616,'Daily',1,'29/07/2016',0),(2108,2,617,'Daily',1,'21/07/2016',0),(2109,2,617,'Daily',1,'29/07/2016',0),(2110,2,618,'Daily',1,'14/07/2016',0),(2111,2,619,'Daily',1,'14/07/2016',0),(2112,2,620,'Daily',1,'21/07/2016',0),(2113,2,621,'Daily',1,'14/07/2016',0),(2114,5,622,'Monthly',1,'14/12/2021',0),(2115,5,622,'Monthly',1,'15/12/2021',0),(2116,5,622,'Monthly',1,'16/12/2021',0),(2117,5,622,'Monthly',1,'17/12/2021',0),(2118,5,622,'Monthly',1,'18/12/2021',0),(2119,5,622,'Monthly',1,'19/12/2021',0),(2120,5,622,'Monthly',1,'20/12/2021',0),(2121,5,622,'Monthly',1,'21/12/2021',0),(2122,5,622,'Monthly',1,'22/12/2021',0),(2123,5,622,'Monthly',1,'23/12/2021',0),(2124,5,622,'Monthly',1,'24/12/2021',0),(2125,5,622,'Monthly',1,'25/12/2021',0),(2126,5,622,'Monthly',1,'26/12/2021',0),(2127,5,622,'Monthly',1,'27/12/2021',0),(2128,5,622,'Monthly',1,'28/12/2021',0),(2129,5,622,'Monthly',1,'29/12/2021',0),(2130,5,622,'Monthly',1,'30/12/2021',0),(2131,5,622,'Monthly',1,'31/12/2021',0),(2132,5,622,'Monthly',1,'01/01/2022',0),(2133,5,622,'Monthly',1,'02/01/2022',0),(2134,5,622,'Monthly',1,'03/01/2022',0),(2135,5,622,'Monthly',1,'04/01/2022',0),(2136,5,622,'Monthly',1,'05/01/2022',0),(2137,5,622,'Monthly',1,'06/01/2022',0),(2138,5,622,'Monthly',1,'07/01/2022',0),(2139,5,622,'Monthly',1,'08/01/2022',0),(2140,5,622,'Monthly',1,'09/01/2022',0),(2141,5,622,'Monthly',1,'10/01/2022',0),(2142,5,622,'Monthly',1,'11/01/2022',0),(2143,5,622,'Monthly',1,'12/01/2022',0),(2144,5,625,'Daily',1,'03/08/2016',0),(2145,2,626,'Daily',1,'31/07/2016',0),(2146,6,627,'Daily',1,'27/07/2016',0),(2147,67,637,'Daily',30,'21/07/2016',1),(2148,60,640,'Monthly',620,'15/07/2016',0),(2149,60,640,'Monthly',620,'16/07/2016',0),(2150,60,640,'Monthly',620,'17/07/2016',0),(2151,60,640,'Monthly',620,'18/07/2016',0),(2152,60,640,'Monthly',620,'19/07/2016',0),(2153,60,640,'Monthly',620,'20/07/2016',0),(2154,60,640,'Monthly',620,'21/07/2016',0),(2155,60,640,'Monthly',620,'22/07/2016',0),(2156,60,640,'Monthly',620,'23/07/2016',0),(2157,60,640,'Monthly',620,'24/07/2016',0),(2158,60,640,'Monthly',620,'25/07/2016',0),(2159,60,640,'Monthly',620,'26/07/2016',0),(2160,60,640,'Monthly',620,'27/07/2016',0),(2161,60,640,'Monthly',620,'28/07/2016',0),(2162,60,640,'Monthly',620,'29/07/2016',0),(2163,60,640,'Monthly',620,'30/07/2016',0),(2164,60,640,'Monthly',620,'31/07/2016',0),(2165,60,640,'Monthly',620,'01/08/2016',0),(2166,60,640,'Monthly',620,'02/08/2016',0),(2167,60,640,'Monthly',620,'03/08/2016',0),(2168,60,640,'Monthly',620,'04/08/2016',0),(2169,60,640,'Monthly',620,'05/08/2016',0),(2170,60,640,'Monthly',620,'06/08/2016',0),(2171,60,640,'Monthly',620,'07/08/2016',0),(2172,60,640,'Monthly',620,'08/08/2016',0),(2173,60,640,'Monthly',620,'09/08/2016',0),(2174,60,640,'Monthly',620,'10/08/2016',0),(2175,60,640,'Monthly',620,'11/08/2016',0),(2176,60,640,'Monthly',620,'12/08/2016',0),(2177,60,640,'Monthly',620,'13/08/2016',0),(2178,60,640,'Monthly',620,'14/08/2016',0),(2179,60,640,'Monthly',620,'15/08/2016',0),(2180,60,640,'Monthly',620,'16/08/2016',0),(2181,60,640,'Monthly',620,'17/08/2016',0),(2182,60,640,'Monthly',620,'18/08/2016',0),(2183,60,640,'Monthly',620,'19/08/2016',0),(2184,60,640,'Monthly',620,'20/08/2016',0),(2185,60,640,'Monthly',620,'21/08/2016',0),(2186,60,640,'Monthly',620,'22/08/2016',0),(2187,60,640,'Monthly',620,'23/08/2016',0),(2188,60,640,'Monthly',620,'24/08/2016',0),(2189,60,640,'Monthly',620,'25/08/2016',0),(2190,60,640,'Monthly',620,'26/08/2016',0),(2191,60,640,'Monthly',620,'27/08/2016',0),(2192,60,640,'Monthly',620,'28/08/2016',0),(2193,60,640,'Monthly',620,'29/08/2016',0),(2194,60,640,'Monthly',620,'30/08/2016',0),(2195,60,640,'Monthly',620,'31/08/2016',0),(2196,60,640,'Monthly',620,'01/09/2016',0),(2197,60,640,'Monthly',620,'02/09/2016',0),(2198,60,640,'Monthly',620,'03/09/2016',0),(2199,60,640,'Monthly',620,'04/09/2016',0),(2200,60,640,'Monthly',620,'05/09/2016',0),(2201,60,640,'Monthly',620,'06/09/2016',0),(2202,60,640,'Monthly',620,'07/09/2016',0),(2203,60,640,'Monthly',620,'08/09/2016',0),(2204,60,640,'Monthly',620,'09/09/2016',0),(2205,60,640,'Monthly',620,'10/09/2016',0),(2206,60,640,'Monthly',620,'11/09/2016',0),(2207,60,640,'Monthly',620,'12/09/2016',0),(2208,93,641,'Monthly',30,'15/07/2016',0),(2209,93,641,'Monthly',30,'16/07/2016',0),(2210,93,641,'Monthly',30,'17/07/2016',0),(2211,93,641,'Monthly',30,'18/07/2016',0),(2212,93,641,'Monthly',30,'19/07/2016',0),(2213,93,641,'Monthly',30,'20/07/2016',0),(2214,93,641,'Monthly',30,'21/07/2016',0),(2215,93,641,'Monthly',30,'22/07/2016',0),(2216,93,641,'Monthly',30,'23/07/2016',0),(2217,93,641,'Monthly',30,'24/07/2016',0),(2218,93,641,'Monthly',30,'25/07/2016',0),(2219,93,641,'Monthly',30,'26/07/2016',0),(2220,93,641,'Monthly',30,'27/07/2016',0),(2221,93,641,'Monthly',30,'28/07/2016',0),(2222,93,641,'Monthly',30,'29/07/2016',0),(2223,93,641,'Monthly',30,'30/07/2016',0),(2224,93,641,'Monthly',30,'31/07/2016',0),(2225,93,641,'Monthly',30,'01/08/2016',0),(2226,93,641,'Monthly',30,'02/08/2016',0),(2227,93,641,'Monthly',30,'03/08/2016',0),(2228,93,641,'Monthly',30,'04/08/2016',0),(2229,93,641,'Monthly',30,'05/08/2016',0),(2230,93,641,'Monthly',30,'06/08/2016',0),(2231,93,641,'Monthly',30,'07/08/2016',0),(2232,93,641,'Monthly',30,'08/08/2016',0),(2233,93,641,'Monthly',30,'09/08/2016',0),(2234,93,641,'Monthly',30,'10/08/2016',0),(2235,93,641,'Monthly',30,'11/08/2016',0),(2236,93,641,'Monthly',30,'12/08/2016',0),(2237,93,641,'Monthly',30,'13/08/2016',0),(2238,93,642,'Monthly',30,'15/07/2016',0),(2239,93,642,'Monthly',30,'16/07/2016',0),(2240,93,642,'Monthly',30,'17/07/2016',0),(2241,93,642,'Monthly',30,'18/07/2016',0),(2242,93,642,'Monthly',30,'19/07/2016',0),(2243,93,642,'Monthly',30,'20/07/2016',0),(2244,93,642,'Monthly',30,'21/07/2016',0),(2245,93,642,'Monthly',30,'22/07/2016',0),(2246,93,642,'Monthly',30,'23/07/2016',0),(2247,93,642,'Monthly',30,'24/07/2016',0),(2248,93,642,'Monthly',30,'25/07/2016',0),(2249,93,642,'Monthly',30,'26/07/2016',0),(2250,93,642,'Monthly',30,'27/07/2016',0),(2251,93,642,'Monthly',30,'28/07/2016',0),(2252,93,642,'Monthly',30,'29/07/2016',0),(2253,93,642,'Monthly',30,'30/07/2016',0),(2254,93,642,'Monthly',30,'31/07/2016',0),(2255,93,642,'Monthly',30,'01/08/2016',0),(2256,93,642,'Monthly',30,'02/08/2016',0),(2257,93,642,'Monthly',30,'03/08/2016',0),(2258,93,642,'Monthly',30,'04/08/2016',0),(2259,93,642,'Monthly',30,'05/08/2016',0),(2260,93,642,'Monthly',30,'06/08/2016',0),(2261,93,642,'Monthly',30,'07/08/2016',0),(2262,93,642,'Monthly',30,'08/08/2016',0),(2263,93,642,'Monthly',30,'09/08/2016',0),(2264,93,642,'Monthly',30,'10/08/2016',0),(2265,93,642,'Monthly',30,'11/08/2016',0),(2266,93,642,'Monthly',30,'12/08/2016',0),(2267,93,642,'Monthly',30,'13/08/2016',0),(2268,98,643,'Monthly',25,'16/07/2016',0),(2269,98,643,'Monthly',25,'17/07/2016',0),(2270,98,643,'Monthly',25,'18/07/2016',0),(2271,98,643,'Monthly',25,'19/07/2016',0),(2272,98,643,'Monthly',25,'20/07/2016',0),(2273,98,643,'Monthly',25,'21/07/2016',0),(2274,98,643,'Monthly',25,'22/07/2016',0),(2275,98,643,'Monthly',25,'23/07/2016',0),(2276,98,643,'Monthly',25,'24/07/2016',0),(2277,98,643,'Monthly',25,'25/07/2016',0),(2278,98,643,'Monthly',25,'26/07/2016',0),(2279,98,643,'Monthly',25,'27/07/2016',0),(2280,98,643,'Monthly',25,'28/07/2016',0),(2281,98,643,'Monthly',25,'29/07/2016',0),(2282,98,643,'Monthly',25,'30/07/2016',0),(2283,98,643,'Monthly',25,'31/07/2016',0),(2284,98,643,'Monthly',25,'01/08/2016',0),(2285,98,643,'Monthly',25,'02/08/2016',0),(2286,98,643,'Monthly',25,'03/08/2016',0),(2287,98,643,'Monthly',25,'04/08/2016',0),(2288,98,643,'Monthly',25,'05/08/2016',0),(2289,98,643,'Monthly',25,'06/08/2016',0),(2290,98,643,'Monthly',25,'07/08/2016',0),(2291,98,643,'Monthly',25,'08/08/2016',0),(2292,98,643,'Monthly',25,'09/08/2016',0),(2293,98,643,'Monthly',25,'10/08/2016',0),(2294,98,643,'Monthly',25,'11/08/2016',0),(2295,98,643,'Monthly',25,'12/08/2016',0),(2296,98,643,'Monthly',25,'13/08/2016',0),(2297,98,643,'Monthly',25,'14/08/2016',0),(2298,1,645,'Daily',1,'28/07/2016',0),(2299,102,646,'Monthly',1,'16/07/2016',0),(2300,102,646,'Monthly',1,'17/07/2016',0),(2301,102,646,'Monthly',1,'18/07/2016',0),(2302,102,646,'Monthly',1,'19/07/2016',0),(2303,102,646,'Monthly',1,'20/07/2016',0),(2304,102,646,'Monthly',1,'21/07/2016',0),(2305,102,646,'Monthly',1,'22/07/2016',0),(2306,102,646,'Monthly',1,'23/07/2016',0),(2307,102,646,'Monthly',1,'24/07/2016',0),(2308,102,646,'Monthly',1,'25/07/2016',0),(2309,102,646,'Monthly',1,'26/07/2016',0),(2310,102,646,'Monthly',1,'27/07/2016',0),(2311,102,646,'Monthly',1,'28/07/2016',0),(2312,102,646,'Monthly',1,'29/07/2016',0),(2313,102,646,'Monthly',1,'30/07/2016',0),(2314,102,646,'Monthly',1,'31/07/2016',0),(2315,102,646,'Monthly',1,'01/08/2016',0),(2316,102,646,'Monthly',1,'02/08/2016',0),(2317,102,646,'Monthly',1,'03/08/2016',0),(2318,102,646,'Monthly',1,'04/08/2016',0),(2319,102,646,'Monthly',1,'05/08/2016',0),(2320,102,646,'Monthly',1,'06/08/2016',0),(2321,102,646,'Monthly',1,'07/08/2016',0),(2322,102,646,'Monthly',1,'08/08/2016',0),(2323,102,646,'Monthly',1,'09/08/2016',0),(2324,102,646,'Monthly',1,'10/08/2016',0),(2325,102,646,'Monthly',1,'11/08/2016',0),(2326,102,646,'Monthly',1,'12/08/2016',0),(2327,102,646,'Monthly',1,'13/08/2016',0),(2328,102,646,'Monthly',1,'14/08/2016',0),(2329,102,646,'Monthly',1,'15/08/2016',0),(2330,102,646,'Monthly',1,'16/08/2016',0),(2331,102,646,'Monthly',1,'17/08/2016',0),(2332,102,646,'Monthly',1,'18/08/2016',0),(2333,102,646,'Monthly',1,'19/08/2016',0),(2334,102,646,'Monthly',1,'20/08/2016',0),(2335,102,646,'Monthly',1,'21/08/2016',0),(2336,102,646,'Monthly',1,'22/08/2016',0),(2337,102,646,'Monthly',1,'23/08/2016',0),(2338,102,646,'Monthly',1,'24/08/2016',0),(2339,102,646,'Monthly',1,'25/08/2016',0),(2340,102,646,'Monthly',1,'26/08/2016',0),(2341,102,646,'Monthly',1,'27/08/2016',0),(2342,102,646,'Monthly',1,'28/08/2016',0),(2343,102,646,'Monthly',1,'29/08/2016',0),(2344,102,646,'Monthly',1,'30/08/2016',0),(2345,102,646,'Monthly',1,'31/08/2016',0),(2346,102,646,'Monthly',1,'01/09/2016',0),(2347,102,646,'Monthly',1,'02/09/2016',0),(2348,102,646,'Monthly',1,'03/09/2016',0),(2349,102,646,'Monthly',1,'04/09/2016',0),(2350,102,646,'Monthly',1,'05/09/2016',0),(2351,102,646,'Monthly',1,'06/09/2016',0),(2352,102,646,'Monthly',1,'07/09/2016',0),(2353,102,646,'Monthly',1,'08/09/2016',0),(2354,102,646,'Monthly',1,'09/09/2016',0),(2355,102,646,'Monthly',1,'10/09/2016',0),(2356,102,646,'Monthly',1,'11/09/2016',0),(2357,102,646,'Monthly',1,'12/09/2016',0),(2358,102,646,'Monthly',1,'13/09/2016',0),(2359,43,648,'Daily',1,'27/07/2016',0),(2360,81,649,'Monthly',1,'16/07/2018',0),(2361,81,649,'Monthly',1,'17/07/2018',0),(2362,81,649,'Monthly',1,'18/07/2018',0),(2363,81,649,'Monthly',1,'19/07/2018',0),(2364,81,649,'Monthly',1,'20/07/2018',0),(2365,81,649,'Monthly',1,'21/07/2018',0),(2366,81,649,'Monthly',1,'22/07/2018',0),(2367,81,649,'Monthly',1,'23/07/2018',0),(2368,81,649,'Monthly',1,'24/07/2018',0),(2369,81,649,'Monthly',1,'25/07/2018',0),(2370,81,649,'Monthly',1,'26/07/2018',0),(2371,81,649,'Monthly',1,'27/07/2018',0),(2372,81,649,'Monthly',1,'28/07/2018',0),(2373,81,649,'Monthly',1,'29/07/2018',0),(2374,81,649,'Monthly',1,'30/07/2018',0),(2375,81,649,'Monthly',1,'31/07/2018',0),(2376,81,649,'Monthly',1,'01/08/2018',0),(2377,81,649,'Monthly',1,'02/08/2018',0),(2378,81,649,'Monthly',1,'03/08/2018',0),(2379,81,649,'Monthly',1,'04/08/2018',0),(2380,81,649,'Monthly',1,'05/08/2018',0),(2381,81,649,'Monthly',1,'06/08/2018',0),(2382,81,649,'Monthly',1,'07/08/2018',0),(2383,81,649,'Monthly',1,'08/08/2018',0),(2384,81,649,'Monthly',1,'09/08/2018',0),(2385,81,649,'Monthly',1,'10/08/2018',0),(2386,81,649,'Monthly',1,'11/08/2018',0),(2387,81,649,'Monthly',1,'12/08/2018',0),(2388,81,649,'Monthly',1,'13/08/2018',0),(2389,81,649,'Monthly',1,'14/08/2018',0),(2390,2,650,'Daily',1,'21/07/2016',0),(2391,2,653,'Daily',1,'28/07/2016',0),(2392,20,657,'Daily',1,'28/07/2016',0),(2393,109,658,'Monthly',25,'16/07/2017',0),(2394,109,658,'Monthly',25,'17/07/2017',0),(2395,109,658,'Monthly',25,'18/07/2017',0),(2396,109,658,'Monthly',25,'19/07/2017',0),(2397,109,658,'Monthly',25,'20/07/2017',0),(2398,109,658,'Monthly',25,'21/07/2017',0),(2399,109,658,'Monthly',25,'22/07/2017',0),(2400,109,658,'Monthly',25,'23/07/2017',0),(2401,109,658,'Monthly',25,'24/07/2017',0),(2402,109,658,'Monthly',25,'25/07/2017',0),(2403,109,658,'Monthly',25,'26/07/2017',0),(2404,109,658,'Monthly',25,'27/07/2017',0),(2405,109,658,'Monthly',25,'28/07/2017',0),(2406,109,658,'Monthly',25,'29/07/2017',0),(2407,109,658,'Monthly',25,'30/07/2017',0),(2408,109,658,'Monthly',25,'31/07/2017',0),(2409,109,658,'Monthly',25,'01/08/2017',0),(2410,109,658,'Monthly',25,'02/08/2017',0),(2411,109,658,'Monthly',25,'03/08/2017',0),(2412,109,658,'Monthly',25,'04/08/2017',0),(2413,109,658,'Monthly',25,'05/08/2017',0),(2414,109,658,'Monthly',25,'06/08/2017',0),(2415,109,658,'Monthly',25,'07/08/2017',0),(2416,109,658,'Monthly',25,'08/08/2017',0),(2417,109,658,'Monthly',25,'09/08/2017',0),(2418,109,658,'Monthly',25,'10/08/2017',0),(2419,109,658,'Monthly',25,'11/08/2017',0),(2420,109,658,'Monthly',25,'12/08/2017',0),(2421,109,658,'Monthly',25,'13/08/2017',0),(2422,109,658,'Monthly',25,'14/08/2017',0),(2423,109,658,'Monthly',25,'15/08/2017',0),(2424,109,658,'Monthly',25,'16/08/2017',0),(2425,109,658,'Monthly',25,'17/08/2017',0),(2426,109,658,'Monthly',25,'18/08/2017',0),(2427,109,658,'Monthly',25,'19/08/2017',0),(2428,109,658,'Monthly',25,'20/08/2017',0),(2429,109,658,'Monthly',25,'21/08/2017',0),(2430,109,658,'Monthly',25,'22/08/2017',0),(2431,109,658,'Monthly',25,'23/08/2017',0),(2432,109,658,'Monthly',25,'24/08/2017',0),(2433,109,658,'Monthly',25,'25/08/2017',0),(2434,109,658,'Monthly',25,'26/08/2017',0),(2435,109,658,'Monthly',25,'27/08/2017',0),(2436,109,658,'Monthly',25,'28/08/2017',0),(2437,109,658,'Monthly',25,'29/08/2017',0),(2438,109,658,'Monthly',25,'30/08/2017',0),(2439,109,658,'Monthly',25,'31/08/2017',0),(2440,109,658,'Monthly',25,'01/09/2017',0),(2441,109,658,'Monthly',25,'02/09/2017',0),(2442,109,658,'Monthly',25,'03/09/2017',0),(2443,109,658,'Monthly',25,'04/09/2017',0),(2444,109,658,'Monthly',25,'05/09/2017',0),(2445,109,658,'Monthly',25,'06/09/2017',0),(2446,109,658,'Monthly',25,'07/09/2017',0),(2447,109,658,'Monthly',25,'08/09/2017',0),(2448,109,658,'Monthly',25,'09/09/2017',0),(2449,109,658,'Monthly',25,'10/09/2017',0),(2450,109,658,'Monthly',25,'11/09/2017',0),(2451,109,658,'Monthly',25,'12/09/2017',0),(2452,109,658,'Monthly',25,'13/09/2017',0),(2453,109,658,'Monthly',25,'14/09/2017',0),(2454,109,658,'Monthly',25,'15/09/2017',0),(2455,109,658,'Monthly',25,'16/09/2017',0),(2456,109,658,'Monthly',25,'17/09/2017',0),(2457,109,658,'Monthly',25,'18/09/2017',0),(2458,109,658,'Monthly',25,'19/09/2017',0),(2459,109,658,'Monthly',25,'20/09/2017',0),(2460,109,658,'Monthly',25,'21/09/2017',0),(2461,109,658,'Monthly',25,'22/09/2017',0),(2462,109,658,'Monthly',25,'23/09/2017',0),(2463,109,658,'Monthly',25,'24/09/2017',0),(2464,109,658,'Monthly',25,'25/09/2017',0),(2465,109,658,'Monthly',25,'26/09/2017',0),(2466,109,658,'Monthly',25,'27/09/2017',0),(2467,109,658,'Monthly',25,'28/09/2017',0),(2468,109,658,'Monthly',25,'29/09/2017',0),(2469,109,658,'Monthly',25,'30/09/2017',0),(2470,109,658,'Monthly',25,'01/10/2017',0),(2471,109,658,'Monthly',25,'02/10/2017',0),(2472,109,658,'Monthly',25,'03/10/2017',0),(2473,109,658,'Monthly',25,'04/10/2017',0),(2474,109,658,'Monthly',25,'05/10/2017',0),(2475,109,658,'Monthly',25,'06/10/2017',0),(2476,109,658,'Monthly',25,'07/10/2017',0),(2477,109,658,'Monthly',25,'08/10/2017',0),(2478,109,658,'Monthly',25,'09/10/2017',0),(2479,109,658,'Monthly',25,'10/10/2017',0),(2480,109,658,'Monthly',25,'11/10/2017',0),(2481,109,658,'Monthly',25,'12/10/2017',0),(2482,109,658,'Monthly',25,'13/10/2017',0),(2483,2,659,'Daily',1,'19/07/2016',0),(2484,2,660,'Daily',1,'21/07/2016',0);

--
-- Table structure for table `BizPit_app_event_halls`
--

CREATE TABLE `BizPit_app_event_halls` (
  `id` int(11) NOT NULL AUTO_INCREMENT,
  `property_id` int(11) NOT NULL,
  `capacity` int(11) NOT NULL,
  `duration_half` int(11),
  `rate_daily` int(11) NOT NULL,
  `rate_halfday` int(11),
  `shared_images` longtext NOT NULL,
  `room_no` int(11) NOT NULL,
  `daily_offer` varchar(500) NOT NULL,
  `half_offer` varchar(500) NOT NULL,
  PRIMARY KEY (`id`)
) ENGINE=InnoDB AUTO_INCREMENT=108 DEFAULT CHARSET=latin1;

--
-- Dumping data for table `BizPit_app_event_halls`
--

INSERT INTO `BizPit_app_event_halls` VALUES (1,1,0,0,0,0,',[]',1,'ND','ND'),(2,2,0,0,700,0,',[]',1,'ND','ND'),(3,4,20,0,0,0,'[]',1,'ND','ND'),(4,5,20,0,0,0,'[]',1,'ND','ND'),(5,6,20,0,0,0,'[]',1,'ND','ND'),(6,9,20,0,0,0,'[]',1,'ND','ND'),(7,8,20,0,1000,500,',[]',1,'ND','ND'),(8,9,20,0,0,0,'[]',1,'ND','ND'),(9,10,20,0,0,0,'[]',1,'ND','ND'),(10,11,20,0,0,0,'[]',1,'ND','ND'),(11,12,20,0,0,0,'[]',1,'ND','ND'),(12,13,20,0,0,0,'[]',1,'ND','ND'),(13,14,20,0,0,0,'[]',1,'ND','ND'),(14,15,20,0,0,0,'[]',1,'ND','ND'),(15,16,20,0,0,0,'[]',1,'ND','ND'),(16,17,20,0,0,0,'[]',1,'ND','ND'),(17,18,20,0,0,0,'[]',1,'ND','ND'),(18,19,20,0,0,0,'[]',1,'ND','ND'),(19,20,20,0,0,0,'[]',1,'ND','ND'),(20,21,20,0,0,0,'[]',1,'ND','ND'),(21,22,20,0,0,0,'[]',1,'ND','ND'),(22,23,20,0,0,0,'[]',1,'ND','ND'),(23,24,20,0,0,0,'[]',1,'ND','ND'),(24,25,20,0,0,0,'[]',1,'ND','ND'),(25,26,20,0,0,0,'[]',1,'ND','ND'),(26,27,20,0,0,0,'[]',1,'ND','ND'),(27,28,20,0,0,0,'[]',1,'ND','ND'),(28,29,20,0,0,0,'[]',1,'ND','ND'),(29,30,20,0,0,0,'[]',1,'ND','ND'),(30,31,20,0,0,0,'[]',1,'ND','ND'),(31,32,20,0,0,0,'[]',1,'ND','ND'),(32,33,20,0,0,0,'[]',1,'ND','ND'),(33,34,20,0,0,0,'[]',1,'ND','ND'),(35,36,20,0,0,0,'[]',1,'ND','ND'),(36,37,20,0,0,0,'[]',1,'ND','ND'),(37,38,20,0,0,0,'[]',1,'ND','ND'),(38,39,20,0,0,0,'[]',1,'ND','ND'),(39,42,20,0,0,0,'[]',1,'ND','ND'),(40,43,20,0,0,0,'[]',1,'ND','ND'),(41,-1,20,0,0,0,'',1,'ND','ND'),(42,44,20,0,0,0,'[]',1,'ND','ND'),(43,45,20,0,0,0,'[]',1,'ND','ND'),(44,45,20,0,0,0,'[]',1,'ND','ND'),(45,46,20,0,0,0,'[]',1,'ND','ND'),(46,46,20,0,0,0,'[]',1,'ND','ND'),(47,47,20,0,0,0,'[]',1,'ND','ND'),(48,44,20,0,0,0,'[]',1,'ND','ND'),(49,45,20,0,0,0,'[]',1,'ND','ND'),(50,46,20,0,0,0,'[]',1,'ND','ND'),(51,47,20,0,0,0,'[]',1,'ND','ND'),(52,48,20,0,400,0,',static/48/WorkAdda 3.jpg',1,'ND','ND'),(54,49,0,0,1000,500,'',1,'ND','ND'),(55,50,0,0,200,0,',[]',1,'ND','ND'),(56,51,20,0,0,0,'[]',1,'ND','ND'),(57,51,20,0,0,0,'[]',1,'ND','ND'),(58,52,0,0,200,0,',static/52/techhub1.jpg',1,'ND','ND'),(59,53,20,0,0,0,'[]',1,'ND','ND'),(60,54,20,0,200,0,',static/54/startups list.ods',1,'ND','ND'),(61,55,20,0,0,0,'[]',1,'ND','ND'),(62,56,0,0,300,0,',static/56/SAASTECH 2.jpg,static/56/WorkAdda 2.jpg',1,'ND','ND'),(63,57,20,0,200,0,',[]',1,'ND','ND'),(64,58,0,0,200,0,',static/58/MOVEINSYNC 2.jpg,static/58/MMAD APPS 2.jpg',1,'ND','ND'),(65,59,0,0,250,0,'static/59/SBC BUSINESS SPACE 1.jpg,',1,'ND','ND'),(66,-1,0,0,0,0,'',1,'ND','ND'),(70,64,0,0,0,0,'[]',1,'ND','ND'),(71,60,20,-1,500,250,'static/60/eventhalldd.jpg, static/60/Event.jpg,',1,'6%','5%'),(72,61,54,0,0,120,',static/61/0',1,'','5%'),(73,62,0,0,333,33,',static/62/prestiges song of south.png',1,'ND','ND'),(74,63,100,0,0,100,',static/63/0',1,'','11%'),(75,66,0,0,0,0,',static/66/0',1,'10%','10%'),(76,67,80,-1,60,28,'static/67/0',1,'12%','12%'),(77,68,30,-1,600,300,'',1,'7%','7%'),(78,69,50,-1,200,80,'static/69/0',1,'10%','10%'),(79,69,80,-1,140,70,'static/69/0',2,'10%','10%'),(80,70,30,-1,1000,500,'[]',1,'ND','ND'),(81,70,40,-1,1200,600,'',2,'ND','ND'),(82,71,25,-1,5000,0,'static/71/brisat.jpg',1,'ND','ND'),(83,72,44,-1,678,55,',[]',1,'ND','ND'),(84,72,22,-1,88,45,'',2,'ND','ND'),(85,68,20,-1,0,200,'static/68/eventhalldd.jpg,',2,'','7%'),(86,60,20,-1,0,250,'static/60/eventhalldd.jpg, static/60/Event.jpg,',2,'','3%'),(87,76,20,-1,0,200,'static/76/eventhalldd.jpg',1,'','1%'),(88,77,100,-1,115,80,'',1,'10%','10%'),(89,81,50,-1,0,500,'',1,'','1%'),(90,82,25,-1,80,25,'',1,'10%','10%'),(91,83,80,-1,1000,500,',static/83/index1.jpeg',1,'ND','ND'),(92,83,0,-1,0,0,'',2,'ND','ND'),(93,84,100,-1,60,30,'',1,'10%','10%'),(94,86,30,-1,0,300,'',1,'','0%'),(95,88,25,-1,500,250,'static/88/cowork cafe 1.jpeg',1,'9%','9%'),(96,92,60,-1,99,55,'static/92/Screenshot_20160627-123425.png',1,'6%','20%'),(97,74,0,-1,0,0,'',1,'ND','ND'),(98,74,0,-1,0,0,'',2,'ND','ND'),(99,94,55,-1,0,80,',[]',1,'ND','ND'),(101,99,34,-1,0,345,',[]',1,'ND','ND'),(102,102,25,-1,580,0,'',1,'5%',''),(103,103,90,-1,90,8,'',1,'12%','12%'),(104,72,0,-1,0,0,'',3,'ND','ND'),(105,106,60,-1,10000,800,',static/106/bargraphview.png,static/106/average_pressure.png',1,'ND','ND'),(106,111,45,-1,45,33,'[]',1,'ND','ND'),(107,113,22,-1,66,44,'[]',1,'ND','ND');

--
-- Table structure for table `BizPit_app_favourite`
--

CREATE TABLE `BizPit_app_favourite` (
  `id` int(11) NOT NULL AUTO_INCREMENT,
  `user_id` int(11) NOT NULL,
  `property_id` int(11) NOT NULL,
  `count` int(11) NOT NULL,
  `status` varchar(500) NOT NULL,
  PRIMARY KEY (`id`)
) ENGINE=InnoDB AUTO_INCREMENT=161 DEFAULT CHARSET=latin1;

--
-- Dumping data for table `BizPit_app_favourite`
--

INSERT INTO `BizPit_app_favourite` VALUES (1,4,3,4,'true'),(3,5,3,5,'false'),(4,4,5,4,'false'),(5,5,6,5,'true'),(6,5,1,5,'true'),(7,5,2,5,'true'),(8,3,2,3,'true'),(9,3,1,3,'false'),(10,3,16,3,'false'),(11,4,18,4,'false'),(12,4,21,4,'false'),(13,4,16,4,'false'),(14,4,12,4,'false'),(15,4,4,4,'false'),(16,4,25,4,'false'),(17,4,33,4,'false'),(18,4,2,4,'false'),(19,4,34,4,'true'),(20,1,35,1,'false'),(21,1,17,1,'true'),(22,1,18,1,'false'),(23,1,19,1,'true'),(24,1,20,1,'false'),(25,1,21,1,'false'),(26,1,22,1,'false'),(27,1,39,1,'false'),(28,9,5,9,'false'),(29,9,1,9,'false'),(30,9,2,9,'false'),(31,9,6,9,'false'),(32,9,35,9,'true'),(33,1,1,1,'true'),(34,7,3,7,'true'),(35,12,38,12,'true'),(36,12,39,12,'true'),(37,12,36,12,'false'),(38,4,22,4,'false'),(39,4,11,4,'false'),(40,4,13,4,'false'),(41,4,15,4,'false'),(42,4,9,4,'true'),(43,4,17,4,'false'),(44,4,10,4,'false'),(45,4,14,4,'false'),(46,4,19,4,'false'),(47,1,4,1,'false'),(48,1,5,1,'true'),(49,4,20,4,'false'),(50,4,23,4,'false'),(51,4,27,4,'false'),(52,4,28,4,'false'),(53,4,29,4,'false'),(54,4,31,4,'false'),(55,4,36,4,'false'),(56,4,37,4,'false'),(57,4,43,4,'true'),(58,4,24,4,'true'),(59,3,37,3,'false'),(60,3,5,3,'true'),(61,3,57,3,'false'),(62,3,56,3,'false'),(63,3,3,3,'false'),(64,1,56,1,'false'),(65,10,16,10,'false'),(66,4,1,4,'false'),(67,3,58,3,'false'),(68,3,11,3,'true'),(69,10,17,10,'false'),(70,10,59,10,'false'),(71,1,42,1,'false'),(72,6,2,6,'false'),(73,1,49,1,'true'),(74,7,37,7,'false'),(75,1,32,1,'true'),(76,7,33,7,'true'),(77,10,21,10,'true'),(78,9,4,9,'false'),(79,10,33,10,'true'),(81,1,38,1,'true'),(82,4,6,4,'false'),(83,1,23,1,'true'),(84,4,57,4,'false'),(85,4,56,4,'false'),(86,3,15,3,'false'),(87,3,55,3,'false'),(88,9,55,9,'false'),(89,9,61,9,'false'),(90,3,6,3,'true'),(91,4,8,4,'false'),(92,3,61,3,'true'),(93,14,2,14,'true'),(94,14,1,14,'true'),(95,14,59,14,'true'),(96,9,9,9,'false'),(97,9,50,9,'false'),(98,9,22,9,'false'),(99,7,64,7,'true'),(100,14,63,14,'true'),(101,14,58,14,'false'),(102,7,1,7,'true'),(103,7,61,7,'true'),(104,7,63,7,'true'),(105,6,66,6,'true'),(106,6,50,6,'true'),(107,3,67,3,'false'),(108,6,68,6,'true'),(109,6,5,6,'true'),(110,14,72,14,'false'),(111,14,5,14,'true'),(112,14,61,14,'false'),(113,6,67,6,'true'),(114,14,43,14,'true'),(115,14,50,14,'true'),(116,14,6,14,'true'),(117,14,36,14,'true'),(118,14,13,14,'true'),(119,14,70,14,'true'),(120,3,44,3,'false'),(121,3,30,3,'true'),(122,3,17,3,'true'),(123,14,23,14,'true'),(124,5,5,5,'true'),(125,14,39,14,'true'),(126,14,15,14,'true'),(127,14,17,14,'true'),(128,3,33,3,'true'),(129,3,18,3,'true'),(130,3,70,3,'true'),(131,23,20,23,'true'),(132,24,77,24,'true'),(133,24,15,24,'true'),(134,25,92,25,'true'),(135,25,87,25,'true'),(136,25,58,25,'true'),(137,25,73,25,'true'),(138,25,43,25,'false'),(139,25,67,25,'false'),(140,25,86,25,'true'),(141,24,19,24,'true'),(142,25,2,25,'true'),(143,25,99,25,'true'),(144,25,6,25,'true'),(145,26,87,26,'true'),(146,5,87,5,'true'),(147,26,63,26,'true'),(148,26,5,26,'true'),(149,5,81,5,'true'),(150,5,75,5,'true'),(151,26,18,26,'true'),(152,26,103,26,'true'),(153,26,70,26,'true'),(154,26,67,26,'true'),(155,5,100,5,'true'),(156,5,98,5,'true'),(157,5,4,5,'true'),(158,5,91,5,'true'),(159,5,20,5,'true'),(160,5,65,5,'true');

--
-- Table structure for table `BizPit_app_holidays`
--

CREATE TABLE `BizPit_app_holidays` (
  `id` int(11) NOT NULL AUTO_INCREMENT,
  `property_id` int(11) NOT NULL,
  `holidays` varchar(500) NOT NULL,
  PRIMARY KEY (`id`)
) ENGINE=InnoDB AUTO_INCREMENT=135 DEFAULT CHARSET=latin1;

--
-- Dumping data for table `BizPit_app_holidays`
--

INSERT INTO `BizPit_app_holidays` VALUES (1,1,''),(2,2,'2016-05-31'),(3,3,''),(4,4,''),(5,5,''),(6,6,''),(10,8,'2016-07-06'),(11,9,''),(12,10,''),(14,12,''),(15,13,''),(16,14,''),(17,15,''),(18,16,''),(19,17,''),(20,18,''),(21,19,''),(22,20,''),(23,21,''),(24,22,''),(25,23,''),(26,24,''),(27,25,''),(28,26,''),(29,27,''),(30,28,''),(31,29,''),(32,30,''),(33,31,''),(34,32,''),(35,33,''),(36,34,''),(38,36,''),(39,37,''),(40,38,''),(41,39,''),(44,42,''),(45,43,''),(46,44,''),(48,46,'2016-07-06'),(49,47,''),(54,48,''),(55,49,'2016-07-06'),(56,50,'2016-07-06'),(57,51,'2016-07-06'),(58,52,'2016-07-24'),(59,53,''),(60,54,''),(61,55,''),(62,56,''),(63,57,''),(64,58,''),(65,59,''),(72,62,''),(75,60,'23/06/2016'),(76,61,''),(77,62,''),(78,63,'24/06/2016'),(79,64,''),(80,65,'03/08/2016,06/07/2016'),(81,66,''),(82,67,''),(83,68,'22/06/2016'),(84,69,''),(85,70,'2016-06-16'),(86,71,'15/08/2016'),(87,72,''),(88,73,''),(89,74,''),(90,75,'22/06/2016'),(91,76,''),(92,77,''),(93,78,''),(94,79,''),(95,80,''),(96,81,''),(97,82,'01/07/2016'),(98,83,''),(99,84,''),(100,85,''),(101,86,''),(102,87,'2016-07-22'),(103,88,''),(104,88,''),(105,88,''),(106,88,''),(107,88,'21/07/2016'),(108,89,''),(109,90,'20/07/2016'),(110,91,''),(111,92,'28/07/2016'),(112,93,''),(113,94,'2016-08-19'),(114,95,''),(115,96,''),(116,97,''),(117,98,''),(118,99,''),(119,100,''),(120,101,''),(121,102,''),(122,103,'29/07/2016'),(123,104,'21/07/2016'),(124,105,''),(125,106,''),(126,107,'27/07/2016'),(127,108,'27/07/2016'),(128,109,''),(129,110,''),(130,111,''),(131,112,'22/07/2016'),(132,113,'20/07/2016'),(133,114,''),(134,115,'');

--
-- Table structure for table `BizPit_app_hourly_booking`
--

CREATE TABLE `BizPit_app_hourly_booking` (
  `id` int(11) NOT NULL AUTO_INCREMENT,
  `property_id` int(11) NOT NULL,
  `booking_id` int(11) NOT NULL,
  `booked_by` varchar(100),
  `booked_by_id` int(11),
  `date` varchar(100),
  `start_time` varchar(100) NOT NULL,
  `end_time` varchar(100) NOT NULL,
  `property_type` varchar(100),
  `head_count` int(11) NOT NULL,
  `timestamp` varchar(100) NOT NULL,
  PRIMARY KEY (`id`)
) ENGINE=InnoDB DEFAULT CHARSET=latin1;

--
-- Dumping data for table `BizPit_app_hourly_booking`
--


--
-- Table structure for table `BizPit_app_hourly_halfday_booking`
--

CREATE TABLE `BizPit_app_hourly_halfday_booking` (
  `id` int(11) NOT NULL AUTO_INCREMENT,
  `property_id` int(11) NOT NULL,
  `booking_id` int(11) NOT NULL,
  `booking_type` varchar(100) NOT NULL,
  `head_count` int(11) NOT NULL,
  `date` varchar(100) NOT NULL,
  `time` varchar(100) NOT NULL,
  `room_no` int(11) NOT NULL,
  PRIMARY KEY (`id`)
) ENGINE=InnoDB AUTO_INCREMENT=1718 DEFAULT CHARSET=latin1;

--
-- Dumping data for table `BizPit_app_hourly_halfday_booking`
--

INSERT INTO `BizPit_app_hourly_halfday_booking` VALUES (1,3,1,'Hourly',1,'04/06/2016','09:00am',1),(2,3,1,'Hourly',1,'04/06/2016','10:00am',1),(3,3,1,'Hourly',1,'04/06/2016','11:00am',1),(4,3,1,'Hourly',1,'04/06/2016','02:00pm',1),(5,3,1,'Hourly',1,'04/06/2016','03:00pm',1),(6,3,2,'Hourly',1,'04/06/2016','09:00am',1),(7,3,2,'Hourly',1,'04/06/2016','10:00am',1),(8,3,2,'Hourly',1,'04/06/2016','01:00pm',1),(9,3,2,'Hourly',1,'04/06/2016','02:00pm',1),(10,3,3,'Hourly',1,'05/06/2016','02:00pm',1),(11,3,3,'Hourly',1,'05/06/2016','01:00pm',1),(12,3,3,'Hourly',1,'05/06/2016','12:00pm',1),(13,3,3,'Hourly',1,'05/06/2016','11:00am',1),(14,3,3,'Hourly',1,'05/06/2016','10:00am',1),(15,3,4,'Hourly',1,'01/06/2016','05:00pm',1),(17,3,8,'Hourly',1,'04/06/2016','09:00am',1),(18,3,8,'Hourly',1,'04/06/2016','10:00am',1),(19,3,8,'Hourly',1,'04/06/2016','01:00pm',1),(20,3,8,'Hourly',1,'04/06/2016','12:00pm',1),(21,14,11,'Hourly',1,'05/06/2016','11:00am',1),(22,14,11,'Hourly',1,'05/06/2016','09:00am',1),(23,14,11,'Hourly',1,'05/06/2016','07:00am',1),(24,16,14,'Hourly',1,'05/06/2016','11:00am',1),(25,16,14,'Hourly',1,'05/06/2016','10:00am',1),(26,16,14,'Hourly',1,'05/06/2016','12:00pm',1),(27,12,15,'Hourly',1,'05/06/2016','11:00am',1),(28,12,15,'Hourly',1,'05/06/2016','12:00pm',1),(29,12,16,'Hourly',1,'03/06/2016','09:00am',1),(30,12,16,'Hourly',1,'03/06/2016','11:00am',1),(31,12,16,'Hourly',1,'03/06/2016','01:00pm',1),(32,12,16,'Hourly',1,'03/06/2016','03:00pm',1),(33,3,30,'Hourly',50,'06/06/2016','03:00pm',1),(34,3,30,'Hourly',50,'06/06/2016','02:00pm',1),(35,3,30,'Hourly',50,'06/06/2016','01:00pm',1),(36,3,30,'Hourly',50,'06/06/2016','12:00pm',1),(37,3,30,'Hourly',50,'06/06/2016','11:00am',1),(38,3,30,'Hourly',50,'06/06/2016','10:00am',1),(39,3,30,'Hourly',50,'06/06/2016','09:00am',1),(40,10,31,'Hourly',1,'04/06/2016','09:00am',1),(41,10,31,'Hourly',1,'04/06/2016','11:00am',1),(42,10,31,'Hourly',1,'04/06/2016','10:00am',1),(43,10,32,'Hourly',1,'04/06/2016','09:00am',1),(44,10,32,'Hourly',1,'04/06/2016','10:00am',1),(45,10,32,'Hourly',1,'04/06/2016','12:00pm',1),(46,10,32,'Hourly',1,'04/06/2016','01:00pm',1),(47,10,33,'Hourly',1,'04/06/2016','09:00am',1),(48,10,33,'Hourly',1,'04/06/2016','10:00am',1),(49,10,33,'Hourly',1,'04/06/2016','12:00pm',1),(50,10,33,'Hourly',1,'04/06/2016','01:00pm',1),(51,3,37,'Hourly',1,'04/06/2016','11:00am',1),(52,3,37,'Hourly',1,'04/06/2016','12:00pm',1),(53,10,45,'Hourly',1,'03/06/2016','11:00am',1),(54,10,45,'Hourly',1,'03/06/2016','01:00pm',1),(55,10,45,'Hourly',1,'03/06/2016','09:00am',1),(56,3,46,'Hourly',50,'05/06/2016','01:00pm',1),(57,3,46,'Hourly',50,'05/06/2016','02:00pm',1),(58,3,46,'Hourly',50,'05/06/2016','12:00pm',1),(59,3,46,'Hourly',50,'05/06/2016','03:00pm',1),(60,3,46,'Hourly',50,'03/06/2016','03:00pm',1),(61,3,46,'Hourly',50,'03/06/2016','02:00pm',1),(62,3,47,'Hourly',1,'04/06/2016','03:00pm',1),(63,3,47,'Hourly',1,'04/06/2016','02:00pm',1),(64,3,47,'Hourly',1,'07/06/2016','09:00am',1),(65,3,48,'Hourly',1,'04/06/2016','02:00pm',1),(66,3,48,'Hourly',1,'04/06/2016','01:00pm',1),(67,3,48,'Hourly',1,'04/06/2016','03:00pm',1),(68,3,48,'Hourly',1,'04/06/2016','12:00pm',1),(69,3,48,'Hourly',1,'05/06/2016','11:00am',1),(70,35,50,'HalfDay',90,'04/06/2016','08:00am',1),(71,35,50,'HalfDay',90,'04/06/2016','09:00am',1),(72,35,50,'HalfDay',90,'04/06/2016','10:00am',1),(73,35,50,'HalfDay',90,'04/06/2016','11:00am',1),(74,35,50,'HalfDay',90,'04/06/2016','12:00pm',1),(75,35,50,'HalfDay',90,'04/06/2016','01:00pm',1),(76,35,52,'Hourly',1,'03/06/2016','09:00am',1),(77,35,52,'Hourly',1,'03/06/2016','10:00am',1),(78,35,52,'Hourly',1,'03/06/2016','11:00am',1),(79,11,65,'Hourly',1,'06/06/2016','03:00pm',1),(80,16,72,'Hourly',10,'06/06/2016','09:00am',1),(81,16,72,'Hourly',10,'06/06/2016','10:00am',1),(82,16,72,'Hourly',10,'06/06/2016','12:00pm',1),(83,16,72,'Hourly',10,'06/06/2016','02:00pm',1),(84,16,72,'Hourly',10,'06/06/2016','03:00pm',1),(85,14,76,'Hourly',1,'05/06/2016','07:00am',1),(86,14,76,'Hourly',1,'05/06/2016','08:00am',1),(87,14,76,'Hourly',1,'05/06/2016','11:00am',1),(88,14,76,'Hourly',1,'05/06/2016','12:00pm',1),(89,35,83,'Hourly',1,'06/06/2016','10:00am',1),(90,35,83,'Hourly',1,'06/06/2016','09:00am',1),(91,35,83,'Hourly',1,'05/06/2016','10:00am',1),(92,35,83,'Hourly',1,'05/06/2016','11:00am',1),(93,35,83,'Hourly',1,'05/06/2016','12:00pm',1),(94,35,83,'Hourly',1,'05/06/2016','01:00pm',1),(95,11,85,'Hourly',1,'04/06/2016','12:00pm',1),(96,11,85,'Hourly',1,'04/06/2016','01:00pm',1),(97,11,85,'Hourly',1,'05/06/2016','01:00pm',1),(98,11,86,'Hourly',1,'05/06/2016','12:00pm',1),(99,11,86,'Hourly',1,'05/06/2016','01:00pm',1),(100,11,86,'Hourly',1,'05/06/2016','02:00pm',1),(101,11,86,'Hourly',1,'05/06/2016','03:00pm',1),(102,11,86,'Hourly',1,'05/06/2016','04:00pm',1),(103,11,86,'Hourly',1,'05/06/2016','05:00pm',1),(104,3,87,'Hourly',1,'05/06/2016','11:00am',1),(105,3,87,'Hourly',1,'05/06/2016','10:00am',1),(106,3,88,'Hourly',1,'07/06/2016','12:00pm',1),(107,3,88,'Hourly',1,'08/06/2016','12:00pm',1),(108,3,88,'Hourly',1,'07/06/2016','01:00pm',1),(109,3,88,'Hourly',1,'08/06/2016','01:00pm',1),(110,3,89,'Hourly',1,'13/06/2016','11:00am',1),(111,3,89,'Hourly',1,'13/06/2016','12:00pm',1),(112,3,89,'Hourly',1,'13/06/2016','01:00pm',1),(113,3,90,'Hourly',1,'07/06/2016','12:00pm',1),(114,3,90,'Hourly',1,'08/06/2016','12:00pm',1),(115,3,90,'Hourly',1,'07/06/2016','01:00pm',1),(116,3,90,'Hourly',1,'08/06/2016','01:00pm',1),(117,3,102,'Hourly',1,'07/06/2016','09:00am',1),(118,3,102,'Hourly',1,'07/06/2016','10:00am',1),(119,3,102,'Hourly',1,'08/06/2016','11:00am',1),(120,3,103,'Hourly',1,'04/06/2016','11:00am',1),(121,3,103,'Hourly',1,'04/06/2016','12:00pm',1),(122,13,108,'Hourly',20,'05/06/2016','08:00am',1),(123,13,108,'Hourly',20,'05/06/2016','09:00am',1),(124,13,108,'Hourly',20,'05/06/2016','11:00am',1),(125,13,108,'Hourly',20,'05/06/2016','12:00pm',1),(126,13,108,'Hourly',20,'05/06/2016','02:00pm',1),(127,13,108,'Hourly',20,'05/06/2016','03:00pm',1),(128,13,108,'Hourly',20,'05/06/2016','08:00pm',1),(129,13,108,'Hourly',20,'05/06/2016','07:00pm',1),(130,13,109,'Hourly',20,'04/06/2016','10:00am',1),(131,13,109,'Hourly',20,'05/06/2016','10:00am',1),(132,13,109,'Hourly',20,'06/06/2016','10:00am',1),(133,13,109,'Hourly',20,'07/06/2016','10:00am',1),(134,13,109,'Hourly',20,'08/06/2016','10:00am',1),(135,13,109,'Hourly',20,'09/06/2016','10:00am',1),(136,40,110,'Hourly',12,'06/06/2016','12:00pm',1),(137,40,110,'Hourly',12,'06/06/2016','01:00pm',1),(138,40,110,'Hourly',12,'06/06/2016','02:00pm',1),(139,10,118,'Hourly',50,'04/06/2016','09:00am',1),(140,10,118,'Hourly',50,'05/06/2016','09:00am',1),(141,10,118,'Hourly',50,'06/06/2016','09:00am',1),(142,10,118,'Hourly',50,'07/06/2016','09:00am',1),(143,10,118,'Hourly',50,'08/06/2016','09:00am',1),(144,10,118,'Hourly',50,'09/06/2016','09:00am',1),(145,11,119,'Hourly',20,'04/06/2016','09:00am',1),(146,11,119,'Hourly',20,'05/06/2016','09:00am',1),(147,11,119,'Hourly',20,'06/06/2016','09:00am',1),(148,11,119,'Hourly',20,'07/06/2016','09:00am',1),(149,11,119,'Hourly',20,'08/06/2016','09:00am',1),(150,11,119,'Hourly',20,'09/06/2016','09:00am',1),(151,10,120,'Hourly',50,'04/06/2016','10:00am',1),(152,10,120,'Hourly',50,'05/06/2016','10:00am',1),(153,10,120,'Hourly',50,'06/06/2016','10:00am',1),(154,10,120,'Hourly',50,'07/06/2016','10:00am',1),(155,10,120,'Hourly',50,'08/06/2016','10:00am',1),(156,10,120,'Hourly',50,'09/06/2016','10:00am',1),(157,10,120,'Hourly',50,'04/06/2016','02:00pm',1),(158,10,120,'Hourly',50,'05/06/2016','02:00pm',1),(159,10,120,'Hourly',50,'06/06/2016','02:00pm',1),(160,10,120,'Hourly',50,'07/06/2016','02:00pm',1),(161,10,120,'Hourly',50,'08/06/2016','02:00pm',1),(162,10,120,'Hourly',50,'09/06/2016','02:00pm',1),(163,10,121,'Hourly',50,'04/06/2016','01:00pm',1),(164,10,121,'Hourly',50,'06/06/2016','01:00pm',1),(165,10,121,'Hourly',50,'05/06/2016','01:00pm',1),(166,10,121,'Hourly',50,'07/06/2016','01:00pm',1),(167,10,121,'Hourly',50,'08/06/2016','01:00pm',1),(168,10,121,'Hourly',50,'09/06/2016','01:00pm',1),(169,10,122,'Hourly',50,'05/06/2016','12:00pm',1),(170,10,122,'Hourly',50,'06/06/2016','12:00pm',1),(171,10,122,'Hourly',50,'07/06/2016','12:00pm',1),(172,10,122,'Hourly',50,'08/06/2016','12:00pm',1),(173,10,122,'Hourly',50,'09/06/2016','12:00pm',1),(174,10,123,'Hourly',50,'05/06/2016','03:00pm',1),(175,10,123,'Hourly',50,'06/06/2016','03:00pm',1),(176,10,123,'Hourly',50,'07/06/2016','03:00pm',1),(177,10,123,'Hourly',50,'08/06/2016','03:00pm',1),(178,10,123,'Hourly',50,'09/06/2016','03:00pm',1),(179,10,124,'Hourly',49,'05/06/2016','11:00am',1),(180,10,124,'Hourly',49,'06/06/2016','11:00am',1),(181,10,124,'Hourly',49,'07/06/2016','11:00am',1),(182,10,124,'Hourly',49,'08/06/2016','11:00am',1),(183,10,124,'Hourly',49,'09/06/2016','11:00am',1),(184,10,125,'Hourly',49,'04/06/2016','04:00pm',1),(185,10,125,'Hourly',49,'05/06/2016','04:00pm',1),(186,10,125,'Hourly',49,'06/06/2016','04:00pm',1),(187,10,125,'Hourly',49,'07/06/2016','04:00pm',1),(188,10,125,'Hourly',49,'08/06/2016','04:00pm',1),(189,10,125,'Hourly',49,'09/06/2016','04:00pm',1),(190,10,126,'Hourly',37,'04/06/2016','05:00pm',1),(191,10,126,'Hourly',37,'05/06/2016','05:00pm',1),(192,10,126,'Hourly',37,'06/06/2016','05:00pm',1),(193,10,126,'Hourly',37,'07/06/2016','05:00pm',1),(194,10,126,'Hourly',37,'08/06/2016','05:00pm',1),(195,10,126,'Hourly',37,'09/06/2016','05:00pm',1),(196,10,129,'Hourly',1,'04/06/2016','05:00pm',1),(197,10,129,'Hourly',1,'05/06/2016','05:00pm',1),(198,10,129,'Hourly',1,'06/06/2016','05:00pm',1),(199,10,129,'Hourly',1,'07/06/2016','05:00pm',1),(200,10,129,'Hourly',1,'08/06/2016','05:00pm',1),(201,10,129,'Hourly',1,'09/06/2016','05:00pm',1),(202,10,130,'Hourly',50,'04/06/2016','05:00pm',1),(203,10,130,'Hourly',50,'05/06/2016','05:00pm',1),(204,10,130,'Hourly',50,'06/06/2016','05:00pm',1),(205,10,130,'Hourly',50,'07/06/2016','05:00pm',1),(206,10,130,'Hourly',50,'08/06/2016','05:00pm',1),(207,10,130,'Hourly',50,'04/06/2016','06:00pm',1),(208,10,130,'Hourly',50,'05/06/2016','06:00pm',1),(209,10,130,'Hourly',50,'06/06/2016','06:00pm',1),(210,10,130,'Hourly',50,'07/06/2016','06:00pm',1),(211,10,130,'Hourly',50,'08/06/2016','06:00pm',1),(212,10,130,'Hourly',50,'09/06/2016','06:00pm',1),(213,10,131,'Hourly',50,'04/06/2016','03:00pm',1),(214,10,131,'Hourly',50,'12/06/2016','09:00am',1),(215,10,131,'Hourly',50,'13/06/2016','09:00am',1),(216,10,131,'Hourly',50,'14/06/2016','09:00am',1),(217,10,131,'Hourly',50,'15/06/2016','09:00am',1),(218,10,131,'Hourly',50,'16/06/2016','09:00am',1),(219,10,131,'Hourly',50,'11/06/2016','09:00am',1),(220,10,132,'Hourly',50,'11/06/2016','10:00am',1),(221,10,132,'Hourly',50,'12/06/2016','10:00am',1),(222,10,132,'Hourly',50,'13/06/2016','10:00am',1),(223,10,132,'Hourly',50,'14/06/2016','10:00am',1),(224,10,132,'Hourly',50,'15/06/2016','10:00am',1),(225,10,132,'Hourly',50,'16/06/2016','10:00am',1),(226,10,133,'Hourly',50,'11/06/2016','11:00am',1),(227,10,133,'Hourly',50,'12/06/2016','11:00am',1),(228,10,133,'Hourly',50,'13/06/2016','11:00am',1),(229,10,133,'Hourly',50,'14/06/2016','11:00am',1),(230,10,133,'Hourly',50,'15/06/2016','11:00am',1),(231,10,133,'Hourly',50,'16/06/2016','11:00am',1),(232,10,134,'Hourly',50,'11/06/2016','12:00pm',1),(233,10,134,'Hourly',50,'12/06/2016','12:00pm',1),(234,10,134,'Hourly',50,'13/06/2016','12:00pm',1),(235,10,134,'Hourly',50,'14/06/2016','12:00pm',1),(236,10,134,'Hourly',50,'15/06/2016','12:00pm',1),(237,10,134,'Hourly',50,'16/06/2016','12:00pm',1),(238,58,146,'Hourly',1,'08/06/2016','11:00am',1),(239,58,146,'Hourly',1,'08/06/2016','12:00pm',1),(240,10,151,'Hourly',1,'10/06/2016','09:00am',1),(241,14,152,'Hourly',1,'08/06/2016','10:00am',1),(242,14,152,'Hourly',1,'08/06/2016','11:00am',1),(243,60,163,'HalfDay',30,'11/06/2016','10:00am',1),(244,60,163,'HalfDay',30,'11/06/2016','11:00am',1),(245,60,163,'HalfDay',30,'11/06/2016','12:00pm',1),(246,60,163,'HalfDay',30,'11/06/2016','01:00pm',1),(247,60,163,'HalfDay',30,'11/06/2016','02:00pm',1),(248,60,164,'HalfDay',30,'11/06/2016','10:00am',1),(249,60,164,'HalfDay',30,'11/06/2016','11:00am',1),(250,60,164,'HalfDay',30,'11/06/2016','12:00pm',1),(251,60,164,'HalfDay',30,'11/06/2016','01:00pm',1),(252,60,164,'HalfDay',30,'11/06/2016','02:00pm',1),(253,60,164,'HalfDay',30,'06/06/2016','10:00am',1),(254,60,164,'HalfDay',30,'06/06/2016','11:00am',1),(255,60,164,'HalfDay',30,'06/06/2016','12:00pm',1),(256,60,164,'HalfDay',30,'06/06/2016','01:00pm',1),(257,60,164,'HalfDay',30,'06/06/2016','02:00pm',1),(258,60,164,'HalfDay',30,'07/06/2016','03:00pm',1),(259,60,164,'HalfDay',30,'07/06/2016','04:00pm',1),(260,60,164,'HalfDay',30,'07/06/2016','05:00pm',1),(261,60,164,'HalfDay',30,'07/06/2016','06:00pm',1),(262,60,164,'HalfDay',30,'07/06/2016','07:00pm',1),(263,60,164,'HalfDay',30,'07/06/2016','08:00pm',1),(264,60,165,'HalfDay',30,'11/06/2016','10:00am',1),(265,60,165,'HalfDay',30,'11/06/2016','11:00am',1),(266,60,165,'HalfDay',30,'11/06/2016','12:00pm',1),(267,60,165,'HalfDay',30,'11/06/2016','01:00pm',1),(268,60,165,'HalfDay',30,'11/06/2016','02:00pm',1),(269,60,165,'HalfDay',30,'06/06/2016','10:00am',1),(270,60,165,'HalfDay',30,'06/06/2016','11:00am',1),(271,60,165,'HalfDay',30,'06/06/2016','12:00pm',1),(272,60,165,'HalfDay',30,'06/06/2016','01:00pm',1),(273,60,165,'HalfDay',30,'06/06/2016','02:00pm',1),(274,60,165,'HalfDay',30,'07/06/2016','03:00pm',1),(275,60,165,'HalfDay',30,'07/06/2016','04:00pm',1),(276,60,165,'HalfDay',30,'07/06/2016','05:00pm',1),(277,60,165,'HalfDay',30,'07/06/2016','06:00pm',1),(278,60,165,'HalfDay',30,'07/06/2016','07:00pm',1),(279,60,165,'HalfDay',30,'07/06/2016','08:00pm',1),(280,60,168,'HalfDay',30,'07/06/2016','10:00am',1),(281,60,168,'HalfDay',30,'07/06/2016','11:00am',1),(282,60,168,'HalfDay',30,'07/06/2016','12:00pm',1),(283,60,168,'HalfDay',30,'07/06/2016','01:00pm',1),(284,60,168,'HalfDay',30,'07/06/2016','02:00pm',1),(285,60,169,'HalfDay',30,'07/06/2016','10:00am',1),(286,60,169,'HalfDay',30,'07/06/2016','11:00am',1),(287,60,169,'HalfDay',30,'07/06/2016','12:00pm',1),(288,60,169,'HalfDay',30,'07/06/2016','01:00pm',1),(289,60,169,'HalfDay',30,'07/06/2016','02:00pm',1),(290,60,170,'HalfDay',30,'07/06/2016','10:00am',1),(291,60,170,'HalfDay',30,'07/06/2016','11:00am',1),(292,60,170,'HalfDay',30,'07/06/2016','12:00pm',1),(293,60,170,'HalfDay',30,'07/06/2016','01:00pm',1),(294,60,170,'HalfDay',30,'07/06/2016','02:00pm',1),(295,60,171,'HalfDay',30,'07/06/2016','10:00am',1),(296,60,171,'HalfDay',30,'07/06/2016','11:00am',1),(297,60,171,'HalfDay',30,'07/06/2016','12:00pm',1),(298,60,171,'HalfDay',30,'07/06/2016','01:00pm',1),(299,60,171,'HalfDay',30,'07/06/2016','02:00pm',1),(300,60,171,'HalfDay',30,'06/06/2016','03:00pm',1),(301,60,171,'HalfDay',30,'06/06/2016','04:00pm',1),(302,60,171,'HalfDay',30,'06/06/2016','05:00pm',1),(303,60,171,'HalfDay',30,'06/06/2016','06:00pm',1),(304,60,171,'HalfDay',30,'06/06/2016','07:00pm',1),(305,60,171,'HalfDay',30,'06/06/2016','08:00pm',1),(306,60,172,'HalfDay',30,'07/06/2016','10:00am',1),(307,60,172,'HalfDay',30,'07/06/2016','11:00am',1),(308,60,172,'HalfDay',30,'07/06/2016','12:00pm',1),(309,60,172,'HalfDay',30,'07/06/2016','01:00pm',1),(310,60,172,'HalfDay',30,'07/06/2016','02:00pm',1),(311,60,172,'HalfDay',30,'06/06/2016','03:00pm',1),(312,60,172,'HalfDay',30,'06/06/2016','04:00pm',1),(313,60,172,'HalfDay',30,'06/06/2016','05:00pm',1),(314,60,172,'HalfDay',30,'06/06/2016','06:00pm',1),(315,60,172,'HalfDay',30,'06/06/2016','07:00pm',1),(316,60,172,'HalfDay',30,'06/06/2016','08:00pm',1),(317,60,173,'HalfDay',1,'11/06/2016','03:00pm',1),(318,60,173,'HalfDay',1,'11/06/2016','04:00pm',1),(319,60,173,'HalfDay',1,'11/06/2016','05:00pm',1),(320,60,173,'HalfDay',1,'11/06/2016','06:00pm',1),(321,60,173,'HalfDay',1,'11/06/2016','07:00pm',1),(322,60,173,'HalfDay',1,'11/06/2016','08:00pm',1),(323,60,174,'HalfDay',30,'07/06/2016','10:00am',1),(324,60,174,'HalfDay',30,'07/06/2016','11:00am',1),(325,60,174,'HalfDay',30,'07/06/2016','12:00pm',1),(326,60,174,'HalfDay',30,'07/06/2016','01:00pm',1),(327,60,174,'HalfDay',30,'07/06/2016','02:00pm',1),(328,60,174,'HalfDay',30,'06/06/2016','03:00pm',1),(329,60,174,'HalfDay',30,'06/06/2016','04:00pm',1),(330,60,174,'HalfDay',30,'06/06/2016','05:00pm',1),(331,60,174,'HalfDay',30,'06/06/2016','06:00pm',1),(332,60,174,'HalfDay',30,'06/06/2016','07:00pm',1),(333,60,174,'HalfDay',30,'06/06/2016','08:00pm',1),(334,60,175,'HalfDay',30,'06/06/2016','03:00pm',2),(335,60,175,'HalfDay',30,'06/06/2016','04:00pm',2),(336,60,175,'HalfDay',30,'06/06/2016','05:00pm',2),(337,60,175,'HalfDay',30,'06/06/2016','06:00pm',2),(338,60,175,'HalfDay',30,'06/06/2016','07:00pm',2),(339,60,175,'HalfDay',30,'06/06/2016','08:00pm',2),(340,60,175,'HalfDay',30,'07/06/2016','03:00pm',2),(341,60,175,'HalfDay',30,'07/06/2016','04:00pm',2),(342,60,175,'HalfDay',30,'07/06/2016','05:00pm',2),(343,60,175,'HalfDay',30,'07/06/2016','06:00pm',2),(344,60,175,'HalfDay',30,'07/06/2016','07:00pm',2),(345,60,175,'HalfDay',30,'07/06/2016','08:00pm',2),(346,60,175,'HalfDay',30,'07/06/2016','10:00am',2),(347,60,175,'HalfDay',30,'07/06/2016','11:00am',2),(348,60,175,'HalfDay',30,'07/06/2016','12:00pm',2),(349,60,175,'HalfDay',30,'07/06/2016','01:00pm',2),(350,60,175,'HalfDay',30,'07/06/2016','02:00pm',2),(351,60,176,'HalfDay',30,'08/06/2016','10:00am',2),(352,60,176,'HalfDay',30,'08/06/2016','11:00am',2),(353,60,176,'HalfDay',30,'08/06/2016','12:00pm',2),(354,60,176,'HalfDay',30,'08/06/2016','01:00pm',2),(355,60,176,'HalfDay',30,'08/06/2016','02:00pm',2),(356,60,176,'HalfDay',30,'08/06/2016','03:00pm',2),(357,60,176,'HalfDay',30,'08/06/2016','04:00pm',2),(358,60,176,'HalfDay',30,'08/06/2016','05:00pm',2),(359,60,176,'HalfDay',30,'08/06/2016','06:00pm',2),(360,60,176,'HalfDay',30,'08/06/2016','07:00pm',2),(361,60,176,'HalfDay',30,'08/06/2016','08:00pm',2),(362,60,177,'HalfDay',30,'08/06/2016','10:00am',2),(363,60,177,'HalfDay',30,'08/06/2016','11:00am',2),(364,60,177,'HalfDay',30,'08/06/2016','12:00pm',2),(365,60,177,'HalfDay',30,'08/06/2016','01:00pm',2),(366,60,177,'HalfDay',30,'08/06/2016','02:00pm',2),(367,60,177,'HalfDay',30,'08/06/2016','03:00pm',2),(368,60,177,'HalfDay',30,'08/06/2016','04:00pm',2),(369,60,177,'HalfDay',30,'08/06/2016','05:00pm',2),(370,60,177,'HalfDay',30,'08/06/2016','06:00pm',2),(371,60,177,'HalfDay',30,'08/06/2016','07:00pm',2),(372,60,177,'HalfDay',30,'08/06/2016','08:00pm',2),(373,60,178,'HalfDay',30,'08/06/2016','10:00am',2),(374,60,178,'HalfDay',30,'08/06/2016','11:00am',2),(375,60,178,'HalfDay',30,'08/06/2016','12:00pm',2),(376,60,178,'HalfDay',30,'08/06/2016','01:00pm',2),(377,60,178,'HalfDay',30,'08/06/2016','02:00pm',2),(378,60,178,'HalfDay',30,'08/06/2016','03:00pm',2),(379,60,178,'HalfDay',30,'08/06/2016','04:00pm',2),(380,60,178,'HalfDay',30,'08/06/2016','05:00pm',2),(381,60,178,'HalfDay',30,'08/06/2016','06:00pm',2),(382,60,178,'HalfDay',30,'08/06/2016','07:00pm',2),(383,60,178,'HalfDay',30,'08/06/2016','08:00pm',2),(384,60,179,'HalfDay',1,'10/06/2016','03:00pm',1),(385,60,179,'HalfDay',1,'10/06/2016','04:00pm',1),(386,60,179,'HalfDay',1,'10/06/2016','05:00pm',1),(387,60,179,'HalfDay',1,'10/06/2016','06:00pm',1),(388,60,179,'HalfDay',1,'10/06/2016','07:00pm',1),(389,60,179,'HalfDay',1,'10/06/2016','08:00pm',1),(390,60,179,'HalfDay',1,'09/06/2016','10:00am',1),(391,60,179,'HalfDay',1,'09/06/2016','11:00am',1),(392,60,179,'HalfDay',1,'09/06/2016','12:00pm',1),(393,60,179,'HalfDay',1,'09/06/2016','01:00pm',1),(394,60,179,'HalfDay',1,'09/06/2016','02:00pm',1),(395,58,183,'Hourly',1,'08/06/2016','02:00pm',1),(396,58,183,'Hourly',1,'08/06/2016','03:00pm',1),(397,58,183,'Hourly',1,'08/06/2016','04:00pm',1),(398,13,188,'Hourly',1,'07/06/2016','12:00pm',1),(399,13,188,'Hourly',1,'08/06/2016','12:00pm',1),(400,13,188,'Hourly',1,'09/06/2016','12:00pm',1),(401,13,188,'Hourly',1,'10/06/2016','12:00pm',1),(402,13,188,'Hourly',1,'11/06/2016','12:00pm',1),(403,13,188,'Hourly',1,'12/06/2016','12:00pm',1),(404,3,196,'Hourly',1,'08/06/2016','11:00am',1),(405,10,202,'Hourly',50,'10/06/2016','10:00am',1),(406,10,202,'Hourly',50,'10/06/2016','11:00am',1),(407,10,202,'Hourly',50,'10/06/2016','12:00pm',1),(408,10,202,'Hourly',50,'10/06/2016','01:00pm',1),(409,3,212,'Hourly',1,'09/06/2016','01:00pm',1),(410,12,231,'Hourly',1,'09/06/2016','12:00pm',1),(411,12,231,'Hourly',1,'08/06/2016','12:00pm',1),(412,59,233,'HalfDay',2,'7/4/2016','09:00am',1),(413,59,233,'HalfDay',2,'7/4/2016','10:00am',1),(414,59,233,'HalfDay',2,'7/4/2016','11:00am',1),(415,59,233,'HalfDay',2,'7/4/2016','12:00pm',1),(416,59,233,'HalfDay',2,'7/4/2016','01:00pm',1),(417,59,233,'HalfDay',2,'8/4/2016','09:00am',1),(418,16,233,'Hourly',1,'10/06/2016','12:00pm',1),(419,3,246,'Hourly',1,'08/06/2016','11:00am',1),(420,3,248,'Hourly',1,'09/06/2016','12:00pm',1),(421,3,248,'Hourly',1,'10/06/2016','12:00pm',1),(422,3,253,'Hourly',1,'09/06/2016','12:00pm',1),(423,13,258,'Hourly',1,'10/06/2016','08:00am',1),(424,13,258,'Hourly',1,'10/06/2016','09:00am',1),(425,13,258,'Hourly',1,'10/06/2016','11:00am',1),(426,13,258,'Hourly',1,'10/06/2016','12:00pm',1),(427,58,265,'Hourly',1,'08/06/2016','09:00am',1),(428,58,265,'Hourly',1,'08/06/2016','10:00am',1),(429,58,265,'Hourly',1,'08/06/2016','11:00am',1),(430,58,266,'Hourly',2,'08/06/2016','09:00am',1),(431,58,266,'Hourly',2,'08/06/2016','10:00am',1),(432,58,266,'Hourly',2,'08/06/2016','11:00am',1),(433,58,267,'Hourly',2,'08/06/2016','10:00am',1),(434,58,267,'Hourly',2,'08/06/2016','09:00am',1),(435,58,271,'Hourly',2,'09/06/2016','09:00am',1),(436,58,272,'Hourly',2,'09/06/2016','01:00pm',1),(437,58,272,'Hourly',2,'09/06/2016','02:00pm',1),(438,58,273,'Hourly',2,'09/06/2016','11:00am',1),(439,3,275,'Hourly',1,'07/06/2016','09:00am',1),(440,3,275,'Hourly',1,'08/06/2016','10:00am',1),(441,3,275,'Hourly',1,'09/06/2016','11:00am',1),(442,3,275,'Hourly',1,'10/06/2016','12:00pm',1),(443,3,275,'Hourly',1,'11/06/2016','01:00pm',1),(444,3,275,'Hourly',1,'12/06/2016','02:00pm',1),(445,3,275,'Hourly',1,'07/06/2016','02:00pm',1),(446,3,275,'Hourly',1,'08/06/2016','02:00pm',1),(447,3,275,'Hourly',1,'09/06/2016','02:00pm',1),(448,3,275,'Hourly',1,'10/06/2016','02:00pm',1),(449,3,275,'Hourly',1,'11/06/2016','02:00pm',1),(450,3,276,'Hourly',1,'07/06/2016','09:00am',1),(451,3,276,'Hourly',1,'08/06/2016','10:00am',1),(452,3,276,'Hourly',1,'09/06/2016','11:00am',1),(453,3,276,'Hourly',1,'10/06/2016','12:00pm',1),(454,3,276,'Hourly',1,'11/06/2016','01:00pm',1),(455,3,276,'Hourly',1,'12/06/2016','02:00pm',1),(456,3,276,'Hourly',1,'07/06/2016','02:00pm',1),(457,3,276,'Hourly',1,'08/06/2016','02:00pm',1),(458,3,276,'Hourly',1,'09/06/2016','02:00pm',1),(459,3,276,'Hourly',1,'10/06/2016','02:00pm',1),(460,3,276,'Hourly',1,'11/06/2016','02:00pm',1),(461,3,277,'Hourly',1,'07/06/2016','09:00am',1),(462,3,277,'Hourly',1,'08/06/2016','10:00am',1),(463,3,277,'Hourly',1,'09/06/2016','11:00am',1),(464,3,277,'Hourly',1,'10/06/2016','12:00pm',1),(465,3,277,'Hourly',1,'11/06/2016','01:00pm',1),(466,3,277,'Hourly',1,'12/06/2016','02:00pm',1),(467,3,277,'Hourly',1,'07/06/2016','02:00pm',1),(468,3,277,'Hourly',1,'08/06/2016','02:00pm',1),(469,3,277,'Hourly',1,'09/06/2016','02:00pm',1),(470,3,277,'Hourly',1,'10/06/2016','02:00pm',1),(471,3,277,'Hourly',1,'11/06/2016','02:00pm',1),(472,3,278,'Hourly',1,'07/06/2016','09:00am',1),(473,3,278,'Hourly',1,'08/06/2016','10:00am',1),(474,3,278,'Hourly',1,'09/06/2016','11:00am',1),(475,3,278,'Hourly',1,'10/06/2016','12:00pm',1),(476,3,278,'Hourly',1,'11/06/2016','01:00pm',1),(477,3,278,'Hourly',1,'12/06/2016','02:00pm',1),(478,3,278,'Hourly',1,'07/06/2016','02:00pm',1),(479,3,278,'Hourly',1,'08/06/2016','02:00pm',1),(480,3,278,'Hourly',1,'09/06/2016','02:00pm',1),(481,3,278,'Hourly',1,'10/06/2016','02:00pm',1),(482,3,278,'Hourly',1,'11/06/2016','02:00pm',1),(483,3,279,'Hourly',1,'07/06/2016','09:00am',1),(484,3,279,'Hourly',1,'08/06/2016','10:00am',1),(485,3,279,'Hourly',1,'09/06/2016','11:00am',1),(486,3,279,'Hourly',1,'10/06/2016','12:00pm',1),(487,3,279,'Hourly',1,'11/06/2016','01:00pm',1),(488,3,279,'Hourly',1,'12/06/2016','02:00pm',1),(489,3,279,'Hourly',1,'11/06/2016','02:00pm',1),(490,3,279,'Hourly',1,'10/06/2016','02:00pm',1),(491,3,279,'Hourly',1,'09/06/2016','02:00pm',1),(492,3,279,'Hourly',1,'08/06/2016','02:00pm',1),(493,3,279,'Hourly',1,'07/06/2016','02:00pm',1),(494,3,280,'Hourly',1,'07/06/2016','09:00am',1),(495,3,280,'Hourly',1,'08/06/2016','10:00am',1),(496,3,285,'Hourly',2,'7/6/2016','09:00am',1),(497,3,285,'Hourly',2,'7/6/2016','05:00pm',1),(498,60,288,'HalfDay',1,'09/06/2016','10:00am',2),(499,60,288,'HalfDay',1,'09/06/2016','11:00am',2),(500,60,288,'HalfDay',1,'09/06/2016','12:00pm',2),(501,60,288,'HalfDay',1,'09/06/2016','01:00pm',2),(502,60,288,'HalfDay',1,'09/06/2016','02:00pm',2),(503,60,288,'HalfDay',1,'10/06/2016','03:00pm',2),(504,60,288,'HalfDay',1,'10/06/2016','04:00pm',2),(505,60,288,'HalfDay',1,'10/06/2016','05:00pm',2),(506,60,288,'HalfDay',1,'10/06/2016','06:00pm',2),(507,60,288,'HalfDay',1,'10/06/2016','07:00pm',2),(508,60,288,'HalfDay',1,'10/06/2016','08:00pm',2),(509,60,289,'HalfDay',30,'09/06/2016','10:00am',2),(510,60,289,'HalfDay',30,'09/06/2016','11:00am',2),(511,60,289,'HalfDay',30,'09/06/2016','12:00pm',2),(512,60,289,'HalfDay',30,'09/06/2016','01:00pm',2),(513,60,289,'HalfDay',30,'09/06/2016','02:00pm',2),(514,60,289,'HalfDay',30,'10/06/2016','03:00pm',2),(515,60,289,'HalfDay',30,'10/06/2016','04:00pm',2),(516,60,289,'HalfDay',30,'10/06/2016','05:00pm',2),(517,60,289,'HalfDay',30,'10/06/2016','06:00pm',2),(518,60,289,'HalfDay',30,'10/06/2016','07:00pm',2),(519,60,289,'HalfDay',30,'10/06/2016','08:00pm',2),(520,60,289,'HalfDay',30,'10/06/2016','10:00am',2),(521,60,289,'HalfDay',30,'10/06/2016','11:00am',2),(522,60,289,'HalfDay',30,'10/06/2016','12:00pm',2),(523,60,289,'HalfDay',30,'10/06/2016','01:00pm',2),(524,60,289,'HalfDay',30,'10/06/2016','02:00pm',2),(525,60,290,'HalfDay',30,'09/06/2016','10:00am',2),(526,60,290,'HalfDay',30,'09/06/2016','11:00am',2),(527,60,290,'HalfDay',30,'09/06/2016','12:00pm',2),(528,60,290,'HalfDay',30,'09/06/2016','01:00pm',2),(529,60,290,'HalfDay',30,'09/06/2016','02:00pm',2),(530,60,290,'HalfDay',30,'10/06/2016','03:00pm',2),(531,60,290,'HalfDay',30,'10/06/2016','04:00pm',2),(532,60,290,'HalfDay',30,'10/06/2016','05:00pm',2),(533,60,290,'HalfDay',30,'10/06/2016','06:00pm',2),(534,60,290,'HalfDay',30,'10/06/2016','07:00pm',2),(535,60,290,'HalfDay',30,'10/06/2016','08:00pm',2),(536,60,290,'HalfDay',30,'10/06/2016','10:00am',2),(537,60,290,'HalfDay',30,'10/06/2016','11:00am',2),(538,60,290,'HalfDay',30,'10/06/2016','12:00pm',2),(539,60,290,'HalfDay',30,'10/06/2016','01:00pm',2),(540,60,290,'HalfDay',30,'10/06/2016','02:00pm',2),(541,60,291,'HalfDay',30,'09/06/2016','10:00am',2),(542,60,291,'HalfDay',30,'09/06/2016','11:00am',2),(543,60,291,'HalfDay',30,'09/06/2016','12:00pm',2),(544,60,291,'HalfDay',30,'09/06/2016','01:00pm',2),(545,60,291,'HalfDay',30,'09/06/2016','02:00pm',2),(546,60,291,'HalfDay',30,'10/06/2016','03:00pm',2),(547,60,291,'HalfDay',30,'10/06/2016','04:00pm',2),(548,60,291,'HalfDay',30,'10/06/2016','05:00pm',2),(549,60,291,'HalfDay',30,'10/06/2016','06:00pm',2),(550,60,291,'HalfDay',30,'10/06/2016','07:00pm',2),(551,60,291,'HalfDay',30,'10/06/2016','08:00pm',2),(552,60,291,'HalfDay',30,'10/06/2016','10:00am',2),(553,60,291,'HalfDay',30,'10/06/2016','11:00am',2),(554,60,291,'HalfDay',30,'10/06/2016','12:00pm',2),(555,60,291,'HalfDay',30,'10/06/2016','01:00pm',2),(556,60,291,'HalfDay',30,'10/06/2016','02:00pm',2),(557,60,292,'HalfDay',30,'09/06/2016','10:00am',2),(558,60,292,'HalfDay',30,'09/06/2016','11:00am',2),(559,60,292,'HalfDay',30,'09/06/2016','12:00pm',2),(560,60,292,'HalfDay',30,'09/06/2016','01:00pm',2),(561,60,292,'HalfDay',30,'09/06/2016','02:00pm',2),(562,60,292,'HalfDay',30,'10/06/2016','03:00pm',2),(563,60,292,'HalfDay',30,'10/06/2016','04:00pm',2),(564,60,292,'HalfDay',30,'10/06/2016','05:00pm',2),(565,60,292,'HalfDay',30,'10/06/2016','06:00pm',2),(566,60,292,'HalfDay',30,'10/06/2016','07:00pm',2),(567,60,292,'HalfDay',30,'10/06/2016','08:00pm',2),(568,60,292,'HalfDay',30,'10/06/2016','10:00am',2),(569,60,292,'HalfDay',30,'10/06/2016','11:00am',2),(570,60,292,'HalfDay',30,'10/06/2016','12:00pm',2),(571,60,292,'HalfDay',30,'10/06/2016','01:00pm',2),(572,60,292,'HalfDay',30,'10/06/2016','02:00pm',2),(573,60,293,'HalfDay',30,'09/06/2016','10:00am',2),(574,60,293,'HalfDay',30,'09/06/2016','11:00am',2),(575,60,293,'HalfDay',30,'09/06/2016','12:00pm',2),(576,60,293,'HalfDay',30,'09/06/2016','01:00pm',2),(577,60,293,'HalfDay',30,'09/06/2016','02:00pm',2),(578,60,293,'HalfDay',30,'10/06/2016','03:00pm',2),(579,60,293,'HalfDay',30,'10/06/2016','04:00pm',2),(580,60,293,'HalfDay',30,'10/06/2016','05:00pm',2),(581,60,293,'HalfDay',30,'10/06/2016','06:00pm',2),(582,60,293,'HalfDay',30,'10/06/2016','07:00pm',2),(583,60,293,'HalfDay',30,'10/06/2016','08:00pm',2),(584,60,293,'HalfDay',30,'10/06/2016','10:00am',2),(585,60,293,'HalfDay',30,'10/06/2016','11:00am',2),(586,60,293,'HalfDay',30,'10/06/2016','12:00pm',2),(587,60,293,'HalfDay',30,'10/06/2016','01:00pm',2),(588,60,293,'HalfDay',30,'10/06/2016','02:00pm',2),(589,60,294,'HalfDay',30,'09/06/2016','10:00am',2),(590,60,294,'HalfDay',30,'09/06/2016','11:00am',2),(591,60,294,'HalfDay',30,'09/06/2016','12:00pm',2),(592,60,294,'HalfDay',30,'09/06/2016','01:00pm',2),(593,60,294,'HalfDay',30,'09/06/2016','02:00pm',2),(594,60,294,'HalfDay',30,'10/06/2016','03:00pm',2),(595,60,294,'HalfDay',30,'10/06/2016','04:00pm',2),(596,60,294,'HalfDay',30,'10/06/2016','05:00pm',2),(597,60,294,'HalfDay',30,'10/06/2016','06:00pm',2),(598,60,294,'HalfDay',30,'10/06/2016','07:00pm',2),(599,60,294,'HalfDay',30,'10/06/2016','08:00pm',2),(600,60,294,'HalfDay',30,'10/06/2016','10:00am',2),(601,60,294,'HalfDay',30,'10/06/2016','11:00am',2),(602,60,294,'HalfDay',30,'10/06/2016','12:00pm',2),(603,60,294,'HalfDay',30,'10/06/2016','01:00pm',2),(604,60,294,'HalfDay',30,'10/06/2016','02:00pm',2),(605,60,295,'HalfDay',30,'09/06/2016','10:00am',2),(606,60,295,'HalfDay',30,'09/06/2016','11:00am',2),(607,60,295,'HalfDay',30,'09/06/2016','12:00pm',2),(608,60,295,'HalfDay',30,'09/06/2016','01:00pm',2),(609,60,295,'HalfDay',30,'09/06/2016','02:00pm',2),(610,60,295,'HalfDay',30,'10/06/2016','03:00pm',2),(611,60,295,'HalfDay',30,'10/06/2016','04:00pm',2),(612,60,295,'HalfDay',30,'10/06/2016','05:00pm',2),(613,60,295,'HalfDay',30,'10/06/2016','06:00pm',2),(614,60,295,'HalfDay',30,'10/06/2016','07:00pm',2),(615,60,295,'HalfDay',30,'10/06/2016','08:00pm',2),(616,60,295,'HalfDay',30,'10/06/2016','10:00am',2),(617,60,295,'HalfDay',30,'10/06/2016','11:00am',2),(618,60,295,'HalfDay',30,'10/06/2016','12:00pm',2),(619,60,295,'HalfDay',30,'10/06/2016','01:00pm',2),(620,60,295,'HalfDay',30,'10/06/2016','02:00pm',2),(621,60,296,'HalfDay',30,'09/06/2016','03:00pm',1),(622,60,296,'HalfDay',30,'09/06/2016','04:00pm',1),(623,60,296,'HalfDay',30,'09/06/2016','05:00pm',1),(624,60,296,'HalfDay',30,'09/06/2016','06:00pm',1),(625,60,296,'HalfDay',30,'09/06/2016','07:00pm',1),(626,60,296,'HalfDay',30,'09/06/2016','08:00pm',1),(627,60,296,'HalfDay',30,'08/06/2016','03:00pm',1),(628,60,296,'HalfDay',30,'08/06/2016','04:00pm',1),(629,60,296,'HalfDay',30,'08/06/2016','05:00pm',1),(630,60,296,'HalfDay',30,'08/06/2016','06:00pm',1),(631,60,296,'HalfDay',30,'08/06/2016','07:00pm',1),(632,60,296,'HalfDay',30,'08/06/2016','08:00pm',1),(633,60,296,'HalfDay',30,'08/06/2016','10:00am',1),(634,60,296,'HalfDay',30,'08/06/2016','11:00am',1),(635,60,296,'HalfDay',30,'08/06/2016','12:00pm',1),(636,60,296,'HalfDay',30,'08/06/2016','01:00pm',1),(637,60,296,'HalfDay',30,'08/06/2016','02:00pm',1),(638,60,297,'HalfDay',30,'09/06/2016','03:00pm',1),(639,60,297,'HalfDay',30,'09/06/2016','04:00pm',1),(640,60,297,'HalfDay',30,'09/06/2016','05:00pm',1),(641,60,297,'HalfDay',30,'09/06/2016','06:00pm',1),(642,60,297,'HalfDay',30,'09/06/2016','07:00pm',1),(643,60,297,'HalfDay',30,'09/06/2016','08:00pm',1),(644,60,297,'HalfDay',30,'08/06/2016','03:00pm',1),(645,60,297,'HalfDay',30,'08/06/2016','04:00pm',1),(646,60,297,'HalfDay',30,'08/06/2016','05:00pm',1),(647,60,297,'HalfDay',30,'08/06/2016','06:00pm',1),(648,60,297,'HalfDay',30,'08/06/2016','07:00pm',1),(649,60,297,'HalfDay',30,'08/06/2016','08:00pm',1),(650,60,297,'HalfDay',30,'08/06/2016','10:00am',1),(651,60,297,'HalfDay',30,'08/06/2016','11:00am',1),(652,60,297,'HalfDay',30,'08/06/2016','12:00pm',1),(653,60,297,'HalfDay',30,'08/06/2016','01:00pm',1),(654,60,297,'HalfDay',30,'08/06/2016','02:00pm',1),(655,60,298,'HalfDay',30,'09/06/2016','03:00pm',1),(656,60,298,'HalfDay',30,'09/06/2016','04:00pm',1),(657,60,298,'HalfDay',30,'09/06/2016','05:00pm',1),(658,60,298,'HalfDay',30,'09/06/2016','06:00pm',1),(659,60,298,'HalfDay',30,'09/06/2016','07:00pm',1),(660,60,298,'HalfDay',30,'09/06/2016','08:00pm',1),(661,60,298,'HalfDay',30,'08/06/2016','03:00pm',1),(662,60,298,'HalfDay',30,'08/06/2016','04:00pm',1),(663,60,298,'HalfDay',30,'08/06/2016','05:00pm',1),(664,60,298,'HalfDay',30,'08/06/2016','06:00pm',1),(665,60,298,'HalfDay',30,'08/06/2016','07:00pm',1),(666,60,298,'HalfDay',30,'08/06/2016','08:00pm',1),(667,60,298,'HalfDay',30,'08/06/2016','10:00am',1),(668,60,298,'HalfDay',30,'08/06/2016','11:00am',1),(669,60,298,'HalfDay',30,'08/06/2016','12:00pm',1),(670,60,298,'HalfDay',30,'08/06/2016','01:00pm',1),(671,60,298,'HalfDay',30,'08/06/2016','02:00pm',1),(672,60,301,'HalfDay',30,'09/06/2016','03:00pm',2),(673,60,301,'HalfDay',30,'09/06/2016','04:00pm',2),(674,60,301,'HalfDay',30,'09/06/2016','05:00pm',2),(675,60,301,'HalfDay',30,'09/06/2016','06:00pm',2),(676,60,301,'HalfDay',30,'09/06/2016','07:00pm',2),(677,60,301,'HalfDay',30,'09/06/2016','08:00pm',2),(678,60,301,'HalfDay',30,'08/06/2016','03:00pm',2),(679,60,301,'HalfDay',30,'08/06/2016','04:00pm',2),(680,60,301,'HalfDay',30,'08/06/2016','05:00pm',2),(681,60,301,'HalfDay',30,'08/06/2016','06:00pm',2),(682,60,301,'HalfDay',30,'08/06/2016','07:00pm',2),(683,60,301,'HalfDay',30,'08/06/2016','08:00pm',2),(684,60,301,'HalfDay',30,'08/06/2016','10:00am',2),(685,60,301,'HalfDay',30,'08/06/2016','11:00am',2),(686,60,301,'HalfDay',30,'08/06/2016','12:00pm',2),(687,60,301,'HalfDay',30,'08/06/2016','01:00pm',2),(688,60,301,'HalfDay',30,'08/06/2016','02:00pm',2),(689,60,302,'HalfDay',30,'09/06/2016','03:00pm',2),(690,60,302,'HalfDay',30,'09/06/2016','04:00pm',2),(691,60,302,'HalfDay',30,'09/06/2016','05:00pm',2),(692,60,302,'HalfDay',30,'09/06/2016','06:00pm',2),(693,60,302,'HalfDay',30,'09/06/2016','07:00pm',2),(694,60,302,'HalfDay',30,'09/06/2016','08:00pm',2),(695,60,302,'HalfDay',30,'08/06/2016','03:00pm',2),(696,60,302,'HalfDay',30,'08/06/2016','04:00pm',2),(697,60,302,'HalfDay',30,'08/06/2016','05:00pm',2),(698,60,302,'HalfDay',30,'08/06/2016','06:00pm',2),(699,60,302,'HalfDay',30,'08/06/2016','07:00pm',2),(700,60,302,'HalfDay',30,'08/06/2016','08:00pm',2),(701,60,302,'HalfDay',30,'08/06/2016','10:00am',2),(702,60,302,'HalfDay',30,'08/06/2016','11:00am',2),(703,60,302,'HalfDay',30,'08/06/2016','12:00pm',2),(704,60,302,'HalfDay',30,'08/06/2016','01:00pm',2),(705,60,302,'HalfDay',30,'08/06/2016','02:00pm',2),(706,60,302,'HalfDay',30,'11/06/2016','03:00pm',2),(707,60,302,'HalfDay',30,'11/06/2016','04:00pm',2),(708,60,302,'HalfDay',30,'11/06/2016','05:00pm',2),(709,60,302,'HalfDay',30,'11/06/2016','06:00pm',2),(710,60,302,'HalfDay',30,'11/06/2016','07:00pm',2),(711,60,302,'HalfDay',30,'11/06/2016','08:00pm',2),(712,60,303,'HalfDay',30,'09/06/2016','03:00pm',2),(713,60,303,'HalfDay',30,'09/06/2016','04:00pm',2),(714,60,303,'HalfDay',30,'09/06/2016','05:00pm',2),(715,60,303,'HalfDay',30,'09/06/2016','06:00pm',2),(716,60,303,'HalfDay',30,'09/06/2016','07:00pm',2),(717,60,303,'HalfDay',30,'09/06/2016','08:00pm',2),(718,60,303,'HalfDay',30,'08/06/2016','03:00pm',2),(719,60,303,'HalfDay',30,'08/06/2016','04:00pm',2),(720,60,303,'HalfDay',30,'08/06/2016','05:00pm',2),(721,60,303,'HalfDay',30,'08/06/2016','06:00pm',2),(722,60,303,'HalfDay',30,'08/06/2016','07:00pm',2),(723,60,303,'HalfDay',30,'08/06/2016','08:00pm',2),(724,60,303,'HalfDay',30,'08/06/2016','10:00am',2),(725,60,303,'HalfDay',30,'08/06/2016','11:00am',2),(726,60,303,'HalfDay',30,'08/06/2016','12:00pm',2),(727,60,303,'HalfDay',30,'08/06/2016','01:00pm',2),(728,60,303,'HalfDay',30,'08/06/2016','02:00pm',2),(729,60,303,'HalfDay',30,'11/06/2016','03:00pm',2),(730,60,303,'HalfDay',30,'11/06/2016','04:00pm',2),(731,60,303,'HalfDay',30,'11/06/2016','05:00pm',2),(732,60,303,'HalfDay',30,'11/06/2016','06:00pm',2),(733,60,303,'HalfDay',30,'11/06/2016','07:00pm',2),(734,60,303,'HalfDay',30,'11/06/2016','08:00pm',2),(735,3,305,'Hourly',1,'10/06/2016','09:00am',1),(736,3,305,'Hourly',1,'10/06/2016','10:00am',1),(737,3,305,'Hourly',1,'10/06/2016','12:00pm',1),(738,3,305,'Hourly',1,'10/06/2016','01:00pm',1),(739,3,306,'Hourly',1,'09/06/2016','01:00pm',1),(740,3,306,'Hourly',1,'09/06/2016','02:00pm',1),(741,12,319,'Hourly',1,'10/06/2016','12:00pm',1),(742,12,319,'Hourly',1,'10/06/2016','01:00pm',1),(743,7,322,'HalfDay',1,'08/06/2016','10:00am',1),(744,7,322,'HalfDay',1,'08/06/2016','11:00am',1),(745,7,322,'HalfDay',1,'08/06/2016','12:00pm',1),(746,7,322,'HalfDay',1,'08/06/2016','01:00pm',1),(747,7,322,'HalfDay',1,'08/06/2016','02:00pm',1),(748,7,322,'HalfDay',1,'08/06/2016','03:00pm',1),(749,7,323,'HalfDay',1,'08/06/2016','10:00am',1),(750,7,323,'HalfDay',1,'08/06/2016','11:00am',1),(751,7,323,'HalfDay',1,'08/06/2016','12:00pm',1),(752,7,323,'HalfDay',1,'08/06/2016','01:00pm',1),(753,7,323,'HalfDay',1,'08/06/2016','02:00pm',1),(754,7,323,'HalfDay',1,'08/06/2016','03:00pm',1),(755,7,323,'HalfDay',1,'10/06/2016','10:00am',1),(756,7,323,'HalfDay',1,'10/06/2016','11:00am',1),(757,7,323,'HalfDay',1,'10/06/2016','12:00pm',1),(758,7,323,'HalfDay',1,'10/06/2016','01:00pm',1),(759,7,323,'HalfDay',1,'10/06/2016','02:00pm',1),(760,7,323,'HalfDay',1,'10/06/2016','03:00pm',1),(761,7,325,'HalfDay',1,'08/06/2016','10:00am',2),(762,7,325,'HalfDay',1,'08/06/2016','11:00am',2),(763,7,325,'HalfDay',1,'08/06/2016','12:00pm',2),(764,7,325,'HalfDay',1,'08/06/2016','01:00pm',2),(765,7,325,'HalfDay',1,'08/06/2016','02:00pm',2),(766,7,325,'HalfDay',1,'08/06/2016','03:00pm',2),(767,7,325,'HalfDay',1,'10/06/2016','04:00pm',2),(768,7,325,'HalfDay',1,'10/06/2016','05:00pm',2),(769,7,325,'HalfDay',1,'10/06/2016','06:00pm',2),(770,7,325,'HalfDay',1,'10/06/2016','07:00pm',2),(771,7,325,'HalfDay',1,'10/06/2016','08:00pm',2),(772,7,325,'HalfDay',1,'10/06/2016','09:00pm',2),(773,7,325,'HalfDay',1,'10/06/2016','10:00pm',2),(774,7,325,'HalfDay',1,'10/06/2016','10:00am',2),(775,7,325,'HalfDay',1,'10/06/2016','11:00am',2),(776,7,325,'HalfDay',1,'10/06/2016','12:00pm',2),(777,7,325,'HalfDay',1,'10/06/2016','01:00pm',2),(778,7,325,'HalfDay',1,'10/06/2016','02:00pm',2),(779,7,325,'HalfDay',1,'10/06/2016','03:00pm',2),(780,60,328,'HalfDay',1,'10/06/2016','10:00am',1),(781,60,328,'HalfDay',1,'10/06/2016','11:00am',1),(782,60,328,'HalfDay',1,'10/06/2016','12:00pm',1),(783,60,328,'HalfDay',1,'10/06/2016','01:00pm',1),(784,60,328,'HalfDay',1,'10/06/2016','02:00pm',1),(785,60,329,'HalfDay',1,'10/06/2016','10:00am',1),(786,60,329,'HalfDay',1,'10/06/2016','11:00am',1),(787,60,329,'HalfDay',1,'10/06/2016','12:00pm',1),(788,60,329,'HalfDay',1,'10/06/2016','01:00pm',1),(789,60,329,'HalfDay',1,'10/06/2016','02:00pm',1),(790,60,329,'HalfDay',1,'12/06/2016','10:00am',1),(791,60,329,'HalfDay',1,'12/06/2016','11:00am',1),(792,60,329,'HalfDay',1,'12/06/2016','12:00pm',1),(793,60,329,'HalfDay',1,'12/06/2016','01:00pm',1),(794,60,329,'HalfDay',1,'12/06/2016','02:00pm',1),(795,60,330,'HalfDay',1,'10/06/2016','10:00am',1),(796,60,330,'HalfDay',1,'10/06/2016','11:00am',1),(797,60,330,'HalfDay',1,'10/06/2016','12:00pm',1),(798,60,330,'HalfDay',1,'10/06/2016','01:00pm',1),(799,60,330,'HalfDay',1,'10/06/2016','02:00pm',1),(800,60,330,'HalfDay',1,'12/06/2016','10:00am',1),(801,60,330,'HalfDay',1,'12/06/2016','11:00am',1),(802,60,330,'HalfDay',1,'12/06/2016','12:00pm',1),(803,60,330,'HalfDay',1,'12/06/2016','01:00pm',1),(804,60,330,'HalfDay',1,'12/06/2016','02:00pm',1),(805,60,331,'HalfDay',1,'12/06/2016','10:00am',2),(806,60,331,'HalfDay',1,'12/06/2016','11:00am',2),(807,60,331,'HalfDay',1,'12/06/2016','12:00pm',2),(808,60,331,'HalfDay',1,'12/06/2016','01:00pm',2),(809,60,331,'HalfDay',1,'12/06/2016','02:00pm',2),(810,60,331,'HalfDay',1,'13/06/2016','10:00am',2),(811,60,331,'HalfDay',1,'13/06/2016','11:00am',2),(812,60,331,'HalfDay',1,'13/06/2016','12:00pm',2),(813,60,331,'HalfDay',1,'13/06/2016','01:00pm',2),(814,60,331,'HalfDay',1,'13/06/2016','02:00pm',2),(815,60,331,'HalfDay',1,'13/06/2016','03:00pm',2),(816,60,331,'HalfDay',1,'13/06/2016','04:00pm',2),(817,60,331,'HalfDay',1,'13/06/2016','05:00pm',2),(818,60,331,'HalfDay',1,'13/06/2016','06:00pm',2),(819,60,331,'HalfDay',1,'13/06/2016','07:00pm',2),(820,60,331,'HalfDay',1,'13/06/2016','08:00pm',2),(821,60,332,'HalfDay',1,'10/06/2016','10:00am',1),(822,60,332,'HalfDay',1,'10/06/2016','11:00am',1),(823,60,332,'HalfDay',1,'10/06/2016','12:00pm',1),(824,60,332,'HalfDay',1,'10/06/2016','01:00pm',1),(825,60,332,'HalfDay',1,'10/06/2016','02:00pm',1),(826,60,332,'HalfDay',1,'12/06/2016','10:00am',1),(827,60,332,'HalfDay',1,'12/06/2016','11:00am',1),(828,60,332,'HalfDay',1,'12/06/2016','12:00pm',1),(829,60,332,'HalfDay',1,'12/06/2016','01:00pm',1),(830,60,332,'HalfDay',1,'12/06/2016','02:00pm',1),(831,60,332,'HalfDay',1,'12/06/2016','03:00pm',1),(832,60,332,'HalfDay',1,'12/06/2016','04:00pm',1),(833,60,332,'HalfDay',1,'12/06/2016','05:00pm',1),(834,60,332,'HalfDay',1,'12/06/2016','06:00pm',1),(835,60,332,'HalfDay',1,'12/06/2016','07:00pm',1),(836,60,332,'HalfDay',1,'12/06/2016','08:00pm',1),(837,60,333,'HalfDay',1,'13/06/2016','10:00am',2),(838,60,333,'HalfDay',1,'13/06/2016','11:00am',2),(839,60,333,'HalfDay',1,'13/06/2016','12:00pm',2),(840,60,333,'HalfDay',1,'13/06/2016','01:00pm',2),(841,60,333,'HalfDay',1,'13/06/2016','02:00pm',2),(842,60,333,'HalfDay',1,'13/06/2016','03:00pm',2),(843,60,333,'HalfDay',1,'13/06/2016','04:00pm',2),(844,60,333,'HalfDay',1,'13/06/2016','05:00pm',2),(845,60,333,'HalfDay',1,'13/06/2016','06:00pm',2),(846,60,333,'HalfDay',1,'13/06/2016','07:00pm',2),(847,60,333,'HalfDay',1,'13/06/2016','08:00pm',2),(848,60,333,'HalfDay',1,'12/06/2016','10:00am',2),(849,60,333,'HalfDay',1,'12/06/2016','11:00am',2),(850,60,333,'HalfDay',1,'12/06/2016','12:00pm',2),(851,60,333,'HalfDay',1,'12/06/2016','01:00pm',2),(852,60,333,'HalfDay',1,'12/06/2016','02:00pm',2),(855,3,345,'Hourly',1,'10/06/2016','04:00pm',1),(856,3,346,'Hourly',1,'10/06/2016','01:00pm',1),(857,3,347,'Hourly',1,'09/06/2016','03:00pm',1),(858,7,353,'HalfDay',25,'09/06/2016','10:00am',2),(859,7,353,'HalfDay',25,'09/06/2016','11:00am',2),(860,7,353,'HalfDay',25,'09/06/2016','12:00pm',2),(861,7,353,'HalfDay',25,'09/06/2016','01:00pm',2),(862,7,353,'HalfDay',25,'09/06/2016','02:00pm',2),(863,7,353,'HalfDay',25,'09/06/2016','03:00pm',2),(864,7,354,'HalfDay',25,'09/06/2016','04:00pm',2),(865,7,354,'HalfDay',25,'09/06/2016','05:00pm',2),(866,7,354,'HalfDay',25,'09/06/2016','06:00pm',2),(867,7,354,'HalfDay',25,'09/06/2016','07:00pm',2),(868,7,354,'HalfDay',25,'09/06/2016','08:00pm',2),(869,7,354,'HalfDay',25,'09/06/2016','09:00pm',2),(870,7,354,'HalfDay',25,'09/06/2016','10:00pm',2),(871,7,355,'HalfDay',25,'08/06/2016','04:00pm',2),(872,7,355,'HalfDay',25,'08/06/2016','05:00pm',2),(873,7,355,'HalfDay',25,'08/06/2016','06:00pm',2),(874,7,355,'HalfDay',25,'08/06/2016','07:00pm',2),(875,7,355,'HalfDay',25,'08/06/2016','08:00pm',2),(876,7,355,'HalfDay',25,'08/06/2016','09:00pm',2),(877,7,355,'HalfDay',25,'08/06/2016','10:00pm',2),(878,60,356,'HalfDay',29,'11/06/2016','10:00am',2),(879,60,356,'HalfDay',29,'11/06/2016','11:00am',2),(880,60,356,'HalfDay',29,'11/06/2016','12:00pm',2),(881,60,356,'HalfDay',29,'11/06/2016','01:00pm',2),(882,60,356,'HalfDay',29,'11/06/2016','02:00pm',2),(883,13,363,'Hourly',19,'13/06/2016','08:00am',1),(884,13,363,'Hourly',19,'13/06/2016','09:00am',1),(885,13,363,'Hourly',19,'13/06/2016','02:00pm',1),(886,13,363,'Hourly',19,'13/06/2016','01:00pm',1),(887,13,364,'Hourly',19,'12/06/2016','08:00am',1),(888,13,364,'Hourly',19,'12/06/2016','09:00am',1),(889,13,364,'Hourly',19,'12/06/2016','01:00pm',1),(890,13,364,'Hourly',19,'12/06/2016','02:00pm',1),(891,13,365,'Hourly',19,'14/06/2016','08:00am',1),(892,13,365,'Hourly',19,'14/06/2016','09:00am',1),(893,10,370,'Hourly',1,'11/06/2016','02:00pm',1),(894,10,370,'Hourly',1,'11/06/2016','03:00pm',1),(1072,59,410,'HalfDay',20,'11/06/2016','09:00am',1),(1073,59,410,'HalfDay',20,'11/06/2016','10:00am',1),(1074,59,410,'HalfDay',20,'11/06/2016','11:00am',1),(1075,59,410,'HalfDay',20,'11/06/2016','12:00pm',1),(1076,59,410,'HalfDay',20,'11/06/2016','01:00pm',1),(1084,59,412,'HalfDay',20,'10/06/2016','09:00am',1),(1085,59,412,'HalfDay',20,'10/06/2016','10:00am',1),(1086,59,412,'HalfDay',20,'10/06/2016','11:00am',1),(1087,59,412,'HalfDay',20,'10/06/2016','12:00pm',1),(1088,59,412,'HalfDay',20,'10/06/2016','01:00pm',1),(1123,3,424,'Hourly',1,'10/06/2016','10:00am',1),(1124,3,424,'Hourly',1,'11/06/2016','11:00am',1),(1125,3,424,'Hourly',1,'12/06/2016','12:00pm',1),(1126,3,424,'Hourly',1,'13/06/2016','01:00pm',1),(1127,3,424,'Hourly',1,'14/06/2016','02:00pm',1),(1128,3,424,'Hourly',1,'10/06/2016','11:00am',1),(1129,3,424,'Hourly',1,'10/06/2016','01:00pm',1),(1130,3,424,'Hourly',1,'10/06/2016','12:00pm',1),(1131,3,424,'Hourly',1,'10/06/2016','02:00pm',1),(1132,3,424,'Hourly',1,'11/06/2016','02:00pm',1),(1133,3,424,'Hourly',1,'12/06/2016','02:00pm',1),(1134,3,424,'Hourly',1,'13/06/2016','02:00pm',1),(1135,3,425,'Hourly',1,'10/06/2016','10:00am',1),(1136,3,425,'Hourly',1,'11/06/2016','11:00am',1),(1137,3,425,'Hourly',1,'12/06/2016','12:00pm',1),(1138,3,425,'Hourly',1,'13/06/2016','01:00pm',1),(1139,3,425,'Hourly',1,'14/06/2016','02:00pm',1),(1140,3,425,'Hourly',1,'13/06/2016','02:00pm',1),(1141,3,425,'Hourly',1,'12/06/2016','02:00pm',1),(1142,3,425,'Hourly',1,'11/06/2016','02:00pm',1),(1143,3,425,'Hourly',1,'10/06/2016','02:00pm',1),(1144,3,425,'Hourly',1,'10/06/2016','01:00pm',1),(1145,3,425,'Hourly',1,'10/06/2016','12:00pm',1),(1146,3,425,'Hourly',1,'10/06/2016','11:00am',1),(1147,3,426,'Hourly',1,'10/06/2016','10:00am',1),(1148,3,426,'Hourly',1,'11/06/2016','11:00am',1),(1149,3,426,'Hourly',1,'12/06/2016','12:00pm',1),(1150,3,426,'Hourly',1,'13/06/2016','01:00pm',1),(1151,3,426,'Hourly',1,'14/06/2016','02:00pm',1),(1152,3,426,'Hourly',1,'13/06/2016','02:00pm',1),(1153,3,426,'Hourly',1,'12/06/2016','02:00pm',1),(1154,3,426,'Hourly',1,'11/06/2016','02:00pm',1),(1155,3,426,'Hourly',1,'10/06/2016','02:00pm',1),(1156,3,426,'Hourly',1,'10/06/2016','01:00pm',1),(1157,3,426,'Hourly',1,'10/06/2016','11:00am',1),(1158,3,426,'Hourly',1,'10/06/2016','12:00pm',1),(1159,3,427,'Hourly',50,'17/06/2016','10:00am',1),(1160,3,427,'Hourly',50,'17/06/2016','11:00am',1),(1161,3,427,'Hourly',50,'17/06/2016','12:00pm',1),(1162,3,427,'Hourly',50,'17/06/2016','01:00pm',1),(1163,3,427,'Hourly',50,'17/06/2016','02:00pm',1),(1164,3,427,'Hourly',50,'18/06/2016','02:00pm',1),(1165,3,427,'Hourly',50,'19/06/2016','02:00pm',1),(1166,3,427,'Hourly',50,'20/06/2016','02:00pm',1),(1167,3,427,'Hourly',50,'21/06/2016','02:00pm',1),(1168,3,427,'Hourly',50,'20/06/2016','01:00pm',1),(1169,3,427,'Hourly',50,'19/06/2016','12:00pm',1),(1170,3,427,'Hourly',50,'18/06/2016','11:00am',1),(1171,10,428,'Hourly',50,'15/06/2016','03:00pm',1),(1172,10,428,'Hourly',50,'17/06/2016','03:00pm',1),(1173,10,428,'Hourly',50,'22/06/2016','09:00am',1),(1174,10,428,'Hourly',50,'23/06/2016','09:00am',1),(1175,10,428,'Hourly',50,'24/06/2016','09:00am',1),(1176,10,428,'Hourly',50,'27/06/2016','09:00am',1),(1177,10,428,'Hourly',50,'28/06/2016','09:00am',1),(1178,10,428,'Hourly',50,'26/06/2016','09:00am',1),(1179,10,428,'Hourly',50,'25/06/2016','09:00am',1),(1180,10,428,'Hourly',50,'22/06/2016','10:00am',1),(1181,10,428,'Hourly',50,'23/06/2016','10:00am',1),(1182,10,428,'Hourly',50,'24/06/2016','10:00am',1),(1183,10,428,'Hourly',50,'25/06/2016','10:00am',1),(1184,10,428,'Hourly',50,'26/06/2016','10:00am',1),(1185,10,428,'Hourly',50,'27/06/2016','10:00am',1),(1186,10,428,'Hourly',50,'28/06/2016','11:00am',1),(1187,10,428,'Hourly',50,'28/06/2016','10:00am',1),(1188,10,428,'Hourly',50,'27/06/2016','11:00am',1),(1189,10,428,'Hourly',50,'26/06/2016','11:00am',1),(1190,10,428,'Hourly',50,'25/06/2016','11:00am',1),(1191,10,428,'Hourly',50,'24/06/2016','11:00am',1),(1192,10,428,'Hourly',50,'23/06/2016','11:00am',1),(1193,10,428,'Hourly',50,'22/06/2016','11:00am',1),(1194,14,429,'Hourly',1,'10/06/2016','10:00am',1),(1195,14,429,'Hourly',1,'10/06/2016','11:00am',1),(1196,3,430,'Hourly',1,'13/06/2016','06:00pm',1),(1197,3,430,'Hourly',1,'09/06/2016','12:00pm',1),(1198,3,430,'Hourly',1,'09/06/2016','11:00am',1),(1199,3,431,'Hourly',1,'09/06/2016','11:00am',1),(1200,3,432,'Hourly',1,'09/06/2016','12:00pm',1),(1201,3,432,'Hourly',1,'09/06/2016','01:00pm',1),(1202,14,437,'Hourly',1,'12/06/2016','10:00am',1),(1203,14,437,'Hourly',1,'12/06/2016','11:00am',1),(1204,64,443,'Hourly',1,'12/06/2016','01:00pm',1),(1205,64,443,'Hourly',1,'12/06/2016','02:00pm',1),(1206,64,443,'Hourly',1,'12/06/2016','12:00pm',1),(1207,64,443,'Hourly',1,'12/06/2016','03:00pm',1),(1208,63,444,'HalfDay',1,'10/06/2016','04:00pm',1),(1209,63,444,'HalfDay',1,'10/06/2016','05:00pm',1),(1210,63,444,'HalfDay',1,'10/06/2016','06:00pm',1),(1211,63,444,'HalfDay',1,'10/06/2016','07:00pm',1),(1212,63,444,'HalfDay',1,'10/06/2016','08:00pm',1),(1213,63,444,'HalfDay',1,'10/06/2016','09:00pm',1),(1214,63,444,'HalfDay',1,'10/06/2016','10:00pm',1),(1215,63,444,'HalfDay',1,'11/06/2016','09:00am',1),(1216,63,444,'HalfDay',1,'11/06/2016','10:00am',1),(1217,63,444,'HalfDay',1,'11/06/2016','11:00am',1),(1218,63,444,'HalfDay',1,'11/06/2016','12:00pm',1),(1219,63,444,'HalfDay',1,'11/06/2016','01:00pm',1),(1220,63,444,'HalfDay',1,'11/06/2016','02:00pm',1),(1221,63,444,'HalfDay',1,'11/06/2016','03:00pm',1),(1222,63,444,'HalfDay',1,'12/06/2016','04:00pm',1),(1223,63,444,'HalfDay',1,'12/06/2016','05:00pm',1),(1224,63,444,'HalfDay',1,'12/06/2016','06:00pm',1),(1225,63,444,'HalfDay',1,'12/06/2016','07:00pm',1),(1226,63,444,'HalfDay',1,'12/06/2016','08:00pm',1),(1227,63,444,'HalfDay',1,'12/06/2016','09:00pm',1),(1228,63,444,'HalfDay',1,'12/06/2016','10:00pm',1),(1229,62,446,'HalfDay',1,'14/06/2016','01:00pm',1),(1230,62,446,'HalfDay',1,'14/06/2016','02:00pm',1),(1231,62,446,'HalfDay',1,'14/06/2016','03:00pm',1),(1232,62,446,'HalfDay',1,'14/06/2016','04:00pm',1),(1233,62,446,'HalfDay',1,'14/06/2016','05:00pm',1),(1234,63,447,'HalfDay',1,'12/06/2016','09:00am',1),(1235,63,447,'HalfDay',1,'12/06/2016','10:00am',1),(1236,63,447,'HalfDay',1,'12/06/2016','11:00am',1),(1237,63,447,'HalfDay',1,'12/06/2016','12:00pm',1),(1238,63,447,'HalfDay',1,'12/06/2016','01:00pm',1),(1239,63,447,'HalfDay',1,'12/06/2016','02:00pm',1),(1240,63,447,'HalfDay',1,'12/06/2016','03:00pm',1),(1241,63,447,'HalfDay',1,'13/06/2016','04:00pm',1),(1242,63,447,'HalfDay',1,'13/06/2016','05:00pm',1),(1243,63,447,'HalfDay',1,'13/06/2016','06:00pm',1),(1244,63,447,'HalfDay',1,'13/06/2016','07:00pm',1),(1245,63,447,'HalfDay',1,'13/06/2016','08:00pm',1),(1246,63,447,'HalfDay',1,'13/06/2016','09:00pm',1),(1247,63,447,'HalfDay',1,'13/06/2016','10:00pm',1),(1248,61,448,'HalfDay',1,'11/06/2016','08:00am',1),(1249,61,448,'HalfDay',1,'11/06/2016','09:00am',1),(1250,61,448,'HalfDay',1,'11/06/2016','10:00am',1),(1251,61,448,'HalfDay',1,'11/06/2016','11:00am',1),(1252,61,448,'HalfDay',1,'11/06/2016','12:00pm',1),(1253,61,448,'HalfDay',1,'11/06/2016','01:00pm',1),(1254,61,448,'HalfDay',1,'13/06/2016','02:00pm',1),(1255,61,448,'HalfDay',1,'13/06/2016','03:00pm',1),(1256,61,448,'HalfDay',1,'13/06/2016','04:00pm',1),(1257,61,448,'HalfDay',1,'13/06/2016','05:00pm',1),(1258,61,448,'HalfDay',1,'13/06/2016','06:00pm',1),(1259,61,448,'HalfDay',1,'13/06/2016','07:00pm',1),(1260,61,448,'HalfDay',1,'13/06/2016','08:00pm',1),(1261,61,449,'Hourly',1,'12/06/2016','01:00pm',1),(1262,61,449,'Hourly',1,'12/06/2016','12:00pm',1),(1263,13,450,'Hourly',1,'13/06/2016','11:00am',1),(1264,13,450,'Hourly',1,'14/06/2016','11:00am',1),(1265,62,451,'HalfDay',1,'15/06/2016','01:00pm',1),(1266,62,451,'HalfDay',1,'15/06/2016','02:00pm',1),(1267,62,451,'HalfDay',1,'15/06/2016','03:00pm',1),(1268,62,451,'HalfDay',1,'15/06/2016','04:00pm',1),(1269,62,451,'HalfDay',1,'15/06/2016','05:00pm',1),(1270,63,452,'HalfDay',1,'10/06/2016','09:00am',1),(1271,63,452,'HalfDay',1,'10/06/2016','10:00am',1),(1272,63,452,'HalfDay',1,'10/06/2016','11:00am',1),(1273,63,452,'HalfDay',1,'10/06/2016','12:00pm',1),(1274,63,452,'HalfDay',1,'10/06/2016','01:00pm',1),(1275,63,452,'HalfDay',1,'10/06/2016','02:00pm',1),(1276,63,452,'HalfDay',1,'10/06/2016','03:00pm',1),(1277,63,452,'HalfDay',1,'10/06/2016','04:00pm',1),(1278,63,452,'HalfDay',1,'10/06/2016','05:00pm',1),(1279,63,452,'HalfDay',1,'10/06/2016','06:00pm',1),(1280,63,452,'HalfDay',1,'10/06/2016','07:00pm',1),(1281,63,452,'HalfDay',1,'10/06/2016','08:00pm',1),(1282,63,452,'HalfDay',1,'10/06/2016','09:00pm',1),(1283,63,452,'HalfDay',1,'10/06/2016','10:00pm',1),(1284,63,452,'HalfDay',1,'11/06/2016','09:00am',1),(1285,63,452,'HalfDay',1,'11/06/2016','10:00am',1),(1286,63,452,'HalfDay',1,'11/06/2016','11:00am',1),(1287,63,452,'HalfDay',1,'11/06/2016','12:00pm',1),(1288,63,452,'HalfDay',1,'11/06/2016','01:00pm',1),(1289,63,452,'HalfDay',1,'11/06/2016','02:00pm',1),(1290,63,452,'HalfDay',1,'11/06/2016','03:00pm',1),(1291,63,452,'HalfDay',1,'11/06/2016','04:00pm',1),(1292,63,452,'HalfDay',1,'11/06/2016','05:00pm',1),(1293,63,452,'HalfDay',1,'11/06/2016','06:00pm',1),(1294,63,452,'HalfDay',1,'11/06/2016','07:00pm',1),(1295,63,452,'HalfDay',1,'11/06/2016','08:00pm',1),(1296,63,452,'HalfDay',1,'11/06/2016','09:00pm',1),(1297,63,452,'HalfDay',1,'11/06/2016','10:00pm',1),(1298,60,453,'HalfDay',1,'13/06/2016','04:00pm',1),(1299,60,453,'HalfDay',1,'13/06/2016','05:00pm',1),(1300,60,453,'HalfDay',1,'13/06/2016','06:00pm',1),(1301,60,453,'HalfDay',1,'13/06/2016','07:00pm',1),(1302,60,453,'HalfDay',1,'13/06/2016','08:00pm',1),(1303,60,453,'HalfDay',1,'13/06/2016','09:00pm',1),(1304,60,456,'HalfDay',1,'10/06/2016','10:00am',1),(1305,60,456,'HalfDay',1,'10/06/2016','11:00am',1),(1306,60,456,'HalfDay',1,'10/06/2016','12:00pm',1),(1307,60,456,'HalfDay',1,'10/06/2016','01:00pm',1),(1308,60,456,'HalfDay',1,'10/06/2016','02:00pm',1),(1309,60,456,'HalfDay',1,'10/06/2016','03:00pm',1),(1310,60,456,'HalfDay',1,'10/06/2016','04:00pm',1),(1311,60,456,'HalfDay',1,'10/06/2016','05:00pm',1),(1312,60,456,'HalfDay',1,'10/06/2016','06:00pm',1),(1313,60,456,'HalfDay',1,'10/06/2016','07:00pm',1),(1314,60,456,'HalfDay',1,'10/06/2016','08:00pm',1),(1315,60,456,'HalfDay',1,'10/06/2016','09:00pm',1),(1316,65,459,'Hourly',1,'15/06/2016','10:00am',1),(1317,65,459,'Hourly',1,'15/06/2016','11:00am',1),(1318,65,459,'Hourly',1,'15/06/2016','12:00pm',1),(1319,65,461,'HalfDay',1,'14/06/2016','09:00am',1),(1320,65,461,'HalfDay',1,'14/06/2016','10:00am',1),(1321,65,461,'HalfDay',1,'14/06/2016','11:00am',1),(1322,65,461,'HalfDay',1,'14/06/2016','12:00pm',1),(1323,65,461,'HalfDay',1,'14/06/2016','01:00pm',1),(1324,65,461,'HalfDay',1,'14/06/2016','02:00pm',1),(1325,65,461,'HalfDay',1,'14/06/2016','03:00pm',1),(1326,65,462,'HalfDay',1,'14/06/2016','09:00am',1),(1327,65,462,'HalfDay',1,'14/06/2016','10:00am',1),(1328,65,462,'HalfDay',1,'14/06/2016','11:00am',1),(1329,65,462,'HalfDay',1,'14/06/2016','12:00pm',1),(1330,65,462,'HalfDay',1,'14/06/2016','01:00pm',1),(1331,65,462,'HalfDay',1,'14/06/2016','02:00pm',1),(1332,65,462,'HalfDay',1,'14/06/2016','03:00pm',1),(1333,68,472,'HalfDay',1,'15/06/2016','09:00am',1),(1334,68,472,'HalfDay',1,'15/06/2016','10:00am',1),(1335,68,472,'HalfDay',1,'15/06/2016','11:00am',1),(1336,68,472,'HalfDay',1,'15/06/2016','12:00pm',1),(1337,68,472,'HalfDay',1,'15/06/2016','01:00pm',1),(1338,68,472,'HalfDay',1,'15/06/2016','02:00pm',1),(1339,68,472,'HalfDay',1,'15/06/2016','03:00pm',1),(1340,68,472,'HalfDay',1,'15/06/2016','04:00pm',1),(1341,68,472,'HalfDay',1,'15/06/2016','05:00pm',1),(1342,68,472,'HalfDay',1,'15/06/2016','06:00pm',1),(1343,68,472,'HalfDay',1,'15/06/2016','07:00pm',1),(1344,68,472,'HalfDay',1,'15/06/2016','08:00pm',1),(1345,68,472,'HalfDay',1,'15/06/2016','09:00pm',1),(1346,68,473,'HalfDay',1,'15/06/2016','03:00pm',1),(1347,68,473,'HalfDay',1,'15/06/2016','04:00pm',1),(1348,68,473,'HalfDay',1,'15/06/2016','05:00pm',1),(1349,68,473,'HalfDay',1,'15/06/2016','06:00pm',1),(1350,68,473,'HalfDay',1,'15/06/2016','07:00pm',1),(1351,68,473,'HalfDay',1,'15/06/2016','08:00pm',1),(1352,68,473,'HalfDay',1,'15/06/2016','09:00pm',1),(1353,68,473,'HalfDay',1,'15/06/2016','09:00am',1),(1354,68,473,'HalfDay',1,'15/06/2016','10:00am',1),(1355,68,473,'HalfDay',1,'15/06/2016','11:00am',1),(1356,68,473,'HalfDay',1,'15/06/2016','12:00pm',1),(1357,68,473,'HalfDay',1,'15/06/2016','01:00pm',1),(1358,68,473,'HalfDay',1,'15/06/2016','02:00pm',1),(1359,69,479,'Hourly',1,'18/06/2016','09:00am',1),(1360,69,480,'HalfDay',1,'19/06/2016','08:00am',1),(1361,69,480,'HalfDay',1,'19/06/2016','09:00am',1),(1362,69,480,'HalfDay',1,'19/06/2016','10:00am',1),(1363,69,480,'HalfDay',1,'19/06/2016','11:00am',1),(1364,69,480,'HalfDay',1,'19/06/2016','12:00pm',1),(1365,69,480,'HalfDay',1,'19/06/2016','01:00pm',1),(1366,69,480,'HalfDay',1,'19/06/2016','02:00pm',1),(1367,69,480,'HalfDay',1,'19/06/2016','03:00pm',1),(1368,69,480,'HalfDay',1,'19/06/2016','04:00pm',1),(1369,69,480,'HalfDay',1,'19/06/2016','05:00pm',1),(1370,69,480,'HalfDay',1,'19/06/2016','06:00pm',1),(1371,69,480,'HalfDay',1,'19/06/2016','07:00pm',1),(1372,69,480,'HalfDay',1,'19/06/2016','08:00pm',1),(1373,68,481,'Hourly',1,'21/06/2016','10:00am',1),(1374,68,481,'Hourly',1,'21/06/2016','12:00pm',1),(1375,68,481,'Hourly',1,'21/06/2016','02:00pm',1),(1377,63,487,'Hourly',1,'19/06/2016','10:00am',1),(1378,63,487,'Hourly',1,'19/06/2016','12:00pm',1),(1379,63,487,'Hourly',1,'19/06/2016','02:00pm',1),(1380,63,488,'Hourly',1,'18/06/2016','10:00am',1),(1381,63,488,'Hourly',1,'18/06/2016','12:00pm',1),(1382,63,488,'Hourly',1,'19/06/2016','11:00am',1),(1383,63,488,'Hourly',1,'19/06/2016','01:00pm',1),(1384,3,495,'Hourly',48,'20/06/2016','11:00am',1),(1385,3,495,'Hourly',48,'20/06/2016','03:00pm',1),(1386,3,495,'Hourly',48,'21/06/2016','03:00pm',1),(1387,16,497,'Hourly',1,'21/06/2016','09:00am',1),(1388,16,497,'Hourly',1,'22/06/2016','09:00am',1),(1389,3,498,'Hourly',1,'23/06/2016','10:00am',1),(1390,3,498,'Hourly',1,'23/06/2016','11:00am',1),(1391,3,498,'Hourly',1,'23/06/2016','12:00pm',1),(1392,3,498,'Hourly',1,'23/06/2016','01:00pm',1),(1393,3,498,'Hourly',1,'25/06/2016','12:00pm',1),(1394,70,499,'Hourly',1,'24/06/2016','12:00pm',1),(1395,70,499,'Hourly',1,'24/06/2016','01:00pm',1),(1396,70,499,'Hourly',1,'24/06/2016','02:00pm',1),(1397,63,500,'Hourly',1,'26/06/2016','11:00am',1),(1398,63,500,'Hourly',1,'26/06/2016','12:00pm',1),(1399,65,501,'Hourly',1,'24/06/2016','06:00pm',1),(1400,65,501,'Hourly',1,'24/06/2016','07:00pm',1),(1401,67,502,'Hourly',1,'27/06/2016','11:00am',1),(1402,65,504,'HalfDay',1,'27/06/2016','09:00am',1),(1403,65,504,'HalfDay',1,'27/06/2016','10:00am',1),(1404,65,504,'HalfDay',1,'27/06/2016','11:00am',1),(1405,65,504,'HalfDay',1,'27/06/2016','12:00pm',1),(1406,65,504,'HalfDay',1,'27/06/2016','01:00pm',1),(1407,65,504,'HalfDay',1,'27/06/2016','02:00pm',1),(1408,65,504,'HalfDay',1,'27/06/2016','03:00pm',1),(1409,65,504,'HalfDay',1,'27/06/2016','04:00pm',1),(1410,65,504,'HalfDay',1,'27/06/2016','05:00pm',1),(1411,65,504,'HalfDay',1,'27/06/2016','06:00pm',1),(1412,65,504,'HalfDay',1,'27/06/2016','07:00pm',1),(1413,65,504,'HalfDay',1,'27/06/2016','08:00pm',1),(1414,65,504,'HalfDay',1,'27/06/2016','09:00pm',1),(1415,65,504,'HalfDay',1,'27/06/2016','10:00pm',1),(1416,65,505,'HalfDay',30,'28/06/2016','09:00am',1),(1417,65,505,'HalfDay',30,'28/06/2016','10:00am',1),(1418,65,505,'HalfDay',30,'28/06/2016','11:00am',1),(1419,65,505,'HalfDay',30,'28/06/2016','12:00pm',1),(1420,65,505,'HalfDay',30,'28/06/2016','01:00pm',1),(1421,65,505,'HalfDay',30,'28/06/2016','02:00pm',1),(1422,65,505,'HalfDay',30,'28/06/2016','03:00pm',1),(1423,60,506,'HalfDay',1,'27/06/2016','04:00pm',1),(1424,60,506,'HalfDay',1,'27/06/2016','05:00pm',1),(1425,60,506,'HalfDay',1,'27/06/2016','06:00pm',1),(1426,60,506,'HalfDay',1,'27/06/2016','07:00pm',1),(1427,60,506,'HalfDay',1,'27/06/2016','08:00pm',1),(1428,60,506,'HalfDay',1,'27/06/2016','09:00pm',1),(1429,73,508,'Hourly',1,'30/06/2016','11:00am',1),(1430,72,510,'HalfDay',1,'29/06/2016','01:00pm',3),(1431,72,510,'HalfDay',1,'29/06/2016','02:00pm',3),(1432,72,510,'HalfDay',1,'29/06/2016','03:00pm',3),(1433,72,510,'HalfDay',1,'29/06/2016','04:00pm',3),(1434,72,510,'HalfDay',1,'29/06/2016','05:00pm',3),(1435,72,510,'HalfDay',1,'29/06/2016','06:00pm',3),(1436,72,510,'HalfDay',1,'01/07/2016','01:00pm',3),(1437,72,510,'HalfDay',1,'01/07/2016','02:00pm',3),(1438,72,510,'HalfDay',1,'01/07/2016','03:00pm',3),(1439,72,510,'HalfDay',1,'01/07/2016','04:00pm',3),(1440,72,510,'HalfDay',1,'01/07/2016','05:00pm',3),(1441,72,510,'HalfDay',1,'01/07/2016','06:00pm',3),(1442,63,511,'HalfDay',1,'30/06/2016','09:00am',1),(1443,63,511,'HalfDay',1,'30/06/2016','10:00am',1),(1444,63,511,'HalfDay',1,'30/06/2016','11:00am',1),(1445,63,511,'HalfDay',1,'30/06/2016','12:00pm',1),(1446,63,511,'HalfDay',1,'30/06/2016','01:00pm',1),(1447,63,511,'HalfDay',1,'30/06/2016','02:00pm',1),(1448,63,511,'HalfDay',1,'30/06/2016','03:00pm',1),(1449,63,511,'HalfDay',1,'30/06/2016','04:00pm',1),(1450,63,511,'HalfDay',1,'30/06/2016','05:00pm',1),(1451,63,511,'HalfDay',1,'30/06/2016','06:00pm',1),(1452,63,511,'HalfDay',1,'30/06/2016','07:00pm',1),(1453,63,511,'HalfDay',1,'30/06/2016','08:00pm',1),(1454,63,511,'HalfDay',1,'30/06/2016','09:00pm',1),(1455,63,511,'HalfDay',1,'30/06/2016','10:00pm',1),(1456,65,519,'Hourly',1,'01/07/2016','01:00pm',1),(1457,73,520,'Hourly',1,'02/07/2016','12:00pm',1),(1458,73,520,'Hourly',1,'01/07/2016','12:00pm',1),(1459,76,521,'HalfDay',1,'01/07/2016','02:00pm',1),(1460,76,521,'HalfDay',1,'01/07/2016','03:00pm',1),(1461,76,521,'HalfDay',1,'01/07/2016','04:00pm',1),(1462,76,521,'HalfDay',1,'01/07/2016','05:00pm',1),(1463,76,521,'HalfDay',1,'01/07/2016','06:00pm',1),(1464,76,521,'HalfDay',1,'01/07/2016','07:00pm',1),(1465,76,521,'HalfDay',1,'01/07/2016','08:00pm',1),(1466,70,523,'Hourly',1,'28/06/2016','06:00pm',1),(1467,68,524,'HalfDay',1,'01/07/2016','03:00pm',2),(1468,68,524,'HalfDay',1,'01/07/2016','04:00pm',2),(1469,68,524,'HalfDay',1,'01/07/2016','05:00pm',2),(1470,68,524,'HalfDay',1,'01/07/2016','06:00pm',2),(1471,68,524,'HalfDay',1,'01/07/2016','07:00pm',2),(1472,68,524,'HalfDay',1,'01/07/2016','08:00pm',2),(1473,68,524,'HalfDay',1,'01/07/2016','09:00pm',2),(1474,67,525,'Hourly',1,'01/07/2016','12:00pm',1),(1475,67,525,'Hourly',1,'01/07/2016','01:00pm',1),(1476,67,525,'Hourly',1,'01/07/2016','02:00pm',1),(1477,82,526,'Hourly',1,'02/07/2016','12:00pm',1),(1478,82,527,'HalfDay',1,'03/07/2016','02:00pm',1),(1479,82,527,'HalfDay',1,'03/07/2016','03:00pm',1),(1480,82,527,'HalfDay',1,'03/07/2016','04:00pm',1),(1481,82,527,'HalfDay',1,'03/07/2016','05:00pm',1),(1482,82,527,'HalfDay',1,'03/07/2016','06:00pm',1),(1483,82,527,'HalfDay',1,'03/07/2016','07:00pm',1),(1484,82,527,'HalfDay',1,'03/07/2016','08:00pm',1),(1485,82,528,'HalfDay',1,'03/07/2016','02:00pm',1),(1486,82,528,'HalfDay',1,'03/07/2016','03:00pm',1),(1487,82,528,'HalfDay',1,'03/07/2016','04:00pm',1),(1488,82,528,'HalfDay',1,'03/07/2016','05:00pm',1),(1489,82,528,'HalfDay',1,'03/07/2016','06:00pm',1),(1490,82,528,'HalfDay',1,'03/07/2016','07:00pm',1),(1491,82,528,'HalfDay',1,'03/07/2016','08:00pm',1),(1492,82,529,'HalfDay',1,'04/07/2016','02:00pm',1),(1493,82,529,'HalfDay',1,'04/07/2016','03:00pm',1),(1494,82,529,'HalfDay',1,'04/07/2016','04:00pm',1),(1495,82,529,'HalfDay',1,'04/07/2016','05:00pm',1),(1496,82,529,'HalfDay',1,'04/07/2016','06:00pm',1),(1497,82,529,'HalfDay',1,'04/07/2016','07:00pm',1),(1498,82,529,'HalfDay',1,'04/07/2016','08:00pm',1),(1499,82,530,'Hourly',2,'02/07/2016','10:00am',1),(1500,82,531,'Hourly',2,'04/07/2016','01:00pm',1),(1501,67,532,'Hourly',1,'01/07/2016','08:00am',1),(1502,67,533,'Hourly',1,'02/07/2016','11:00am',1),(1503,67,534,'HalfDay',1,'03/07/2016','02:00pm',1),(1504,67,534,'HalfDay',1,'03/07/2016','03:00pm',1),(1505,67,534,'HalfDay',1,'03/07/2016','04:00pm',1),(1506,67,534,'HalfDay',1,'03/07/2016','05:00pm',1),(1507,67,534,'HalfDay',1,'03/07/2016','06:00pm',1),(1508,67,534,'HalfDay',1,'03/07/2016','07:00pm',1),(1509,67,534,'HalfDay',1,'03/07/2016','08:00pm',1),(1510,60,536,'HalfDay',1,'01/07/2016','10:00am',1),(1511,60,536,'HalfDay',1,'01/07/2016','11:00am',1),(1512,60,536,'HalfDay',1,'01/07/2016','12:00pm',1),(1513,60,536,'HalfDay',1,'01/07/2016','01:00pm',1),(1514,60,536,'HalfDay',1,'01/07/2016','02:00pm',1),(1515,60,536,'HalfDay',1,'01/07/2016','03:00pm',1),(1516,73,537,'Hourly',1,'03/07/2016','01:00pm',1),(1517,63,538,'HalfDay',100,'01/07/2016','09:00am',1),(1518,63,538,'HalfDay',100,'01/07/2016','10:00am',1),(1519,63,538,'HalfDay',100,'01/07/2016','11:00am',1),(1520,63,538,'HalfDay',100,'01/07/2016','12:00pm',1),(1521,63,538,'HalfDay',100,'01/07/2016','01:00pm',1),(1522,63,538,'HalfDay',100,'01/07/2016','02:00pm',1),(1523,63,538,'HalfDay',100,'01/07/2016','03:00pm',1),(1524,63,539,'Hourly',1,'02/07/2016','02:00pm',1),(1525,65,540,'HalfDay',30,'03/07/2016','09:00am',1),(1526,65,540,'HalfDay',30,'03/07/2016','10:00am',1),(1527,65,540,'HalfDay',30,'03/07/2016','11:00am',1),(1528,65,540,'HalfDay',30,'03/07/2016','12:00pm',1),(1529,65,540,'HalfDay',30,'03/07/2016','01:00pm',1),(1530,65,540,'HalfDay',30,'03/07/2016','02:00pm',1),(1531,65,540,'HalfDay',30,'03/07/2016','03:00pm',1),(1532,50,541,'Hourly',1,'02/07/2016','11:00am',1),(1533,50,541,'Hourly',1,'04/07/2016','01:00pm',1),(1534,58,548,'Hourly',1,'07/07/2016','12:00pm',1),(1535,58,548,'Hourly',1,'07/07/2016','01:00pm',1),(1536,63,553,'HalfDay',100,'08/07/2016','09:00am',1),(1537,63,553,'HalfDay',100,'08/07/2016','10:00am',1),(1538,63,553,'HalfDay',100,'08/07/2016','11:00am',1),(1539,63,553,'HalfDay',100,'08/07/2016','12:00pm',1),(1540,63,553,'HalfDay',100,'08/07/2016','01:00pm',1),(1541,63,553,'HalfDay',100,'08/07/2016','02:00pm',1),(1542,63,553,'HalfDay',100,'08/07/2016','03:00pm',1),(1543,63,553,'HalfDay',100,'08/07/2016','04:00pm',1),(1544,63,553,'HalfDay',100,'08/07/2016','05:00pm',1),(1545,63,553,'HalfDay',100,'08/07/2016','06:00pm',1),(1546,63,553,'HalfDay',100,'08/07/2016','07:00pm',1),(1547,63,553,'HalfDay',100,'08/07/2016','08:00pm',1),(1548,63,553,'HalfDay',100,'08/07/2016','09:00pm',1),(1549,63,553,'HalfDay',100,'08/07/2016','10:00pm',1),(1550,63,553,'HalfDay',100,'10/07/2016','09:00am',1),(1551,63,553,'HalfDay',100,'10/07/2016','10:00am',1),(1552,63,553,'HalfDay',100,'10/07/2016','11:00am',1),(1553,63,553,'HalfDay',100,'10/07/2016','12:00pm',1),(1554,63,553,'HalfDay',100,'10/07/2016','01:00pm',1),(1555,63,553,'HalfDay',100,'10/07/2016','02:00pm',1),(1556,63,553,'HalfDay',100,'10/07/2016','03:00pm',1),(1557,73,576,'Hourly',1,'12/07/2016','05:00pm',1),(1558,63,577,'Hourly',1,'10/07/2016','10:00am',1),(1559,63,577,'Hourly',1,'10/07/2016','11:00am',1),(1560,63,580,'Hourly',1,'13/07/2016','12:00pm',1),(1561,63,580,'Hourly',1,'13/07/2016','01:00pm',1),(1562,65,599,'Hourly',1,'14/07/2016','09:00am',1),(1563,65,601,'HalfDay',30,'15/07/2016','09:00am',1),(1564,65,601,'HalfDay',30,'15/07/2016','10:00am',1),(1565,65,601,'HalfDay',30,'15/07/2016','11:00am',1),(1566,65,601,'HalfDay',30,'15/07/2016','12:00pm',1),(1567,65,601,'HalfDay',30,'15/07/2016','01:00pm',1),(1568,65,601,'HalfDay',30,'15/07/2016','02:00pm',1),(1569,65,601,'HalfDay',30,'15/07/2016','03:00pm',1),(1570,65,601,'HalfDay',30,'15/07/2016','04:00pm',1),(1571,65,601,'HalfDay',30,'15/07/2016','05:00pm',1),(1572,65,601,'HalfDay',30,'15/07/2016','06:00pm',1),(1573,65,601,'HalfDay',30,'15/07/2016','07:00pm',1),(1574,65,601,'HalfDay',30,'15/07/2016','08:00pm',1),(1575,65,601,'HalfDay',30,'15/07/2016','09:00pm',1),(1576,65,601,'HalfDay',30,'15/07/2016','10:00pm',1),(1577,65,604,'HalfDay',30,'16/07/2016','09:00am',1),(1578,65,604,'HalfDay',30,'16/07/2016','10:00am',1),(1579,65,604,'HalfDay',30,'16/07/2016','11:00am',1),(1580,65,604,'HalfDay',30,'16/07/2016','12:00pm',1),(1581,65,604,'HalfDay',30,'16/07/2016','01:00pm',1),(1582,65,604,'HalfDay',30,'16/07/2016','02:00pm',1),(1583,65,604,'HalfDay',30,'16/07/2016','03:00pm',1),(1584,75,606,'HalfDay',30,'14/07/2016','08:00am',1),(1585,75,606,'HalfDay',30,'14/07/2016','09:00am',1),(1586,75,606,'HalfDay',30,'14/07/2016','10:00am',1),(1587,75,606,'HalfDay',30,'14/07/2016','11:00am',1),(1588,75,606,'HalfDay',30,'14/07/2016','12:00pm',1),(1589,75,606,'HalfDay',30,'14/07/2016','01:00pm',1),(1590,75,607,'HalfDay',20,'14/07/2016','08:00am',2),(1591,75,607,'HalfDay',20,'14/07/2016','09:00am',2),(1592,75,607,'HalfDay',20,'14/07/2016','10:00am',2),(1593,75,607,'HalfDay',20,'14/07/2016','11:00am',2),(1594,75,607,'HalfDay',20,'14/07/2016','12:00pm',2),(1595,75,607,'HalfDay',20,'14/07/2016','01:00pm',2),(1596,60,608,'HalfDay',20,'15/07/2016','10:00am',2),(1597,60,608,'HalfDay',20,'15/07/2016','11:00am',2),(1598,60,608,'HalfDay',20,'15/07/2016','12:00pm',2),(1599,60,608,'HalfDay',20,'15/07/2016','01:00pm',2),(1600,60,608,'HalfDay',20,'15/07/2016','02:00pm',2),(1601,60,608,'HalfDay',20,'15/07/2016','03:00pm',2),(1602,77,609,'HalfDay',50,'15/07/2016','08:00am',2),(1603,77,609,'HalfDay',50,'15/07/2016','09:00am',2),(1604,77,609,'HalfDay',50,'15/07/2016','10:00am',2),(1605,77,609,'HalfDay',50,'15/07/2016','11:00am',2),(1606,77,609,'HalfDay',50,'15/07/2016','12:00pm',2),(1607,77,609,'HalfDay',50,'15/07/2016','01:00pm',2),(1608,77,611,'Hourly',80,'14/07/2016','10:00am',1),(1609,77,611,'Hourly',80,'14/07/2016','11:00am',1),(1610,77,611,'Hourly',80,'14/07/2016','12:00pm',1),(1611,63,613,'HalfDay',2,'7/8/2016','09:00am',1),(1612,63,613,'HalfDay',2,'7/8/2016','10:00am',1),(1613,63,613,'HalfDay',2,'7/8/2016','11:00am',1),(1614,63,613,'HalfDay',2,'7/8/2016','12:00pm',1),(1615,63,613,'HalfDay',2,'7/8/2016','01:00pm',1),(1616,63,613,'HalfDay',2,'8/8/2016','09:00am',1),(1617,63,614,'HalfDay',2,'7/8/2016','09:00am',1),(1618,63,614,'HalfDay',2,'7/8/2016','10:00am',1),(1619,63,614,'HalfDay',2,'7/8/2016','11:00am',1),(1620,63,614,'HalfDay',2,'7/8/2016','12:00pm',1),(1621,63,614,'HalfDay',2,'7/8/2016','01:00pm',1),(1622,63,614,'HalfDay',2,'8/8/2016','09:00am',1),(1623,63,615,'HalfDay',2,'7/8/2016','09:00am',1),(1624,63,615,'HalfDay',2,'7/8/2016','10:00am',1),(1625,63,615,'HalfDay',2,'7/8/2016','11:00am',1),(1626,63,615,'HalfDay',2,'7/8/2016','12:00pm',1),(1627,63,615,'HalfDay',2,'7/8/2016','01:00pm',1),(1628,63,615,'HalfDay',2,'8/8/2016','09:00am',1),(1629,63,623,'HalfDay',2,'7/8/2016','09:00am',1),(1630,63,623,'HalfDay',2,'7/8/2016','10:00am',1),(1631,63,623,'HalfDay',2,'7/8/2016','11:00am',1),(1632,63,623,'HalfDay',2,'7/8/2016','12:00pm',1),(1633,63,623,'HalfDay',2,'7/8/2016','01:00pm',1),(1634,63,623,'HalfDay',2,'8/8/2016','09:00am',1),(1635,63,624,'HalfDay',2,'7/8/2016','09:00am',1),(1636,63,624,'HalfDay',2,'7/8/2016','10:00am',1),(1637,63,624,'HalfDay',2,'7/8/2016','11:00am',1),(1638,63,624,'HalfDay',2,'7/8/2016','12:00pm',1),(1639,63,624,'HalfDay',2,'7/8/2016','01:00pm',1),(1640,63,624,'HalfDay',2,'8/8/2016','09:00am',1),(1641,67,628,'Hourly',1,'15/07/2016','09:00am',0),(1642,67,628,'Hourly',1,' 15/07/2016','10:00am',0),(1643,67,628,'Hourly',1,' 15/07/2016','11:00am',0),(1644,71,629,'Hourly',1,'16/07/2016','10:00am',0),(1645,71,629,'Hourly',1,' 16/07/2016','11:00am',0),(1646,71,630,'Hourly',1,'15/07/2016','10:00am',0),(1647,71,630,'Hourly',1,' 15/07/2016','11:00am',0),(1648,74,631,'HalfDay',20,'16/07/2016','10:00am',1),(1649,74,631,'HalfDay',20,'16/07/2016','11:00am',1),(1650,74,631,'HalfDay',20,'16/07/2016','12:00pm',1),(1651,74,631,'HalfDay',20,'16/07/2016','01:00pm',1),(1652,74,631,'HalfDay',20,'16/07/2016','02:00pm',1),(1653,74,631,'HalfDay',20,'16/07/2016','03:00pm',1),(1654,74,631,'HalfDay',20,'16/07/2016','04:00pm',1),(1655,74,631,'HalfDay',20,'16/07/2016','05:00pm',1),(1656,74,631,'HalfDay',20,'16/07/2016','06:00pm',1),(1657,74,631,'HalfDay',20,'16/07/2016','07:00pm',1),(1658,74,631,'HalfDay',20,'16/07/2016','08:00pm',1),(1659,81,632,'Hourly',1,'15/07/2016','09:00am',0),(1660,74,633,'Hourly',10,'17/07/2016','10:00am',0),(1661,74,633,'Hourly',10,' 17/07/2016','11:00am',0),(1662,74,633,'Hourly',10,' 17/07/2016','12:00pm',0),(1663,73,634,'Hourly',1,'16/07/2016','08:00am',0),(1664,77,635,'HalfDay',100,'16/07/2016','08:00am',1),(1665,77,635,'HalfDay',100,'16/07/2016','09:00am',1),(1666,77,635,'HalfDay',100,'16/07/2016','10:00am',1),(1667,77,635,'HalfDay',100,'16/07/2016','11:00am',1),(1668,77,635,'HalfDay',100,'16/07/2016','12:00pm',1),(1669,77,635,'HalfDay',100,'16/07/2016','01:00pm',1),(1670,81,636,'HalfDay',50,'16/07/2016','03:00pm',1),(1671,81,636,'HalfDay',50,'16/07/2016','04:00pm',1),(1672,81,636,'HalfDay',50,'16/07/2016','05:00pm',1),(1673,81,636,'HalfDay',50,'16/07/2016','06:00pm',1),(1674,81,636,'HalfDay',50,'16/07/2016','07:00pm',1),(1675,81,636,'HalfDay',50,'16/07/2016','08:00pm',1),(1676,81,638,'Hourly',10,'16/07/2016','03:00pm',1),(1677,70,639,'Hourly',20,'17/07/2016','12:00pm',0),(1678,74,644,'HalfDay',20,'19/07/2016','10:00am',1),(1679,74,644,'HalfDay',20,'19/07/2016','11:00am',1),(1680,74,644,'HalfDay',20,'19/07/2016','12:00pm',1),(1681,74,644,'HalfDay',20,'19/07/2016','01:00pm',1),(1682,74,644,'HalfDay',20,'19/07/2016','02:00pm',1),(1683,75,647,'HalfDay',20,'19/07/2016','02:00pm',2),(1684,75,647,'HalfDay',20,'19/07/2016','03:00pm',2),(1685,75,647,'HalfDay',20,'19/07/2016','04:00pm',2),(1686,75,647,'HalfDay',20,'19/07/2016','05:00pm',2),(1687,75,647,'HalfDay',20,'19/07/2016','06:00pm',2),(1688,75,647,'HalfDay',20,'19/07/2016','07:00pm',2),(1689,75,647,'HalfDay',20,'19/07/2016','08:00pm',2),(1690,94,651,'HalfDay',55,'19/07/2016','03:00pm',1),(1691,94,651,'HalfDay',55,'19/07/2016','04:00pm',1),(1692,94,651,'HalfDay',55,'19/07/2016','05:00pm',1),(1693,94,651,'HalfDay',55,'19/07/2016','06:00pm',1),(1694,94,651,'HalfDay',55,'19/07/2016','07:00pm',1),(1695,94,651,'HalfDay',55,'19/07/2016','08:00pm',1),(1696,94,651,'HalfDay',55,'19/07/2016','09:00pm',1),(1697,94,651,'HalfDay',55,'19/07/2016','10:00pm',1),(1698,81,652,'HalfDay',20,'18/07/2016','09:00am',1),(1699,81,652,'HalfDay',20,'18/07/2016','10:00am',1),(1700,81,652,'HalfDay',20,'18/07/2016','11:00am',1),(1701,81,652,'HalfDay',20,'18/07/2016','12:00pm',1),(1702,81,652,'HalfDay',20,'18/07/2016','01:00pm',1),(1703,81,652,'HalfDay',20,'18/07/2016','02:00pm',1),(1704,75,654,'HalfDay',20,'20/07/2016','08:00am',2),(1705,75,654,'HalfDay',20,'20/07/2016','09:00am',2),(1706,75,654,'HalfDay',20,'20/07/2016','10:00am',2),(1707,75,654,'HalfDay',20,'20/07/2016','11:00am',2),(1708,75,654,'HalfDay',20,'20/07/2016','12:00pm',2),(1709,75,654,'HalfDay',20,'20/07/2016','01:00pm',2),(1710,103,655,'HalfDay',90,'19/07/2016','02:00pm',1),(1711,103,655,'HalfDay',90,'19/07/2016','03:00pm',1),(1712,103,655,'HalfDay',90,'19/07/2016','04:00pm',1),(1713,103,655,'HalfDay',90,'19/07/2016','05:00pm',1),(1714,103,655,'HalfDay',90,'19/07/2016','06:00pm',1),(1715,103,655,'HalfDay',90,'19/07/2016','07:00pm',1),(1716,103,655,'HalfDay',90,'19/07/2016','08:00pm',1),(1717,106,656,'Hourly',1,'19/07/2016','11:00am',0);

--
-- Table structure for table `BizPit_app_meeting_room`
--

CREATE TABLE `BizPit_app_meeting_room` (
  `id` int(11) NOT NULL AUTO_INCREMENT,
  `property_id` int(11) NOT NULL,
  `capacity` int(11) NOT NULL,
  `room_no` int(11) NOT NULL,
  `rate_hr` int(11) NOT NULL,
  `rate_daily` int(11) NOT NULL,
  `rate_weekly` int(11) NOT NULL,
  `rate_monthly` int(11) NOT NULL,
  `meeting_room_images` longtext NOT NULL,
  `daily_offer` varchar(500) NOT NULL,
  `hr_offer` varchar(500) NOT NULL,
  `monthly_offer` varchar(500) NOT NULL,
  `weekly_offer` varchar(500) NOT NULL,
  PRIMARY KEY (`id`)
) ENGINE=InnoDB AUTO_INCREMENT=109 DEFAULT CHARSET=latin1;

--
-- Dumping data for table `BizPit_app_meeting_room`
--

INSERT INTO `BizPit_app_meeting_room` VALUES (1,1,0,1,0,0,0,-1,',[]','ND','ND','ND','ND'),(2,2,25,1,0,0,0,-1,'[]','ND','ND','ND','ND'),(3,4,25,1,0,0,0,-1,'[]','ND','ND','ND','ND'),(4,5,25,1,0,0,0,-1,'[]','ND','ND','ND','ND'),(5,6,25,1,0,0,0,-1,'[]','ND','ND','ND','ND'),(6,9,25,1,0,0,0,-1,'[]','ND','ND','ND','ND'),(7,8,15,1,500,5000,10000,-1,',[]','ND','ND','ND','ND'),(8,9,25,1,0,0,0,-1,'[]','ND','ND','ND','ND'),(9,10,25,1,0,0,0,-1,'[]','ND','ND','ND','ND'),(10,11,25,1,0,0,0,-1,'[]','ND','ND','ND','ND'),(11,12,25,1,0,0,0,-1,'[]','ND','ND','ND','ND'),(12,13,25,1,0,0,0,-1,'[]','ND','ND','ND','ND'),(13,14,25,1,0,0,0,-1,'[]','ND','ND','ND','ND'),(14,15,25,1,0,0,0,-1,'[]','ND','ND','ND','ND'),(15,16,25,1,0,0,0,-1,'[]','ND','ND','ND','ND'),(16,17,25,1,0,0,0,-1,'[]','ND','ND','ND','ND'),(17,18,25,1,0,0,0,-1,'[]','ND','ND','ND','ND'),(18,19,25,1,0,0,0,-1,'[]','ND','ND','ND','ND'),(19,20,25,1,0,0,0,-1,'[]','ND','ND','ND','ND'),(20,21,25,1,0,0,0,-1,'[]','ND','ND','ND','ND'),(21,22,25,1,0,0,0,-1,'[]','ND','ND','ND','ND'),(22,23,25,1,0,0,0,-1,'[]','ND','ND','ND','ND'),(23,24,25,1,0,0,0,-1,'[]','ND','ND','ND','ND'),(24,25,25,1,0,0,0,-1,'[]','ND','ND','ND','ND'),(25,26,25,1,0,0,0,-1,'[]','ND','ND','ND','ND'),(26,27,25,1,0,0,0,-1,'[]','ND','ND','ND','ND'),(27,28,25,1,0,0,0,-1,'[]','ND','ND','ND','ND'),(28,29,25,1,0,0,0,-1,'[]','ND','ND','ND','ND'),(29,30,25,1,0,0,0,-1,'[]','ND','ND','ND','ND'),(30,31,25,1,0,0,0,-1,'[]','ND','ND','ND','ND'),(31,32,25,1,0,0,0,-1,'[]','ND','ND','ND','ND'),(32,33,25,1,0,0,0,-1,'[]','ND','ND','ND','ND'),(33,34,25,1,0,0,0,-1,'[]','ND','ND','ND','ND'),(35,36,25,1,0,0,0,-1,'[]','ND','ND','ND','ND'),(36,37,25,1,0,0,0,-1,'[]','ND','ND','ND','ND'),(37,38,25,1,0,0,0,-1,'[]','ND','ND','ND','ND'),(38,39,25,1,0,0,0,-1,'[]','ND','ND','ND','ND'),(41,42,25,1,0,0,0,-1,'[]','ND','ND','ND','ND'),(42,43,25,1,0,0,0,-1,'[]','ND','ND','ND','ND'),(43,44,25,1,0,0,0,-1,'[]','ND','ND','ND','ND'),(44,45,25,1,0,0,0,-1,'[]','ND','ND','ND','ND'),(45,45,25,1,0,0,0,-1,'[]','ND','ND','ND','ND'),(49,44,25,1,0,0,0,-1,'[]','ND','ND','ND','ND'),(50,45,25,1,0,0,0,-1,'[]','ND','ND','ND','ND'),(51,46,25,1,0,0,0,-1,'[]','ND','ND','ND','ND'),(52,47,50,1,0,600,0,-1,'static/47/WorkAdda 4.jpg','ND','ND','ND','ND'),(53,48,25,1,0,0,0,-1,'[]','ND','ND','ND','ND'),(54,49,15,1,0,0,0,-1,'static/49/vConverge 4.jpg','ND','ND','ND','ND'),(55,49,15,1,0,0,0,-1,'static/49/vConverge 4.jpg','ND','ND','ND','ND'),(56,50,25,1,200,0,0,-1,',[]','ND','ND','ND','ND'),(58,51,25,1,200,300,0,-1,'','ND','ND','ND','ND'),(59,52,25,1,0,0,0,-1,'[]','ND','ND','ND','ND'),(60,53,20,1,0,250,0,-1,',static/53/SAASTECH 2.jpg,static/53/Saama Wellness 1.jpg','ND','ND','ND','ND'),(61,54,25,1,0,0,0,-1,'[]','ND','ND','ND','ND'),(62,55,25,1,100,250,0,-1,',static/55/WorkAdda 3.jpg,static/55/TVAKSA 2.jpg','ND','ND','ND','ND'),(63,56,25,1,0,0,0,-1,'[]','ND','ND','ND','ND'),(64,57,25,1,0,0,0,-1,'[]','ND','ND','ND','ND'),(65,58,25,1,150,0,0,-1,',static/58/vConverge 1.jpg','ND','ND','ND','ND'),(66,59,0,1,0,250,0,-1,'static/59/SIDHMA 1.jpg,static/59/SIERRA CARTEL 2.jpg,','ND','ND','ND','ND'),(71,62,0,1,50,100,2000,-1,'','ND','ND','ND','ND'),(72,63,10,1,100,0,0,0,',static/63/0','','11%','0',''),(73,64,5,1,100,100,100,100,'static/64/0','10%','10%','','10%'),(74,66,0,1,55,105,2000,10000,',static/66/0','10%','10%','10%','10%'),(75,67,30,1,50,100,5000,0,'static/67/0','12%','12%','0','12%'),(76,68,10,1,100,500,3000,0,'','7\n%','7\n%','0','7\n'),(77,69,15,1,20,40,500,100,'static/69/0','10%','10%','10%','10'),(78,69,10,2,80,1000,5000,100,'static/69/0','10%','10%','10%','10%'),(79,70,10,1,44,400,1000,-1,'[]','ND','ND','ND','ND'),(80,70,5,2,20,50,500,-1,'','ND','ND','ND','ND'),(81,70,10,3,55,800,5000,-1,'','ND','ND','ND','ND'),(82,71,15,1,500,0,0,-1,'static/71/trinity.jpg','ND','ND','ND','ND'),(83,71,20,2,0,1000,0,-1,'static/71/golden2.jpeg','ND','ND','ND','ND'),(84,72,5,1,30,66,4000,-1,',[]','ND','ND','ND','ND'),(85,72,8,2,55,80,300,-1,'','ND','ND','ND','ND'),(86,72,10,3,40,70,500,-1,'','ND','ND','ND','ND'),(87,68,20,2,200,0,0,0,'','','7%','0',''),(88,77,80,1,20,60,500,500,'','10%','10%','10%','10%'),(89,81,10,1,100,200,500,0,'static/81/meetinga.jpg','1%','1%','0','1%'),(90,82,30,1,25,30,90,0,'static/82/IMG-20160622-WA0000.jpg','10%','10%','0','10%'),(91,83,10,1,20,100,550,-1,',static/83/index1.jpeg','ND','ND','ND','ND'),(93,84,10,1,60,100,2000,0,'','10%','10%','0','10%'),(94,90,10,1,500,0,0,0,'','10%','10%','0','10'),(95,90,5,2,0,1000,0,0,'','10%','10%','0','10'),(96,90,15,3,0,0,8000,0,'','','','0','10%'),(97,92,8,1,20,60,800,0,'','20%','20%','0','20%'),(98,74,0,1,0,0,0,-1,'','ND','ND','ND','ND'),(99,74,10,2,50,444,2345,-1,'','ND','ND','ND','ND'),(100,74,5,3,23,55,0,-1,'','ND','ND','ND','ND'),(102,87,34,1,20,44,345,-1,'','ND','ND','ND','ND'),(103,94,5,1,22,0,0,-1,',[]','ND','ND','ND','ND'),(104,94,3,2,0,0,0,-1,'','ND','ND','ND','ND'),(105,99,5,1,45,0,0,-1,',[]','ND','ND','ND','ND'),(106,102,58,1,0,580,690,690,'','5%','','5%','5%'),(107,103,80,1,80,90,800,586,'','12%','12%','12%','12%'),(108,106,50,1,0,600,0,-1,'','ND','ND','ND','ND');

--
-- Table structure for table `BizPit_app_monthly_booking`
--

CREATE TABLE `BizPit_app_monthly_booking` (
  `id` int(11) NOT NULL AUTO_INCREMENT,
  `property_id` int(11) NOT NULL,
  `booking_id` int(11) NOT NULL,
  `booked_by` varchar(100),
  `booked_by_id` int(11),
  `start_month` varchar(100) NOT NULL,
  `end_month` varchar(100) NOT NULL,
  `start_time` varchar(100) NOT NULL,
  `end_time` varchar(100) NOT NULL,
  `property_type` varchar(100),
  `head_count` int(11) NOT NULL,
  `timestamp` varchar(100) NOT NULL,
  PRIMARY KEY (`id`)
) ENGINE=InnoDB DEFAULT CHARSET=latin1;

--
-- Dumping data for table `BizPit_app_monthly_booking`
--


--
-- Table structure for table `BizPit_app_non_working_days`
--

CREATE TABLE `BizPit_app_non_working_days` (
  `id` int(11) NOT NULL AUTO_INCREMENT,
  `property_id` int(11) NOT NULL,
  `Non_Working_days` varchar(500) NOT NULL,
  PRIMARY KEY (`id`)
) ENGINE=InnoDB AUTO_INCREMENT=135 DEFAULT CHARSET=latin1;

--
-- Dumping data for table `BizPit_app_non_working_days`
--

INSERT INTO `BizPit_app_non_working_days` VALUES (1,1,'Monday'),(2,2,'Wednesday'),(3,3,'Sunday'),(4,4,'Sunday'),(5,5,'Sunday'),(6,6,'Sunday'),(10,8,'Sunday'),(11,9,'Sunday'),(12,10,'Sunday'),(14,12,'Sunday'),(15,13,'Sunday'),(16,14,'Sunday'),(17,15,'Sunday'),(18,16,'Monday'),(19,17,'Sunday'),(20,18,'Sunday'),(21,19,'Sunday'),(22,20,'Sunday'),(23,21,'Sunday'),(24,22,'Sunday'),(25,23,'Sunday'),(26,24,'Sunday'),(27,25,'Sunday'),(28,26,'Sunday'),(29,27,'Sunday'),(30,28,'Sunday'),(31,29,'Sunday'),(32,30,'Sunday'),(33,31,'Sunday'),(34,32,'Sunday'),(35,33,'Sunday'),(36,34,'Sunday'),(38,36,'Sunday'),(39,37,'Sunday'),(40,38,''),(41,39,'Sunday'),(44,42,'Sunday'),(45,43,'Sunday'),(46,44,'Sunday'),(48,46,'Sunday'),(49,47,'Sunday'),(54,48,'Sunday'),(55,49,'Sunday'),(56,50,'Sunday'),(57,51,'Sunday'),(58,52,'Sunday'),(59,53,'Sunday'),(60,54,'Sunday'),(61,55,'Sunday'),(62,56,'Saturday'),(63,57,'Sunday'),(64,58,'Sunday'),(65,59,'Sunday'),(75,60,'Sunday'),(76,61,'Sunday'),(77,62,'Tuesday'),(78,63,'Sunday'),(79,64,'Sunday'),(80,65,'Saturday'),(81,66,'Sunday'),(82,67,'Wednesday'),(83,68,'Sunday'),(84,69,'Sunday'),(85,70,'Monday'),(86,71,'Sunday'),(87,72,'Tuesday'),(88,73,'Sunday'),(89,74,'Sunday'),(90,75,'Sunday'),(91,76,'Sunday'),(92,77,'Sunday'),(93,78,'Friday'),(94,79,'Friday'),(95,80,'Saturday'),(96,81,'Sunday'),(97,82,'Sunday'),(98,83,'Sunday'),(99,84,'Saturday'),(100,85,'Sunday'),(101,86,'Saturday'),(102,87,'Monday'),(103,88,'Saturday'),(104,88,'Saturday'),(105,88,'Saturday'),(106,88,'Saturday'),(107,88,'Saturday'),(108,89,'Sunday'),(109,90,'Sunday,Friday,Saturday'),(110,91,'Sunday'),(111,92,'Sunday'),(112,93,'Sunday'),(113,94,'Sunday'),(114,95,'Sunday'),(115,96,'Saturday'),(116,97,'Friday'),(117,98,'Sunday'),(118,99,'Tuesday'),(119,100,'Saturday'),(120,101,'Saturday'),(121,102,'Sunday,Monday,Tuesday'),(122,103,'Sunday,Monday'),(123,104,'Sunday,Saturday'),(124,105,'Saturday'),(125,106,'Sunday'),(126,107,'Saturday'),(127,108,'Sunday,Saturday'),(128,109,'Sunday'),(129,110,'Saturday'),(130,111,''),(131,112,'Wednesday'),(132,113,'Saturday'),(133,114,'Thursday'),(134,115,'Sunday');

--
-- Table structure for table `BizPit_app_payment`
--

CREATE TABLE `BizPit_app_payment` (
  `id` int(11) NOT NULL AUTO_INCREMENT,
  `property_id` int(11) NOT NULL,
  `Booking_id` int(11) NOT NULL,
  `Payment_id` int(11) NOT NULL,
  `User_id` int(11) NOT NULL,
  `Booking_type` varchar(100) NOT NULL,
  `Price` varchar(100) NOT NULL,
  `Payment_status` varchar(100) NOT NULL,
  `timestamp` varchar(100) NOT NULL,
  `notification` tinyint(1) NOT NULL,
  `rate` varchar(100) NOT NULL,
  `Booking_date` varchar(500) NOT NULL,
  `Booking_time` varchar(500) NOT NULL,
  `Property_name` varchar(100) NOT NULL,
  `Property_type` varchar(100) NOT NULL,
  `address` varchar(500) NOT NULL,
  `capacity` int(11) NOT NULL,
  `VAT` varchar(200) NOT NULL,
  `cost` varchar(100) NOT NULL,
  `discount` varchar(300) NOT NULL,
  `Property_subtype` varchar(100) NOT NULL,
  PRIMARY KEY (`id`)
) ENGINE=InnoDB AUTO_INCREMENT=208 DEFAULT CHARSET=latin1;

--
-- Dumping data for table `BizPit_app_payment`
--

INSERT INTO `BizPit_app_payment` VALUES (1,3,5,1,5,'Hourly','474.75','Cash','01-06-2016 11:00',0,'3','01/06/2016-Wed, 02/06/2016-Thu','01/06/2016  :   05:00pm,02/06/2016  :   05:00pm,','Golden Square Business Centre','Plug & Play','24, Vittal Mallya Rd,KG Halli, D\' Souza Layout, Sampangi Rama Nagar,Bengaluru, Karnataka 560001',1,'ND','ND','ND','ND'),(3,3,9,3,5,'Hourly','949.5','Cash','01-06-2016 11:30',0,'3','04/06/2016-Sat','04/06/2016  :   09:00am - 10:00am  01:00pm,','Golden Square Business Centre','Plug & Play','24, Vittal Mallya Rd,KG Halli, D\' Souza Layout, Sampangi Rama Nagar,Bengaluru, Karnataka 560001',1,'ND','ND','ND','ND'),(4,5,11,4,4,'Daily','527.5','Cash','01-06-2016 11:39',0,'4.5','29/06/2017-Thu, 30/06/2017-Fri','','Hustle Cowork','Plug & Play','HSR Layout, Bengaluru, Karnataka, India',1,'ND','ND','ND','ND'),(5,14,12,5,4,'Hourly','506.4','Cash','01-06-2016 11:40',0,'4','05/06/2016-Sun','05/06/2016  :   11:00am,','Saama  Wellness Center','Plug & Play','Bannerghatta Main Road, 3rd Phase, Bengaluru, Karnataka, India',1,'ND','ND','ND','ND'),(6,9,14,6,5,'Daily','2110.0','Cash','01-06-2016 12:58',0,'3','09/06/2016-Thu, 17/06/2016-Fri','','B Station','Plug & Play','Papanna Street, Shanthala Nagar, Bengaluru, Karnataka, India',1,'ND','ND','ND','ND'),(7,21,24,7,4,'Daily','5538.75','Cash','01-06-2016 16:04',0,'5','06/06/2016-Mon, 08/06/2016-Wed, 10/06/2016-Fri, 14/06/2016-Tue, 16/06/2016-Thu, 18/06/2016-Sat, 04/06/2016-Sat, 02/06/2016-Thu, 20/06/2016-Mon, 22/06/2016-Wed, 24/06/2016-Fri, 30/06/2016-Thu, 28/06/2016-Tue, 02/07/2016-Sat','','Dhi  Leadership Center','Plug & Play','Dhi Leadership Center, Bannerghatta Road, Bengaluru, Karnataka, India',1,'ND','ND','ND','ND'),(8,21,25,8,4,'Daily','5538.75','Cash','01-06-2016 16:05',0,'5','02/07/2016-Sat, 30/06/2016-Thu, 28/06/2016-Tue, 22/06/2016-Wed, 24/06/2016-Fri, 20/06/2016-Mon, 16/06/2016-Thu, 14/06/2016-Tue, 18/06/2016-Sat, 10/06/2016-Fri, 08/06/2016-Wed, 06/06/2016-Mon, 04/06/2016-Sat, 02/06/2016-Thu','','Dhi  Leadership Center','Plug & Play','Dhi Leadership Center, Bannerghatta Road, Bengaluru, Karnataka, India',1,'ND','ND','ND','ND'),(9,5,26,9,4,'Daily','791.25','Cash','01-06-2016 16:06',0,'4.5','06/06/2016-Mon, 07/06/2016-Tue, 08/06/2016-Wed','','Hustle Cowork','Plug & Play','HSR Layout, Bengaluru, Karnataka, India',1,'ND','ND','ND','ND'),(10,5,27,10,3,'Daily','263.75','Cash','01-06-2016 16:07',1,'ND','02/06/2016-Thu','','Hustle Cowork','Plug & Play','HSR Layout, Bengaluru, Karnataka, India',1,'ND','ND','ND','ND'),(11,5,28,11,4,'Daily','11868.75','Cash','01-06-2016 16:07',0,'4.5','06/06/2016-Mon, 07/06/2016-Tue, 08/06/2016-Wed','','Hustle Cowork','Plug & Play','HSR Layout, Bengaluru, Karnataka, India',15,'ND','ND','ND','ND'),(12,5,29,12,4,'Daily','791.25','Cash','01-06-2016 16:08',0,'4.5','06/06/2016-Mon, 07/06/2016-Tue, 08/06/2016-Wed','','Hustle Cowork','Plug & Play','HSR Layout, Bengaluru, Karnataka, India',1,'ND','ND','ND','ND'),(13,5,30,13,4,'Daily','13187.5','Cash','01-06-2016 16:11',0,'4.5','15/06/2016-Wed, 13/06/2016-Mon','','Hustle Cowork','Plug & Play','HSR Layout, Bengaluru, Karnataka, India',25,'ND','ND','ND','ND'),(14,22,44,14,3,'Daily','474.75','Cash','01-06-2016 16:24',1,'ND','03/06/2016-Fri','','Vatika  Business Center.','Plug & Play','Vatika Business Centre, Embassy Tech Square Main Road, Kadabeesanahalli, Karnataka, India',1,'ND','ND','ND','ND'),(15,10,46,15,4,'Hourly','379.8','Cash','01-06-2016 16:26',0,'4.5','03/06/2016-Fri','03/06/2016  :   11:00am  01:00pm,','Regus','Plug & Play','Regus Bangalore, MG Road, Ashok Nagar, Bengaluru, Karnataka, India',1,'ND','ND','ND','ND'),(16,3,49,16,4,'Hourly','1186.875','Cash','01-06-2016 16:32',0,'4','04/06/2016-Sat, 05/06/2016-Sun','04/06/2016  :   02:00pm,05/06/2016  :   11:00am,','Golden Square Business Centre','Plug & Play','24, Vittal Mallya Rd,KG Halli, D\' Souza Layout, Sampangi Rama Nagar,Bengaluru, Karnataka 560001',1,'ND','ND','ND','ND'),(17,35,51,17,3,'HalfDay','29.54','Cash','01-06-2016 16:34',0,'5','04/06/2016-Sat','04/06/2016  :   08:00am - 01:00pm,','ham','Plug & Play,Training Room,Event_Hall,Meeting_Room','Bhoganhalli,Bengaluru, Karnataka,India',90,'ND','ND','ND','ND'),(18,25,52,18,3,'Weekly','2259.81','Cash','01-06-2016 16:36',0,'5','09/06/2016-Thu - 15/06/2016-Wed','','Aura Technologies and Business Centres','Plug & Play','Aura Technologies and Business Centres, 2nd Cross Road, 5th Block, Bengaluru, Karnataka, India',1,'ND','ND','ND','ND'),(19,35,53,19,3,'Hourly','58.86900020122528','Cash','01-06-2016 16:39',0,'5','03/06/2016-Fri','03/06/2016  :   09:00am - 11:00am,','ham','Plug & Play,Training Room,Event_Hall,Meeting_Room','Bhoganhalli,Bengaluru, Karnataka,India',1,'ND','ND','ND','ND'),(20,24,55,20,3,'Weekly','2110.0','Cash','01-06-2016 16:43',0,'2.5','16/06/2016-Thu - 22/06/2016-Wed','','Workbench Projects','Plug & Play','Workbench Projects, Swamy Vivekananda Road, Ulsoor, Bengaluru, Karnataka, India',1,'ND','ND','ND','ND'),(21,24,56,21,3,'Weekly','2110.0','Cash','01-06-2016 16:55',0,'2.5','23/06/2016-Thu - 29/06/2016-Wed','','Workbench Projects','Plug & Play','Workbench Projects, Swamy Vivekananda Road, Ulsoor, Bengaluru, Karnataka, India',1,'ND','ND','ND','ND'),(22,25,57,22,4,'Weekly','3864.2751721191407','Cash','01-06-2016 16:59',0,'5','16/06/2016-Tue - 08/06/2016-Wed','','Aura Technologies and Business Centres','Plug & Play','Aura Technologies and Business Centres, 2nd Cross Road, 5th Block, Bengaluru, Karnataka, India',1,'ND','ND','ND','ND'),(24,29,60,24,4,'Weekly','2886.48','Cash','01-06-2016 17:04',0,'4.5','06/06/2016-Mon - 25/06/2016-Sun','','Workden','Plug & Play','WORKDEN, Bengaluru, Karnataka, India',1,'ND','ND','ND','ND'),(25,25,61,25,4,'Weekly','2259.81','Cash','01-06-2016 17:12',0,'5','15/06/2016-Wed - 21/06/2016-Tue','','Aura Technologies and Business Centres','Plug & Play','Aura Technologies and Business Centres, 2nd Cross Road, 5th Block, Bengaluru, Karnataka, India',1,'ND','ND','ND','ND'),(26,33,63,26,4,'Weekly','15825.0','Cash','02-06-2016 04:55',0,'4.5','14/06/2016-Tue - 20/06/2016-Mon','','WorkAdda','Plug & Play','WorkAdda, Bengaluru, Karnataka, India',10,'ND','ND','ND','ND'),(27,4,64,27,4,'Weekly','2441.27','Cash','02-06-2016 05:16',0,'5','18/06/2016-Sat - 24/06/2016-Thu','','Bhive Workspace','Plug & Play','Koramangala, 6th Block, Bengaluru, Karnataka, India',1,'ND','ND','ND','ND'),(28,29,65,28,4,'Weekly','1688.0','Cash','02-06-2016 05:30',0,'4.5','07/06/2016-Tue - 13/06/2016-Mon','','Workden','Plug & Play','WORKDEN, Bengaluru, Karnataka, India',1,'ND','ND','ND','ND'),(30,34,68,30,4,'Weekly','2706.075','Cash','02-06-2016 05:34',0,'5','06/06/2016-Mon - 02/07/2016-Sat','','Instaspace  Managed Offices','Plug & Play','Instaspace Managed Offices, Bhanu Nursing Home Road, Bommanahalli, Bengaluru, Karnataka, India',1,'ND','ND','ND','ND'),(31,34,69,31,4,'Weekly','18040.5','Cash','02-06-2016 05:35',0,'5','20/06/2016-Mon - 02/07/2016-Sat','','Instaspace  Managed Offices','Plug & Play','Instaspace Managed Offices, Bhanu Nursing Home Road, Bommanahalli, Bengaluru, Karnataka, India',10,'ND','ND','ND','ND'),(32,14,77,32,4,'Hourly','675.2','Cash','02-06-2016 07:42',0,'4','05/06/2016-Sun','05/06/2016  :   07:00am - 08:00am  11:00am - 12:00pm,','Saama  Wellness Center','Plug & Play','Bannerghatta Main Road, 3rd Phase, Bengaluru, Karnataka, India',1,'ND','ND','ND','ND'),(33,21,78,33,7,'Daily','1186.875','Cash','02-06-2016 08:30',0,'5','14/06/2016-Tue, 15/06/2016-Wed, 16/06/2016-Thu','','Dhi  Leadership Center','Plug & Play','Dhi Leadership Center, Bannerghatta Road, Bengaluru, Karnataka, India',1,'ND','ND','ND','ND'),(34,5,83,34,9,'Daily','1055.0','Cash','02-06-2016 11:06',1,'ND','23/06/2016-Thu, 25/06/2016-Sat, 24/06/2016-Fri, 20/06/2016-Mon','','Hustle Cowork','Plug & Play','HSR Layout, Bengaluru, Karnataka, India',1,'ND','ND','ND','ND'),(35,3,91,35,9,'Hourly','949.5','Cash','02-06-2016 11:43',0,'4.5','07/06/2016-Tue, 08/06/2016-Wed','07/06/2016  :   12:00pm - 01:00pm,08/06/2016  :   12:00pm - 01:00pm,','Golden Square Business Centre','Plug & Play','24, Vittal Mallya Rd,KG Halli, D\' Souza Layout, Sampangi Rama Nagar,Bengaluru, Karnataka 560001',1,'ND','ND','ND','ND'),(36,5,102,36,9,'Daily','527.5','Cash','02-06-2016 13:25',1,'ND','22/06/2016-Wed, 29/06/2016-Wed','','Hustle Cowork','Plug & Play','HSR Layout, Bengaluru, Karnataka, India',1,'ND','ND','ND','ND'),(37,3,103,37,9,'Hourly','712.125','Cash','02-06-2016 13:27',0,'4.5','07/06/2016-Tue, 08/06/2016-Wed','07/06/2016  :   09:00am - 10:00am,08/06/2016  :   11:00am,','Golden Square Business Centre','Plug & Play','24, Vittal Mallya Rd,KG Halli, D\' Souza Layout, Sampangi Rama Nagar,Bengaluru, Karnataka 560001',1,'ND','ND','ND','ND'),(38,3,104,38,7,'Hourly','474.75','Cash','02-06-2016 14:12',0,'5','04/06/2016-Sat','04/06/2016  :   11:00am - 12:00pm,','Golden Square Business Centre','Plug & Play','24, Vittal Mallya Rd,KG Halli, D\' Souza Layout, Sampangi Rama Nagar,Bengaluru, Karnataka 560001',1,'ND','ND','ND','ND'),(39,41,105,39,11,'Daily','601.35','Cash','03-06-2016 06:53',1,'ND','15/06/2016-Wed','','brisa test2','Training Room','Challaghatta,Bengaluru, Karnataka,India',1,'ND','ND','ND','ND'),(40,13,109,40,4,'Hourly','30384.0','Cash','03-06-2016 10:19',0,'4','05/06/2016-Sun','05/06/2016  :   08:00am - 09:00am  11:00am - 12:00pm  02:00pm - 03:00pm  08:00pm,','Prwatech','Plug & Play','BTM Layout 1st Stage, Bengaluru, Karnataka, India',20,'ND','ND','ND','ND'),(41,4,139,41,3,'Daily','451.54','Cash','05-06-2016 04:29',0,'5','30/06/2016-Thu','','Bhive Workspace','Plug & Play','Koramangala, 6th Block, Bengaluru, Karnataka, India',1,'ND','ND','ND','ND'),(42,52,156,42,6,'Daily','1055.0','Cash','06-06-2016 05:19',0,'4','07/06/2016-Tue','','test7','Event_Hall,Plug & Play','Vijayanagar, Bengaluru, Karnataka, India',1,'ND','ND','ND','ND'),(43,29,158,43,9,'Weekly','1688.0','Cash','06-06-2016 05:38',1,'ND','07/06/2016-Tue - 13/06/2016-Mon , ','','Workden','Plug & Play','WORKDEN, Bengaluru, Karnataka, India',1,'ND','ND','ND','ND'),(44,16,159,44,10,'Daily','3165.0','Cash','06-06-2016 05:47',1,'ND','07/06/2016-Tue, 08/06/2016-Wed, 09/06/2016-Thu','','SaasTech  Software Pvt. Ltd','Training Room,Plug & Play','KR Road, Basavanagudi, Bengaluru, Karnataka, India',1,'ND','ND','ND','ND'),(45,60,174,45,10,'HalfDay','250.5625','Cash','06-06-2016 06:47',1,'ND','11/06/2016-Sat','11/06/2016  :   03:00pm - 08:00pm,','test brisa','Training Room','422, 27th Main Rd,Sector 2, PWD Quarters, Sector 1, HSR Layout,Bengaluru, Karnataka 560102',1,'ND','ND','ND','ND'),(46,25,185,46,10,'Weekly','2259.81','Cash','06-06-2016 07:27',0,'4','13/06/2016-Mon - 27/06/2016-Mon , 14/06/2016-Tue - 20/06/2016-Mon , ','','Aura Technologies and Business Centres','Plug & Play','Aura Technologies and Business Centres, 2nd Cross Road, 5th Block, Bengaluru, Karnataka, India',1,'ND','ND','ND','ND'),(47,4,187,47,6,'Weekly','73238.1','Cash','06-06-2016 07:46',1,'ND','26/07/2016-Tue - 20/07/2016-Wed , 26/07/2016-Tue - 30/07/2016-Sat , 12/07/2016-Tue - ','','Bhive Workspace','Plug & Play','Koramangala, 6th Block, Bengaluru, Karnataka, India',30,'ND','ND','ND','ND'),(48,13,189,48,10,'Hourly','633.0','Cash','06-06-2016 09:02',1,'ND','07/06/2016-Tue, 08/06/2016-Wed, 09/06/2016-Thu, 10/06/2016-Fri, 11/06/2016-Sat, 12/06/2016-Sun','07/06/2016  :   12:00pm,08/06/2016  :   12:00pm,09/06/2016  :   12:00pm,10/06/2016  :   12:00pm,11/06/2016  :   12:00pm,12/06/2016  :   12:00pm,','Prwatech','Plug & Play','BTM Layout 1st Stage, Bengaluru, Karnataka, India',1,'ND','ND','ND','ND'),(49,47,201,49,7,'Daily','1266.0','Cash','06-06-2016 10:06',1,'ND','15/06/2016-Wed, 08/06/2016-Wed','','Test3','Meeting_Room','HSR Layout, Bengaluru, Karnataka, India',2,'ND','ND','ND','ND'),(50,2,207,50,9,'Daily','527.5','Cash','06-06-2016 11:20',1,'ND','22/06/2016-Wed','','Workshaala spaces','Plug & Play','19th Main, HSR Layout, Bengaluru, Karnataka, India',1,'ND','ND','ND','ND'),(51,60,235,51,9,'Daily','751.6875','Cash','06-06-2016 12:08',1,'ND','23/06/2016-Thu','','test brisa','Training Room','422, 27th Main Rd,Sector 2, PWD Quarters, Sector 1, HSR Layout,Bengaluru, Karnataka 560102',1,'ND','ND','ND','ND'),(52,46,240,52,9,'Daily','422.0','Cash','06-06-2016 12:14',1,'ND','08/06/2016-Wed','','Test2','Training Room','HSR Layout, Bengaluru, Karnataka, India',1,'ND','ND','ND','ND'),(53,6,271,53,11,'Daily','1186.875','Cash','06-06-2016 13:26',1,'ND','07/06/2016-Tue, 08/06/2016-Wed, 09/06/2016-Thu','','365 Shared spaces.','Plug & Play','HSR Layout, Sector 3, Bengaluru, Karnataka, India',1,'ND','ND','ND','ND'),(54,3,278,54,5,'Hourly','2611.125','Cash','06-06-2016 14:02',0,'3','07/06/2016-Tue, 08/06/2016-Wed, 09/06/2016-Thu, 10/06/2016-Fri, 11/06/2016-Sat, 12/06/2016-Sun','07/06/2016  :   09:00am  02:00pm,08/06/2016  :   10:00am  02:00pm,09/06/2016  :   11:00am  02:00pm,10/06/2016  :   12:00pm  02:00pm,11/06/2016  :   01:00pm - 02:00pm,12/06/2016  :   02:00pm,','Golden Square Business Centre','Plug & Play','24, Vittal Mallya Rd,KG Halli, D\' Souza Layout, Sampangi Rama Nagar,Bengaluru, Karnataka 560001',1,'ND','ND','ND','ND'),(55,3,279,55,5,'Hourly','2611.125','Cash','06-06-2016 14:04',0,'3','07/06/2016-Tue, 08/06/2016-Wed, 09/06/2016-Thu, 10/06/2016-Fri, 11/06/2016-Sat, 12/06/2016-Sun','07/06/2016  :   09:00am  02:00pm,08/06/2016  :   10:00am  02:00pm,09/06/2016  :   11:00am  02:00pm,10/06/2016  :   12:00pm  02:00pm,11/06/2016  :   01:00pm - 02:00pm,12/06/2016  :   02:00pm,','Golden Square Business Centre','Plug & Play','24, Vittal Mallya Rd,KG Halli, D\' Souza Layout, Sampangi Rama Nagar,Bengaluru, Karnataka 560001',1,'ND','ND','ND','ND'),(56,3,281,56,5,'Hourly','474.75','Cash','06-06-2016 14:07',0,'3','07/06/2016-Tue, 08/06/2016-Wed','07/06/2016  :   09:00am,08/06/2016  :   10:00am,','Golden Square Business Centre','Plug & Play','24, Vittal Mallya Rd,KG Halli, D\' Souza Layout, Sampangi Rama Nagar,Bengaluru, Karnataka 560001',1,'ND','ND','ND','ND'),(57,56,282,57,5,'Daily','284.85','Cash','06-06-2016 14:33',1,'ND','07/06/2016-Tue','','test12','Event_Hall,Training Room,Plug & Play','M G Road, KG Halli, Bangalore, Karnataka, India',1,'ND','ND','ND','ND'),(58,33,284,58,11,'Weekly','1582.5','Cash','06-06-2016 19:27',1,'ND','01/07/2016-Fri - 02/07/2016-Sat , ','','WorkAdda','Plug & Play','WorkAdda, Bengaluru, Karnataka, India',1,'ND','ND','ND','ND'),(59,55,285,59,3,'Daily','237.375','Cash','07-06-2016 03:43',1,'ND','15/06/2016-Wed','','test11','Meeting_Room,Training Room,Plug & Play','H M R Layout Main Road, Mathikere, Bengaluru, Karnataka, India',1,'ND','ND','ND','ND'),(60,60,296,60,4,'HalfDay','1202.7','Cash','07-06-2016 04:56',1,'ND','09/06/2016-Thu, 10/06/2016-Fri','09/06/2016  :   10:00am - 02:00pm,10/06/2016  :   03:00pm - 08:00pm,','test brisa','Training Room','422, 27th Main Rd,Sector 2, PWD Quarters, Sector 1, HSR Layout,Bengaluru, Karnataka 560102',30,'ND','ND','ND','ND'),(61,33,301,61,4,'Weekly','31650.0','Cash','07-06-2016 05:04',0,'4.5','09/07/2016-Sat - 18/07/2016-Mon , 23/07/2016-Sat - ','','WorkAdda','Plug & Play','WorkAdda, Bengaluru, Karnataka, India',20,'ND','ND','ND','ND'),(62,57,322,62,10,'Daily','189.9','Cash','07-06-2016 07:02',1,'ND','25/06/2016-Sat','','test6','Training Room,Plug & Play','MG Road Metro Station, Shanthala Nagar, Bengaluru, Karnataka, India',1,'ND','ND','ND','ND'),(63,60,334,63,3,'HalfDay','1202.7','Cash','07-06-2016 07:20',1,'ND','13/06/2016-Mon, 12/06/2016-Sun','13/06/2016  :   10:00am - 08:00pm,12/06/2016  :   10:00am - 02:00pm,','test brisa','Training Room','422, 27th Main Rd,Sector 2, PWD Quarters, Sector 1, HSR Layout,Bengaluru, Karnataka 560102',1,'ND','ND','ND','ND'),(64,19,336,64,1,'Daily','979.04','Cash','07-06-2016 07:27',1,'ND','17/06/2016-Fri','','Evoma  Business Hotel','Plug & Play','Evoma Business Hotel, Old Madras Road, Krishnarajapuram, Bengaluru, Karnataka, India',1,'ND','ND','ND','ND'),(67,56,341,67,3,'Daily','284.85','Cash','07-06-2016 10:29',1,'ND','24/06/2016-Fri','','Test12','Event_Hall,Training Room,Plug & Play','M G Road, KG Halli, Bangalore, Karnataka, India',1,'ND','ND','ND','ND'),(68,55,342,68,3,'Daily','237.375','Cash','07-06-2016 10:55',1,'ND','23/06/2016-Thu','','Test11','Meeting_Room,Training Room,Plug & Play','H M R Layout Main Road, Mathikere, Bengaluru, Karnataka, India',1,'ND','ND','ND','ND'),(69,6,367,69,3,'Daily','395.625','Cash','07-06-2016 13:24',1,'ND','15/06/2016-Wed','','365 Shared spaces.','Plug & Play','HSR Layout, Sector 3, Bengaluru, Karnataka, India',1,'ND','ND','ND','ND'),(70,10,371,70,14,'Hourly','253.2','Cash','07-06-2016 14:06',1,'ND','11/06/2016-Sat','11/06/2016  :   02:00pm - 03:00pm,','Regus','Plug & Play','Regus Bangalore, MG Road, Ashok Nagar, Bengaluru, Karnataka, India',1,'ND','ND','ND','ND'),(71,54,373,71,15,'Daily','569.7','Cash','07-06-2016 15:06',1,'ND','08/06/2016-Wed, 09/06/2016-Thu, 10/06/2016-Fri','','Test10','Event_Hall,Training Room','Bellandur Gate Bus Stop, Bengaluru, Karnataka, India',1,'ND','ND','ND','ND'),(72,34,374,72,15,'Weekly','31650.0','Cash','07-06-2016 15:08',1,'ND','01/07/2016-Fri - 02/07/2016-Sat , ','','Instaspace  Managed Offices','Plug & Play','Instaspace Managed Offices, Bhanu Nursing Home Road, Bommanahalli, Bengaluru, Karnataka, India',20,'ND','ND','ND','ND'),(73,22,377,73,15,'Daily','2848.5','Cash','07-06-2016 16:30',1,'ND','24/06/2016-Fri, 25/06/2016-Sat','','Vatika  Business Center.','Plug & Play','Vatika Business Centre, Embassy Tech Square Main Road, Kadabeesanahalli, Karnataka, India',3,'ND','ND','ND','ND'),(74,33,381,74,6,'Weekly','1582.5','Cash','08-06-2016 05:02',1,'ND','10/08/2016-Wed - 16/08/2016-Tue , 09/08/2016-Tue - ','','WorkAdda','Plug & Play','WorkAdda, Bengaluru, Karnataka, India',1,'ND','ND','ND','ND'),(75,38,388,75,6,'Weekly','10550.0','Cash','08-06-2016 05:36',1,'ND','09/06/2016-Thu - 15/06/2016-Wed , 23/06/2016-Thu - 29/06/2016-Wed , ','','Citrus Hotels','Plug & Play','Citrus Hotels, Bengaluru, Karnataka, India',1,'ND','ND','ND','ND'),(79,5,415,79,1,'Daily','263.75','Cash','08-06-2016 07:00',1,'ND','17/06/2016-Fri','','Hustle Cowork','Plug & Play','HSR Layout, Bengaluru, Karnataka, India',1,'ND','ND','ND','ND'),(81,59,423,81,9,'Daily','211.0','Cash','08-06-2016 08:58',1,'ND','16/06/2016-Thu','','Test14','Event_Hall,Training Room,Meeting_Room','Malleshwaram, Bengaluru, Karnataka, India',1,'ND','ND','ND','ND'),(82,3,425,82,16,'Hourly','2848.5','Cash','08-06-2016 09:33',1,'ND','10/06/2016-Fri, 11/06/2016-Sun, 12/06/2016-Mon, 13/06/2016-Tue, 14/06/2016-Fri, 10/06/2016-Sat, 11/06/2016-Sat, 12/06/2016-Sun, 13/06/2016-Mon','10/06/2016  :   10:00am - 11:00am  01:00pm,11/06/2016  :   11:00am  02:00pm,12/06/2016  :   12:00pm  02:00pm,13/06/2016  :   01:00pm - 02:00pm,14/06/2016  :   02:00pm,','Golden Square Business Centre','Plug & Play','24, Vittal Mallya Rd,KG Halli, D\' Souza Layout, Sampangi Rama Nagar,Bengaluru, Karnataka 560001',1,'ND','ND','ND','ND'),(83,3,426,83,16,'Hourly','2848.5','Cash','08-06-2016 09:35',1,'ND','10/06/2016-Fri, 11/06/2016-Sat, 12/06/2016-Sun, 13/06/2016-Mon, 14/06/2016-Tue','10/06/2016  :   10:00am  02:00pm,11/06/2016  :   11:00am  02:00pm,12/06/2016  :   12:00pm  02:00pm,13/06/2016  :   01:00pm - 02:00pm,14/06/2016  :   02:00pm,','Golden Square Business Centre','Plug & Play','24, Vittal Mallya Rd,KG Halli, D\' Souza Layout, Sampangi Rama Nagar,Bengaluru, Karnataka 560001',1,'ND','ND','ND','ND'),(84,3,427,84,16,'Hourly','2848.5','Cash','08-06-2016 09:36',1,'ND','10/06/2016-Fri, 11/06/2016-Sat, 12/06/2016-Sun, 13/06/2016-Mon, 14/06/2016-Tue','10/06/2016  :   10:00am  02:00pm,11/06/2016  :   11:00am  02:00pm,12/06/2016  :   12:00pm  02:00pm,13/06/2016  :   01:00pm - 02:00pm,14/06/2016  :   02:00pm,','Golden Square Business Centre','Plug & Play','24, Vittal Mallya Rd,KG Halli, D\' Souza Layout, Sampangi Rama Nagar,Bengaluru, Karnataka 560001',1,'ND','ND','ND','ND'),(85,3,428,85,16,'Hourly','142425.0','Cash','08-06-2016 09:38',1,'ND','17/06/2016-Fri, 18/06/2016-Sat, 19/06/2016-Sun, 20/06/2016-Mon, 21/06/2016-Tue','17/06/2016  :   10:00am - 02:00pm,18/06/2016  :   02:00pm,19/06/2016  :   02:00pm,20/06/2016  :   02:00pm,21/06/2016  :   02:00pm,','Golden Square Business Centre','Plug & Play','24, Vittal Mallya Rd,KG Halli, D\' Souza Layout, Sampangi Rama Nagar,Bengaluru, Karnataka 560001',50,'ND','ND','ND','ND'),(86,53,435,86,14,'Daily','284.85','Cash','09-06-2016 06:07',1,'ND','16/06/2016-Thu, 17/06/2016-Fri','','Test9','Training Room,Meeting_Room','National Institute of Fashion Technology, Bengaluru, Karnataka, India',1,'ND','ND','ND','ND'),(87,5,440,87,15,'Daily','527.5','Cash','09-06-2016 11:46',1,'ND','30/06/2016-Thu, 01/07/2016-Fri','','Hustle Cowork','Plug & Play','HSR Layout, Bengaluru, Karnataka, India',1,'ND','ND','ND','ND'),(88,5,442,88,15,'Daily','527.5','Cash','09-06-2016 12:59',1,'ND','01/07/2016-Fri, 02/07/2016-Sat','','Hustle Cowork','Plug & Play','HSR Layout, Bengaluru, Karnataka, India',1,'ND','ND','ND','ND'),(89,63,443,89,9,'Daily','1408.425','Cash','09-06-2016 13:25',1,'ND','23/06/2016-Thu, 24/06/2016-Fri, 25/06/2016-Sat','','appzoy','Plug & Play,Training Room,Event_Hall,Meeting_Room','80, 27th Cross Rd,ITI Layout, Sector 2, HSR Layout,Bengaluru, Karnataka 560103',1,'ND','ND','ND','ND'),(90,64,444,90,7,'Hourly','379.8','Cash','09-06-2016 13:42',1,'ND','12/06/2016-Sun','12/06/2016  :   01:00pm - 02:00pm,','test56','Plug & Play,Training Room,Meeting_Room','Hare Krishna Rd,DLF Newtown, Akshayanagar,Bengaluru, Karnataka 560076',1,'ND','ND','ND','ND'),(91,62,446,91,3,'Weekly','1688.0','Cash','09-06-2016 13:46',1,'ND','10/06/2016-Fri - 16/06/2016-Thu , ','','newtesting','Meeting_Room,Event_Hall,Training Room,Plug & Play','Hosur Main Road, Industrial Layout, Bengaluru, Karnataka, India',1,'ND','ND','ND','ND'),(92,61,450,92,14,'Hourly','300.675','Cash','09-06-2016 14:09',1,'ND','12/06/2016-Sun','12/06/2016  :   01:00pm,','brisatest','Plug & Play,Event_Hall','33, Kudlu Main Rd,Hosapalaya, Muneshwara Nagar,Bengaluru, Karnataka 560068',1,'ND','ND','ND','ND'),(93,62,452,93,14,'HalfDay','29.54','Cash','10-06-2016 05:52',1,'ND','15/06/2016-Wed','15/06/2016  :   01:00pm - 05:00pm,','newtesting','Meeting_Room,Event_Hall,Training Room,Plug & Play','Hosur Main Road, Industrial Layout, Bengaluru, Karnataka, India',1,'ND','ND','ND','ND'),(94,48,456,94,14,'Daily','388.24','Cash','10-06-2016 06:05',1,'ND','23/06/2016-Thu','','Test2','Training Room','HSR Layout, Bengaluru, Karnataka, India',1,'ND','ND','ND','ND'),(95,50,458,95,15,'Daily','379.8','Cash','10-06-2016 15:33',1,'ND','17/06/2016-Fri, 18/06/2016-Sat','','Test5','Meeting_Room,Event_Hall,Training Room,Plug & Play','Mount Carmel College, Abshot Layout, Bengaluru, Karnataka, India',1,'ND','ND','ND','ND'),(96,38,459,96,15,'Weekly','5275.0','Cash','10-06-2016 20:19',1,'ND','14/06/2016-Tue - 20/06/2016-Mon , ','','Citrus Hotels','Plug & Play','Citrus Hotels, Bengaluru, Karnataka, India',1,'ND','ND','ND','ND'),(97,65,460,97,6,'Hourly','704.2125','Cash','13-06-2016 12:44',1,'ND','15/06/2016-Wed','15/06/2016  :   10:00am - 12:00pm,','bytest test','Plug & Play,Training Room','422, 27th Main Rd,Sector 2, PWD Quarters, Sector 1, HSR Layout,Bengaluru, Karnataka 560102',1,'ND','ND','ND','ND'),(98,65,463,98,6,'HalfDay','234.7375','Cash','13-06-2016 12:47',1,'ND','14/06/2016-Tue','14/06/2016  :   09:00am - 03:00pm,','bytest test','Plug & Play,Training Room','422, 27th Main Rd,Sector 2, PWD Quarters, Sector 1, HSR Layout,Bengaluru, Karnataka 560102',1,'ND','ND','ND','ND'),(99,24,466,99,5,'Weekly','16880.0','Cash','14-06-2016 05:27',1,'ND','28/09/2016-Wed - 01/10/2016-Sat , ','','Workbench Projects','Plug & Play','Workbench Projects, Swamy Vivekananda Road, Ulsoor, Bengaluru, Karnataka, India',8,'ND','ND','ND','ND'),(100,68,474,100,4,'HalfDay','588.69','Cash','14-06-2016 09:30',1,'ND','15/06/2016-Wed','15/06/2016  :   03:00pm - 09:00pm,','image test 2','Training Room,Meeting_Room,Event_Hall,Plug & Play','111, Hosur Rd,Sidharata Colony, 2B Block, Koramangala,Bengaluru, Karnataka 560034',1,'ND','ND','ND','ND'),(101,43,476,101,4,'Daily','1107.75','Cash','15-06-2016 06:22',1,'ND','16/06/2016-Thu, 24/06/2016-Fri, 30/06/2016-Thu','','vConverge','Plug & Play','vConverge, 14th Main Road, Sector 7, Bengaluru, Karnataka, India',1,'ND','ND','ND','ND'),(102,25,478,102,6,'Weekly','2259.81','Cash','15-06-2016 09:31',1,'ND','16/06/2016-Thu - 22/06/2016-Wed , ','','Aura Technologies and Business Centres','Plug & Play','Aura Technologies and Business Centres, 2nd Cross Road, 5th Block, Bengaluru, Karnataka, India',1,'ND','ND','ND','ND'),(103,69,481,103,4,'HalfDay','75.96','Cash','16-06-2016 05:10',1,'ND','19/06/2016-Sun','19/06/2016  :   08:00am - 08:00pm,','test property','Event_Hall,Plug & Play,Training Room,Meeting_Room','Railway Station Main Rd,Gandhi Nagar, Yelahanka,Bengaluru, Karnataka 560064',1,'ND','ND','ND','ND'),(104,68,483,104,4,'Weekly','2943.45','Cash','16-06-2016 05:52',1,'ND','30/06/2016-Thu - 02/07/2016-Sat , ','','image test 2','Training Room,Meeting_Room,Event_Hall,Plug & Play','111, Hosur Rd,Sidharata Colony, 2B Block, Koramangala,Bengaluru, Karnataka 560034',1,'ND','ND','ND','ND'),(105,20,487,105,4,'Daily','743.775','Cash','17-06-2016 07:04',1,'ND','21/06/2016-Tue, 23/06/2016-Thu, 29/06/2016-Wed','','Sierra Cartel','Plug & Play','Sierra Cartel, 17th Cross Road, Sector 4, Bengaluru, Karnataka, India',1,'ND','ND','ND','ND'),(106,8,491,106,6,'Daily','358.7','Cash','17-06-2016 08:58',1,'ND','22/06/2016-Wed','','LetsVenture.','Plug & Play','LetsVenture Online Pte. ltd., Bengaluru, Karnataka, India',1,'ND','ND','ND','ND'),(107,38,492,107,6,'Weekly','5275.0','Cash','17-06-2016 11:03',1,'ND','01/07/2016-Fri - 07/07/2016-Thu , ','','Citrus Hotels','Plug & Play','Citrus Hotels, Bengaluru, Karnataka, India',1,'ND','ND','ND','ND'),(108,66,497,108,15,'Daily','99.6975','Cash','17-06-2016 14:36',1,'ND','21/06/2016-Tue','','qalqi','Meeting_Room,Event_Hall,Training Room,Plug & Play','Marathahalli,Bengaluru, Karnataka 560037,India',1,'ND','ND','ND','ND'),(109,70,500,109,15,'Hourly','55.704000201225284','Cash','22-06-2016 06:29',1,'ND','24/06/2016-Fri','24/06/2016  :   12:00pm - 02:00pm,','qalqi test','Meeting_Room,Event_Hall,Training Room,Plug & Play','Mahadevapura, Bengaluru, Karnataka, India',1,'ND','ND','ND','ND'),(110,63,501,110,15,'Hourly','281.685','Cash','24-06-2016 07:45',1,'ND','26/06/2016-Sun','26/06/2016  :   11:00am - 12:00pm,','appzoy','Plug & Play,Training Room,Event_Hall,Meeting_Room','80, 27th Cross Rd,ITI Layout, Sector 2, HSR Layout,Bengaluru, Karnataka 560103',1,'ND','ND','ND','ND'),(111,65,502,111,15,'Hourly','469.475','Cash','24-06-2016 11:23',1,'ND','24/06/2016-Fri','24/06/2016  :   06:00pm - 07:00pm,','bytest test','Plug & Play,Training Room','422, 27th Main Rd,Sector 2, PWD Quarters, Sector 1, HSR Layout,Bengaluru, Karnataka 560102',1,'ND','ND','ND','ND'),(112,67,503,112,3,'Hourly','23.21','Cash','24-06-2016 17:45',1,'ND','27/06/2016-Mon','27/06/2016  :   11:00am,','test image','Event_Hall,Plug & Play,Meeting_Room,Training Room','1, Kariyammana Agrahara Rd,Yemalur, Marathahalli,Bengaluru, Karnataka 560037',1,'ND','ND','ND','ND'),(113,23,504,113,14,'Daily','221.55','Cash','25-06-2016 12:41',1,'ND','01/07/2016-Fri','','Tvaksa  Technologies','Plug & Play','TVAKSA TECHNOLOGIES PVT LTD, Bengaluru, Karnataka, India',1,'ND','ND','ND','ND'),(114,65,505,114,13,'HalfDay','469.475','Cash','25-06-2016 12:44',1,'ND','27/06/2016-Mon','27/06/2016  :   09:00am - 10:00pm,','bytest test','Plug & Play,Training Room','422, 27th Main Rd,Sector 2, PWD Quarters, Sector 1, HSR Layout,Bengaluru, Karnataka 560102',1,'ND','ND','ND','ND'),(115,65,506,115,13,'HalfDay','234.7375','Cash','25-06-2016 12:44',1,'ND','28/06/2016-Tue','28/06/2016  :   09:00am - 03:00pm,','bytest test','Plug & Play,Training Room','422, 27th Main Rd,Sector 2, PWD Quarters, Sector 1, HSR Layout,Bengaluru, Karnataka 560102',30,'ND','ND','ND','ND'),(116,60,507,116,14,'HalfDay','255.8375','Cash','25-06-2016 17:03',1,'ND','27/06/2016-Mon','27/06/2016  :   04:00pm - 09:00pm,','test brisa12','Plug & Play,Event_Hall','7th Main Rd,New Friends Colony, S T Bed Layout, Ejipura,Bengaluru, Karnataka 560095',1,'ND','ND','ND','ND'),(117,65,508,117,15,'Daily','563.37','Cash','27-06-2016 09:57',1,'ND','29/06/2016-Wed, 30/06/2016-Thu','','bytest test','Plug & Play,Training Room','422, 27th Main Rd,Sector 2, PWD Quarters, Sector 1, HSR Layout,Bengaluru, Karnataka 560102',1,'ND','ND','ND','ND'),(118,73,509,118,14,'Hourly','211.0','Cash','27-06-2016 16:20',1,'ND','30/06/2016-Thu','30/06/2016  :   11:00am,','test 20th june','Plug & Play','Kalkere Main Rd,Raghavendra Nagar, Kalkere,Bengaluru, Karnataka 560016',1,'ND','ND','ND','ND'),(119,21,510,119,14,'Daily','395.625','Cash','28-06-2016 06:09',1,'ND','29/06/2016-Wed','','Dhi  Leadership Center','Plug & Play','Dhi Leadership Center, Bannerghatta Road, Bengaluru, Karnataka, India',1,'ND','ND','ND','ND'),(120,63,512,120,15,'HalfDay','938.95','Cash','28-06-2016 10:00',1,'ND','30/06/2016-Thu','30/06/2016  :   09:00am - 10:00pm,','appzoy','Plug & Play,Training Room,Event_Hall,Meeting_Room','80, 27th Cross Rd,ITI Layout, Sector 2, HSR Layout,Bengaluru, Karnataka 560103',1,'ND','ND','ND','ND'),(121,6,517,121,6,'Daily','395.625','Cash','28-06-2016 11:54',1,'ND','30/06/2016-Thu','','365 Shared spaces.','Plug & Play','HSR Layout, Sector 3, Bengaluru, Karnataka, India',1,'ND','ND','ND','ND'),(122,65,520,122,6,'Hourly','234.7375','Cash','28-06-2016 11:55',1,'ND','01/07/2016-Fri','01/07/2016  :   01:00pm,','bytest test','Plug & Play,Training Room','422, 27th Main Rd,Sector 2, PWD Quarters, Sector 1, HSR Layout,Bengaluru, Karnataka 560102',1,'ND','ND','ND','ND'),(123,70,524,123,14,'Hourly','37.13599979877472','Cash','28-06-2016 12:17',1,'ND','28/06/2016-Tue','28/06/2016  :   06:00pm,','qalqi test','Meeting_Room,Event_Hall,Training Room,Plug & Play','Mahadevapura, Bengaluru, Karnataka, India',1,'ND','ND','ND','ND'),(124,68,525,124,14,'HalfDay','245.2875','Cash','28-06-2016 12:49',1,'ND','01/07/2016-Fri','01/07/2016  :   03:00pm - 09:00pm,','image test 2','Plug & Play,Training Room,Event_Hall,Meeting_Room','111, Hosur Rd,Sidharata Colony, 2B Block, Koramangala,Bengaluru, Karnataka 560034',1,'ND','ND','ND','ND'),(125,67,526,125,15,'Hourly','139.26','Cash','29-06-2016 12:59',1,'ND','01/07/2016-Fri','01/07/2016  :   12:00pm - 02:00pm,','test image','Event_Hall,Plug & Play,Meeting_Room,Training Room','1, Kariyammana Agrahara Rd,Yemalur, Marathahalli,Bengaluru, Karnataka 560037',1,'ND','ND','ND','ND'),(126,70,536,126,15,'Daily','337.6','Cash','30-06-2016 11:52',1,'ND','01/07/2016-Fri','','qalqi test','Meeting_Room,Event_Hall,Training Room,Plug & Play','Mahadevapura, Bengaluru, Karnataka, India',1,'ND','ND','ND','ND'),(127,37,543,127,6,'Weekly','80180.0','Cash','04-07-2016 09:26',1,'ND','26/11/2016-Sat - 02/12/2016-Fri , ','','MoveInSync  Technology  Solutions','Plug & Play','MoveInSync Technology Solutions Pvt Ltd, 17th Cross Road, Sector 4, Bengaluru, Karnataka, India',19,'ND','ND','ND','ND'),(128,29,544,128,5,'Weekly','1688.0','Cash','05-07-2016 06:20',1,'ND','27/09/2016-Tue - 03/10/2016-Mon , ','','Workden','Plug & Play','WORKDEN, Bengaluru, Karnataka, India',1,'ND','ND','ND','ND'),(129,29,545,129,5,'Weekly','16880.0','Cash','05-07-2016 06:22',1,'ND','30/08/2016-Tue - 05/09/2016-Mon , ','','Workden','Plug & Play','WORKDEN, Bengaluru, Karnataka, India',10,'ND','ND','ND','ND'),(130,30,546,130,5,'Weekly','1266.0','Cash','05-07-2016 07:04',1,'ND','30/08/2016-Tue - 05/09/2016-Mon , ','','Seven Designs  And Interiors','Plug & Play','Seven - Designs and Interiors, Taralabalu Road, Rahmath Nagar, Bengaluru, Karnataka, India',1,'ND','ND','ND','ND'),(131,29,547,131,5,'Weekly','1688.0','Cash','05-07-2016 12:58',1,'ND','30/11/2016-Wed - 05/12/2016-Mon , ','','Workden','Plug & Play','WORKDEN, Bengaluru, Karnataka, India',1,'ND','ND','ND','ND'),(132,67,548,132,15,'Daily','185.68','Cash','06-07-2016 11:58',1,'ND','05/08/2016-Fri, 07/07/2016-Thu','','test image','Event_Hall,Plug & Play,Meeting_Room,Training Room','1, Kariyammana Agrahara Rd,Yemalur, Marathahalli,Bengaluru, Karnataka 560037',1,'ND','ND','ND','ND'),(133,37,550,133,5,'Weekly','4220.0','Cash','07-07-2016 09:08',1,'ND','28/12/2016-Wed - 02/01/2017-Mon , ','','MoveInSync  Technology  Solutions','Plug & Play','MoveInSync Technology Solutions Pvt Ltd, 17th Cross Road, Sector 4, Bengaluru, Karnataka, India',1,'ND','ND','ND','ND'),(134,2,553,134,5,'Monthly','4747.5','Cash','07-07-2016 11:55',1,'ND','07/07/2016-Thu - 05/08/2016-Fri , ','','Workshaala spaces','Plug & Play','19th Main, HSR Layout, Bengaluru, Karnataka, India',1,'ND','ND','ND','ND'),(135,2,555,135,5,'Monthly','4589.25','Cash','08-07-2016 05:50',1,'ND','14/07/2016-Thu - 11/08/2016-Thu , ','','Workshaala spaces','Plug & Play','19th Main, HSR Layout, Bengaluru, Karnataka, India',1,'ND','ND','ND','ND'),(136,2,557,136,5,'Monthly','4905.75','Cash','08-07-2016 06:05',1,'ND','17/09/2016-Sat - 16/10/2016-Sun , ','','Workshaala spaces','Plug & Play','19th Main, HSR Layout, Bengaluru, Karnataka, India',1,'ND','ND','ND','ND'),(137,2,558,137,5,'Monthly','4589.25','Cash','08-07-2016 06:13',1,'ND','20/10/2016-Thu - 11/11/2016-Fri , ','','Workshaala spaces','Plug & Play','19th Main, HSR Layout, Bengaluru, Karnataka, India',1,'ND','ND','ND','ND'),(138,5,559,138,5,'Monthly','4589.25','Cash','08-07-2016 06:29',1,'ND','14/07/2016-Thu - 12/08/2016-Fri , ','','Hustle Cowork','Plug & Play','HSR Layout, Bengaluru, Karnataka, India',1,'ND','ND','ND','ND'),(139,5,560,139,5,'Monthly','114731.25','Cash','08-07-2016 06:31',1,'ND','15/08/2016-Mon - 13/09/2016-Tue , ','','Hustle Cowork','Plug & Play','HSR Layout, Bengaluru, Karnataka, India',25,'ND','ND','ND','ND'),(140,43,562,140,5,'Monthly','82606.5','Cash','08-07-2016 08:02',1,'ND','10/08/2016-Wed - 08/09/2016-Thu , ','','vConverge','Plug & Play','vConverge, 14th Main Road, Sector 7, Bengaluru, Karnataka, India',20,'ND','ND','ND','ND'),(141,29,564,141,5,'Weekly','4827.68','Cash','08-07-2016 09:12',1,'ND','09/07/2016-Sat - 15/07/2016-Fri , 20/07/2016-Wed - 26/07/2016-Tue , 10/08/2016-Wed - 16/08/2016-Tue , ','','Workden','Plug & Play','WORKDEN, Bengaluru, Karnataka, India',1,'ND','ND','ND','ND'),(142,30,566,142,5,'Weekly','1266.0','Cash','08-07-2016 09:17',1,'ND','31/08/2016-Wed - 05/09/2016-Mon , ','','Seven Designs  And Interiors','Plug & Play','Seven - Designs and Interiors, Taralabalu Road, Rahmath Nagar, Bengaluru, Karnataka, India',1,'ND','ND','ND','ND'),(143,30,567,143,5,'Weekly','3430.86','Cash','08-07-2016 09:20',1,'ND','28/07/2016-Thu - 03/08/2016-Wed , 11/08/2016-Thu - 17/08/2016-Wed , 04/08/2016-Thu - 10/08/2016-Wed , ','','Seven Designs  And Interiors','Plug & Play','Seven - Designs and Interiors, Taralabalu Road, Rahmath Nagar, Bengaluru, Karnataka, India',1,'ND','ND','ND','ND'),(144,24,572,144,5,'Weekly','3924.6','Cash','08-07-2016 11:02',1,'ND','08/08/2016-Mon - 13/08/2016-Sat , 27/10/2016-Thu - 02/11/2016-Wed , ','','Workbench Projects','Plug & Play','Workbench Projects, Swamy Vivekananda Road, Ulsoor, Bengaluru, Karnataka, India',1,'ND','ND','ND','ND'),(145,30,573,145,5,'Weekly','12660.0','Cash','08-07-2016 11:04',1,'ND','27/10/2016-Thu - 02/11/2016-Wed , ','','Seven Designs  And Interiors','Plug & Play','Seven - Designs and Interiors, Taralabalu Road, Rahmath Nagar, Bengaluru, Karnataka, India',10,'ND','ND','ND','ND'),(146,30,574,146,5,'Weekly','2164.86','Cash','08-07-2016 11:10',1,'ND','21/09/2016-Wed - 27/09/2016-Tue , 28/09/2016-Wed - 03/10/2016-Mon , ','','Seven Designs  And Interiors','Plug & Play','Seven - Designs and Interiors, Taralabalu Road, Rahmath Nagar, Bengaluru, Karnataka, India',1,'ND','ND','ND','ND'),(147,42,575,147,14,'Weekly','1899.0','Cash','08-07-2016 12:14',1,'ND','14/07/2016-Thu - 20/07/2016-Wed , ','','Nurture Labz','Plug & Play','Nurture Labz - Bangalore Company Registration Service, Indiranagar Double Road, Bengaluru, Karnataka, India',1,'ND','ND','ND','ND'),(148,19,576,148,14,'Daily','979.04','Cash','08-07-2016 12:38',1,'ND','27/07/2016-Wed','','Evoma  Business Hotel','Plug & Play','Evoma Business Hotel, Old Madras Road, Krishnarajapuram, Bengaluru, Karnataka, India',1,'ND','ND','ND','ND'),(149,73,577,149,3,'Hourly','211.0','Cash','08-07-2016 14:02',1,'ND','12/07/2016-Tue','12/07/2016  :   05:00pm,','test 20th june','Plug & Play','Kalkere Main Rd,Raghavendra Nagar, Kalkere,Bengaluru, Karnataka 560016',1,'ND','ND','ND','ND'),(150,63,578,150,15,'Hourly','187.79','Cash','08-07-2016 19:07',1,'ND','10/07/2016-Sun','10/07/2016  :   10:00am - 11:00am,','appzoy','Plug & Play,Training Room,Event_Hall,Meeting_Room','80, 27th Cross Rd,ITI Layout, Sector 2, HSR Layout,Bengaluru, Karnataka 560103',1,'ND','ND','ND','ND'),(151,63,581,151,20,'Hourly','281.685','Cash','11-07-2016 12:01',1,'ND','13/07/2016-Wed','13/07/2016  :   12:00pm - 01:00pm,','appzoy','Plug & Play,Training Room,Event_Hall,Meeting_Room','80, 27th Cross Rd,ITI Layout, Sector 2, HSR Layout,Bengaluru, Karnataka 560103',1,'ND','ND','ND','ND'),(152,89,583,152,5,'Monthly','480.025','Cash','11-07-2016 13:18',1,'ND','12/06/2016-11/07/2016','','note2','Plug & Play','94, Begur Main Rd,Hongasandra,Bengaluru, Karnataka 560068',1,'ND','ND','ND','ND'),(153,42,584,153,15,'Weekly','1899.0','Cash','11-07-2016 14:17',1,'ND','29/07/2016-Fri - 30/07/2016-Sat , ','','Nurture Labz','Plug & Play','Nurture Labz - Bangalore Company Registration Service, Indiranagar Double Road, Bengaluru, Karnataka, India',1,'ND','ND','ND','ND'),(154,89,585,154,5,'Monthly','480.025','Cash','12-07-2016 04:43',1,'ND','13/06/2016-12/07/2016','','note2','Plug & Play','94, Begur Main Rd,Hongasandra,Bengaluru, Karnataka 560068',1,'ND','ND','ND','ND'),(155,2,589,155,5,'Daily','527.5','Cash','12-07-2016 06:06',1,'ND','14/07/2016-Thu','','Workshaala spaces','Plug & Play','19th Main, HSR Layout, Bengaluru, Karnataka, India',1,'ND','ND','ND','ND'),(156,2,592,156,5,'Daily','527.5','Cash','12-07-2016 07:29',1,'ND','21/07/2016-Thu','','Workshaala spaces','Plug & Play','19th Main, HSR Layout, Bengaluru, Karnataka, India',1,'ND','ND','ND','ND'),(157,2,595,157,5,'Daily','527.5','Cash','12-07-2016 09:32',1,'ND','21/07/2016-Thu','','Workshaala spaces','Plug & Play','19th Main, HSR Layout, Bengaluru, Karnataka, India',1,'ND','ND','ND','ND'),(158,65,600,158,6,'Hourly','234.7375','Cash','12-07-2016 10:01',1,'ND','14/07/2016-Thu','14/07/2016  :   09:00am,','bytest test','Plug & Play,Training Room','422, 27th Main Rd,Sector 2, PWD Quarters, Sector 1, HSR Layout,Bengaluru, Karnataka 560102',1,'ND','ND','ND','ND'),(159,77,610,159,6,'HalfDay','474.75','Cash','12-07-2016 10:30',1,'ND','15/07/2016-Fri','15/07/2016  :   08:00am - 01:00pm,','final test','Event_Hall,Training Room,Meeting_Room,Plug & Play','Varthur,Bengaluru, Karnataka 560087,India',50,'ND','ND','ND','ND'),(160,2,613,160,6,'Daily','527.5','Cash','12-07-2016 11:24',1,'ND','14/07/2016-Thu','','Workshaala spaces','Plug & Play','19th Main, HSR Layout, Bengaluru, Karnataka, India',1,'ND','ND','ND','ND'),(161,63,614,161,6,'HalfDay','1000.0','Cash','12-07-2016 12:15',1,'ND','29/05/2016-Sun, 30/05/2016-Mon, 31/05/2016-Tue','29/05/2016  :   09:00am - 10:00am,30/05/2016  :   11:00am,31/05/2016  :   11:00am - 12:00pm,','appzoy','Training Room','370A, 1st Cross Rd,Koramangala 3 Block, Koramangala,Bengaluru, Karnataka 560034',2,'ND','ND','ND','ND'),(162,63,615,162,6,'HalfDay','1000.0','Cash','12-07-2016 12:26',1,'ND','29/05/2016-Sun, 30/05/2016-Mon, 31/05/2016-Tue','29/05/2016  :   09:00am - 10:00am,30/05/2016  :   11:00am,31/05/2016  :   11:00am - 12:00pm,','appzoy','Training Room','370A, 1st Cross Rd,Koramangala 3 Block, Koramangala,Bengaluru, Karnataka 560034',2,'ND','ND','ND','ND'),(163,2,616,163,6,'Daily','1055.0','Cash','12-07-2016 12:29',1,'ND','21/07/2016-Thu, 29/07/2016-Fri','','Workshaala spaces','Plug & Play','19th Main, HSR Layout, Bengaluru, Karnataka, India',1,'ND','ND','ND','ND'),(164,2,617,164,6,'Daily','1055.0','Cash','12-07-2016 12:30',1,'ND','21/07/2016-Thu, 29/07/2016-Fri','','Workshaala spaces','Plug & Play','19th Main, HSR Layout, Bengaluru, Karnataka, India',1,'ND','ND','ND','ND'),(165,2,618,165,6,'Daily','527.5','Cash','12-07-2016 12:44',1,'ND','14/07/2016-Thu','','Workshaala spaces','Plug & Play','19th Main, HSR Layout, Bengaluru, Karnataka, India',1,'ND','ND','ND','ND'),(166,2,619,166,6,'Daily','527.5','Cash','12-07-2016 12:45',1,'ND','14/07/2016-Thu','','Workshaala spaces','Plug & Play','19th Main, HSR Layout, Bengaluru, Karnataka, India',1,'ND','ND','ND','ND'),(167,2,620,167,6,'Daily','527.5','Cash','12-07-2016 12:51',1,'ND','21/07/2016-Thu','','Workshaala spaces','Plug & Play','19th Main, HSR Layout, Bengaluru, Karnataka, India',1,'ND','ND','ND','ND'),(168,2,621,168,6,'Daily','527.5','Cash','12-07-2016 13:07',1,'ND','14/07/2016-Thu','','Workshaala spaces','Plug & Play','19th Main, HSR Layout, Bengaluru, Karnataka, India',1,'ND','ND','ND','ND'),(169,5,622,169,3,'Monthly','5275.0','Cash','13-07-2016 14:37',1,'ND','14/12/2021-12/01/2022','','Hustle Cowork','Plug & Play','HSR Layout, Bengaluru, Karnataka, India',1,'ND','ND','ND','ND'),(170,63,623,170,6,'HalfDay','1000.0','Cash','14-07-2016 05:58',1,'ND','29/05/2016-Sun, 30/05/2016-Mon, 31/05/2016-Tue','29/05/2016  :   09:00am - 10:00am,30/05/2016  :   11:00am,31/05/2016  :   11:00am - 12:00pm,','appzoy','Training Room','370A, 1st Cross Rd,Koramangala 3 Block, Koramangala,Bengaluru, Karnataka 560034',2,'ND','ND','ND','ND'),(171,63,624,171,6,'HalfDay','1000.0','Cash','14-07-2016 06:03',1,'ND','29/05/2016-Sun, 30/05/2016-Mon, 31/05/2016-Tue','29/05/2016  :   09:00am - 10:00am,30/05/2016  :   11:00am,31/05/2016  :   11:00am - 12:00pm,','appzoy','Training Room','370A, 1st Cross Rd,Koramangala 3 Block, Koramangala,Bengaluru, Karnataka 560034',2,'5.5','1020.0','10%','ND'),(172,5,625,172,6,'Daily','263.75','Cash','14-07-2016 06:22',1,'ND','03/08/2016-Wed','','Hustle Cowork','Plug & Play','HSR Layout, Bengaluru, Karnataka, India',1,'13.75','250.00','.00','ND'),(173,2,626,173,6,'Daily','527.5','Cash','14-07-2016 06:39',1,'ND','31/07/2016-Sun','','Workshaala spaces','Plug & Play','19th Main, HSR Layout, Bengaluru, Karnataka, India',1,'27.50','500.00','.00','ND'),(174,6,627,174,6,'Daily','395.625','Cash','14-07-2016 07:18',1,'ND','27/07/2016-Wed','','365 Shared spaces.','Plug & Play','HSR Layout, Sector 3, Bengaluru, Karnataka, India',1,'20.62','375.00','.00','Start Up/Co-Working'),(175,67,628,175,5,'Hourly','69.63','Cash','14-07-2016 11:05',1,'ND','15/07/2016|09:00am, 15/07/2016|10:00am, 15/07/2016|11:00am','15/07/2016  :   09:00am - 11:00am,','test image','Plug & Play,Training Room,Event_Hall,Meeting_Room','1, Kariyammana Agrahara Rd,Yemalur, Marathahalli,Bengaluru, Karnataka 560037',1,'3.63','75.00','9.00','Start Up/Co-Working'),(176,71,629,176,5,'Hourly','896.75','Cash','14-07-2016 11:12',1,'ND','16/07/2016|10:00am, 16/07/2016|11:00am','16/07/2016  :   10:00am - 11:00am,','Brisa-Property','Plug & Play,Training Room,Event_Hall,Meeting_Room','HSR Layout, Bengaluru, Karnataka, India',1,'46.75','1000.00','150.00','Start Up/Co-Working'),(177,71,630,177,6,'Hourly','896.75','Cash','14-07-2016 11:17',1,'ND','15/07/2016|10:00am, 15/07/2016|11:00am','15/07/2016  :   10:00am - 11:00am,','Brisa-Property','Plug & Play,Training Room,Event_Hall,Meeting_Room','HSR Layout, Bengaluru, Karnataka, India',1,'46.75','1000.00','150.00','Start Up/Co-Working'),(178,74,631,178,6,'HalfDay','949.5','Cash','14-07-2016 11:21',1,'ND','16/07/2016-Sat','16/07/2016  :   10:00am - 08:00pm,','Brisa Tech','Plug & Play,Training Room','HSR Layout, Bengaluru, Karnataka, India',20,'49.50','1000.00','100.00','Start Up/Co-Working'),(179,81,632,179,5,'Hourly','261.1125','Cash','14-07-2016 11:22',1,'ND','15/07/2016|09:00am','15/07/2016  :   09:00am,','test image','Plug & Play,Training Room,Event_Hall,Meeting_Room','89, 28th Main Rd,Sector 2, PWD Quarters, 1st Sector, HSR Layout,Bengaluru, Karnataka 560102',1,'13.61','250.00','2.50','Start Up/Co-Working'),(180,74,633,180,6,'Hourly','7121.25','Cash','14-07-2016 11:26',1,'ND','17/07/2016|10:00am, 17/07/2016|11:00am, 17/07/2016|12:00pm','17/07/2016  :   10:00am - 12:00pm,','Brisa Tech','Plug & Play,Training Room','HSR Layout, Bengaluru, Karnataka, India',10,'371.25','7500.00','750.00','Start Up/Co-Working'),(181,73,634,181,24,'Hourly','211.0','Cash','14-07-2016 12:49',1,'ND','16/07/2016|08:00am','16/07/2016  :   08:00am,','test 20th june','Plug & Play','Kalkere Main Rd,Raghavendra Nagar, Kalkere,Bengaluru, Karnataka 560016',1,'11.00','200.00','.00',''),(182,77,635,182,24,'HalfDay','75.96','Cash','14-07-2016 13:04',1,'ND','16/07/2016-Sat','16/07/2016  :   08:00am - 01:00pm,','final test','Event_Hall,Training Room,Meeting_Room,Plug & Play','Varthur,Bengaluru, Karnataka 560087,India',100,'3.96','80.00','8.00','Coffee Shop'),(183,81,636,183,24,'HalfDay','522.225','Cash','14-07-2016 13:07',1,'ND','16/07/2016-Sat','16/07/2016  :   03:00pm - 08:00pm,','test image','Plug & Play,Training Room,Event_Hall,Meeting_Room','89, 28th Main Rd,Sector 2, PWD Quarters, 1st Sector, HSR Layout,Bengaluru, Karnataka 560102',50,'27.22','500.00','5.00','Start Up/Co-Working'),(184,67,637,184,6,'Daily','92.84','Cash','14-07-2016 14:47',1,'ND','21/07/2016-Thu','','test image','Plug & Play,Training Room,Event_Hall,Meeting_Room','1, Kariyammana Agrahara Rd,Yemalur, Marathahalli,Bengaluru, Karnataka 560037',30,'4.84','100.00','12.00','Start Up/Co-Working'),(185,81,638,185,14,'Hourly','104.445','Cash','14-07-2016 14:58',1,'ND','16/07/2016|03:00pm','16/07/2016  :   03:00pm,','test image','Plug & Play,Training Room,Event_Hall,Meeting_Room','89, 28th Main Rd,Sector 2, PWD Quarters, 1st Sector, HSR Layout,Bengaluru, Karnataka 560102',10,'5.44','100.00','1.00','Start Up/Co-Working'),(186,70,639,186,25,'Hourly','371.36','Cash','15-07-2016 11:21',1,'ND','17/07/2016|12:00pm','17/07/2016  :   12:00pm,','qalqi test','Meeting_Room,Event_Hall,Training Room,Plug & Play','Mahadevapura, Bengaluru, Karnataka, India',20,'19.36','440.00','88.00','Start Up/Co-Working'),(187,60,640,187,25,'Monthly','1.268954E7','Cash','15-07-2016 12:08',1,'ND','15/07/2016-12/09/2016','','test brisa12','Plug & Play,Event_Hall','18/1, 8th Cross Rd,B Block, Shakambari Nagar, 1st Phase, J P Nagar,Bengaluru, Karnataka 560078',620,'661540.00','12400000.00','372000.00','Start Up/Co-Working'),(188,93,641,188,5,'Monthly','250.5625','Cash','15-07-2016 14:21',1,'ND','15/07/2016-13/08/2016','','brisk123','Plug & Play','Unnamed Rd,Gulimangala,Bengaluru, Karnataka 560099',30,'13.06','250.00','12.50','Start Up/Co-Working'),(189,93,642,189,5,'Monthly','100.225','Cash','15-07-2016 14:24',1,'ND','15/07/2016-13/08/2016','','brisk123','Plug & Play','Unnamed Rd,Gulimangala,Bengaluru, Karnataka 560099',30,'5.22','100.00','5.00','Start Up/Co-Working'),(190,98,643,190,6,'Monthly','100.225','Cash','16-07-2016 02:50',1,'ND','16/07/2016-14/08/2016','','eclipse','Plug & Play','Iblur Village, Bellandur,Bengaluru, Karnataka,India',25,'5.22','100.00','5.00',''),(191,74,644,191,25,'HalfDay','474.75','Cash','16-07-2016 06:37',1,'ND','19/07/2016-Tue','19/07/2016  :   10:00am - 02:00pm,','Brisa Tech','Meeting_Room,Event_Hall,Training Room,Plug & Play','HSR Layout, Bengaluru, Karnataka, India',20,'24.75','500.00','50.00','Start Up/Co-Working'),(192,1,645,192,5,'Daily','269.025','Cash','16-07-2016 08:04',1,'ND','28/07/2016-Thu','',' TechHub','Meeting_Room,Event_Hall,Training Room,Plug & Play','Hosur Road, Madiwala, Bengaluru, Karnataka, India',1,'14.02','300.00','45.00','Start Up/Co-Working'),(193,102,646,193,26,'Monthly','100.225','Cash','16-07-2016 08:10',1,'ND','16/07/2016-13/09/2016','','key','Event_Hall,Plug & Play,Meeting_Room,Training Room','B-110, 6th Main Rd,Iblur Village, Sarjapur,Bengaluru, Karnataka 560102',1,'5.22','100.00','5.00','Start Up/Co-Working'),(194,75,647,194,5,'HalfDay','100.225','Cash','16-07-2016 10:12',1,'ND','19/07/2016-Tue','19/07/2016  :   02:00pm - 08:00pm,','logitech','Plug & Play,Training Room','422, 27th Main Rd,Sector 2, PWD Quarters, 1st Sector, HSR Layout,Bengaluru, Karnataka 560102',20,'5.22','100.00','5.00','Start Up/Co-Working'),(195,43,648,195,5,'Daily','100.225','Cash','16-07-2016 10:19',1,'ND','27/07/2016-Wed','','vConverge','Plug & Play','vConverge, 14th Main Road, Sector 7, Bengaluru, Karnataka, India',1,'5.22','100.00','5.00','Start Up/Co-Working'),(196,81,649,196,5,'Monthly','100.225','Cash','16-07-2016 10:22',1,'ND','16/07/2018-14/08/2018','','test image','Plug & Play,Training Room,Event_Hall,Meeting_Room','89, 28th Main Rd,Sector 2, PWD Quarters, 1st Sector, HSR Layout,Bengaluru, Karnataka 560102',1,'5.22','100.00','5.00','Start Up/Co-Working'),(197,2,650,197,5,'Daily','527.5','Cash','16-07-2016 12:23',1,'ND','21/07/2016-Thu','','Workshaala spaces','Plug & Play','19th Main, HSR Layout, Bengaluru, Karnataka, India',1,'27.50','500.00','.00','Start Up/Co-Working'),(198,94,651,198,5,'HalfDay','75.11599979877472','Cash','16-07-2016 12:24',1,'ND','19/07/2016-Tue','19/07/2016  :   03:00pm - 10:00pm,','number','Event_Hall,Training Room,Meeting_Room','HSR BDA Complex Bus Stand, 14th Main Road, HSR Layout, Bengaluru, Karnataka, India',55,'3.92','80.00','8.80',''),(199,81,652,199,6,'HalfDay','208.89','Cash','16-07-2016 12:43',1,'ND','18/07/2016-Mon','18/07/2016  :   09:00am - 02:00pm,','test image','Plug & Play,Training Room,Event_Hall,Meeting_Room','89, 28th Main Rd,Sector 2, PWD Quarters, 1st Sector, HSR Layout,Bengaluru, Karnataka 560102',20,'10.89','200.00','2.00','Training Room'),(200,2,653,200,6,'Daily','527.5','Cash','16-07-2016 12:54',1,'ND','28/07/2016-Thu','','Workshaala spaces','Plug & Play','19th Main, HSR Layout, Bengaluru, Karnataka, India',1,'27.50','500.00','.00','Plug & Play'),(201,75,654,201,24,'HalfDay','350.7875','Cash','16-07-2016 13:23',1,'ND','20/07/2016-Wed','20/07/2016  :   08:00am - 01:00pm,','logitech','Plug & Play,Training Room','422, 27th Main Rd,Sector 2, PWD Quarters, 1st Sector, HSR Layout,Bengaluru, Karnataka 560102',20,'18.29','350.00','17.50','Training Room'),(202,103,655,202,24,'HalfDay','7.4272000226378445','Cash','16-07-2016 13:25',1,'ND','19/07/2016-Tue','19/07/2016  :   02:00pm - 08:00pm,','simple','Event_Hall,Meeting_Room,Training Room,Plug & Play','1st Cross Rd,Somasundarapalya,Bengaluru, Karnataka 560068',90,'.39','8.00','.96','Event_Hall'),(203,106,656,203,6,'Hourly','474.75','Cash','16-07-2016 13:26',1,'ND','19/07/2016|11:00am','19/07/2016  :   11:00am,','New-Brisa','Plug & Play,Training Room,Event_Hall,Meeting_Room','HSR Layout, Bengaluru, Karnataka, India',1,'24.75','500.00','50.00','Plug & Play'),(204,20,657,204,24,'Daily','247.925','Cash','16-07-2016 13:27',1,'ND','28/07/2016-Thu','','Sierra Cartel','Plug & Play','Sierra Cartel, 17th Cross Road, Sector 4, Bengaluru, Karnataka, India',1,'12.92','235.00','.00','Plug & Play'),(205,109,658,205,24,'Monthly','1550.85','Cash','16-07-2016 13:51',1,'ND','16/07/2017-13/10/2017','','Bottle','Plug & Play','Unnamed Rd,Gulimangala,Bengaluru, Karnataka 560099',25,'80.85','1500.00','30.00','Plug & Play'),(206,2,659,206,5,'Daily','527.5','Cash','18-07-2016 05:11',1,'ND','19/07/2016-Tue','','Workshaala spaces','Plug & Play','19th Main, HSR Layout, Bengaluru, Karnataka, India',1,'27.50','500.00','.00','Start Up/Co-Working'),(207,2,660,207,5,'Daily','527.5','Cash','18-07-2016 07:17',1,'ND','21/07/2016-Thu','','Workshaala spaces','Plug & Play','19th Main, HSR Layout, Bengaluru, Karnataka, India',1,'27.50','500.00','.00','Plug & Play');

--
-- Table structure for table `BizPit_app_property_capacity`
--

CREATE TABLE `BizPit_app_property_capacity` (
  `id` int(11) NOT NULL AUTO_INCREMENT,
  `property_id` int(11) NOT NULL,
  `Shared_area` tinyint(1) NOT NULL,
  `Shared_capacity` int(11) NOT NULL,
  `Shared_available` int(11) NOT NULL,
  `Meeting_Room` tinyint(1) NOT NULL,
  `Meeting_capacity` int(11) NOT NULL,
  `Meeting_availabe` int(11) NOT NULL,
  PRIMARY KEY (`id`)
) ENGINE=InnoDB DEFAULT CHARSET=latin1;

--
-- Dumping data for table `BizPit_app_property_capacity`
--


--
-- Table structure for table `BizPit_app_property_details`
--

CREATE TABLE `BizPit_app_property_details` (
  `id` int(11) NOT NULL AUTO_INCREMENT,
  `property_id` int(11) NOT NULL,
  `status` varchar(500) NOT NULL,
  `property_type` varchar(200) NOT NULL,
  `property_subtype` varchar(200) NOT NULL,
  `property_name` varchar(200) NOT NULL,
  `location` varchar(500),
  `address` varchar(500) NOT NULL,
  `latitude` double NOT NULL,
  `longitude` double NOT NULL,
  `starting_price` varchar(100) NOT NULL,
  `submitted_by` varchar(100),
  `timestamp` varchar(100) NOT NULL,
  `Owner_id` int(11) NOT NULL,
  `operating_stoptime` varchar(100) NOT NULL,
  `operating_strattime` varchar(100) NOT NULL,
  `submitted_by_id` int(11) NOT NULL,
  `images` varchar(1000),
  `default_type` varchar(200) NOT NULL,
  `offer` varchar(100) NOT NULL,
  `description` varchar(200) NOT NULL,
  `invoice_no` varchar(500) NOT NULL,
  `new_latitude` double NOT NULL,
  `new_longitude` double NOT NULL,
  `prop_url` varchar(500) NOT NULL,
  `super_subtype` varchar(50) DEFAULT NULL,
  `property_super_subtype` varchar(500) NOT NULL,
  PRIMARY KEY (`id`)
) ENGINE=InnoDB AUTO_INCREMENT=131 DEFAULT CHARSET=latin1;

--
-- Dumping data for table `BizPit_app_property_details`
--

INSERT INTO `BizPit_app_property_details` VALUES (1,1,'active','Meeting_Room,Event_Hall,Training Room,Plug & Play','Start Up/Co-Working',' TechHub','Madiwala, Hosur Rd, Koramangala 2nd Block','Hosur Road, Madiwala, Bengaluru, Karnataka, India',12.9257664,77.6176085,'5000','tanmaywange@gmail.com','2016-06-01 05:42:52.083084',1,'06:00pm','09:00am',1,',static/1/techhub_opt.jpg','Plug & Play','15','ND','ND',12.93,77.62,'_TechHub',NULL,'ND'),(2,2,'active','Plug & Play','Start Up/Co-Working','Workshaala spaces','19th Main Road','19th Main, HSR Layout, Bengaluru, Karnataka, India',12.9128702,77.6446522,'5000','','2016-06-01 05:51:46.677766',2,'09:00pm','08:00am',2,',static/2/workshaala2.jpg','Plug & Play','0','ND','ND',12.91,77.64,'Workshaala_spaces',NULL,'ND'),(3,3,'active','Plug & Play','Start Up/Co-Working','Golden Square Business Centre','24, Vittal Mallya Rd,KG Halli, D\' Souza Layout, Sampangi Rama Nagar,Bengaluru, Karnataka 560001','24, Vittal Mallya Rd,KG Halli, D\' Souza Layout, Sampangi Rama Nagar,Bengaluru, Karnataka 560001',12.9714434,77.5957303,'250','ranjithakr123@gmail.com','01-06-2016 05:57',-1,'07:00pm','09:00am',-1,'static/3/GoldenLogo.png,static/3/golden2.jpeg','Plug & Play','10','ND','ND',12.97,77.6,'Golden_Square_Business_Centre',NULL,'ND'),(4,4,'Active','Plug & Play','Start Up/Co-Working','Bhive Workspace','6th Block','Koramangala, 6th Block, Bengaluru, Karnataka, India',12.9381776,77.6228252,'429','','2016-06-01 06:01:31.753313',0,'10:00pm','09:00am',0,',static/4/bhive1.png','Plug & Play','0','ND','ND',12.94,77.62,'Bhive_Workspace',NULL,'ND'),(5,5,'active','Plug & Play','Start Up/Co-Working','Hustle Cowork','HSR Layout','HSR Layout, Bengaluru, Karnataka, India',12.9081357,77.647608,'250','','2016-06-01 06:07:56.913588',1,'07:00am','08:00am',1,',static/5/GStZdGzL.png','Plug & Play','0','ND','ND',12.91,77.65,'Hustle_Cowork',NULL,'ND'),(6,6,'active','Plug & Play','Start Up/Co-Working','365 Shared spaces.','Sector 3','HSR Layout, Sector 3, Bengaluru, Karnataka, India',12.9079567,77.6409570000001,'375','','2016-06-01 07:45:12.600542',2,'07:00am','08:00am',2,'static/6/365SP.png','Plug & Play','0','ND','ND',12.91,77.64,'365_Shared_spaces.',NULL,'ND'),(10,8,'active','Plug & Play','ND','LetsVenture.','LetsVenture Online Pte. ltd.','LetsVenture Online Pte. ltd., Bengaluru, Karnataka, India',12.9662273,77.5959272,'400','tanmaywange@gmail.com','2016-06-01 09:15:44.637577',0,'07:00pm','10:00am',0,'static/8/LetsVenture3.jpg','Plug & Play','15','ND','ND',12.97,77.6,'LetsVenture.',NULL,'ND'),(11,9,'active','Plug & Play','Start Up/Co-Working','B Station','Papanna Street','Papanna Street, Shanthala Nagar, Bengaluru, Karnataka, India',12.971227,77.5998201,'1000','','2016-06-01 09:30:43.572024',1,'07:00pm','08:00am',1,',static/9/B station 2.jpg','Plug & Play','0','ND','ND',12.97,77.6,'B_Station',NULL,'ND'),(12,10,'active','Plug & Play','Start Up/Co-Working','Regus','Regus Bangalore','Regus Bangalore, MG Road, Ashok Nagar, Bengaluru, Karnataka, India',12.9730316,77.6139266,'120','tanmaywange@gmail.com','2016-06-01 10:49:20.523856',2,'06:00pm','09:00am',2,',static/10/Regus1.jpg','Plug & Play','0','ND','ND',12.97,77.61,'Regus',NULL,'ND'),(14,12,'active','Plug & Play','Start Up/Co-Working','Capadvisors','Banagirinagara, Banashankari 3rd Stage','Banagirinagara, Bengaluru, Karnataka, India',12.9266791,77.5597925,'120','','2016-06-01 10:56:29.415088',4,'07:00pm','09:00am',4,',static/12/CAPADVISORS.jpg','Plug & Play','0','ND','ND',12.93,77.56,'Capadvisors',NULL,'ND'),(15,13,'active','Plug & Play','Start Up/Co-Working','Prwatech','BTM Layout 1','BTM Layout 1st Stage, Bengaluru, Karnataka, India',12.9185973,77.6120834999999,'180','','2016-06-01 10:59:37.662586',5,'09:00pm','08:00am',5,',static/13/PRWATECH 1.jpg','Plug & Play','0','ND','ND',12.92,77.61,'Prwatech',NULL,'ND'),(16,14,'active','Plug & Play','Start Up/Co-Working','Saama  Wellness Center','Bannerghatta Main Road','Bannerghatta Main Road, 3rd Phase, Bengaluru, Karnataka, India',12.9146677,77.5998379,'160','','2016-06-01 11:05:52.085123',6,'09:00pm','07:00am',6,',static/14/Saama Wellness 1.jpg','Plug & Play','10','ND','ND',12.91,77.6,'Saama__Wellness_Center',NULL,'ND'),(17,15,'active','Plug & Play','Start Up/Co-Working','High Calibre League','HRBR Layout','Kalyan Nagar, HRBR Layout, Bengaluru, Karnataka, India',13.0191445,77.6464533999999,'350','','2016-06-01 11:09:00.201971',7,'07:00pm','10:00am',7,',static/15/High Calibre 2.jpg','Plug & Play','0','ND','ND',13.02,77.65,'High_Calibre_League',NULL,'ND'),(18,16,'Active','Training Room,Plug & Play','Start Up/Co-Working','SaasTech  Software Pvt. Ltd','KR Road','KR Road, Basavanagudi, Bengaluru, Karnataka, India',12.9413754,77.5737642,'275','','2016-06-01 11:12:37.829372',8,'07:00pm','09:00am',8,',static/16/SAASTECH 1.jpg','Plug & Play','0','ND','ND',12.94,77.57,'SaasTech__Software_Pvt._Ltd',NULL,'ND'),(19,17,'active','Plug & Play','Start Up/Co-Working','Quickstep  Training Centre.','RT Nagar','RT Nagar, Bengaluru, Karnataka, India',13.0195677,77.5968131,'170','','2016-06-01 11:17:38.977816',9,'06:00pm','09:00am',9,',static/17/QUICKSTEP1.jpg','Plug & Play','0','ND','ND',13.02,77.6,'Quickstep__Training_Centre.',NULL,'ND'),(20,18,'Active','Plug & Play','Start Up/Co-Working','Training Venuez','14th Main HSR Layout','14th Main HSR Layout, Teacher\'s Colony, HSR Layout 5th Sector, Bengaluru, Karnataka, India',12.916396,77.6353340000001,'300','','2016-06-01 11:20:27.457843',10,'06:00pm','09:00am',10,',static/18/TRAINING VENUEZ 1.jpg','Plug & Play','0','ND','ND',12.92,77.64,'Training_Venuez',NULL,'ND'),(21,19,'active','Plug & Play','Start Up/Co-Working','Evoma  Business Hotel','Evoma Business Hotel','Evoma Business Hotel, Old Madras Road, Krishnarajapuram, Bengaluru, Karnataka, India',13.022265,77.712007,'928','','2016-06-01 11:25:41.363336',11,'06:00pm','09:00am',11,'static/19/evoma1.jpg','Plug & Play','0','ND','ND',13.02,77.71,'Evoma__Business_Hotel',NULL,'ND'),(22,20,'active','Plug & Play','Start Up/Co-Working','Sierra Cartel','Sierra Cartel','Sierra Cartel, 17th Cross Road, Sector 4, Bengaluru, Karnataka, India',12.9123844,77.6387642,'235','','2016-06-01 11:28:05.466062',12,'06:00pm','09:00am',12,',static/20/SIERRA CARTEL 1.jpg','Plug & Play','0','ND','ND',12.91,77.64,'Sierra_Cartel',NULL,'ND'),(23,21,'active','Plug & Play','Start Up/Co-Working','Dhi  Leadership Center','Dhi Leadership Center','Dhi Leadership Center, Bannerghatta Road, Bengaluru, Karnataka, India',12.8858751,77.5970202999999,'375','','2016-06-01 11:29:57.943224',13,'09:00pm','06:00am',13,',static/21/Dhi 1.jpg','Plug & Play','0','ND','ND',12.89,77.6,'Dhi__Leadership_Center',NULL,'ND'),(24,22,'active','Plug & Play','Start Up/Co-Working','Vatika  Business Center.','Vatika Business Centre','Vatika Business Centre, Embassy Tech Square Main Road, Kadabeesanahalli, Karnataka, India',12.9357514,77.69397,'450','','2016-06-01 11:33:35.567269',14,'06:00pm','09:00am',14,'static/22/VATIKABUSINESSCENTRE1.jpg','Plug & Play','0','ND','ND',12.94,77.69,'Vatika__Business_Center.',NULL,'ND'),(25,23,'active','Plug & Play','Start Up/Co-Working','Tvaksa  Technologies','TVAKSA TECHNOLOGIES PVT LTD','TVAKSA TECHNOLOGIES PVT LTD, Bengaluru, Karnataka, India',12.9784706,77.725651,'210','','2016-06-01 11:37:57.507980',15,'07:00pm','08:00am',15,',static/23/TVAKSA 1.jpg','Plug & Play','0','ND','ND',12.98,77.73,'Tvaksa__Technologies',NULL,'ND'),(26,24,'active','Plug & Play','Start Up/Co-Working','Workbench Projects','Workbench Projects','Workbench Projects, Swamy Vivekananda Road, Ulsoor, Bengaluru, Karnataka, India',12.9764153,77.6265801,'2000','','2016-06-01 11:50:04.824829',16,'08:00pm','09:00am',16,',static/24/WORKBENCHPROJECTS1.jpg','Plug & Play','0','ND','ND',12.98,77.63,'Workbench_Projects',NULL,'ND'),(27,25,'active','Plug & Play','Start Up/Co-Working','Aura Technologies and Business Centres','Aura Technologies and Business Centres','Aura Technologies and Business Centres, 2nd Cross Road, 5th Block, Bengaluru, Karnataka, India',12.935833,77.617659,'2142','','2016-06-01 11:55:43.409829',17,'09:00pm','09:00am',17,',static/25/AURA2.jpg,static/25/AURA1.jpg','Plug & Play','0','ND','ND',12.94,77.62,'Aura_Technologies_and_Business_Centres',NULL,'ND'),(28,26,'active','Plug & Play','Start Up/Co-Working',' Incubex ','Incubex KRM','Incubex KRM, Bengaluru, Karnataka, India',12.934251,77.616595,'2500','','2016-06-01 12:07:29.181191',18,'06:00pm','09:00am',18,',static/26/INCUBEX 1.jpg','Plug & Play','0','ND','ND',12.93,77.62,'_Incubex_',NULL,'ND'),(29,27,'active','Plug & Play','Start Up/Co-Working','KeepWorks Technologies ','KeepWorks Technologies Pvt Ltd','KeepWorks Technologies Pvt Ltd, Bengaluru, Karnataka, India',12.9328581,77.6146513,'1500','','2016-06-01 12:20:07.634065',19,'11:00pm','08:00am',19,',static/27/KEEPWORKS 1.jpg','Plug & Play','0','ND','ND',12.93,77.61,'KeepWorks_Technologies_',NULL,'ND'),(30,28,'active','Plug & Play','Start Up/Co-Working',' PEP IDEAS','Koramangala Industrial Layout','Koramangala Industrial Layout, Bengaluru, Karnataka, India',12.9321851,77.6156642,'1900','','2016-06-01 12:34:21.547216',20,'06:00pm','09:00am',20,'static/28/22 .jpg,,static/28/11 .jpg','Plug & Play','0','ND','ND',12.93,77.62,'_PEP_IDEAS',NULL,'ND'),(31,29,'active','Plug & Play','Start Up/Co-Working','Workden','WORKDEN','WORKDEN, Bengaluru, Karnataka, India',12.9561772,77.6376004,'1600','tanmaywange@gmail.com','2016-06-01 12:48:21.178237',21,'10:00pm','09:00am',21,',static/29/WORKDEN 2.jpg,static/29/WORKDEN 1.jpg','Plug & Play','0','ND','ND',12.96,77.64,'Workden',NULL,'ND'),(32,30,'active','Plug & Play','Start Up/Co-Working','Seven Designs  And Interiors','Seven - Designs and Interiors','Seven - Designs and Interiors, Taralabalu Road, Rahmath Nagar, Bengaluru, Karnataka, India',13.0203358,77.5932359999999,'1200','','2016-06-01 13:51:59.834009',22,'06:00pm','10:00am',22,',static/30/SEVEN 2.jpg,static/30/SEVEN 1.jpg','Plug & Play','0','ND','ND',13.02,77.59,'Seven_Designs__And_Interiors',NULL,'ND'),(33,31,'active','Plug & Play','Start Up/Co-Working','Cubic Computing.','Cubic Computing Private Limited','Cubic Computing Private Limited, Bengaluru, Karnataka, India',12.9715987,77.5945627,'1500','','2016-06-01 13:54:25.287436',23,'08:00pm','09:00am',23,',static/31/Cubic 1.jpg,static/31/Cubic 2.jpg','Plug & Play','0','ND','ND',12.97,77.59,'Cubic_Computing.',NULL,'ND'),(34,32,'active','Plug & Play','Start Up/Co-Working','MMAD Apps  India Pvt Ltd','Jayanagara 9th Block','9th Block Jayanagara, Bengaluru, Karnataka, India',12.9204609,77.5920295,'2500','','2016-06-01 13:57:28.146740',24,'07:00pm','09:00am',24,',static/32/MMAD APPS 1.jpg,static/32/MMAD APPS 2.jpg','Plug & Play','0','ND','ND',12.92,77.59,'MMAD_Apps__India_Pvt_Ltd',NULL,'ND'),(35,33,'active','Plug & Play','Start Up/Co-Working','WorkAdda','WorkAdda','WorkAdda, Bengaluru, Karnataka, India',12.923948,77.638684,'1500','','2016-06-01 14:01:05.292823',25,'08:00pm','09:00am',25,',static/33/WorkAdda 2.jpg,static/33/WorkAdda 1.jpg','Plug & Play','0','ND','ND',12.92,77.64,'WorkAdda',NULL,'ND'),(36,34,'active','Plug & Play','Start Up/Co-Working','Instaspace  Managed Offices','Instaspace Managed Offices','Instaspace Managed Offices, Bhanu Nursing Home Road, Bommanahalli, Bengaluru, Karnataka, India',12.9074974,77.625398,'1500','','2016-06-01 14:05:17.464180',26,'06:00pm','10:00am',26,',static/34/Instaspace 1.jpg','Plug & Play','0','ND','ND',12.91,77.63,'Instaspace__Managed_Offices',NULL,'ND'),(38,36,'active','Plug & Play','Start Up/Co-Working','Let\'s START','24th Main','24th Main, J P Nagar, Bengaluru, Karnataka, India',12.9085283,77.5858197,'2000','tanmaywange@gmail.com','2016-06-02 04:43:38.299708',0,'09:00pm','09:00am',0,',static/36/LetsSTART2.jpg,static/36/LetsSTART4.jpg,static/36/LetsSTART1.jpg,static/36/LetsSTART3.jpg','Plug & Play','0','ND','ND',12.91,77.59,'Let\'s_START',NULL,'ND'),(39,37,'active','Plug & Play','Start Up/Co-Working','MoveInSync  Technology  Solutions','MoveInSync Technology Solutions Pvt Ltd','MoveInSync Technology Solutions Pvt Ltd, 17th Cross Road, Sector 4, Bengaluru, Karnataka, India',12.9123482,77.6433802,'4000','','2016-06-02 04:46:16.273767',1,'07:00pm','10:00am',1,',static/37/MOVEINSYNC 2.jpg,static/37/MOVEINSYNC 1.jpg','Plug & Play','0','ND','ND',12.91,77.64,'MoveInSync__Technology__Solutions',NULL,'ND'),(40,38,'active','Plug & Play','Start Up/Co-Working','Citrus Hotels','Citrus Hotels','Citrus Hotels, Bengaluru, Karnataka, India',12.9231626,77.6716423,'5000','','2016-06-02 04:52:42.859816',2,'07:00am','08:00am',2,',static/38/CITRUS HOTEL 2.jpg,static/38/CITRUS HOTEL 3.jpg','Plug & Play','0','ND','ND',12.92,77.67,'Citrus_Hotels',NULL,'ND'),(41,39,'active','Plug & Play','Start Up/Co-Working','Creed Global  Technologies','Creed Global Technologies','Creed Global Technologies, Bengaluru, Karnataka, India',12.9580167,77.7443571,'1000','','2016-06-02 04:56:21.153411',3,'06:00pm','09:00am',3,',static/39/CREED 2.jpg,static/39/CREED 1 .png','Plug & Play','0','ND','ND',12.96,77.74,'Creed_Global__Technologies',NULL,'ND'),(44,42,'active','Plug & Play','Start Up/Co-Working','Nurture Labz','Nurture Labz - Bangalore Company Registration Service','Nurture Labz - Bangalore Company Registration Service, Indiranagar Double Road, Bengaluru, Karnataka, India',12.965239,77.638382,'5950','tanmaywange@gmail.com','2016-06-03 06:08:57.491057',0,'08:00pm','09:00am',0,'static/42/NURTURE LABZ 3.jpg,,static/42/NURTURE LABZ 4.jpg','Plug & Play','0','ND','ND',12.97,77.64,'Nurture_Labz',NULL,'ND'),(45,43,'active','Plug & Play','Start Up/Co-Working','vConverge','vConverge','vConverge, 14th Main Road, Sector 7, Bengaluru, Karnataka, India',12.908461,77.637846,'4500','','2016-06-03 06:51:16.068856',1,'09:00pm','10:00am',1,',static/43/vConverge 2.jpg,static/43/vConverge 1.jpg','Plug & Play','0','ND','ND',12.91,77.64,'vConverge',NULL,'ND'),(50,44,'active','Plug & Play','Start Up/Co-Working','Test1','HSR Layout','Malleshwaram, Bengaluru, Karnataka, India',13.0031,77.5643,'400','tanmaywange@gmail.com','2016-06-03 13:17:33.169034',2,'07:00pm','09:00am',2,'static/44/workshaala1.jpg,,static/44/workshaala2.jpg','Plug & Play','10','ND','ND',13,77.56,'Test1',NULL,'ND'),(54,48,'in_active','Training Room','','Test2','HSR Layout','HSR Layout, Bengaluru, Karnataka, India',12.9081357,77.647608,'500','','2016-06-03 13:37:09.750870',6,'06:00pm','09:00am',6,',static/48/vConverge 1.jpg','Training Room','18','ND','ND',12.91,77.65,'Test2',NULL,'ND'),(55,49,'in_active','Event_Hall','Start Up/Co-Working','Test4','Bellandur','Bellandur, Bengaluru, Karnataka, India',12.9260308,77.6762463,'400','','2016-06-03 13:40:02.498748',7,'06:00pm','09:00am',7,',static/49/NURTURE LABZ 1.jpg,static/49/NURTURE LABZ 2.jpg','Event_Hall','10','ND','ND',12.93,77.68,'Test4',NULL,'ND'),(56,50,'active','Meeting_Room,Event_Hall,Training Room,Plug & Play','Start Up/Co-Working','Test5','HSR Layout','Mount Carmel College, Abshot Layout, Bengaluru, Karnataka, India',12.9931,77.5882,'1000','tanmaywange@gmail.com','2016-06-03 13:47:47.090093',8,'05:00pm','09:00am',8,'static/50/workshaala1.jpg','Plug & Play','10','ND','ND',12.99,77.59,'Test5',NULL,'ND'),(57,51,'active','Meeting_Room,Plug & Play','Start Up/Co-Working','Test7','HSR Layout','BTM Layout, Bengaluru, Karnataka, India',12.9166,77.6101,'1000','','2016-06-03 13:49:59.284691',9,'06:00pm','09:00am',9,',static/51/WorkAdda 4.jpg,static/51/workshaala1.jpg','Plug & Play','10','ND','ND',12.92,77.61,'Test7',NULL,'ND'),(58,52,'active','Event_Hall,Plug & Play','Start Up/Co-Working','Test8','HSR Layout','Vijayanagar, Bengaluru, Karnataka, India',12.9719,77.5299,'400','','2016-06-03 13:52:11.904509',10,'07:00pm','10:00am',10,',static/52/vConverge 4.jpg,static/52/workshaala2.jpg','Plug & Play','10','ND','ND',12.97,77.53,'Test8',NULL,'ND'),(62,56,'Active','Event_Hall,Training Room,Plug & Play','Start Up/Co-Working','Test12','M G Road','M G Road, KG Halli, Bangalore, Karnataka, India',12.972404,77.5969524,'350','','2016-06-03 14:01:37.156635',14,'07:00pm','09:00am',14,',static/56/Instaspace 2.jpg,static/56/Let\'s START 1.jpg','Training Room','10','ND','ND',12.97,77.6,'Test12',NULL,'ND'),(63,57,'active','Training Room,Plug & Play','Start Up/Co-Working','Test6','MG Road Metro Station','MG Road Metro Station, Shanthala Nagar, Bengaluru, Karnataka, India',12.975614,77.605471,'150','','2016-06-03 14:07:03.811916',15,'06:00pm','09:00am',15,',static/57/vConverge 4.jpg,static/57/WorkAdda 1.jpg','Training Room','10','ND','ND',12.98,77.61,'Test6',NULL,'ND'),(64,58,'active','Meeting_Room,Event_Hall,Plug & Play','Start Up/Co-Working','Test13','MG Road Metro Station','MG Road Metro Station, Shanthala Nagar, Bengaluru, Karnataka, India',12.975614,77.605471,'150','','2016-06-03 14:09:36.128733',16,'07:00pm','09:00am',16,',static/58/pep 2.jpg,static/58/pep 3.jpg','Meeting_Room','10','ND','ND',12.98,77.61,'Test13',NULL,'ND'),(65,59,'Active','Event_Hall,Training Room,Meeting_Room','','Test14','Malleshwaram','Koramangala, Bengaluru, Karnataka, India',13.0030624,77.5642928,'200','','2016-06-03 14:12:19.465987',17,'06:00pm','09:00am',17,',static/59/vConverge 2.jpg','Meeting_Room','20','ND','ND',13,77.56,'Test14',NULL,'ND'),(75,60,'in_active','Plug & Play,Event_Hall','Start Up/Co-Working','test brisa12','18/1, 8th Cross Rd,B Block, Shakambari Nagar, 1st Phase, J P Nagar,Bengaluru, Karnataka 560078','18/1, 8th Cross Rd,B Block, Shakambari Nagar, 1st Phase, J P Nagar,Bengaluru, Karnataka 560078',12.9117177566383,77.5782783329487,'230','abhaybansod92@gmail.com','09-06-2016 12:02',-1,'09:00pm','10:00am',-1,'','Plug & Play','3','nice place','ND',12.94,77.63,'www.test.com',NULL,'ND'),(76,61,'in_active','Plug & Play,Event_Hall','Start Up/Co-Working','brisatest','33, Kudlu Main Rd,Hosapalaya, Muneshwara Nagar,Bengaluru, Karnataka 560068','33, Kudlu Main Rd,Hosapalaya, Muneshwara Nagar,Bengaluru, Karnataka 560068',12.8910141929193,77.6462753489614,'120','faltudeepz@gmail.com','09-06-2016 12:05',-1,'08:00pm','08:00am',-1,'','Event_Hall','5','check this out','ND',12.89,77.65,'brisatest',NULL,'ND'),(77,62,'in_active','Meeting_Room,Event_Hall,Training Room,Plug & Play','Start Up/Co-Working','newtesting','Hosur Road','Hosur Main Road, Industrial Layout, Bengaluru, Karnataka, India',12.8887347,77.6401481,'450','tanmaywange@gmail.com','2016-06-09 12:30:44.474462',0,'05:00pm','09:00am',0,'','Training Room','20','ok fine','ND',12.89,77.64,'newtesting',NULL,'ND'),(78,63,'in_active','Plug & Play,Training Room,Event_Hall,Meeting_Room','Start Up/Co-Working','appzoy','80, 27th Cross Rd,ITI Layout, Sector 2, HSR Layout,Bengaluru, Karnataka 560103','80, 27th Cross Rd,ITI Layout, Sector 2, HSR Layout,Bengaluru, Karnataka 560103',12.9039130248343,77.6466196775436,'100','faltudeepz@gmail.com','09-06-2016 12:44',-1,'10:00pm','09:00am',-1,'','Plug & Play','11','ok','ND',12.9,77.65,'appzoy',NULL,'ND'),(79,64,'in_active','Meeting_Room,Training Room,Plug & Play','Start Up/Co-Working','test56','Hare Krishna Rd,DLF Newtown, Akshayanagar,Bengaluru, Karnataka 560076','Hare Krishna Rd,DLF Newtown, Akshayanagar,Bengaluru, Karnataka 560076',12.8731139527993,77.6173547655344,'100','kirankirzp0@gmail.com','09-06-2016 13:37',-1,'05:00pm','11:00am',-1,',static/64/0','Plug & Play','10','','ND',12.87,77.62,'test56',NULL,'ND'),(80,65,'in_active','Plug & Play,Training Room','Start Up/Co-Working','bytest test','422, 27th Main Rd,Sector 2, PWD Quarters, Sector 1, HSR Layout,Bengaluru, Karnataka 560102','422, 27th Main Rd,Sector 2, PWD Quarters, Sector 1, HSR Layout,Bengaluru, Karnataka 560102',12.9200076,77.6516393,'250','hr@brisa-tech.com','13-06-2016 09:04',-1,'10:00pm','09:00am',-1,'','Plug & Play','11','nice place','ND',12.92,77.65,'bytest_test',NULL,'ND'),(81,66,'in_active','Meeting_Room,Event_Hall,Training Room,Plug & Play','Coffee Shop','qalqi','Marathahalli,Bengaluru, Karnataka 560037,India','Marathahalli,Bengaluru, Karnataka 560037,India',12.9614816449,77.6885600388,'1200','arpita.patil@brisa-tech.com','13-06-2016 10:30',-1,'08:00pm','08:00am',-1,',static/66/0','Training Room','10','useful property \r\n','ND',12.96,77.69,'qalqi',NULL,'ND'),(82,67,'in_active','Plug & Play,Training Room,Event_Hall,Meeting_Room','Start Up/Co-Working','test image','1, Kariyammana Agrahara Rd,Yemalur, Marathahalli,Bengaluru, Karnataka 560037','1, Kariyammana Agrahara Rd,Yemalur, Marathahalli,Bengaluru, Karnataka 560037',12.9457583985395,77.6871220394969,'25','rautarpita@gmail.com','13-06-2016 13:38',-1,'08:00pm','09:00am',-1,'','Training Room','12','good ','ND',12.95,77.69,'test_image',NULL,'ND'),(83,68,'active','Plug & Play,Training Room,Event_Hall,Meeting_Room','Start Up/Co-Working','image test 2','111, Hosur Rd,Sidharata Colony, 2B Block, Koramangala,Bengaluru, Karnataka 560034','111, Hosur Rd,Sidharata Colony, 2B Block, Koramangala,Bengaluru, Karnataka 560034',12.9234253776876,77.6217465475202,'100','abhaybansod92@gmail.com','13-06-2016 14:11',-1,'09:00pm','09:00am',-1,'static/68/eventhalldd.jpg','Plug & Play','7','nice place','ND',12.92,77.62,'image_test_2',NULL,'ND'),(84,69,'active','Event_Hall,Plug & Play,Training Room,Meeting_Room','Start Up/Co-Working','test property','Railway Station Main Rd,Gandhi Nagar, Yelahanka,Bengaluru, Karnataka 560064','Railway Station Main Rd,Gandhi Nagar, Yelahanka,Bengaluru, Karnataka 560064',13.1004849,77.5940134,'20','rautarpita@gmail.com','14-06-2016 10:27',-1,'08:00pm','08:00am',-1,'static/69/0','Meeting_Room','10','useful property.','ND',13.1,77.59,'test_property',NULL,'ND'),(85,70,'Active','Meeting_Room,Event_Hall,Training Room,Plug & Play','Start Up/Co-Working','qalqi test','Mahadevapura','Mahadevapura, Bengaluru, Karnataka, India',12.9912802,77.687367,'22','tanmaywange@gmail.com','2016-06-15 12:37:14.578932',0,'06:00pm','09:00am',0,',static/70/96814.jpg','Training Room','20','all facilities provided\r\n','ND',12.99,77.69,'qalqi_test',NULL,'ND'),(86,71,'active','Plug & Play,Training Room,Event_Hall,Meeting_Room','Start Up/Co-Working','Brisa-Property','HSR Layout','HSR Layout, Bengaluru, Karnataka, India',12.9081357,77.647608,'800','tanmaywange@gmail.com','2016-06-17 12:45:55.450824',1,'08:00pm','10:00am',1,'static/71/golden2.jpeg,static/71/brisat.jpg','Plug & Play','15','Nice Place','ND',12.9,77.64,'Brisa_Property',NULL,'ND'),(87,72,'active','Meeting_Room,Event_Hall,Training Room,Plug & Play','Start Up/Co-Working','excel','J P Nagar','J P Nagar, Bengaluru, Karnataka, India',12.910491,77.5857168,'28','tanmaywange@gmail.com','2016-06-17 13:00:23.519724',2,'06:00pm','08:00am',2,',static/72/96814.jpg','Training Room','10','more number of sit outs','ND',12.91,77.59,'excel',NULL,'ND'),(88,73,'active','Plug & Play','Start Up/Co-Working','test 20th june','Kalkere Main Rd,Raghavendra Nagar, Kalkere,Bengaluru, Karnataka 560016','Kalkere Main Rd,Raghavendra Nagar, Kalkere,Bengaluru, Karnataka 560016',13.0253851440721,77.6765688881278,'200','smartdoll4u@gmail.com','20-06-2016 05:51',-1,'08:00pm','08:00am',-1,'static/73/0','','0','','ND',13.02,77.67,'test_20th_june',NULL,'ND'),(89,74,'Active','Meeting_Room,Event_Hall,Training Room,Plug & Play','Start Up/Co-Working','Brisa Tech','HSR Layout','HSR Layout, Bengaluru, Karnataka, India',12.9081357,77.647608,'800','tanmaywange@gmail.com','2016-06-20 12:47:56.616377',0,'08:00pm','10:00am',0,',static/74/IMG_20160224_144313(1).jpg','Plug & Play','10','Good','ND',12.9,77.64,'Brisa_Tech',NULL,'ND'),(90,75,'active','Plug & Play,Training Room','Start Up/Co-Working','logitech','422, 27th Main Rd,Sector 2, PWD Quarters, 1st Sector, HSR Layout,Bengaluru, Karnataka 560102','422, 27th Main Rd,Sector 2, PWD Quarters, 1st Sector, HSR Layout,Bengaluru, Karnataka 560102',12.9200366,77.6516141,'250','abhaybansod92@gmail.com','21-06-2016 12:38',-1,'08:00pm','08:00am',-1,'static/75/work.jpg','Plug & Play','5','nice place','ND',12.92,77.65,'logitech',NULL,'ND'),(91,76,'active','Event_Hall,Plug & Play','Start Up/Co-Working','brisa technologies','303, 24th Cross Rd,PWD Quarters, 1st Sector, HSR Layout,Bengaluru, Karnataka 560102','303, 24th Cross Rd,PWD Quarters, 1st Sector, HSR Layout,Bengaluru, Karnataka 560102',12.9074559365943,77.6529044285417,'200','abhaybansod92@gmail.com','28-06-2016 11:09',-1,'08:00pm','08:00am',-1,',static/76/start1.jpg, static/76/eventhalldd.jpg','Event_Hall','1','nice place','ND',12.9,77.65,'www.brisa.com',NULL,'ND'),(92,77,'active','Event_Hall,Training Room,Meeting_Room,Plug & Play','Coffee Shop','final test','Varthur,Bengaluru, Karnataka 560087,India','Varthur,Bengaluru, Karnataka 560087,India',12.9351716620054,77.7466080710292,'20','rautarpita@gmail.com','28-06-2016 12:40',-1,'08:00pm','08:00am',-1,'static/77/0','Event_Hall','10','convenient for work','ND',12.93,77.74,'www.bizpit.com',NULL,'ND'),(93,78,'in_active','Plug & Play','Start Up/Co-Working','test test','25, Bannerghatta Main Rd,New Gurappana Palya, Stage 1, BTM Layout,Bengaluru, Karnataka 560029','25, Bannerghatta Main Rd,New Gurappana Palya, Stage 1, BTM Layout,Bengaluru, Karnataka 560029',12.9220254331,77.6001306251,'350','abhaybansod92@gmail.com','28-06-2016 14:32',-1,'08:00pm','08:00am',-1,'','Event_Hall','0','nice place ','ND',12.92,77.6,'www.test.com',NULL,'ND'),(94,79,'active','Plug & Play','Start Up/Co-Working','duos test','Kodati Huskur Rd,Kodathi,Bengaluru, Karnataka 560099','Kodati Huskur Rd,Kodathi,Bengaluru, Karnataka 560099',12.8861143711923,77.7165944874287,'250','abhaybansod92@gmail.com','29-06-2016 09:30',-1,'08:00pm','08:00am',-1,'static/79/mmetdd.jpg, static/79/meetee.jpg','Plug & Play','0','nice place ','ND',12.88,77.71,'www.duos.com',NULL,'ND'),(95,80,'active','Plug & Play','Start Up/Co-Working','test 13','Plot # 39, R V Layout, Central Jail Rd,Parappana Agrahara,Bengaluru, Karnataka 560068','Plot # 39, R V Layout, Central Jail Rd,Parappana Agrahara,Bengaluru, Karnataka 560068',12.8774423799866,77.6707665994763,'250','abhaybansod92@gmail.com','29-06-2016 09:50',-1,'08:00pm','08:00am',-1,'static/80/20160629_105052.jpg, static/80/20160629_141725.jpg, static/80/cowork cafe 3.jpg','','0','nice place','ND',12.87,77.67,'www.test.com',NULL,'ND'),(96,81,'in_active','Plug & Play,Training Room,Event_Hall,Meeting_Room','Start Up/Co-Working','test image','89, 28th Main Rd,Sector 2, PWD Quarters, 1st Sector, HSR Layout,Bengaluru, Karnataka 560102','89, 28th Main Rd,Sector 2, PWD Quarters, 1st Sector, HSR Layout,Bengaluru, Karnataka 560102',12.9200828028607,77.651917886185,'100','abhaybansod92@gmail.com','29-06-2016 10:24',-1,'08:00pm','09:00am',-1,'','Training Room','1','nice place','ND',12.92,77.65,'www.imagetest.com',NULL,'ND'),(97,82,'in_active','Plug & Play,Training Room,Event_Hall,Meeting_Room','Start Up/Co-Working','Brisa accelerator','Railway Station Main Rd,Gandhi Nagar, Yelahanka,Bengaluru, Karnataka 560064','Railway Station Main Rd,Gandhi Nagar, Yelahanka,Bengaluru, Karnataka 560064',13.1004849,77.5940134,'25','arpita.patil@brisa-tech.com','30-06-2016 06:38',-1,'08:00pm','08:00am',-1,'','Training Room','10','useful property ','ND',13.1,77.59,'www.bizpit.com',NULL,'ND'),(98,83,'Active','Meeting_Room,Event_Hall,Training Room,Plug & Play','Coffee-Shop','Novotel','Basavanagudi','Basavanagudi, Bengaluru, Karnataka, India',12.9421166,77.5753609,'3000','tanmaywange@gmail.com','2016-07-07 10:03:29.160660',0,'06:00pm','10:00am',0,',static/83/96814.jpg','Training Room','20','Easily accessible','ND',12.94,77.57,'ND',NULL,'ND'),(99,84,'in_active','Meeting_Room,Event_Hall,Training Room,Plug & Play','Coffee Shop','novotel','917, 9th Cross Rd,2nd Phase, J P Nagar,Bengaluru, Karnataka 560041','917, 9th Cross Rd,2nd Phase, J P Nagar,Bengaluru, Karnataka 560041',12.9164977975994,77.61982742697,'30','hr@brisa-tech.com','08-07-2016 11:38',-1,'08:00pm','08:00am',-1,'','Event_Hall','15','offers period','ND',12.91,77.61,'www.bizpit.com',NULL,'ND'),(100,85,'in_active','Plug & Play,Training Room','Start Up/Co-Working','json','9, Rose Garden Rd,Anthappa Layout, J P Nagar Phase 5, Panduranga Nagar,Bengaluru, Karnataka 560078','9, Rose Garden Rd,Anthappa Layout, J P Nagar Phase 5, Panduranga Nagar,Bengaluru, Karnataka 560078',12.9018456222701,77.5937275215983,'100','abhaybansod92@gmail.com','08-07-2016 12:18',-1,'08:00pm','08:00am',-1,'','Plug & Play','3','nice place ','ND',12.9,77.59,'www.jp.com',NULL,'ND'),(101,86,'in_active','Event_Hall,Plug & Play','Start Up/Co-Working','json2','2nd Main Rd,Reliable Residency Layout Phase 3, Reliable Tranquil Layout,Bengaluru, Karnataka 560068','2nd Main Rd,Reliable Residency Layout Phase 3, Reliable Tranquil Layout,Bengaluru, Karnataka 560068',12.8967763939093,77.6534700393677,'25','abhaybansod92@gmail.com','08-07-2016 12:25',-1,'08:00pm','08:00am',-1,'','Event_Hall','9','nice','ND',12.89,77.65,'www.json.com',NULL,'ND'),(102,87,'in_active','Meeting_Room,Event_Hall,Training Room,Plug & Play','Coffee Shop','novotel 1','1458, 22nd A Main Rd,Vanganahalli, 1st Sector, HSR Layout,Bengaluru, Karnataka 560102','1458, 22nd A Main Rd,Vanganahalli, 1st Sector, HSR Layout,Bengaluru, Karnataka 560102',12.9154733007,77.6471202448,'50','tanmaywange@gmail.com','08-07-2016 13:44',-1,'10:00pm','09:00am',-1,',static/87/IMG-20160622-WA0000.jpg','Training Room','10','efg','ND',12.92,77.65,'www.bizpit.com',NULL,'ND'),(104,89,'in_active','Plug & Play','Start Up/Co-Working','note2','94, Begur Main Rd,Hongasandra,Bengaluru, Karnataka 560068','94, Begur Main Rd,Hongasandra,Bengaluru, Karnataka 560068',12.8961214490416,77.6262848451734,'250','abhaybansod92@gmail.com','11-07-2016 06:47',-1,'08:00pm','08:00am',-1,'','','9','nice environment','ND',12.9,77.63,'www.note2.com',NULL,'ND'),(105,90,'in_active','Plug & Play,Training Room,Meeting_Room','Coffee Shop','brisa excelerator','4, 1st Avenue Rd,KSRP Block, Santhosapuram, Venkatapura, Koramangala,Bengaluru, Karnataka 560034','4, 1st Avenue Rd,KSRP Block, Santhosapuram, Venkatapura, Koramangala,Bengaluru, Karnataka 560034',12.9206535,77.6298186,'50','rautarpita@gmail.com','12-07-2016 10:31',-1,'07:00pm','08:00am',-1,'','Plug & Play','10','facilities available ','ND',12.92,77.63,'www.bizpit.com',NULL,'ND'),(106,91,'active','Plug & Play','Start Up/Co-Working','brisk','Unnamed Rd,Gulimangala,Bengaluru, Karnataka 560099','Unnamed Rd,Gulimangala,Bengaluru, Karnataka 560099',12.8550963947399,77.7065871655941,'250','abhaybansod92@gmail.com','12-07-2016 12:02',-1,'08:00pm','08:00am',-1,'static/91/bangakore_alpha lab.jpg','','2','nice place','ND',12.86,77.71,'www.brisk.com',NULL,'ND'),(107,92,'in_active','Plug & Play,Training Room,Event_Hall,Meeting_Room','Start Up/Co-Working','cafe','1, 17th Cross Rd,Sector 7, HSR Layout,Bengaluru, Karnataka 560102','1, 17th Cross Rd,Sector 7, HSR Layout,Bengaluru, Karnataka 560102',12.9121063,77.6379182,'20','arpita.patil@brisa-tech.com','14-07-2016 12:26',-1,'08:00pm','08:00am',-1,'','Training Room','20','mandatory ','ND',12.91,77.64,'www.cafe.com',NULL,'ND'),(108,93,'in_active','Plug & Play','Start Up/Co-Working','brisk123','Unnamed Rd,Gulimangala,Bengaluru, Karnataka 560099','Unnamed Rd,Gulimangala,Bengaluru, Karnataka 560099',12.8550963947399,77.7065871655941,'250','abhaybansod92@gmail.com','15-07-2016 10:35',-1,'08:00pm','08:00am',-1,'','','2','nice place','ND',12.86,77.71,'www.brisk123.com',NULL,'Pvt_Ofc'),(109,94,'active','Event_Hall,Training Room,Meeting_Room','','number','HSR BDA Complex Bus Stand','HSR BDA Complex Bus Stand, 14th Main Road, HSR Layout, Bengaluru, Karnataka, India',12.9132382,77.6380342,'200','tanmaywange@gmail.com','2016-07-15 12:59:45.079610',0,'10:00pm','08:00am',0,',static/94/images2.jpeg','Training Room','11','hello... please do visit','ND',12.91,77.64,'ND',NULL,'ND'),(110,95,'in_active','Training Room,Plug & Play','Start Up/Co-Working','cartel','Unnamed Rd,Gulimangala,Bengaluru, Karnataka 560099','Unnamed Rd,Gulimangala,Bengaluru, Karnataka 560099',12.8550963947,77.7065871656,'250','rautarpita@gmail.com','15-07-2016 14:00',-1,'08:00pm','08:00am',-1,'','Training Room','2','nice place','ND',12.86,77.71,'www.brisk.com',NULL,'Pvt_Ofc'),(111,96,'active','Plug & Play','Start Up/Co-Working','playone','Meenakshi Layout Main Rd,Meenakshi Layout,Bengaluru, Karnataka 560099','Meenakshi Layout Main Rd,Meenakshi Layout,Bengaluru, Karnataka 560099',12.8837729337352,77.6743218675256,'300','abhaybansod92@gmail.com','15-07-2016 14:02',-1,'08:00pm','08:00am',-1,'','Plug & Play','9','nice place','ND',12.88,77.67,'www.playone.com',NULL,'Hot_Seat'),(112,97,'Active','Training Room,Plug & Play','Start Up/Co-Working','specific','HSR Police Station Bus Stop','HSR Police Station Bus Stop, 27th Main Road, PWD Quarters, Bengaluru, Karnataka, India',12.9197584,77.6517216,'200','tanmaywange@gmail.com','2016-07-15 14:40:40.600223',0,'07:00pm','07:00am',0,',static/97/index3.jpeg','Training Room','12','thfhggf','ND',0,0,'ND',NULL,'ND'),(113,98,'in_active','Plug & Play','Start Up/Co-Working','eclipse','Iblur Village, Bellandur,Bengaluru, Karnataka,India','Iblur Village, Bellandur,Bengaluru, Karnataka,India',12.92745916097,77.6532102003694,'250','abhaybansod92@gmail.com','16-07-2016 02:46',-1,'08:00pm','08:00am',-1,'','','3','nice place','ND',12.93,77.65,'www.eclipse.com',NULL,'Pvt_Ofc'),(114,99,'in_active','Event_Hall,Training Room,Meeting_Room','','terms','The HSR Club','The HSR Club, Bengaluru, Karnataka, India',12.9095207,77.6432129,'221','tanmaywange@gmail.com','2016-07-16 05:51:01.778902',0,'05:00pm','10:00am',0,',static/99/index.jpeg','Training Room','','tffg','ND',12.91,77.64,'ND',NULL,'ND'),(115,100,'in_active','Plug & Play','Start Up/Co-Working','surya','Swagger Rd,Green Glen Layout, Bellandur,Bengaluru, Karnataka 560103','Swagger Rd,Green Glen Layout, Bellandur,Bengaluru, Karnataka 560103',12.927497394022,77.6675120741129,'250','abhaybansod92@gmail.com','16-07-2016 06:54',-1,'08:00pm','08:00am',-1,'','','9','nice place','ND',12.93,77.67,'www.surya.com',NULL,'Pvt_Ofc'),(116,101,'active','Plug & Play','Start Up/Co-Working','plug','88, 27th Main Rd,Sector 2, PWD Quarters, 1st Sector, HSR Layout,Bengaluru, Karnataka 560102','88, 27th Main Rd,Sector 2, PWD Quarters, 1st Sector, HSR Layout,Bengaluru, Karnataka 560102',12.9200652,77.6516039,'250','abhaybansod92@gmail.com','16-07-2016 07:25',-1,'08:00pm','08:00am',-1,'static/101/cowork cafe 3.jpg','','0','ok','ND',12.92,77.65,'www.plug.com',NULL,'Pvt_Ofc'),(117,102,'active','Meeting_Room,Event_Hall,Training Room,Plug & Play','Start Up/Co-Working','key','B-110, 6th Main Rd,Iblur Village, Sarjapur,Bengaluru, Karnataka 560102','B-110, 6th Main Rd,Iblur Village, Sarjapur,Bengaluru, Karnataka 560102',12.9230868297,77.6647815853,'50','rautarpita@gmail.com','16-07-2016 07:29',-1,'08:00pm','08:00am',-1,',static/102/Screenshot_20160713-162414.png','Plug & Play','5','good location','ND',12.92,77.66,'www.key.com',NULL,'Pvt_Ofc'),(118,103,'active','Event_Hall,Meeting_Room,Training Room,Plug & Play','Start Up/Co-Working','simple','1st Cross Rd,Somasundarapalya,Bengaluru, Karnataka 560068','1st Cross Rd,Somasundarapalya,Bengaluru, Karnataka 560068',12.8989876372202,77.6533131301403,'8','rautarpita@gmail.com','16-07-2016 09:44',-1,'08:00pm','08:00am',-1,'static/103/Screenshot_20160715-222755.png, static/103/Screenshot_20160713-162414.png','Event_Hall','12','simple to use','ND',12.9,77.65,'www.simple.com',NULL,''),(119,104,'active','Plug & Play','','new private','Challaghatta,Bengaluru, Karnataka,India','Challaghatta,Bengaluru, Karnataka,India',12.9389392703031,77.6501836627722,'210','abhaybansod92@gmail.com','16-07-2016 11:32',-1,'08:00pm','08:00am',-1,'static/104/bangakore_alpha lab.jpg','','2','nice place','ND',12.94,77.65,'www.private.com',NULL,'Pvt_Ofc'),(120,105,'active','Plug & Play','Start Up/Co-Working','new','Challaghatta,Bengaluru, Karnataka,India','Challaghatta,Bengaluru, Karnataka,India',12.9336946656022,77.6405049115419,'300','abhaybansod92@gmail.com','16-07-2016 11:50',-1,'08:00pm','08:00am',-1,'static/105/cowork cafe 2.jpeg','','9','nice place','ND',12.93,77.64,'www.new.com',NULL,'Pvt_Ofc'),(121,106,'in_active','Meeting_Room,Event_Hall,Training Room,Plug & Play','Start Up/Co-Working','New-Brisa','HSR Layout','HSR Layout, Bengaluru, Karnataka, India',12.9081357,77.647608,'800','tanmaywange@gmail.com','2016-07-16 13:22:19.304036',0,'06:00pm','10:00am',0,'','Plug & Play','10','Good Property','ND',12.91,77.65,'ND',NULL,'ND'),(122,107,'in_active','Plug & Play','Start Up/Co-Working','new technologies','Challaghatta,Bengaluru, Karnataka,India','Challaghatta,Bengaluru, Karnataka,India',12.937087169537,77.6365238428116,'2500','abhaybansod92@gmail.com','16-07-2016 13:31',-1,'08:00pm','08:00am',-1,'','','5','nice place','ND',12.94,77.64,'www.tech.com',NULL,'Pvt_Ofc'),(123,108,'active','Plug & Play','Start Up/Co-Working','newsletter','Challaghatta,Bengaluru, Karnataka,India','Challaghatta,Bengaluru, Karnataka,India',12.9374348479348,77.6384691148996,'250','abhaybansod92@gmail.com','16-07-2016 13:47',-1,'08:00pm','08:00am',-1,'static/108/bangakore_alpha lab.jpg, static/108/work.jpg','','5','nice place','ND',12.94,77.64,'www.news.com',NULL,'Pvt_Ofc'),(124,109,'in_active','Plug & Play','Start Up/Co-Working','Bottle','Unnamed Rd,Gulimangala,Bengaluru, Karnataka 560099','Unnamed Rd,Gulimangala,Bengaluru, Karnataka 560099',12.8550963947399,77.7065871655941,'250','abhaybansod92@gmail.com','16-07-2016 13:48',-1,'08:00pm','08:00am',-1,'','','2','nice place','ND',12.86,77.71,'www.new_prop.com',NULL,'Pvt_Ofc'),(125,110,'active','Plug & Play','Start Up/Co-Working','watch','Belur Nagasandra, Bellandur,Bengaluru, Karnataka,India','Belur Nagasandra, Bellandur,Bengaluru, Karnataka,India',12.9412429403113,77.6551554724574,'300','abhaybansod92@gmail.com','16-07-2016 13:53',-1,'08:00pm','08:00am',-1,'static/110/bangakore_alpha lab.jpg','','4','nice place','ND',12.94,77.66,'www.watch.com',NULL,'Pvt_Ofc'),(126,111,'active','Training Room,Event_Hall','Coffee-Shop','quest','BDA Complex','BDA Complex, 2nd Cross Road, Domlur Village, Bengaluru, Karnataka, India',12.9618197,77.6377724,'45','tanmaywange@gmail.com','2016-07-18 07:14:07.493141',0,'05:00pm','09:00am',0,'static/111/index3.jpeg','Event Hall','','test','ND',12.96,77.64,'ND',NULL,'ND'),(127,112,'active','Plug & Play','Start Up/Co-Working','Test100','88, 27th Main Rd,Sector 2, PWD Quarters, 1st Sector, HSR Layout,Bengaluru, Karnataka 560102','88, 27th Main Rd,Sector 2, PWD Quarters, 1st Sector, HSR Layout,Bengaluru, Karnataka 560102',12.9201195,77.651591,'200','usaachar@gmail.com','18-07-2016 10:09',-1,'12:00am','07:00am',-1,'','Training Room','3','property','ND',12.92,77.65,'www.xyz.com',NULL,'Hot_Seat'),(128,113,'active','Training Room,Event_Hall','','number','HSR BDA Complex Bus Stand','HSR BDA Complex Bus Stand, 14th Main Road, HSR Layout, Bengaluru, Karnataka, India',12.9132382,77.6380342,'700','tanmaywange@gmail.com','2016-07-18 10:27:02.803130',0,'06:00pm','07:00am',0,'static/113/file-page1.jpg','Training Room','','useful','ND',12.91,77.64,'ND',NULL,'ND'),(129,114,'active','Plug & Play,Training Room,Event_Hall,Meeting_Room','Start Up/Co-Working','Test101','K R Puram Bus Stand','K R Puram Bus Stand, National Highway 4, Devasandra, Bengaluru, Karnataka, India',13.00806,77.6926038,'500','tanmaywange@gmail.com','2016-07-18 10:30:59.386582',1,'09:00pm','11:00am',1,'static/114/FB_IMG_1462942190840.jpg','Plug & Play','4','JP nagar','ND',13.01,77.69,'ND',NULL,'ND'),(130,115,'active','Training Room,Plug & Play','Start Up/Co-Working','test 200','PWD Quarters, 1st Sector, HSR Layout,Bengaluru, Karnataka,India','PWD Quarters, 1st Sector, HSR Layout,Bengaluru, Karnataka,India',12.9148170976471,77.6574071869254,'80','rautarpita@gmail.com','18-07-2016 12:47',-1,'08:00pm','08:00am',-1,'static/115/Screenshot_20160713-162414.png','Training Room','10','test','ND',12.91,77.66,'www.test.com',NULL,'Hot_Seat');

--
-- Table structure for table `BizPit_app_property_facility`
--

CREATE TABLE `BizPit_app_property_facility` (
  `id` int(11) NOT NULL AUTO_INCREMENT,
  `property_id` int(11) NOT NULL,
  `Wifi` varchar(200),
  `Coffee_tea` varchar(200),
  `Water_bottle` varchar(200),
  `Printer` varchar(200),
  `Charging_Point` varchar(200),
  `Changing_room` varchar(200),
  `Library` varchar(200),
  `Massage_chair` varchar(200),
  `Locker` varchar(200),
  `AC` varchar(200),
  `Hourly_deal` varchar(200),
  `Half_day_deal` varchar(200),
  `Full_day_deal` varchar(200),
  `Projector` varchar(200),
  `Projection_screen` varchar(200),
  `PA_system` varchar(200),
  `PC_or_Laptop` varchar(200),
  `Seat_up` varchar(200),
  `Chair` varchar(200),
  `Stationary` varchar(200),
  `Complemetry` varchar(200),
  `Add_On` varchar(200),
  `Meeting_room_images` longtext NOT NULL,
  `Conference_room_images` longtext NOT NULL,
  PRIMARY KEY (`id`)
) ENGINE=InnoDB AUTO_INCREMENT=144 DEFAULT CHARSET=latin1;

--
-- Dumping data for table `BizPit_app_property_facility`
--

INSERT INTO `BizPit_app_property_facility` VALUES (1,1,'0','0','0','1','0','1','0','ND','1','1','0','0','1','1','0','1','1','1','0','1','ND','ND','',''),(2,2,'0','1','1','1','0','1','0','ND','0','0','0','0','1','0','0','0','1','ND','ND','ND','ND','ND','',''),(3,3,'0','1','1','0','1','0','0','ND','0','1','0','0','0','1','1','0','0','ND','ND','ND','ND','ND','',''),(4,4,'0','0','0','1','0','1','0','ND','1','1','0','0','1','1','0','1','1','1','0','1','ND','ND','',''),(5,5,'0','1','1','1','1','1','0','ND','1','0','0','0','1','1','0','0','0','ND','ND','ND','ND','ND','',''),(6,6,'0','1','1','1','1','1','0','ND','1','1','0','0','1','1','0','0','0','ND','ND','ND','ND','ND','',''),(7,7,'0','0','1','1','1','1','0','ND','0','1','0','0','0','0','0','0','0','ND','ND','ND','ND','ND','',''),(10,8,'ND','1','1','1','1','1','0','ND','0','1','0','0','1','0','0','0','0','ND','ND','ND','ND','ND','',''),(11,9,'0','1','1','1','1','1','0','ND','0','1','1','0','1','1','0','0','0','ND','ND','ND','ND','ND','',''),(12,10,'0','1','1','0','1','1','0','ND','0','1','0','0','1','0','0','0','0','ND','ND','ND','ND','ND','',''),(14,12,'0','1','1','1','1','1','0','ND','0','0','0','0','1','0','0','0','0','ND','ND','ND','ND','ND','',''),(15,13,'0','1','1','0','1','0','0','ND','0','1','0','0','1','1','0','0','0','ND','ND','ND','ND','ND','',''),(16,14,'0','0','1','0','1','1','0','ND','1','1','0','0','1','0','0','0','0','ND','ND','ND','ND','ND','',''),(17,15,'0','1','1','1','1','1','0','ND','1','1','0','0','1','1','1','0','0','ND','ND','ND','ND','ND','',''),(18,16,'ND','1','1','1','1','0','0','ND','0','1','0','0','1','0','0','0','0','ND','ND','ND','ND','ND','',''),(19,17,'0','1','1','1','1','1','0','ND','0','0','0','0','1','1','0','0','0','ND','ND','ND','ND','ND','',''),(20,18,'ND','1','1','0','1','0','0','ND','0','1','0','0','1','0','0','0','0','ND','ND','ND','ND','ND','',''),(21,19,'ND','1','1','1','1','1','0','ND','0','1','0','0','1','1','0','0','0','ND','ND','ND','ND','ND','',''),(22,20,'0','1','1','1','1','1','0','ND','0','1','0','0','1','1','0','0','0','ND','ND','ND','ND','ND','',''),(23,21,'ND','1','1','1','1','1','0','ND','1','1','0','0','1','0','0','0','0','ND','ND','ND','ND','ND','',''),(24,22,'ND','1','1','1','1','1','0','ND','0','1','0','0','1','0','0','0','0','ND','ND','ND','ND','ND','',''),(25,23,'0','1','1','1','1','1','0','ND','0','1','0','0','1','0','0','0','0','ND','ND','ND','ND','ND','',''),(26,24,'0','0','1','0','1','1','0','ND','1','0','0','0','1','0','0','0','0','ND','ND','ND','ND','ND','',''),(27,25,'0','1','1','1','1','1','0','ND','1','1','0','0','1','0','0','0','0','ND','ND','ND','ND','ND','',''),(28,26,'0','1','1','1','1','1','0','ND','1','1','0','0','1','1','1','0','0','ND','ND','ND','ND','ND','',''),(29,27,'0','1','1','1','1','0','0','ND','1','1','0','0','1','1','0','0','0','ND','ND','ND','ND','ND','',''),(30,28,'0','1','1','1','1','0','0','ND','0','1','0','0','1','0','0','0','0','ND','ND','ND','ND','ND','',''),(31,29,'0','1','1','1','1','0','0','ND','1','1','0','0','1','1','0','0','0','ND','ND','ND','ND','ND','',''),(32,30,'0','1','1','0','1','0','0','ND','0','1','0','0','1','0','0','0','0','ND','ND','ND','ND','ND','',''),(33,31,'0','1','1','0','1','1','0','ND','0','0','0','0','1','0','0','0','0','ND','ND','ND','ND','ND','',''),(34,32,'0','1','1','0','1','1','0','ND','0','1','0','0','1','0','0','0','0','ND','ND','ND','ND','ND','',''),(35,33,'0','1','1','0','1','0','0','ND','0','1','0','0','1','0','0','0','0','ND','ND','ND','ND','ND','',''),(36,34,'0','1','1','1','1','1','0','ND','0','0','0','0','1','1','1','0','0','ND','ND','ND','ND','ND','',''),(38,36,'0','1','1','0','1','1','0','ND','1','0','0','0','1','1','1','0','0','ND','ND','ND','ND','ND','',''),(39,37,'0','0','1','0','1','0','0','ND','0','1','0','0','1','1','0','0','0','ND','ND','ND','ND','ND','',''),(40,38,'0','1','1','0','1','1','0','ND','0','1','0','0','1','1','1','0','0','ND','ND','ND','ND','ND','',''),(41,39,'0','1','1','0','1','0','0','ND','1','1','0','0','1','0','0','0','0','ND','ND','ND','ND','ND','',''),(62,42,'0','1','1','1','1','0','0','ND','1','1','0','0','1','1','0','0','0','ND','ND','ND','ND','ND','',''),(63,43,'0','1','1','1','1','0','0','ND','0','0','0','0','1','1','1','0','0','ND','ND','ND','ND','ND','',''),(66,44,'0','1','1','0','1','0','0','ND','0','1','1','0','1','1','0','0','0','ND','ND','ND','ND','ND','',''),(67,45,'0','1','0','0','0','0','0','ND','0','0','1','0','0','0','0','0','0','ND','ND','ND','ND','ND','',''),(68,46,'ND','1','1','1','1','1','0','ND','0','1','0','0','1','0','0','0','0','ND','ND','ND','ND','ND','',''),(69,47,'0','1','1','1','1','1','0','ND','0','1','0','0','1','0','0','0','0','ND','ND','ND','ND','ND','',''),(70,48,'0','1','1','0','1','1','0','ND','0','1','0','0','1','0','0','0','0','ND','ND','ND','ND','ND','',''),(71,50,'ND','1','1','0','1','0','0','ND','0','1','0','0','1','0','0','0','0','ND','ND','ND','ND','ND','',''),(72,51,'ND','1','1','0','1','0','0','ND','0','1','0','0','1','0','0','0','1','ND','ND','ND','ND','ND','',''),(73,52,'0','1','1','0','1','1','0','ND','0','1','0','0','1','0','0','0','0','ND','ND','ND','ND','ND','',''),(74,53,'0','0','1','0','0','1','0','ND','1','1','0','0','1','1','0','0','0','ND','ND','ND','ND','ND','',''),(75,54,'0','0','1','1','1','1','0','ND','1','1','0','0','1','0','0','0','0','ND','ND','ND','ND','ND','',''),(76,55,'ND','1','1','0','1','0','0','ND','0','1','0','0','1','0','0','0','1','ND','ND','ND','ND','ND','',''),(77,56,'0','0','0','1','0','1','0','ND','1','1','0','0','1','1','0','1','1','1','0','1','ND','ND','',''),(78,57,'0','1','1','0','1','1','0','ND','0','1','0','0','1','1','1','0','0','ND','ND','ND','ND','ND','',''),(79,58,'0','1','1','0','1','1','0','ND','0','0','0','0','1','0','0','0','0','ND','ND','ND','ND','ND','',''),(80,59,'0','0','0','1','0','1','0','ND','1','1','0','0','1','1','0','1','1','1','0','1','ND','ND','',''),(85,64,'0','0','1','0','0','0','0','ND','0','0','0','0','1','0','0','0','0','ND','ND','ND','ND','ND','',''),(86,60,'ND','ND','0','1','1','ND','ND','ND','1','0','ND','ND','ND','1','1','ND','1','0','0','ND','ND','ND','',''),(87,61,'1','0','0','1','1','1','0','ND','1','1','ND','ND','ND','1','1','1','1','1','0','1','ND','ND','',''),(88,62,'0','1','1','ND','0','1','ND','ND','ND','1','False','False','False','1','0','ND','ND','ND','0','ND','ND','ND','',''),(89,63,'ND','1','0','1','0','0','0','ND','1','1','ND','ND','ND','0','0','ND','0','0','1','0','ND','ND','',''),(90,64,'0','ND','0','ND','ND','0','ND','ND','ND','ND','ND','ND','ND','1','ND','ND','1','ND','0','ND','ND','ND','',''),(91,65,'0','ND','0','1','1','0','ND','ND','1','ND','ND','ND','ND','1','1','ND','1','0','0','1','ND','ND','',''),(92,66,'0','1','1','ND','0','1','ND','ND','ND','1','ND','ND','ND','1','0','ND','ND','ND','0','ND','ND','ND','',''),(93,67,'0','0','0','ND','ND','ND','ND','ND','ND','1','ND','ND','ND','1','1','ND','ND','ND','0','ND','ND','ND','',''),(94,68,'0','ND','0','1','1','0','1','ND','1','0','ND','ND','ND','1','1','ND','1','0','0','1','ND','ND','',''),(95,69,'0','0','0','ND','ND','ND','ND','ND','ND','1','ND','ND','ND','1','1','ND','ND','ND','ND','ND','ND','ND','',''),(96,70,'ND','0','0','ND','ND','ND','ND','ND','ND','1','ND','ND','ND','ND','0','ND','ND','1','ND','1','ND','ND','',''),(97,71,'0','0','1','ND','ND','ND','ND','0','ND','1','ND','ND','0','1','ND','ND','0','ND','ND','ND','ND','ND','',''),(98,72,'1','0','0','ND','ND','ND','ND','ND','ND','ND','ND','ND','1','1','0','ND','1','ND','ND','ND','ND','ND','',''),(99,73,'0','ND','ND','ND','0','ND','ND','ND','ND','ND','ND','ND','ND','ND','ND','ND','0','ND','ND','ND','ND','ND','',''),(100,74,'0','ND','1','ND','ND','1','ND','0','ND','1','ND','ND','0','ND','0','ND','0','ND','ND','ND','ND','ND','',''),(101,75,'0','ND','0','1','1','0','1','ND','1','0','ND','ND','ND','1','1','ND','1','0','0','1','ND','ND','',''),(102,76,'0','1','0','ND','0','0','1','ND','ND','ND','ND','ND','ND','1','ND','ND','1','0','0','1','ND','ND','',''),(103,77,'0','0','0','ND','ND','ND','ND','ND','ND','ND','ND','ND','ND','ND','ND','ND','ND','ND','ND','ND','ND','ND','',''),(104,78,'0','0','0','ND','ND','ND','1','ND','ND','ND','ND','ND','ND','1','ND','ND','1','0','0','ND','ND','ND','',''),(105,79,'0','1','0','ND','0','0','1','ND','ND','0','ND','ND','ND','1','ND','ND','1','0','1','1','ND','ND','',''),(106,80,'0','ND','1','ND','0','ND','0','ND','ND','ND','ND','ND','ND','0','ND','ND','0','ND','ND','ND','ND','ND','',''),(107,81,'0','ND','0','1','1','0','1','ND','1','0','ND','ND','ND','1','1','ND','1','0','0','1','ND','ND','',''),(108,82,'ND','ND','0','ND','ND','0','ND','ND','ND','ND','ND','ND','ND','ND','1','ND','ND','ND','ND','1','ND','ND','',''),(109,83,'ND','0','0','1','1','1','ND','ND','ND','ND','ND','ND','ND','ND','0','ND','ND','ND','ND','ND','ND','ND','',''),(110,84,'ND','ND','0','ND','ND','ND','ND','ND','ND','ND','ND','ND','ND','ND','ND','ND','ND','ND','ND','ND','ND','ND','',''),(111,85,'0','ND','0','ND','1','1','ND','ND','ND','ND','ND','ND','ND','ND','ND','ND','ND','ND','1','1','ND','ND','',''),(112,86,'1','ND','ND','ND','ND','ND','0','ND','ND','ND','ND','ND','ND','1','ND','ND','1','ND','ND','ND','ND','ND','',''),(113,87,'ND','1','0','1','ND','0','ND','ND','ND','ND','ND','ND','ND','ND','ND','ND','ND','ND','ND','ND','ND','ND','',''),(119,89,'0','ND','0','ND','0','0','1','ND','ND','ND','ND','ND','ND','1','1','ND','1','0','1','1','ND','ND','',''),(120,90,'0','ND','0','ND','ND','ND','ND','ND','1','1','ND','ND','ND','ND','ND','ND','ND','ND','ND','ND','ND','ND','',''),(121,91,'0','0','0','1','0','0','1','ND','1','0','ND','ND','ND','0','1','ND','1','0','0','0','ND','ND','',''),(122,92,'0','ND','ND','ND','ND','ND','ND','ND','ND','ND','ND','ND','ND','ND','1','ND','ND','ND','ND','ND','ND','ND','',''),(123,93,'0','0','0','1','0','0','1','ND','1','0','ND','ND','ND','0','1','ND','1','0','0','0','ND','ND','',''),(124,94,'ND','1','ND','ND','ND','ND','ND','ND','ND','ND','ND','ND','ND','ND','0','ND','ND','ND','ND','ND','ND','ND','',''),(125,95,'0','0','0','1','0','0','1','ND','1','0','ND','ND','ND','0','1','ND','1','0','0','0','ND','ND','',''),(126,96,'0','0','0','1','1','0','0','ND','1','1','ND','ND','ND','1','1','ND','1','0','0','1','ND','ND','',''),(127,97,'ND','ND','ND','ND','ND','ND','ND','ND','ND','ND','ND','ND','ND','ND','0','ND','ND','ND','ND','ND','ND','ND','',''),(128,98,'0','0','0','1','0','0','1','ND','1','1','ND','ND','ND','1','1','ND','1','0','0','1','ND','ND','',''),(129,99,'ND','0','0','ND','ND','ND','ND','ND','ND','ND','ND','ND','ND','1','0','ND','ND','ND','ND','ND','ND','ND','',''),(130,100,'0','0','0','1','0','0','1','ND','1','1','ND','ND','ND','1','1','ND','1','0','0','1','ND','ND','',''),(131,101,'0','0','0','ND','0','0','1','ND','ND','ND','ND','ND','ND','1','ND','ND','1','0','0','1','ND','ND','',''),(132,102,'ND','ND','ND','1','ND','ND','ND','ND','ND','ND','ND','ND','ND','ND','0','ND','ND','ND','ND','ND','ND','ND','',''),(133,103,'ND','ND','0','ND','ND','ND','ND','ND','ND','ND','ND','ND','ND','ND','1','ND','ND','ND','ND','ND','ND','ND','',''),(134,104,'0','0','0','1','1','0','1','ND','1','1','ND','ND','ND','1','1','ND','1','0','0','1','ND','ND','',''),(135,105,'0','0','0','1','1','0','0','ND','1','1','ND','ND','ND','1','1','ND','1','0','0','1','ND','ND','',''),(136,106,'0','ND','0','1','1','0','1','0','1','0','ND','ND','0','ND','ND','ND','1','ND','ND','ND','ND','ND','',''),(137,107,'0','0','0','1','1','0','1','ND','1','1','ND','ND','ND','1','1','ND','1','0','0','1','ND','ND','',''),(138,108,'0','0','0','1','0','1','1','ND','1','1','ND','ND','ND','1','1','ND','1','0','0','1','ND','ND','',''),(139,109,'0','0','0','1','0','0','1','ND','1','0','ND','ND','ND','0','1','ND','1','0','0','0','ND','ND','',''),(140,110,'0','0','0','1','0','0','1','ND','1','1','ND','ND','ND','1','1','ND','1','0','0','1','ND','ND','',''),(141,111,'ND','0','ND','ND','ND','ND','ND','ND','1','ND','ND','ND','ND','ND','ND','ND','ND','ND','ND','ND','ND','ND','',''),(142,112,'0','0','0','ND','ND','ND','ND','ND','1','0','ND','ND','ND','1','ND','ND','1','ND','0','ND','ND','ND','',''),(143,115,'ND','ND','0','ND','ND','ND','ND','ND','ND','ND','ND','ND','ND','ND','ND','ND','ND','ND','ND','1','ND','ND','','');

--
-- Table structure for table `BizPit_app_property_tags`
--

CREATE TABLE `BizPit_app_property_tags` (
  `id` int(11) NOT NULL AUTO_INCREMENT,
  `property_id` int(11) NOT NULL,
  `Label` varchar(500) NOT NULL,
  `Usecase` varchar(500) NOT NULL,
  PRIMARY KEY (`id`)
) ENGINE=InnoDB DEFAULT CHARSET=latin1;

--
-- Dumping data for table `BizPit_app_property_tags`
--


--
-- Table structure for table `BizPit_app_rate_comment`
--

CREATE TABLE `BizPit_app_rate_comment` (
  `id` int(11) NOT NULL AUTO_INCREMENT,
  `property_id` int(11) NOT NULL,
  `user_id` int(11) NOT NULL,
  `comment` varchar(100) NOT NULL,
  `rates` varchar(100) NOT NULL,
  PRIMARY KEY (`id`)
) ENGINE=InnoDB DEFAULT CHARSET=latin1;

--
-- Dumping data for table `BizPit_app_rate_comment`
--


--
-- Table structure for table `BizPit_app_set_comment`
--

CREATE TABLE `BizPit_app_set_comment` (
  `id` int(11) NOT NULL AUTO_INCREMENT,
  `user_id` int(11) NOT NULL,
  `comment_id` int(11) NOT NULL,
  `like` varchar(500) NOT NULL,
  `unlike` varchar(500) NOT NULL,
  PRIMARY KEY (`id`)
) ENGINE=InnoDB AUTO_INCREMENT=27 DEFAULT CHARSET=latin1;

--
-- Dumping data for table `BizPit_app_set_comment`
--

INSERT INTO `BizPit_app_set_comment` VALUES (1,9,2,'false','false'),(2,10,3,'false','true'),(3,6,2,'true','false'),(4,1,6,'false','false'),(5,4,1,'true','false'),(6,4,7,'true','false'),(7,4,9,'ND','false'),(8,3,2,'ND','false'),(9,14,14,'true','false'),(10,1,5,'false','false'),(11,7,15,'true','ND'),(12,6,15,'true','false'),(13,3,22,'true','false'),(14,3,10,'ND','true'),(15,7,11,'false','ND'),(16,25,2,'true','false'),(17,5,5,'false','true'),(18,5,12,'false','ND'),(19,5,16,'true','true'),(20,5,24,'false','ND'),(21,5,26,'true','ND'),(22,5,25,'true','ND'),(23,5,17,'false','ND'),(24,5,28,'true','ND'),(25,5,2,'true','false'),(26,5,29,'ND','true');

--
-- Table structure for table `BizPit_app_shared_area`
--

CREATE TABLE `BizPit_app_shared_area` (
  `id` int(11) NOT NULL AUTO_INCREMENT,
  `property_id` int(11) NOT NULL,
  `capacity` int(11) NOT NULL,
  `rate_hr` int(11) NOT NULL,
  `rate_daily` int(11) NOT NULL,
  `rate_weekly` int(11) NOT NULL,
  `rate_monthly` int(11) NOT NULL,
  `shared_images` longtext NOT NULL,
  `daily_offer` varchar(500) NOT NULL,
  `hr_offer` varchar(500) NOT NULL,
  `monthly_offer` varchar(500) NOT NULL,
  `weekly_offer` varchar(500) NOT NULL,
  `PO_room_no` int(11) DEFAULT NULL,
  `pvt_ofc_no` int(11) NOT NULL,
  PRIMARY KEY (`id`)
) ENGINE=InnoDB AUTO_INCREMENT=133 DEFAULT CHARSET=latin1;

--
-- Dumping data for table `BizPit_app_shared_area`
--

INSERT INTO `BizPit_app_shared_area` VALUES (1,1,40,0,300,0,5000,',static/1/techhub1.jpg','ND','ND','ND','ND',NULL,1),(2,2,15,0,500,0,5000,',static/2/workshaala3.JPG,static/2/workshaala2.jpg','ND','ND','ND','ND',NULL,1),(3,3,50,250,300,0,10000,',static/3/golden2.jpeg,static/3/golden1.jpeg','','10%','','',NULL,1),(4,4,40,0,428,2314,0,',static/4/bhive1.png','ND','ND','ND','ND',NULL,1),(5,5,25,0,250,0,5000,'static/5/hustle.jpg,','ND','ND','ND','ND',NULL,1),(6,6,15,0,375,0,5000,',static/6/365 img1.jpg,static/6/365 SP.png','ND','ND','ND','ND',NULL,1),(8,8,10,0,400,0,0,',static/8/LetsVenture2.jpg,static/8/LetsVenture3.jpg','ND','ND','ND','ND',NULL,1),(9,9,15,0,1000,0,0,',static/9/B Station 3.jpg,static/9/B station 2.jpg','ND','ND','ND','ND',NULL,1),(10,10,50,120,0,0,0,',static/10/Regus 3.jpeg,static/10/Regus 2.jpeg','ND','ND','ND','ND',NULL,1),(12,12,8,120,0,0,0,'static/12/CAPADVISORS.jpg','ND','ND','ND','ND',NULL,1),(13,13,20,100,0,0,0,'static/13/PRWATECH2.jpg','ND','ND','ND','ND',NULL,1),(14,14,20,160,0,0,0,',static/14/SaamaWellness1.jpg','ND','ND','ND','ND',NULL,1),(15,15,20,350,0,0,0,'static/15/HighClibre1.jpg','ND','ND','ND','ND',NULL,1),(16,16,10,100,0,0,0,',static/16/SAASTECH2.jpg','ND','ND','ND','ND',NULL,1),(17,17,6,100,0,0,0,'static/17/QUICKSTEP2.jpg,','ND','ND','ND','ND',NULL,1),(18,18,16,0,300,0,0,',static/18/TRAINING VENUEZ 2.jpg','ND','ND','ND','ND',NULL,1),(19,19,14,0,928,0,0,'static/19/evoma 2.jpg,','ND','ND','ND','ND',NULL,1),(20,20,17,0,235,0,0,'static/20/SIERRACARTEL2.jpg','ND','ND','ND','ND',NULL,1),(21,21,16,0,375,0,0,',static/21/Dhi2.jpg','ND','ND','ND','ND',NULL,1),(22,22,40,0,450,0,0,',static/22/VATIKA BUSINESS CENTRE 2.jpg','ND','ND','ND','ND',NULL,1),(23,23,30,0,210,0,0,'static/23/TVAKSA2.jpg','ND','ND','ND','ND',NULL,1),(24,24,10,0,0,2000,0,'static/24/WORKBENCHPROJECTS2.jpg','ND','ND','ND','ND',NULL,1),(25,25,10,0,0,2142,0,'static/25/AURA2.jpg','ND','ND','ND','ND',NULL,1),(26,26,10,0,0,2500,0,'static/26/INCUBEX 2.jpg,','ND','ND','ND','ND',NULL,1),(27,27,10,0,0,1500,0,'static/27/KEEPWORKS2.jpg','ND','ND','ND','ND',NULL,1),(28,28,10,0,0,1900,0,'static/28/pep2.jpg,static/28/Pep1.jpg,static/28/pep3.jpg','ND','ND','ND','ND',NULL,1),(29,29,10,0,0,1600,0,',static/29/WORKDEN 3.jpg,static/29/WORKDEN 4.jpg','ND','ND','ND','ND',NULL,1),(30,30,10,0,0,1200,0,'static/30/SEVEN2.jpg','ND','ND','ND','ND',NULL,1),(31,31,10,0,0,1500,0,',static/31/Cubic2.jpg,static/31/Cubic3.jpg','ND','ND','ND','ND',NULL,1),(32,32,10,0,0,2500,0,',static/32/MMAD APPS 1.jpg,static/32/MMAD APPS 2.jpg,[]','ND','ND','ND','ND',NULL,1),(33,33,10,0,0,1500,0,'static/33/WorkAdda3.jpg,static/33/WorkAdda4.jpg','ND','ND','ND','ND',NULL,1),(34,34,10,0,0,1500,0,'static/34/Instaspace3.jpg,static/34/Instaspace2.jpg','ND','ND','ND','ND',NULL,1),(36,36,10,0,0,2000,0,'static/36/LetsSTART2.jpg,static/36/LetsSTART1.jpg','ND','ND','ND','ND',NULL,1),(37,37,20,0,0,4000,0,'static/37/MOVEINSYNC3.jpg,static/37/MOVEINSYNC4.jpg','ND','ND','ND','ND',NULL,1),(38,38,10,0,0,5000,0,',static/38/CITRUSHOTEL4.jpg','ND','ND','ND','ND',NULL,1),(39,39,30,0,0,1000,0,',static/39/CREED 4.jpg,static/39/CREED 3.jpg','ND','ND','ND','ND',NULL,1),(40,42,25,0,0,1800,5950,',static/42/NURTURE LABZ 1.jpg,static/42/NURTURE LABZ 2.jpg','ND','ND','ND','ND',NULL,1),(41,43,20,0,350,0,4500,',static/43/vConverge 4.jpg,static/43/vConverge 3.jpg','ND','ND','ND','ND',NULL,1),(45,46,0,0,0,0,0,'[]','ND','ND','ND','ND',NULL,1),(46,46,0,0,0,0,0,'[]','ND','ND','ND','ND',NULL,1),(47,47,0,0,0,0,0,'[]','ND','ND','ND','ND',NULL,1),(48,44,20,0,500,0,0,'static/44/workshaala3.JPG,static/44/workshaala2.jpg','ND','ND','ND','ND',NULL,1),(50,46,0,0,0,0,0,'[]','ND','ND','ND','ND',NULL,1),(51,47,0,0,0,0,0,'[]','ND','ND','ND','ND',NULL,1),(54,49,10,100,0,0,0,'static/49/WORKBENCH PROJECTS 1.jpg','ND','ND','ND','ND',NULL,1),(55,50,15,200,0,0,0,',static/50/WORKDEN 3.jpg','ND','ND','ND','ND',NULL,1),(57,51,20,0,300,0,0,',static/51/WORKBENCH PROJECTS 1.jpg,static/51/WorkAdda 1.jpg','ND','ND','ND','ND',NULL,1),(58,52,20,200,1000,0,0,',static/52/TVAKSA 2.jpg','ND','ND','ND','ND',NULL,1),(59,53,0,0,0,0,0,'[]','ND','ND','ND','ND',NULL,1),(60,54,0,0,0,0,0,'[]','ND','ND','ND','ND',NULL,1),(61,55,20,0,250,0,0,',static/55/WorkAdda 1.jpg,static/55/VATIKA BUSINESS CENTRE 1.jpg','ND','ND','ND','ND',NULL,1),(62,56,15,200,1000,0,0,',static/56/TVAKSA 2.jpg,static/56/TVAKSA 1.jpg','ND','ND','ND','ND',NULL,1),(63,57,25,200,1000,0,0,',static/57/SIERRA CARTEL 2.jpg,static/57/SIDHMA 1.jpg','ND','ND','ND','ND',NULL,1),(64,58,10,100,0,0,0,',static/58/TVAKSA 1.jpg','ND','ND','ND','ND',NULL,1),(65,59,0,0,0,0,0,'[]','ND','ND','ND','ND',NULL,1),(69,64,0,0,0,0,0,'[]','ND','ND','ND','ND',NULL,1),(70,60,625,230,400,4000,10000,'','3%','13%','3%','3%',NULL,1),(71,61,20,150,0,0,0,',static/61/0','','5%','','',NULL,1),(72,62,20,0,100,2000,0,'','ND','ND','ND','ND',NULL,1),(73,63,20,150,500,0,0,',static/63/0','11%','11%','','',NULL,1),(74,64,10,100,100,0,100,'static/64/0','10%','10%','','10%',NULL,1),(75,65,25,250,300,300,300,'static/65/cowork cafe 2.jpeg,static/65/0,','11%','11%','11%','11%',NULL,1),(76,66,10,20,105,2000,0,'','10%','10%','10%','10%',NULL,1),(77,67,20,25,50,100,500,'static/67/0, static/67/0','12%','12%','12%','12%',NULL,1),(78,68,25,250,300,700,4000,'','7%','7%','7%','7%',NULL,1),(79,69,50,50,100,10000,100,'static/69/0','10%','10%','10%','10%',NULL,1),(80,70,20,22,200,2000,10000,',static/70/384308.jpg','ND','ND','ND','ND',NULL,1),(81,71,10,500,0,0,0,'static/71/trinity2.jpg','ND','ND','ND','ND',NULL,1),(82,72,11,28,40,500,1000,',[]','ND','ND','ND','ND',NULL,1),(83,73,20,200,500,0,5000,'static/73/0','','0%','','',NULL,1),(84,74,10,250,0,0,0,',static/74/IMG_20160224_144313(1).jpg','ND','ND','ND','ND',NULL,1),(85,75,25,250,0,0,0,'static/75/work.jpg,','','5%','','',NULL,1),(86,76,20,250,500,0,10000,',static/76/start1.jpg','1%','1%','','',NULL,1),(87,77,20,25,40,100,500,'','10%','10%','10%','10%',NULL,1),(88,78,25,350,0,0,0,',static/78/bangakore_alpha lab.jpg','','0%','','',NULL,1),(89,79,25,250,500,0,20000,'static/79/mmetdd.jpg, static/79/meetee.jpg','','0%','','',NULL,1),(90,80,25,250,500,0,10000,'static/80/20160629_141725.jpg, static/80/20160629_105052.jpg, static/80/cowork cafe 3.jpg','','0%','','',NULL,1),(91,81,20,250,300,500,600,'static/81/20160629_155155.jpg, static/81/20160629_155150.jpg','1%','1%','1%','1%',NULL,1),(92,82,20,50,111,400,5000,'','10%','10%','10%','10%',NULL,1),(93,83,50,30,300,4000,10000,',static/83/images2.jpeg','ND','ND','ND','ND',NULL,1),(94,84,50,30,50,100,6000,', static/84/Screenshot_2016-05-03-15-59-52.png,static/84/Screenshot_2016-05-11-15-12-18.png','15%','15%','15%','15%',NULL,1),(95,85,10,100,0,200,0,'static/85/cowork cafe 3.jpg','','3%','3%','',NULL,1),(96,86,20,251,50,500,5000,',static/86/tra123.jpg','9%','9%','9%','9%',NULL,1),(97,87,20,0,50,0,10000,',static/87/IMG-20160622-WA0000.jpg','10%','','','',NULL,1),(103,89,15,250,0,0,500,'static/89/bangakore_alpha lab.jpg','','10%','','9%',NULL,1),(104,90,50,0,0,2000,0,'static/90/IMG-20160622-WA0000.jpg','','','10%','',NULL,1),(105,91,25,250,300,400,500,'static/91/bangakore_alpha lab.jpg','2%','5%','2%','2%',NULL,1),(106,92,50,20,40,500,40,'static/92/IMG-20160713-WA0002.jpg','20%','20%','20%','20%',NULL,1),(107,93,30,50,0,0,5000,'','2%','2%','2%','2%',NULL,1),(108,93,30,50,0,0,5000,'','2%','2%','2%','2%',NULL,2),(109,95,25,50,100,200,500,'','2%','2%','2%','2%',NULL,1),(110,96,25,300,0,0,1000,'static/96/cowork cafe 3.jpg','','9%','9%','',NULL,1),(111,97,22,34,341,0,4567,',[]','ND','ND','ND','ND',NULL,1),(112,98,25,0,0,0,250,'','0%','0%','3%','0%',NULL,1),(113,98,35,0,0,0,350,'','0%','0%','3%','0%',NULL,2),(114,100,25,0,0,0,250,'','0%','0%','9%','0%',NULL,1),(115,100,35,0,0,0,350,'','0%','0%','9%','0%',NULL,2),(116,101,25,0,0,0,250,'static/101/cowork cafe 3.jpg,static/101/cowork cafe 1.jpeg','','','','0%',NULL,1),(117,102,8,0,0,0,588,'','0%','0%','5%','0%',NULL,1),(118,102,25,0,0,0,690,'','0%','0%','5%','0%',NULL,2),(119,103,25,22,66,80,586,'static/103/Screenshot_20160715-222755.png, static/103/Screenshot_20160713-162414.png','12%','12%','12%','12%',NULL,1),(120,104,21,0,0,0,210,'static/104/bangakore_alpha lab.jpg','0%','0%','0%','0%',NULL,1),(121,104,30,0,0,0,350,'static/104/bangakore_alpha lab.jpg','0%','0%','2%','0%',NULL,2),(122,105,31,0,0,0,300,'static/105/cowork cafe 2.jpeg','0%','0%','0%','0%',NULL,1),(123,106,50,500,0,0,0,'','ND','ND','ND','ND',NULL,-1),(124,107,25,0,0,0,2500,'static/107/bangakore_alpha lab.jpg','0%','0%','0%','0%',NULL,1),(125,107,35,0,0,0,3500,'static/107/bangakore_alpha lab.jpg','0%','0%','5%','0%',NULL,2),(126,108,25,0,0,0,250,'static/108/bangakore_alpha lab.jpg, static/108/work.jpg','0%','0%','5%','0%',NULL,1),(127,109,25,0,0,0,500,'','2%','2%','2%','2%',NULL,1),(128,110,30,0,0,0,300,'static/110/bangakore_alpha lab.jpg','0%','0%','4%','0%',NULL,1),(129,112,50,200,1500,6000,22000,'static/112/download.jpg','3%','3%','3%','3%',NULL,1),(130,114,25,100,1000,5000,18000,'[]','ND','ND','ND','ND',NULL,-1),(131,114,25,100,1000,5000,18000,'[]','ND','ND','ND','ND',NULL,-1),(132,115,50,80,160,500,1000,'static/115/Screenshot_20160713-162414.png','10%','10%','10%','10%',NULL,1);

--
-- Table structure for table `BizPit_app_submit_comment`
--

CREATE TABLE `BizPit_app_submit_comment` (
  `id` int(11) NOT NULL AUTO_INCREMENT,
  `user_id` int(11) NOT NULL,
  `email_id` varchar(200) NOT NULL,
  `comment_id` int(11) NOT NULL,
  `property_id` int(11) NOT NULL,
  `comment` varchar(5000),
  `rate` varchar(200) NOT NULL,
  `timestamp` varchar(100) NOT NULL,
  `like_count` int(11) NOT NULL,
  `unlike_count` int(11) NOT NULL,
  PRIMARY KEY (`id`)
) ENGINE=InnoDB AUTO_INCREMENT=33 DEFAULT CHARSET=latin1;

--
-- Dumping data for table `BizPit_app_submit_comment`
--

INSERT INTO `BizPit_app_submit_comment` VALUES (1,4,'adityanraut@gmail.com',1,21,'good property...\n','5','03-06-2016 06:59',1,0),(2,9,'faltudeepz@gmail.com',2,2,'','3.5','06-06-2016 06:17',22,11),(3,10,'vikasvs42@gmail.com',3,25,'nice place for working','4','06-06-2016 11:01',0,2),(4,4,'adityanraut@gmail.com',4,13,'good property...\n','4','06-06-2016 14:12',0,0),(5,7,'smartdoll4u@gmail.com',5,3,'comments 2 .. came back ','5','06-06-2016 14:41',0,1),(7,4,'adityanraut@gmail.com',7,14,'Good place to work','4','07-06-2016 05:30',1,0),(8,4,'adityanraut@gmail.com',8,34,'Good property to work','5','07-06-2016 06:30',0,0),(10,3,'rautarpita@gmail.com',10,35,'all facilities available ','5','12-07-2016 10:49',0,1),(11,4,'adityanraut@gmail.com',11,29,'Good place for work','4.5','07-06-2016 11:35',0,0),(12,4,'adityanraut@gmail.com',12,3,'','4','07-06-2016 12:30',0,0),(13,4,'adityanraut@gmail.com',13,10,'','4.5','07-06-2016 13:30',0,0),(14,14,'arpita.patil@brisa-tech.com',14,35,'best of all properties ','0','28-06-2016 13:35',4,1),(15,6,'abhaybansod92@gmail.com',15,52,'nice place','4','12-06-2016 04:30',9,8),(16,9,'faltudeepz@gmail.com',16,3,'','4.5','13-06-2016 17:30',1,1),(17,4,'adityanraut@gmail.com',17,5,'best property...','4.5','14-06-2016 11:33',0,0),(18,7,'smartdoll4u@gmail.com',18,21,'test4 - Dolly','5','17-06-2016 02:34',0,0),(19,4,'adityanraut@gmail.com',19,33,'','4.5','17-06-2016 15:32',0,0),(20,4,'adityanraut@gmail.com',20,25,'good\n','5','17-06-2016 17:30',0,0),(21,4,'adityanraut@gmail.com',21,4,'','5','19-06-2016 09:32',0,0),(22,3,'rautarpita@gmail.com',22,24,'all facilities available ','2.5','24-06-2016 06:35',1,0),(23,5,'hr@brisa-tech.com',23,9,'nice place','3','01-07-2016 09:35',0,0),(24,5,'hr@brisa-tech.com',24,3,'nice place','3','04-07-2016 09:03',0,0),(25,14,'arpita.patil@brisa-tech.com',25,4,'recommended ','5','08-07-2016 13:34',1,0),(26,3,'rautarpita@gmail.com',26,4,'awesome to use','5','08-07-2016 15:30',1,0),(27,3,'rautarpita@gmail.com',27,25,'feedback test ','5','13-07-2016 14:30',0,0),(28,9,'faltudeepz@gmail.com',28,5,'very bad','0','15-07-2016 11:35',1,0),(29,25,'arpita.patil@brisa-tech.com',29,22,'wifi provision','4','16-07-2016 06:41',0,1),(30,24,'rautarpita@gmail.com',30,22,'so many times','0','18-07-2016 06:30',0,0),(31,26,'arpita.patil@brisa-tech.com',31,22,'djdjdjdnd','0','16-07-2016 08:51',0,0),(32,5,'hr@brisa-tech.com',32,10,'iyufdyfhchch','4','16-07-2016 10:18',0,0);

--
-- Table structure for table `BizPit_app_training_room`
--

CREATE TABLE `BizPit_app_training_room` (
  `id` int(11) NOT NULL AUTO_INCREMENT,
  `property_id` int(11) NOT NULL,
  `capacity` int(11) NOT NULL,
  `training_room_no` int(11) NOT NULL,
  `rate_half_day` int(11) NOT NULL,
  `rate_full_day` int(11) NOT NULL,
  `rate_weekly` int(11) NOT NULL,
  `rate_monthly` int(11) NOT NULL,
  `training_room_images` longtext NOT NULL,
  `full_offer` varchar(500) NOT NULL,
  `half_offer` varchar(500) NOT NULL,
  `weekly_offer` varchar(500) NOT NULL,
  PRIMARY KEY (`id`)
) ENGINE=InnoDB AUTO_INCREMENT=126 DEFAULT CHARSET=latin1;

--
-- Dumping data for table `BizPit_app_training_room`
--

INSERT INTO `BizPit_app_training_room` VALUES (1,1,0,1,0,0,0,0,',[]','ND','ND','ND'),(2,2,20,1,0,0,0,0,'[]','ND','ND','ND'),(3,4,20,1,0,0,0,0,'[]','ND','ND','ND'),(4,5,20,1,0,0,0,0,'[]','ND','ND','ND'),(5,6,20,1,0,0,0,0,'[]','ND','ND','ND'),(8,9,20,1,0,0,0,0,'[]','ND','ND','ND'),(9,8,20,1,500,1000,0,0,',static/8/Lets Venture 2.jpg','ND','ND','ND'),(10,9,20,1,0,0,0,0,'[]','ND','ND','ND'),(11,10,20,1,0,0,0,0,'[]','ND','ND','ND'),(12,11,20,1,0,0,0,0,'[]','ND','ND','ND'),(13,12,20,1,0,0,0,0,'[]','ND','ND','ND'),(14,13,20,1,0,0,0,0,'[]','ND','ND','ND'),(15,14,20,1,0,0,0,0,'[]','ND','ND','ND'),(16,15,20,1,0,0,0,0,'[]','ND','ND','ND'),(17,16,0,1,0,1000,0,0,',static/16/SAASTECH 1.jpg,[]','ND','ND','ND'),(18,17,20,1,0,0,0,0,'[]','ND','ND','ND'),(19,18,20,1,0,0,0,0,'[]','ND','ND','ND'),(20,19,20,1,0,0,0,0,'[]','ND','ND','ND'),(21,20,20,1,0,0,0,0,'[]','ND','ND','ND'),(22,21,20,1,0,0,0,0,'[]','ND','ND','ND'),(23,22,20,1,0,0,0,0,'[]','ND','ND','ND'),(24,23,20,1,0,0,0,0,'[]','ND','ND','ND'),(25,24,20,1,0,0,0,0,'[]','ND','ND','ND'),(26,25,20,1,0,0,0,0,'[]','ND','ND','ND'),(27,26,20,1,0,0,0,0,'[]','ND','ND','ND'),(28,27,20,1,0,0,0,0,'[]','ND','ND','ND'),(29,28,20,1,0,0,0,0,'[]','ND','ND','ND'),(30,29,20,1,0,0,0,0,'[]','ND','ND','ND'),(31,30,20,1,0,0,0,0,'[]','ND','ND','ND'),(32,31,20,1,0,0,0,0,'[]','ND','ND','ND'),(33,32,20,1,0,0,0,0,'[]','ND','ND','ND'),(34,33,20,1,0,0,0,0,'[]','ND','ND','ND'),(35,34,20,1,0,0,0,0,'[]','ND','ND','ND'),(38,36,20,1,0,0,0,0,'[]','ND','ND','ND'),(39,37,20,1,0,0,0,0,'[]','ND','ND','ND'),(40,38,20,1,0,0,0,0,'[]','ND','ND','ND'),(41,39,20,1,0,0,0,0,'[]','ND','ND','ND'),(45,42,20,1,0,0,0,0,'[]','ND','ND','ND'),(46,43,20,1,0,0,0,0,'[]','ND','ND','ND'),(47,3,20,-1,0,0,-1,-1,'','ND','ND','ND'),(48,44,20,1,0,0,0,0,'[]','ND','ND','ND'),(54,44,20,1,0,0,0,0,'[]','ND','ND','ND'),(55,45,20,1,0,0,0,0,'[]','ND','ND','ND'),(56,46,20,1,0,400,0,0,',static/46/WORKBENCH PROJECTS 2.jpg','ND','ND','ND'),(57,47,20,1,0,0,0,0,'[]','ND','ND','ND'),(58,48,40,1,0,400,0,0,',static/48/Regus2.jpeg,[]','ND','ND','ND'),(59,49,15,1,0,0,0,0,'static/49/vConverge 3.jpg','ND','ND','ND'),(60,49,15,1,0,0,0,0,'static/49/vConverge 3.jpg','ND','ND','ND'),(61,50,25,1,0,200,0,0,',static/50/WORKBENCH PROJECTS 2.jpg','ND','ND','ND'),(62,51,20,1,0,0,0,0,'[]','ND','ND','ND'),(63,51,20,1,0,0,0,0,'[]','ND','ND','ND'),(64,52,20,1,0,0,0,0,'[]','ND','ND','ND'),(65,53,20,1,0,150,0,0,',static/53/SIDHMA 1.jpg,static/53/SIERRA CARTEL 2.jpg','ND','ND','ND'),(66,54,20,1,0,200,0,0,',static/54/Lets Venture 3.jpg,static/54/Lets Venture 2.jpg','ND','ND','ND'),(67,55,30,1,0,150,0,0,'static/55/SEVEN 3.jpg,static/55/PRWATECH 2.jpg,','ND','ND','ND'),(68,56,30,1,0,300,0,0,'static/56/Saama Wellness 2.jpg,,static/56/WorkAdda 2.jpg,static/56/SAASTECH 1.jpg','ND','ND','ND'),(69,57,30,1,0,200,0,0,',static/57/SBC BUSINESS SPACE 1.jpg,static/57/SAASTECH 1.jpg','ND','ND','ND'),(70,58,20,1,0,0,0,0,'[]','ND','ND','ND'),(71,59,0,1,120,250,0,0,',static/59/vConverge 3.jpg','ND','ND','ND'),(77,64,30,1,0,400,0,0,'static/64/newbridge.jpg','ND','ND','ND'),(78,62,0,1,35,555,0,0,',static/62/green city popup ads.png','ND','ND','ND'),(79,63,20,1,500,0,0,0,',static/63/0','','11%','0'),(80,64,6,1,100,100,0,0,'static/64/0','10%','10%','0'),(81,65,30,1,250,500,0,0,'','11%','11%','0'),(82,66,0,1,0,0,0,0,',static/66/0','10%','10%','0'),(83,67,22,1,56,80,0,0,'static/67/0','12%','12%','0'),(84,68,30,1,200,400,0,0,'','0%','0%','0'),(85,69,25,1,40,80,0,0,'static/69/0','10%','10%','0'),(86,69,30,2,40,80,0,0,'static/69/0','10%','10%','0'),(87,69,55,3,50,100,0,0,'static/69/0','10%','10%','0'),(88,70,50,1,100,3000,10000,10000,'[]','ND','ND','ND'),(89,70,60,2,200,4000,8000,8000,'','ND','ND','ND'),(90,71,0,1,5000,0,0,0,'static/71/golden1.jpeg','ND','ND','ND'),(91,72,33,1,32,456,0,0,',[]','ND','ND','ND'),(92,72,22,2,66,567,0,0,'','ND','ND','ND'),(93,72,44,3,23,567,0,0,'','ND','ND','ND'),(94,68,25,2,250,0,0,0,'','','7%','0'),(95,74,20,1,500,0,0,0,',static/74/IMG_20160224_144313(1).jpg','ND','ND','ND'),(96,74,50,2,0,0,0,0,',static/74/trinity2.jpg','ND','ND','ND'),(97,75,30,1,300,0,0,0,'','0%','0%','0'),(98,75,20,2,350,600,0,0,'','5%','5%','0'),(99,77,40,1,50,100,0,0,'static/77/0','10%','10%','0'),(100,77,50,2,500,1000,0,0,'static/77/0','10%','10%','0'),(101,81,20,1,200,400,0,0,'','1%','1%','0'),(102,82,50,1,50,120,0,0,'','10%','10%','0'),(103,83,0,1,66,180,0,0,',static/83/96814.jpg','ND','ND','ND'),(104,83,40,2,500,2000,-1,-1,'','ND','ND','ND'),(105,84,25,1,80,900,0,0,'static/84/3655.jpg','10%','10%','0'),(106,85,20,1,200,400,0,0,'static/85/tra123.jpg','3%','3%','0'),(108,90,25,1,50,100,0,0,'','0%','0%','0'),(109,90,80,2,0,90,0,0,'','10%','','0'),(110,92,20,1,50,90,0,0,'','12%','12%','0'),(111,94,50,1,500,1111,0,0,',[]','ND','ND','ND'),(112,97,50,1,34,0,0,0,',[]','ND','ND','ND'),(113,99,50,1,234,3456,0,0,',[]','ND','ND','ND'),(114,95,5,1,23,44,-1,-1,'','ND','ND','ND'),(115,102,36,1,50,0,0,0,'static/102/Screenshot_20160713-162414.png','','5%','0'),(116,103,80,1,88,980,0,0,'','12%','12%','0'),(117,106,0,1,0,600,0,0,',static/106/average_pressure.png','ND','ND','ND'),(118,111,33,1,45,78,0,0,'static/111/index.jpeg','ND','ND','ND'),(119,111,22,2,0,56,0,0,'','ND','ND','ND'),(121,113,0,1,55,100,0,0,'[]','ND','ND','ND'),(122,113,0,1,55,100,0,0,'static/113/Desert.jpg','ND','ND','ND'),(125,115,20,1,100,1000,0,0,'','10%','10%','0');

--
-- Table structure for table `BizPit_app_user_share`
--

CREATE TABLE `BizPit_app_user_share` (
  `id` int(11) NOT NULL AUTO_INCREMENT,
  `property_id` int(11) NOT NULL,
  `user_id` int(11) NOT NULL,
  `mobile_number` varchar(100) NOT NULL,
  PRIMARY KEY (`id`)
) ENGINE=InnoDB DEFAULT CHARSET=latin1;

--
-- Dumping data for table `BizPit_app_user_share`
--


--
-- Table structure for table `BizPit_app_user_usage`
--

CREATE TABLE `BizPit_app_user_usage` (
  `id` int(11) NOT NULL AUTO_INCREMENT,
  `property_id` int(11) NOT NULL,
  `user_id` int(11),
  `Action` varchar(100) NOT NULL,
  `Action_data` varchar(100) NOT NULL,
  `Action_timestamp` varchar(100) NOT NULL,
  PRIMARY KEY (`id`)
) ENGINE=InnoDB DEFAULT CHARSET=latin1;

--
-- Dumping data for table `BizPit_app_user_usage`
--


--
-- Table structure for table `BizPit_app_weekly_booking`
--

CREATE TABLE `BizPit_app_weekly_booking` (
  `id` int(11) NOT NULL AUTO_INCREMENT,
  `property_id` int(11) NOT NULL,
  `booking_id` int(11) NOT NULL,
  `booked_by` varchar(100),
  `booked_by_id` int(11),
  `start_week` varchar(100) NOT NULL,
  `end_week` varchar(100) NOT NULL,
  `start_time` varchar(100) NOT NULL,
  `end_time` varchar(100) NOT NULL,
  `property_type` varchar(100),
  `head_count` int(11) NOT NULL,
  `timestamp` varchar(100) NOT NULL,
  PRIMARY KEY (`id`)
) ENGINE=InnoDB DEFAULT CHARSET=latin1;

--
-- Dumping data for table `BizPit_app_weekly_booking`
--


--
-- Table structure for table `auth_group`
--

CREATE TABLE `auth_group` (
  `id` int(11) NOT NULL AUTO_INCREMENT,
  `name` varchar(80) NOT NULL,
  PRIMARY KEY (`id`),
  UNIQUE KEY `name` (`name`)
) ENGINE=InnoDB DEFAULT CHARSET=latin1;

--
-- Dumping data for table `auth_group`
--


--
-- Table structure for table `auth_group_permissions`
--

CREATE TABLE `auth_group_permissions` (
  `id` int(11) NOT NULL AUTO_INCREMENT,
  `group_id` int(11) NOT NULL,
  `permission_id` int(11) NOT NULL,
  PRIMARY KEY (`id`),
  UNIQUE KEY `group_id` (`group_id`,`permission_id`),
  KEY `auth_group_permissions_0e939a4f` (`group_id`),
  KEY `auth_group_permissions_8373b171` (`permission_id`),
  CONSTRAINT `auth_group_permission_group_id_689710a9a73b7457_fk_auth_group_id` FOREIGN KEY (`group_id`) REFERENCES `auth_group` (`id`),
  CONSTRAINT `auth_group__permission_id_1f49ccbbdc69d2fc_fk_auth_permission_id` FOREIGN KEY (`permission_id`) REFERENCES `auth_permission` (`id`)
) ENGINE=InnoDB DEFAULT CHARSET=latin1;

--
-- Dumping data for table `auth_group_permissions`
--


--
-- Table structure for table `auth_permission`
--

CREATE TABLE `auth_permission` (
  `id` int(11) NOT NULL AUTO_INCREMENT,
  `name` varchar(50) NOT NULL,
  `content_type_id` int(11) NOT NULL,
  `codename` varchar(100) NOT NULL,
  PRIMARY KEY (`id`),
  UNIQUE KEY `content_type_id` (`content_type_id`,`codename`),
  KEY `auth_permission_417f1b1c` (`content_type_id`),
  CONSTRAINT `auth__content_type_id_508cf46651277a81_fk_django_content_type_id` FOREIGN KEY (`content_type_id`) REFERENCES `django_content_type` (`id`)
) ENGINE=InnoDB AUTO_INCREMENT=118 DEFAULT CHARSET=latin1;

--
-- Dumping data for table `auth_permission`
--

INSERT INTO `auth_permission` VALUES (1,'Can add log entry',1,'add_logentry'),(2,'Can change log entry',1,'change_logentry'),(3,'Can delete log entry',1,'delete_logentry'),(4,'Can add permission',2,'add_permission'),(5,'Can change permission',2,'change_permission'),(6,'Can delete permission',2,'delete_permission'),(7,'Can add group',3,'add_group'),(8,'Can change group',3,'change_group'),(9,'Can delete group',3,'delete_group'),(10,'Can add user',4,'add_user'),(11,'Can change user',4,'change_user'),(12,'Can delete user',4,'delete_user'),(13,'Can add content type',5,'add_contenttype'),(14,'Can change content type',5,'change_contenttype'),(15,'Can delete content type',5,'delete_contenttype'),(16,'Can add session',6,'add_session'),(17,'Can change session',6,'change_session'),(18,'Can delete session',6,'delete_session'),(19,'Can add property_ details',7,'add_property_details'),(20,'Can change property_ details',7,'change_property_details'),(21,'Can delete property_ details',7,'delete_property_details'),(22,'Can add booking_ type',8,'add_booking_type'),(23,'Can change booking_ type',8,'change_booking_type'),(24,'Can delete booking_ type',8,'delete_booking_type'),(25,'Can add property_tags',9,'add_property_tags'),(26,'Can change property_tags',9,'change_property_tags'),(27,'Can delete property_tags',9,'delete_property_tags'),(28,'Can add holidays',10,'add_holidays'),(29,'Can change holidays',10,'change_holidays'),(30,'Can delete holidays',10,'delete_holidays'),(31,'Can add non_ working_ days',11,'add_non_working_days'),(32,'Can change non_ working_ days',11,'change_non_working_days'),(33,'Can delete non_ working_ days',11,'delete_non_working_days'),(34,'Can add login',12,'add_login'),(35,'Can change login',12,'change_login'),(36,'Can delete login',12,'delete_login'),(37,'Can add submit_ comment',13,'add_submit_comment'),(38,'Can change submit_ comment',13,'change_submit_comment'),(39,'Can delete submit_ comment',13,'delete_submit_comment'),(40,'Can add favourite',14,'add_favourite'),(41,'Can change favourite',14,'change_favourite'),(42,'Can delete favourite',14,'delete_favourite'),(43,'Can add set_ comment',15,'add_set_comment'),(44,'Can change set_ comment',15,'change_set_comment'),(45,'Can delete set_ comment',15,'delete_set_comment'),(46,'Can add sign_ up',16,'add_sign_up'),(47,'Can change sign_ up',16,'change_sign_up'),(48,'Can delete sign_ up',16,'delete_sign_up'),(49,'Can add meeting_room',17,'add_meeting_room'),(50,'Can change meeting_room',17,'change_meeting_room'),(51,'Can delete meeting_room',17,'delete_meeting_room'),(52,'Can add training_room',18,'add_training_room'),(53,'Can change training_room',18,'change_training_room'),(54,'Can delete training_room',18,'delete_training_room'),(55,'Can add shared_area',19,'add_shared_area'),(56,'Can change shared_area',19,'change_shared_area'),(57,'Can delete shared_area',19,'delete_shared_area'),(58,'Can add event_ halls',20,'add_event_halls'),(59,'Can change event_ halls',20,'change_event_halls'),(60,'Can delete event_ halls',20,'delete_event_halls'),(61,'Can add commercial_ halls',21,'add_commercial_halls'),(62,'Can change commercial_ halls',21,'change_commercial_halls'),(63,'Can delete commercial_ halls',21,'delete_commercial_halls'),(64,'Can add property_ facility',22,'add_property_facility'),(65,'Can change property_ facility',22,'change_property_facility'),(66,'Can delete property_ facility',22,'delete_property_facility'),(67,'Can add payment',23,'add_payment'),(68,'Can change payment',23,'change_payment'),(69,'Can delete payment',23,'delete_payment'),(70,'Can add user_ usage',24,'add_user_usage'),(71,'Can change user_ usage',24,'change_user_usage'),(72,'Can delete user_ usage',24,'delete_user_usage'),(73,'Can add user_ details',25,'add_user_details'),(74,'Can change user_ details',25,'change_user_details'),(75,'Can delete user_ details',25,'delete_user_details'),(76,'Can add property_ capacity',26,'add_property_capacity'),(77,'Can change property_ capacity',26,'change_property_capacity'),(78,'Can delete property_ capacity',26,'delete_property_capacity'),(79,'Can add hourly_ booking',27,'add_hourly_booking'),(80,'Can change hourly_ booking',27,'change_hourly_booking'),(81,'Can delete hourly_ booking',27,'delete_hourly_booking'),(82,'Can add monthly_ booking',28,'add_monthly_booking'),(83,'Can change monthly_ booking',28,'change_monthly_booking'),(84,'Can delete monthly_ booking',28,'delete_monthly_booking'),(85,'Can add weekly_ booking',29,'add_weekly_booking'),(86,'Can change weekly_ booking',29,'change_weekly_booking'),(87,'Can delete weekly_ booking',29,'delete_weekly_booking'),(88,'Can add daily_ booking',30,'add_daily_booking'),(89,'Can change daily_ booking',30,'change_daily_booking'),(90,'Can delete daily_ booking',30,'delete_daily_booking'),(91,'Can add booking_ master_ table',31,'add_booking_master_table'),(92,'Can change booking_ master_ table',31,'change_booking_master_table'),(93,'Can delete booking_ master_ table',31,'delete_booking_master_table'),(94,'Can add dw m_ booking',32,'add_dwm_booking'),(95,'Can change dw m_ booking',32,'change_dwm_booking'),(96,'Can delete dw m_ booking',32,'delete_dwm_booking'),(97,'Can add hourly_ halfday_ booking',33,'add_hourly_halfday_booking'),(98,'Can change hourly_ halfday_ booking',33,'change_hourly_halfday_booking'),(99,'Can delete hourly_ halfday_ booking',33,'delete_hourly_halfday_booking'),(100,'Can add rate_ comment',34,'add_rate_comment'),(101,'Can change rate_ comment',34,'change_rate_comment'),(102,'Can delete rate_ comment',34,'delete_rate_comment'),(103,'Can add user_ share',35,'add_user_share'),(104,'Can change user_ share',35,'change_user_share'),(105,'Can delete user_ share',35,'delete_user_share'),(106,'Can add login request responses',36,'add_loginrequestresponses'),(107,'Can change login request responses',36,'change_loginrequestresponses'),(108,'Can delete login request responses',36,'delete_loginrequestresponses'),(109,'Can add user settings request responses',37,'add_usersettingsrequestresponses'),(110,'Can change user settings request responses',37,'change_usersettingsrequestresponses'),(111,'Can delete user settings request responses',37,'delete_usersettingsrequestresponses'),(112,'Can add api access',38,'add_apiaccess'),(113,'Can change api access',38,'change_apiaccess'),(114,'Can delete api access',38,'delete_apiaccess'),(115,'Can add api key',39,'add_apikey'),(116,'Can change api key',39,'change_apikey'),(117,'Can delete api key',39,'delete_apikey');

--
-- Table structure for table `auth_user_groups`
--

CREATE TABLE `auth_user_groups` (
  `id` int(11) NOT NULL AUTO_INCREMENT,
  `user_id` int(11) NOT NULL,
  `group_id` int(11) NOT NULL,
  PRIMARY KEY (`id`),
  UNIQUE KEY `user_id` (`user_id`,`group_id`),
  KEY `auth_user_groups_e8701ad4` (`user_id`),
  KEY `auth_user_groups_0e939a4f` (`group_id`),
  CONSTRAINT `auth_user_groups_group_id_33ac548dcf5f8e37_fk_auth_group_id` FOREIGN KEY (`group_id`) REFERENCES `auth_group` (`id`),
  CONSTRAINT `auth_user_groups_user_id_4b5ed4ffdb8fd9b0_fk_auth_user_id` FOREIGN KEY (`user_id`) REFERENCES `auth_user` (`id`)
) ENGINE=InnoDB DEFAULT CHARSET=latin1;

--
-- Dumping data for table `auth_user_groups`
--


--
-- Table structure for table `auth_user_user_permissions`
--

CREATE TABLE `auth_user_user_permissions` (
  `id` int(11) NOT NULL AUTO_INCREMENT,
  `user_id` int(11) NOT NULL,
  `permission_id` int(11) NOT NULL,
  PRIMARY KEY (`id`),
  UNIQUE KEY `user_id` (`user_id`,`permission_id`),
  KEY `auth_user_user_permissions_e8701ad4` (`user_id`),
  KEY `auth_user_user_permissions_8373b171` (`permission_id`),
  CONSTRAINT `auth_user_user_permissi_user_id_7f0938558328534a_fk_auth_user_id` FOREIGN KEY (`user_id`) REFERENCES `auth_user` (`id`),
  CONSTRAINT `auth_user_u_permission_id_384b62483d7071f0_fk_auth_permission_id` FOREIGN KEY (`permission_id`) REFERENCES `auth_permission` (`id`)
) ENGINE=InnoDB DEFAULT CHARSET=latin1;

--
-- Dumping data for table `auth_user_user_permissions`
--


--
-- Table structure for table `django_admin_log`
--

CREATE TABLE `django_admin_log` (
  `id` int(11) NOT NULL AUTO_INCREMENT,
  `action_time` datetime NOT NULL,
  `object_id` longtext,
  `object_repr` varchar(200) NOT NULL,
  `action_flag` smallint(5) unsigned NOT NULL,
  `change_message` longtext NOT NULL,
  `content_type_id` int(11) DEFAULT NULL,
  `user_id` int(11) NOT NULL,
  PRIMARY KEY (`id`),
  KEY `django_admin_log_417f1b1c` (`content_type_id`),
  KEY `django_admin_log_e8701ad4` (`user_id`),
  CONSTRAINT `django_admin_log_user_id_52fdd58701c5f563_fk_auth_user_id` FOREIGN KEY (`user_id`) REFERENCES `auth_user` (`id`),
  CONSTRAINT `djang_content_type_id_697914295151027a_fk_django_content_type_id` FOREIGN KEY (`content_type_id`) REFERENCES `django_content_type` (`id`)
) ENGINE=InnoDB DEFAULT CHARSET=latin1;

--
-- Dumping data for table `django_admin_log`
--


--
-- Table structure for table `django_content_type`
--

CREATE TABLE `django_content_type` (
  `id` int(11) NOT NULL AUTO_INCREMENT,
  `name` varchar(100) NOT NULL,
  `app_label` varchar(100) NOT NULL,
  `model` varchar(100) NOT NULL,
  PRIMARY KEY (`id`),
  UNIQUE KEY `django_content_type_app_label_45f3b1d93ec8c61c_uniq` (`app_label`,`model`)
) ENGINE=InnoDB AUTO_INCREMENT=40 DEFAULT CHARSET=latin1;

--
-- Dumping data for table `django_content_type`
--

INSERT INTO `django_content_type` VALUES (1,'log entry','admin','logentry'),(2,'permission','auth','permission'),(3,'group','auth','group'),(4,'user','auth','user'),(5,'content type','contenttypes','contenttype'),(6,'session','sessions','session'),(7,'property_ details','BizPit_app','property_details'),(8,'booking_ type','BizPit_app','booking_type'),(9,'property_tags','BizPit_app','property_tags'),(10,'holidays','BizPit_app','holidays'),(11,'non_ working_ days','BizPit_app','non_working_days'),(12,'login','BizPit_app','login'),(13,'submit_ comment','BizPit_app','submit_comment'),(14,'favourite','BizPit_app','favourite'),(15,'set_ comment','BizPit_app','set_comment'),(16,'sign_ up','BizPit_app','sign_up'),(17,'meeting_room','BizPit_app','meeting_room'),(18,'training_room','BizPit_app','training_room'),(19,'shared_area','BizPit_app','shared_area'),(20,'event_ halls','BizPit_app','event_halls'),(21,'commercial_ halls','BizPit_app','commercial_halls'),(22,'property_ facility','BizPit_app','property_facility'),(23,'payment','BizPit_app','payment'),(24,'user_ usage','BizPit_app','user_usage'),(25,'user_ details','BizPit_app','user_details'),(26,'property_ capacity','BizPit_app','property_capacity'),(27,'hourly_ booking','BizPit_app','hourly_booking'),(28,'monthly_ booking','BizPit_app','monthly_booking'),(29,'weekly_ booking','BizPit_app','weekly_booking'),(30,'daily_ booking','BizPit_app','daily_booking'),(31,'booking_ master_ table','BizPit_app','booking_master_table'),(32,'dw m_ booking','BizPit_app','dwm_booking'),(33,'hourly_ halfday_ booking','BizPit_app','hourly_halfday_booking'),(34,'rate_ comment','BizPit_app','rate_comment'),(35,'user_ share','BizPit_app','user_share'),(36,'login request responses','BizPit_api_app','loginrequestresponses'),(37,'user settings request responses','BizPit_api_app','usersettingsrequestresponses'),(38,'api access','tastypie','apiaccess'),(39,'api key','tastypie','apikey');

--
-- Table structure for table `django_migrations`
--

CREATE TABLE `django_migrations` (
  `id` int(11) NOT NULL AUTO_INCREMENT,
  `app` varchar(255) NOT NULL,
  `name` varchar(255) NOT NULL,
  `applied` datetime NOT NULL,
  PRIMARY KEY (`id`)
) ENGINE=InnoDB AUTO_INCREMENT=61 DEFAULT CHARSET=latin1;

--
-- Dumping data for table `django_migrations`
--

INSERT INTO `django_migrations` VALUES (1,'BizPit_app','0001_initial','2016-06-01 05:23:50'),(2,'BizPit_app','0002_auto_20160212_0608','2016-06-01 05:23:50'),(3,'BizPit_app','0003_auto_20160212_0616','2016-06-01 05:23:50'),(4,'BizPit_app','0004_auto_20160212_0618','2016-06-01 05:23:50'),(5,'BizPit_app','0005_login','2016-06-01 05:23:50'),(6,'BizPit_app','0006_daily_booking_hourly_booking_monthly_booking_payment_property_capacity_property_facility_user_detail','2016-06-01 05:23:51'),(7,'BizPit_app','0007_auto_20160222_1217','2016-06-01 05:23:53'),(8,'BizPit_app','0008_auto_20160223_0617','2016-06-01 05:23:54'),(9,'BizPit_app','0009_sign_up','2016-06-01 05:23:54'),(10,'BizPit_app','0010_auto_20160224_1210','2016-06-01 05:23:54'),(11,'BizPit_app','0011_holidays_working_days','2016-06-01 05:23:54'),(12,'BizPit_app','0012_auto_20160304_0505','2016-06-01 05:23:55'),(13,'BizPit_app','0013_holidays_non_working_days','2016-06-01 05:23:55'),(14,'BizPit_app','0014_auto_20160323_0625','2016-06-01 05:23:55'),(15,'BizPit_app','0015_rate_comment','2016-06-01 05:23:56'),(16,'BizPit_app','0016_user_share','2016-06-01 05:23:56'),(17,'BizPit_app','0017_property_details_default_type','2016-06-01 05:23:57'),(18,'BizPit_app','0018_event_halls_room_no','2016-06-01 05:23:57'),(19,'BizPit_app','0019_property_details_description','2016-06-01 05:23:58'),(20,'BizPit_app','0020_auto_20160428_1025','2016-06-01 05:23:58'),(21,'BizPit_app','0021_remove_hourly_halfday_booking_room_no','2016-06-01 05:23:59'),(22,'BizPit_app','0022_hourly_halfday_booking_room_no','2016-06-01 05:23:59'),(23,'BizPit_app','0023_property_details_invoice_no','2016-06-01 05:24:00'),(24,'BizPit_app','0024_auto_20160503_0533','2016-06-01 05:24:01'),(25,'BizPit_app','0025_login_gcm_id','2016-06-01 05:24:01'),(26,'BizPit_app','0026_auto_20160512_1240','2016-06-01 05:24:03'),(27,'BizPit_app','0027_submit_comment','2016-06-01 05:24:04'),(28,'BizPit_app','0028_auto_20160523_1258','2016-06-01 05:24:04'),(29,'BizPit_app','0029_auto_20160524_0638','2016-06-01 05:24:05'),(30,'BizPit_app','0030_auto_20160524_1104','2016-06-01 05:24:08'),(31,'BizPit_app','0031_auto_20160525_0938','2016-06-01 05:24:09'),(32,'BizPit_app','0032_auto_20160525_0939','2016-06-01 05:24:10'),(33,'BizPit_app','0033_auto_20160525_1330','2016-06-01 05:24:11'),(34,'BizPit_app','0034_auto_20160525_1330','2016-06-01 05:24:13'),(35,'BizPit_app','0035_auto_20160525_1336','2016-06-01 05:24:14'),(36,'BizPit_app','0036_auto_20160525_1337','2016-06-01 05:24:15'),(37,'BizPit_app','0037_auto_20160526_0714','2016-06-01 05:24:17'),(38,'BizPit_app','0038_login_password','2016-06-01 05:24:19'),(39,'contenttypes','0001_initial','2016-06-01 05:24:19'),(40,'auth','0001_initial','2016-06-01 05:24:19'),(41,'admin','0001_initial','2016-06-01 05:24:19'),(42,'sessions','0001_initial','2016-06-01 05:24:19'),(43,'BizPit_api_app','0001_initial','2016-06-01 05:48:37'),(44,'tastypie','0001_initial','2016-06-01 05:48:37'),(45,'BizPit_app','0039_auto_20160603_0752','2016-06-03 07:52:20'),(46,'BizPit_app','0040_auto_20160609_0919','2016-06-09 09:19:47'),(47,'BizPit_app','0041_auto_20160609_0921','2016-06-09 09:21:25'),(48,'BizPit_app','0042_auto_20160609_0921','2016-06-09 09:22:06'),(49,'BizPit_app','0043_auto_20160609_0938','2016-06-09 09:38:40'),(50,'BizPit_app','0044_auto_20160609_0939','2016-06-09 09:40:03'),(51,'BizPit_app','0045_remove_property_facility_ac','2016-06-09 09:40:03'),(52,'BizPit_app','0046_property_facility_ac','2016-06-09 09:41:20'),(53,'BizPit_app','0040_auto_20160609_1006','2016-06-09 10:06:50'),(54,'BizPit_app','0041_auto_20160609_1007','2016-06-09 10:07:29'),(55,'BizPit_app','0042_sign_up_type_of_user','2016-06-15 06:43:00'),(56,'BizPit_app','0043_auto_20160616_0908','2016-06-16 09:08:46'),(57,'BizPit_app','0044_property_details_prop_url','2016-06-28 10:52:32'),(58,'BizPit_app','0045_login_user_name','2016-07-12 11:53:42'),(59,'BizPit_app','0046_auto_20160714_0602','2016-07-14 06:02:56'),(60,'BizPit_app','0047_payment_property_subtype','2016-07-14 06:47:11');

--
-- Table structure for table `tastypie_apiaccess`
--

CREATE TABLE `tastypie_apiaccess` (
  `id` int(11) NOT NULL AUTO_INCREMENT,
  `identifier` varchar(255) NOT NULL,
  `url` varchar(255) NOT NULL,
  `request_method` varchar(10) NOT NULL,
  `accessed` int(10) unsigned NOT NULL,
  PRIMARY KEY (`id`)
) ENGINE=InnoDB DEFAULT CHARSET=latin1;

--
-- Dumping data for table `tastypie_apiaccess`
--



