-- Table structure for table `BizPit_app_booking_master_table`
--

CREATE TABLE `BizPit_app_booking_master_table` (
  `id` int(11) NOT NULL AUTO_INCREMENT,
  `property_id` int(11) NOT NULL,
  `booking_id` int(11) NOT NULL,
  `booked_by` varchar(100) NOT NULL,
  `booked_by_id` int(11) NOT NULL,
  `booking_type` varchar(100) NOT NULL,
  `property_type` varchar(100) NOT NULL,
  `head_count` int(11) NOT NULL,
  `timestamp` varchar(100) NOT NULL,
  PRIMARY KEY (`id`)
) ENGINE=InnoDB AUTO_INCREMENT=789 DEFAULT CHARSET=latin1;

--
-- Dumping data for table `BizPit_app_booking_master_table`
--

INSERT INTO `BizPit_app_booking_master_table` VALUES (1,1,1,'user',10,'Hourly','Plug & Play',10,'11/04/2016'),(2,1,2,'user',10,'Hourly','Plug & Play',10,'11/04/2016'),(3,1,3,'user',10,'Hourly','Plug & Play',10,'12/04/2016'),(4,2,4,'user',1,'Hourly','Plug & Play',10,'11/04/2016'),(5,1,5,'user',10,'Hourly','Plug & Play',10,'11/04/2016'),(6,1,6,'user',10,'Hourly','Plug & Play',10,'11/04/2016'),(7,1,7,'user',10,'Hourly','Plug & Play',10,'11/04/2016'),(8,1,8,'user',10,'Hourly','Plug & Play',10,'13/04/2016'),(9,3,9,'user',10,'Hourly','Plug & Play',10,'07/04/2016'),(10,2,10,'user',10,'Hourly','Plug & Play',10,'10/04/2016'),(11,1,11,'user',10,'Hourly','Plug & Play',10,'07/04/2016'),(12,1,12,'user',10,'Hourly','Plug & Play',10,'11/04/2016'),(13,1,13,'user',10,'Hourly','Plug & Play',10,'11/04/2016'),(14,1,14,'user',10,'Daily','meeting',10,'time'),(15,2,15,'user',10,'Hourly','Plug & Play',10,'10/04/2016'),(16,2,16,'user',10,'Hourly','Plug & Play',10,'08/04/2016'),(18,2,18,'user',10,'Hourly','Plug & Play',10,'09/04/2016'),(19,2,19,'user',10,'Hourly','Plug & Play',10,'10/04/2016'),(20,2,20,'user',10,'Hourly','Plug & Play',10,'10/04/2016'),(21,2,21,'user',10,'Hourly','Plug & Play',10,'10/04/2016'),(22,1,22,'user',10,'Hourly','Plug & Play',10,'15/04/2016'),(23,3,23,'user',10,'HalfDay','Plug & Play',10,'09/04/2016'),(24,4,24,'user',10,'HalfDay','Plug & Play',10,'10/04/2016'),(25,3,25,'user',5,'HalfDay','Plug & Play',10,'13/04/2016'),(26,2,26,'user',5,'Hourly','Plug & Play',10,'07/04/2016'),(27,2,27,'user',5,'Hourly','Plug & Play',10,'09/04/2016'),(28,2,28,'user',5,'Hourly','Plug & Play',10,'10/04/2016'),(29,2,29,'user',5,'Hourly','Plug & Play',10,'09/04/2016'),(30,2,30,'user',5,'Hourly','Plug & Play',10,'10/04/2016'),(31,2,31,'user',2,'HalfDay','eventhall',2,'8/4/2016'),(32,2,32,'user',2,'HalfDay','eventhall',2,' 8/4/2016'),(33,2,33,'user',2,'HalfDay','eventhall',2,' 8/4/2016'),(34,3,34,'user',5,'HalfDay','eventhall',2,'09/04/2016'),(35,3,35,'user',5,'HalfDay','eventhall',2,'12/04/2016'),(36,3,36,'user',5,'HalfDay','eventhall',2,'20/04/2016'),(37,3,37,'user',5,'HalfDay','eventhall',2,'27/04/2016'),(38,3,38,'user',5,'HalfDay','eventhall',2,'03/05/2016'),(39,3,39,'user',5,'HalfDay','eventhall',2,'28/04/2016'),(40,3,40,'user',5,'HalfDay','eventhall',2,'11/04/2016'),(41,3,41,'user',5,'HalfDay','eventhall',2,'08/04/2016'),(42,3,42,'user',5,'HalfDay','eventhall',2,'30/06/2016'),(43,3,43,'user',5,'HalfDay','eventhall',2,'15/04/2016'),(44,3,44,'user',5,'HalfDay','eventhall',2,'22/04/2016'),(45,3,45,'user',5,'HalfDay','eventhall',2,'14/04/2016'),(46,3,46,'user',5,'HalfDay','eventhall',2,'19/05/2016'),(47,3,47,'user',5,'HalfDay','eventhall',2,'05/05/2016'),(48,3,48,'user',5,'HalfDay','eventhall',2,'21/04/2016'),(49,3,49,'user',5,'HalfDay','eventhall',2,'04/05/2016'),(53,11,53,'user',2,'Monthly','plug&play',2,'time'),(54,1,54,'user',2,'Weekly','meeting',2,'time'),(55,8,55,'user',2,'Daily','plug&play',2,'time'),(56,2,56,'user',2,'Hourly','meeting',2,'12/4/2016'),(57,8,57,'user',2,'Daily','plug&play',2,'time'),(59,3,59,'user',2,'HalfDay','Event_Hall',2,'7/4/2016'),(62,8,62,'user',2,'Daily','Plug & Play',20,'time'),(63,8,63,'user',2,'Daily','Plug & Play',20,'time'),(69,1,69,'user',2,'Hourly','Meeting_Room',10,'13/04/2016'),(70,14,70,'user',2,'HalfDay','Event_Hall',2,'15/04/2016'),(71,12,71,'user',2,'HalfDay','Training Room',2,'15/04/2016'),(74,8,74,'user',2,'Daily','Plug & Play',10,'time'),(82,1,82,'user',2,'Hourly','Meeting_Room',1,'14/04/2016'),(83,1,83,'user',2,'Hourly','Meeting_Room',1,'13/04/2016'),(84,1,84,'user',2,'Hourly','Meeting_Room',5,'14/04/2016'),(85,3,85,'user',2,'HalfDay','Event_Hall',5,'13/04/2016'),(86,8,86,'user',2,'Daily','Plug & Play',1,'time'),(90,16,90,'user',9,'Hourly','Meeting_Room',3,'15/04/2016'),(91,1,91,'user',8,'Hourly','Meeting_Room',5,'14/04/2016'),(92,1,92,'user',8,'Hourly','Meeting_Room',2,'12/04/2016'),(93,8,93,'user',2,'Weekly','Plug & Play',10,'time'),(94,8,94,'user',2,'Weekly','Plug & Play',10,'time'),(95,8,95,'user',2,'Weekly','Plug & Play',10,'time'),(110,17,110,'user',2,'HalfDay','Training Room',10,'13/5/2016'),(113,3,113,'user',2,'HalfDay','Event_Hall',1,'15/04/2016'),(114,3,114,'user',2,'HalfDay','Event_Hall',19,'12/04/2016'),(115,3,115,'user',2,'HalfDay','Event_Hall',1,'14/04/2016'),(116,17,116,'user',9,'HalfDay','Training Room',1,'14/04/2016'),(117,17,117,'user',9,'HalfDay','Training Room',1,'14/04/2016'),(118,17,118,'user',9,'HalfDay','Training Room',3,'14/04/2016'),(119,10,119,'user',9,'Hourly','Plug & Play',3,'14/04/2016'),(120,10,120,'user',9,'Hourly','Plug & Play',3,'14/04/2016'),(121,18,121,'user',10,'HalfDay','Event_Hall',1,'14/04/2016'),(123,11,123,'user',10,'Daily','Plug & Play',1,'time'),(124,10,124,'user',9,'Hourly','Plug & Play',1,'15/04/2016'),(125,10,125,'user',9,'Hourly','Plug & Play',1,'15/04/2016'),(126,10,126,'user',9,'Hourly','Plug & Play',1,'16/04/2016'),(127,17,127,'user',9,'HalfDay','Training Room',1,'15/04/2016'),(128,2,128,'user',9,'Daily','Meeting_Room',1,'time'),(132,1,132,'user',2,'Hourly','Meeting_Room',1,'14/04/2016'),(133,1,133,'user',2,'Hourly','Meeting_Room',1,'16/04/2016'),(134,1,134,'user',2,'Hourly','Meeting_Room',1,'15/04/2016'),(135,1,135,'user',2,'Hourly','Meeting_Room',1,'16/04/2016'),(147,2,147,'user',2,'Hourly','Meeting_Room',5,'16/04/2016'),(150,25,150,'user',10,'Hourly','Plug & Play',1,'05/05/2016'),(151,9,151,'user',2,'Hourly','Plug & Play',1,'18/04/2016'),(152,17,152,'user',2,'HalfDay','Training Room',1,'18/04/2016'),(153,17,153,'user',2,'HalfDay','Training Room',1,'19/04/2016'),(158,26,158,'user',10,'Hourly','Meeting_Room',1,'17/04/2016'),(166,1,166,'user',2,'Hourly','Meeting_Room',1,'16/04/2016'),(167,16,167,'user',1,'Hourly','Meeting_Room',1,'17/04/2016'),(168,2,168,'user',9,'Hourly','Meeting_Room',1,'17/04/2016'),(169,21,169,'user',5,'Hourly','Plug & Play',1,'19/04/2016'),(170,21,170,'user',5,'Hourly','Plug & Play',1,'19/04/2016'),(171,21,171,'user',5,'Hourly','Plug & Play',2,'19/04/2016'),(172,10,172,'user',5,'Hourly','Plug & Play',4,'15/04/2016'),(173,2,173,'user',5,'Hourly','Meeting_Room',2,'15/04/2016'),(174,1,174,'user',5,'Hourly','Meeting_Room',1,'18/04/2016'),(175,1,175,'user',5,'Hourly','Meeting_Room',1,'18/04/2016'),(176,1,176,'user',5,'Hourly','Meeting_Room',1,'18/04/2016'),(177,2,177,'user',5,'Hourly','Meeting_Room',2,'15/04/2016'),(178,1,178,'user',5,'Hourly','Meeting_Room',4,'16/04/2016'),(179,27,179,'user',5,'Hourly','Meeting_Room',1,'15/04/2016'),(180,24,180,'user',5,'Weekly','Plug & Play',1,'time'),(181,24,181,'user',10,'Hourly','Plug & Play',1,'16/04/2016'),(182,30,182,'user',10,'HalfDay','Event_Hall',1,'17/04/2016'),(183,28,183,'user',10,'Daily','Training Room',1,'time'),(184,16,184,'user',10,'Hourly','Meeting_Room',1,'17/04/2016'),(185,15,185,'user',10,'HalfDay','Event_Hall',1,'18/04/2016'),(186,15,186,'user',10,'Daily','Event_Hall',1,'time'),(187,30,187,'user',10,'Daily','Event_Hall',1,'time'),(188,30,188,'user',10,'HalfDay','Event_Hall',1,'15/04/2016'),(189,31,189,'user',10,'HalfDay','Event_Hall',1,'17/04/2016'),(190,31,190,'user',10,'Daily','Event_Hall',1,'time'),(191,9,191,'user',10,'Hourly','Plug & Play',1,'16/04/2016'),(192,11,192,'user',10,'Daily','Plug & Play',1,'time'),(193,24,193,'user',10,'Weekly','Plug & Play',1,'time'),(194,4,194,'user',10,'HalfDay','Training Room',1,'17/04/2016'),(195,21,195,'user',2,'Hourly','Plug & Play',1,'16/04/2016'),(196,2,196,'user',9,'Hourly','Meeting_Room',1,'20/04/2016'),(197,21,197,'user',9,'Hourly','Plug & Play',1,'21/04/2016'),(198,24,198,'user',9,'Daily','Plug & Play',1,'time'),(199,21,199,'user',9,'Hourly','Plug & Play',1,'23/04/2016'),(200,21,200,'user',9,'Hourly','Plug & Play',1,'23/04/2016'),(201,8,201,'user',10,'Daily','Plug & Play',4,'time'),(202,3,202,'user',10,'HalfDay','Event_Hall',1,'21/04/2016'),(203,1,203,'user',2,'Hourly','Meeting_Room',1,'20/04/2016'),(204,1,204,'user',2,'Hourly','Meeting_Room',1,'24/04/2016'),(205,1,205,'user',2,'Hourly','Meeting_Room',1,'22/04/2016'),(206,14,206,'user',10,'HalfDay','Event_Hall',1,'20/04/2016'),(207,31,207,'user',10,'Daily','Event_Hall',5,'time'),(208,4,208,'user',2,'HalfDay','Training Room',1,'20/04/2016'),(209,2,209,'user',2,'Hourly','Meeting_Room',1,'21/04/2016'),(210,10,210,'user',10,'Hourly','Plug & Play',1,'22/04/2016'),(211,12,211,'user',10,'HalfDay','Training Room',1,'21/04/2016'),(212,13,212,'user',10,'Daily','Training Room',1,'time'),(213,12,213,'user',10,'HalfDay','Training Room',1,'20/04/2016'),(214,12,214,'user',10,'HalfDay','Training Room',1,'18/04/2016'),(215,10,215,'user',10,'Hourly','Plug & Play',1,'19/04/2016'),(216,12,216,'user',10,'HalfDay','Training Room',1,'18/04/2016'),(217,15,217,'user',10,'Daily','Event_Hall',1,'time'),(218,2,218,'user',10,'Hourly','Meeting_Room',1,'19/04/2016'),(219,3,219,'user',10,'HalfDay','Event_Hall',1,'19/04/2016'),(220,3,220,'user',10,'Daily','Event_Hall',1,'time'),(221,9,221,'user',10,'Hourly','Plug & Play',1,'22/04/2016'),(222,9,222,'user',10,'Hourly','Plug & Play',1,'21/04/2016'),(223,2,223,'user',1,'Hourly','Meeting_Room',1,'19/04/2016'),(224,8,224,'user',10,'Daily','Plug & Play',1,'time'),(225,10,225,'user',10,'Hourly','Plug & Play',1,'20/04/2016'),(226,11,226,'user',10,'Daily','Plug & Play',1,'time'),(227,3,227,'user',1,'HalfDay','Event_Hall',1,'18/04/2016'),(228,11,228,'user',10,'Daily','Plug & Play',1,'time'),(229,8,229,'user',10,'Daily','Plug & Play',1,'time'),(230,8,230,'user',10,'Daily','Plug & Play',1,'time'),(231,9,231,'user',10,'Hourly','Plug & Play',1,'19/04/2016'),(232,2,232,'user',10,'Hourly','Meeting_Room',1,'20/04/2016'),(233,13,233,'user',10,'Daily','Training Room',1,'time'),(234,30,234,'user',10,'HalfDay','Event_Hall',1,'21/04/2016'),(235,30,235,'user',10,'HalfDay','Event_Hall',20,'21/04/2016'),(236,30,236,'user',10,'Daily','Event_Hall',20,'time'),(237,1,237,'user',1,'Hourly','Meeting_Room',1,'21/04/2016'),(238,2,238,'user',1,'Hourly','Meeting_Room',1,'21/04/2016'),(239,30,239,'user',10,'HalfDay','Event_Hall',20,'19/04/2016'),(240,1,240,'user',1,'Hourly','Meeting_Room',1,'21/04/2016'),(241,2,241,'user',10,'Hourly','Meeting_Room',8,'22/04/2016'),(242,12,242,'user',10,'HalfDay','Training Room',8,'18/04/2016'),(243,29,243,'user',10,'HalfDay','Training Room',8,'19/04/2016'),(244,15,244,'user',10,'HalfDay','Event_Hall',8,'19/04/2016'),(245,30,245,'user',10,'Daily','Event_Hall',8,'time'),(246,2,246,'user',1,'Hourly','Meeting_Room',1,'21/04/2016'),(247,2,247,'user',1,'Hourly','Meeting_Room',1,'21/04/2016'),(248,2,248,'user',1,'Hourly','Meeting_Room',1,'21/04/2016'),(249,2,249,'user',1,'Hourly','Meeting_Room',1,'21/04/2016'),(250,21,250,'user',9,'Hourly','Plug & Play',1,'23/04/2016'),(251,21,251,'user',9,'Hourly','Plug & Play',1,'18/04/2016'),(252,2,252,'user',1,'Hourly','Meeting_Room',1,'21/04/2016'),(253,4,253,'user',10,'HalfDay','Training Room',5,'20/04/2016'),(254,2,254,'user',1,'Hourly','Meeting_Room',1,'21/04/2016'),(255,2,255,'user',9,'Hourly','Meeting_Room',4,'21/04/2016'),(256,2,256,'user',9,'Hourly','Meeting_Room',4,'18/04/2016'),(257,2,257,'user',1,'Hourly','Meeting_Room',1,'21/04/2016'),(258,2,258,'user',9,'Hourly','Meeting_Room',1,'18/04/2016'),(259,2,259,'user',1,'Hourly','Meeting_Room',1,'21/04/2016'),(260,2,260,'user',1,'Hourly','Meeting_Room',1,'21/04/2016'),(261,2,261,'user',1,'Hourly','Meeting_Room',1,'22/04/2016'),(262,2,262,'user',1,'Hourly','Meeting_Room',1,'20/04/2016'),(263,2,263,'user',1,'Hourly','Meeting_Room',1,'21/04/2016'),(264,2,264,'user',1,'Hourly','Meeting_Room',1,'21/04/2016'),(265,2,265,'user',1,'Hourly','Meeting_Room',1,'21/04/2016'),(266,2,266,'user',1,'Hourly','Meeting_Room',1,'22/04/2016'),(267,2,267,'user',1,'Hourly','Meeting_Room',1,'21/04/2016'),(268,3,268,'user',1,'HalfDay','Event_Hall',1,'19/04/2016'),(269,3,269,'user',1,'HalfDay','Event_Hall',1,'22/04/2016'),(270,16,270,'user',10,'Daily','Meeting_Room',1,'time'),(271,16,271,'user',10,'Hourly','Meeting_Room',4,'22/04/2016'),(272,2,272,'user',1,'Hourly','Meeting_Room',1,'21/04/2016'),(273,1,273,'user',1,'Hourly','Meeting_Room',1,'21/04/2016'),(274,3,274,'user',1,'HalfDay','Event_Hall',1,'20/04/2016'),(275,2,275,'user',10,'Hourly','Meeting_Room',5,'18/04/2016'),(276,2,276,'user',10,'Hourly','Meeting_Room',5,'18/04/2016'),(277,3,277,'user',1,'HalfDay','Event_Hall',1,'20/04/2016'),(278,2,278,'user',1,'Hourly','Meeting_Room',1,'21/04/2016'),(279,2,279,'user',1,'Hourly','Meeting_Room',1,'22/04/2016'),(280,2,280,'user',1,'Hourly','Meeting_Room',1,'22/04/2016'),(281,2,281,'user',1,'Hourly','Meeting_Room',1,'22/04/2016'),(282,2,282,'user',1,'Hourly','Meeting_Room',1,'21/04/2016'),(283,2,283,'user',1,'Hourly','Meeting_Room',1,'18/04/2016'),(284,2,284,'user',1,'Hourly','Meeting_Room',1,'18/04/2016'),(285,2,285,'user',1,'Hourly','Meeting_Room',1,'18/04/2016'),(286,2,286,'user',1,'Hourly','Meeting_Room',1,'18/04/2016'),(287,2,287,'user',1,'Hourly','Meeting_Room',1,'18/04/2016'),(288,2,288,'user',1,'Hourly','Meeting_Room',1,'18/04/2016'),(289,16,289,'user',10,'Hourly','Meeting_Room',1,'19/04/2016'),(290,2,290,'user',1,'Hourly','Meeting_Room',1,'18/04/2016'),(291,26,291,'user',10,'Hourly','Meeting_Room',1,'22/04/2016'),(292,26,292,'user',10,'Hourly','Meeting_Room',10,'23/04/2016'),(293,2,293,'user',1,'Hourly','Meeting_Room',1,'18/04/2016'),(294,26,294,'user',10,'Daily','Meeting_Room',4,'time'),(295,2,295,'user',1,'Hourly','Meeting_Room',1,'18/04/2016'),(296,11,296,'user',3,'Daily','Plug & Play',1,'time'),(297,2,297,'user',1,'Hourly','Meeting_Room',1,'18/04/2016'),(298,2,298,'user',1,'Hourly','Meeting_Room',1,'18/04/2016'),(299,2,299,'user',1,'Hourly','Meeting_Room',1,'18/04/2016'),(300,2,300,'user',1,'Hourly','Meeting_Room',1,'18/04/2016'),(301,2,301,'user',1,'Hourly','Meeting_Room',1,'18/04/2016'),(302,26,302,'user',10,'Daily','Meeting_Room',10,'time'),(303,2,303,'user',1,'Hourly','Meeting_Room',1,'18/04/2016'),(304,26,304,'user',10,'Hourly','Meeting_Room',7,'18/04/2016'),(305,8,305,'user',10,'Daily','Plug & Play',10,'time'),(306,8,306,'user',10,'Daily','Plug & Play',5,'time'),(307,8,307,'user',10,'Daily','Plug & Play',10,'time'),(308,2,308,'user',1,'Hourly','Meeting_Room',1,'18/04/2016'),(309,21,309,'user',10,'Hourly','Plug & Play',1,'18/04/2016'),(310,21,310,'user',10,'Hourly','Plug & Play',20,'18/04/2016'),(311,2,311,'user',1,'Hourly','Meeting_Room',1,'18/04/2016'),(312,2,312,'user',1,'Hourly','Meeting_Room',1,'18/04/2016'),(313,2,313,'user',1,'Hourly','Meeting_Room',1,'18/04/2016'),(314,2,314,'user',1,'Hourly','Meeting_Room',1,'18/04/2016'),(315,2,315,'user',1,'Hourly','Meeting_Room',1,'18/04/2016'),(316,8,316,'user',1,'Daily','Plug & Play',1,'time'),(317,21,317,'user',1,'Hourly','Plug & Play',1,'20/04/2016'),(318,2,318,'user',1,'Hourly','Meeting_Room',1,'18/04/2016'),(319,28,319,'user',10,'HalfDay','Training Room',1,'19/04/2016'),(320,28,320,'user',10,'HalfDay','Training Room',19,'19/04/2016'),(321,28,321,'user',10,'HalfDay','Training Room',1,'19/04/2016'),(322,28,322,'user',10,'HalfDay','Training Room',3,'19/04/2016'),(323,28,323,'user',10,'HalfDay','Training Room',12,'19/04/2016'),(324,28,324,'user',10,'HalfDay','Training Room',2,'19/04/2016'),(325,28,325,'user',10,'HalfDay','Training Room',2,'19/04/2016'),(326,28,326,'user',10,'HalfDay','Training Room',2,'19/04/2016'),(327,28,327,'user',10,'HalfDay','Training Room',17,'20/04/2016'),(328,28,328,'user',10,'HalfDay','Training Room',2,'19/04/2016'),(329,4,329,'user',10,'HalfDay','Training Room',20,'19/04/2016'),(330,4,330,'user',10,'HalfDay','Training Room',12,'20/04/2016'),(331,4,331,'user',10,'HalfDay','Training Room',2,'19/04/2016'),(332,4,332,'user',10,'HalfDay','Training Room',4,'20/04/2016'),(333,4,333,'user',10,'HalfDay','Training Room',4,'20/04/2016'),(334,4,334,'user',10,'HalfDay','Training Room',4,'20/04/2016'),(335,4,335,'user',10,'HalfDay','Training Room',4,'20/04/2016'),(336,4,336,'user',10,'HalfDay','Training Room',4,'20/04/2016'),(337,4,337,'user',10,'HalfDay','Training Room',4,'20/04/2016'),(338,4,338,'user',10,'HalfDay','Training Room',4,'20/04/2016'),(339,4,339,'user',10,'HalfDay','Training Room',5,'20/04/2016'),(340,4,340,'user',10,'HalfDay','Training Room',5,'20/04/2016'),(341,4,341,'user',10,'HalfDay','Training Room',5,'20/04/2016'),(342,4,342,'user',10,'HalfDay','Training Room',5,'20/04/2016'),(343,4,343,'user',10,'HalfDay','Training Room',5,'20/04/2016'),(344,2,344,'user',1,'Hourly','Meeting_Room',1,'18/04/2016'),(345,4,345,'user',10,'HalfDay','Training Room',5,'20/04/2016'),(346,4,346,'user',10,'HalfDay','Training Room',5,'20/04/2016'),(347,4,347,'user',10,'HalfDay','Training Room',5,'20/04/2016'),(348,4,348,'user',10,'HalfDay','Training Room',5,'20/04/2016'),(349,4,349,'user',10,'HalfDay','Training Room',5,'20/04/2016'),(350,4,350,'user',10,'HalfDay','Training Room',5,'20/04/2016'),(351,4,351,'user',10,'HalfDay','Training Room',5,'20/04/2016'),(352,4,352,'user',10,'HalfDay','Training Room',5,'20/04/2016'),(353,4,353,'user',10,'HalfDay','Training Room',5,'20/04/2016'),(354,4,354,'user',10,'HalfDay','Training Room',5,'20/04/2016'),(355,2,355,'user',1,'Hourly','Meeting_Room',1,'18/04/2016'),(356,4,356,'user',10,'HalfDay','Training Room',5,'20/04/2016'),(357,4,357,'user',10,'HalfDay','Training Room',5,'20/04/2016'),(358,2,358,'user',1,'Hourly','Meeting_Room',1,'21/04/2016'),(359,2,359,'user',1,'Hourly','Meeting_Room',1,'20/04/2016'),(360,2,360,'user',1,'Hourly','Meeting_Room',1,'18/04/2016'),(361,2,361,'user',1,'Hourly','Meeting_Room',1,'22/04/2016'),(362,2,362,'user',1,'Hourly','Meeting_Room',1,'18/04/2016'),(363,8,363,'user',10,'Daily','Plug & Play',5,'time'),(364,8,364,'user',10,'Daily','Plug & Play',5,'time'),(365,8,365,'user',10,'Daily','Plug & Play',5,'time'),(366,8,366,'user',10,'Daily','Plug & Play',5,'time'),(367,2,367,'user',1,'Hourly','Meeting_Room',1,'18/04/2016'),(368,8,368,'user',10,'Daily','Plug & Play',5,'time'),(369,8,369,'user',10,'Weekly','Plug & Play',5,'time'),(370,2,370,'user',1,'Hourly','Meeting_Room',1,'18/04/2016'),(371,2,371,'user',1,'Hourly','Meeting_Room',1,'18/04/2016'),(372,3,372,'user',2,'HalfDay','Event_Hall',2,'8/4/2016'),(373,3,373,'user',2,'HalfDay','Event_Hall',2,'8/4/2016'),(374,2,374,'user',1,'Hourly','Meeting_Room',1,'18/04/2016'),(375,3,375,'user',1,'HalfDay','Event_Hall',1,'20/04/2016'),(376,3,376,'user',1,'HalfDay','Event_Hall',5,'20/04/2016'),(377,3,377,'user',1,'HalfDay','Event_Hall',1,'20/04/2016'),(378,15,378,'user',9,'Daily','Event_Hall',1,'time'),(379,2,379,'user',1,'Hourly','Meeting_Room',1,'18/04/2016'),(380,2,380,'user',1,'Hourly','Meeting_Room',1,'18/04/2016'),(381,2,381,'user',1,'Hourly','Meeting_Room',1,'18/04/2016'),(382,2,382,'user',1,'Hourly','Meeting_Room',1,'18/04/2016'),(383,2,383,'user',1,'Hourly','Meeting_Room',1,'19/04/2016'),(384,16,384,'user',10,'Daily','Meeting_Room',1,'time'),(385,16,385,'user',10,'Hourly','Meeting_Room',5,'20/04/2016'),(386,4,386,'user',2,'HalfDay','Training Room',1,'22/04/2016'),(387,16,387,'user',10,'Daily','Meeting_Room',5,'time'),(388,28,388,'user',10,'Daily','Training Room',9,'time'),(389,2,389,'user',1,'Hourly','Meeting_Room',1,'19/04/2016'),(390,2,390,'user',1,'Hourly','Meeting_Room',1,'22/04/2016'),(391,1,391,'user',1,'Daily','Meeting_Room',1,'time'),(392,1,392,'user',10,'Hourly','Meeting_Room',1,'21/04/2016'),(393,3,393,'user',1,'HalfDay','Event_Hall',1,'21/04/2016'),(394,3,394,'user',1,'HalfDay','Event_Hall',1,'21/04/2016'),(395,9,395,'user',10,'Hourly','Plug & Play',5,'19/04/2016'),(396,9,396,'user',10,'Hourly','Plug & Play',20,'21/04/2016'),(397,3,397,'user',1,'HalfDay','Event_Hall',1,'21/04/2016'),(398,4,398,'user',10,'HalfDay','Training Room',20,'22/04/2016'),(399,2,399,'user',1,'Hourly','Meeting_Room',1,'23/04/2016'),(400,4,400,'user',10,'Daily','Training Room',20,'time'),(401,8,401,'user',10,'Daily','Plug & Play',20,'time'),(402,4,402,'user',10,'HalfDay','Training Room',20,'23/04/2016'),(403,3,403,'user',1,'HalfDay','Event_Hall',1,'21/04/2016'),(404,12,404,'user',10,'HalfDay','Training Room',20,'21/04/2016'),(405,3,405,'user',1,'HalfDay','Event_Hall',1,'20/04/2016'),(406,4,406,'user',10,'Daily','Training Room',20,'time'),(407,3,407,'user',1,'HalfDay','Event_Hall',1,'22/04/2016'),(408,3,408,'user',1,'HalfDay','Event_Hall',1,'22/04/2016'),(409,2,409,'user',1,'Hourly','Meeting_Room',1,'22/04/2016'),(410,3,410,'user',1,'HalfDay','Event_Hall',1,'20/04/2016'),(411,3,411,'user',1,'HalfDay','Event_Hall',1,'21/04/2016'),(412,27,412,'user',10,'Hourly','Meeting_Room',20,'21/04/2016'),(413,1,413,'user',1,'Hourly','Meeting_Room',1,'21/04/2016'),(414,1,414,'user',1,'Daily','Meeting_Room',1,'time'),(415,22,415,'user',10,'Daily','Plug & Play',17,'time'),(416,22,416,'user',10,'Hourly','Plug & Play',15,'19/04/2016'),(417,3,417,'user',1,'HalfDay','Event_Hall',1,'21/04/2016'),(418,1,418,'user',1,'Hourly','Meeting_Room',1,'21/04/2016'),(419,1,419,'user',1,'Daily','Meeting_Room',1,'time'),(420,1,420,'user',1,'Daily','Meeting_Room',1,'time'),(421,4,421,'user',2,'HalfDay','Training Room',20,'23/04/2016'),(422,3,422,'user',10,'HalfDay','Event_Hall',1,'20/04/2016'),(423,9,423,'user',2,'Hourly','Plug & Play',2,'23/04/2016'),(424,3,424,'user',10,'HalfDay','Event_Hall',1,'22/04/2016'),(425,3,425,'user',10,'HalfDay','Event_Hall',1,'22/04/2016'),(426,3,426,'user',10,'HalfDay','Event_Hall',1,'24/04/2016'),(427,3,427,'user',10,'HalfDay','Event_Hall',1,'23/04/2016'),(428,1,428,'user',1,'Hourly','Meeting_Room',1,'21/04/2016'),(429,1,429,'user',1,'Daily','Meeting_Room',1,'time'),(430,1,430,'user',1,'Daily','Meeting_Room',1,'time'),(431,1,431,'user',1,'Daily','Meeting_Room',1,'time'),(432,21,432,'user',9,'Hourly','Plug & Play',1,'21/04/2016'),(433,1,433,'user',9,'Hourly','Meeting_Room',4,'22/04/2016'),(434,21,434,'user',9,'Weekly','Plug & Play',4,'time'),(435,3,435,'user',10,'HalfDay','Event_Hall',1,'21/04/2016'),(436,4,436,'user',10,'HalfDay','Training Room',1,'21/04/2016'),(437,15,437,'user',10,'HalfDay','Event_Hall',1,'23/04/2016'),(438,1,438,'user',1,'Daily','Meeting_Room',1,'time'),(439,1,439,'user',1,'Daily','Meeting_Room',1,'time'),(440,28,440,'user',10,'Daily','Training Room',1,'time'),(441,1,441,'user',1,'Hourly','Meeting_Room',1,'21/04/2016'),(442,1,442,'user',1,'Hourly','Meeting_Room',1,'22/04/2016'),(443,1,443,'user',1,'Hourly','Meeting_Room',1,'23/04/2016'),(444,1,444,'user',1,'Hourly','Meeting_Room',1,'22/04/2016'),(445,1,445,'user',1,'Hourly','Meeting_Room',1,'23/04/2016'),(446,1,446,'user',1,'Hourly','Meeting_Room',1,'23/04/2016'),(447,1,447,'user',1,'Hourly','Meeting_Room',1,'22/04/2016'),(448,15,448,'user',10,'Daily','Event_Hall',6,'time'),(449,1,449,'user',1,'Weekly','Meeting_Room',1,'time'),(450,14,450,'user',10,'HalfDay','Event_Hall',1,'20/04/2016'),(451,12,451,'user',10,'HalfDay','Training Room',1,'20/04/2016'),(452,12,452,'user',10,'HalfDay','Training Room',6,'20/04/2016'),(453,12,453,'user',10,'HalfDay','Training Room',10,'22/04/2016'),(454,12,454,'user',10,'HalfDay','Training Room',10,'22/04/2016'),(455,13,455,'user',10,'Daily','Training Room',10,'time'),(456,13,456,'user',10,'Daily','Training Room',10,'time'),(457,28,457,'user',10,'HalfDay','Training Room',1,'22/04/2016'),(458,31,458,'user',10,'Daily','Event_Hall',1,'time'),(459,31,459,'user',10,'HalfDay','Event_Hall',1,'22/04/2016'),(460,31,460,'user',10,'HalfDay','Event_Hall',1,'21/04/2016'),(461,4,461,'user',10,'HalfDay','Training Room',6,'22/04/2016'),(462,4,462,'user',10,'HalfDay','Training Room',6,'22/04/2016'),(463,2,463,'user',10,'Hourly','Meeting_Room',1,'22/04/2016'),(464,2,464,'user',10,'Hourly','Meeting_Room',1,'23/04/2016'),(465,2,465,'user',10,'Hourly','Meeting_Room',15,'22/04/2016'),(466,3,466,'user',10,'HalfDay','Event_Hall',15,'20/04/2016'),(467,1,467,'user',1,'Hourly','Meeting_Room',1,'21/04/2016'),(468,1,468,'user',1,'Weekly','Meeting_Room',1,'time'),(469,1,469,'user',1,'Weekly','Meeting_Room',1,'time'),(470,1,470,'user',1,'Weekly','Meeting_Room',1,'time'),(471,2,471,'user',1,'Hourly','Meeting_Room',4,'20/04/2016'),(472,1,472,'user',1,'Weekly','Meeting_Room',1,'time'),(473,2,473,'user',1,'Hourly','Meeting_Room',4,'21/04/2016'),(474,1,474,'user',1,'Weekly','Meeting_Room',1,'time'),(475,1,475,'user',1,'Weekly','Meeting_Room',1,'time'),(476,1,476,'user',1,'Weekly','Meeting_Room',1,'time'),(477,1,477,'user',1,'Hourly','Meeting_Room',1,'22/04/2016'),(478,1,478,'user',1,'Daily','Meeting_Room',1,'time'),(479,1,479,'user',1,'Weekly','Meeting_Room',1,'time'),(480,1,480,'user',1,'Hourly','Meeting_Room',1,'21/04/2016'),(481,1,481,'user',1,'Hourly','Meeting_Room',1,'22/04/2016'),(482,21,482,'user',10,'Daily','Plug & Play',17,'time'),(483,3,483,'user',2,'HalfDay','Event_Hall',2,'8/4/2016'),(484,21,484,'user',10,'Daily','Plug & Play',1,'time'),(485,22,485,'user',10,'Daily','Plug & Play',19,'time'),(486,1,486,'user',1,'Hourly','Meeting_Room',1,'24/04/2016'),(487,23,487,'user',10,'Daily','Plug & Play',1,'time'),(488,1,488,'user',1,'Hourly','Meeting_Room',1,'23/04/2016'),(489,16,489,'user',10,'Daily','Meeting_Room',15,'time'),(490,1,490,'user',1,'Hourly','Meeting_Room',1,'22/04/2016'),(491,1,491,'user',1,'Hourly','Meeting_Room',1,'22/04/2016'),(492,1,492,'user',1,'Hourly','Meeting_Room',1,'22/04/2016'),(493,1,493,'user',1,'Hourly','Meeting_Room',1,'23/04/2016'),(494,1,494,'user',1,'Daily','Meeting_Room',1,'time'),(495,1,495,'user',1,'Hourly','Meeting_Room',1,'23/04/2016'),(496,1,496,'user',1,'Daily','Meeting_Room',1,'time'),(497,1,497,'user',1,'Daily','Meeting_Room',1,'time'),(498,1,498,'user',1,'Weekly','Meeting_Room',1,'time'),(499,1,499,'user',1,'Hourly','Meeting_Room',4,'21/04/2016'),(500,1,500,'user',1,'Weekly','Meeting_Room',4,'time'),(501,1,501,'user',1,'Hourly','Meeting_Room',1,'23/04/2016'),(502,1,502,'user',1,'Daily','Meeting_Room',1,'time'),(503,13,503,'user',2,'Daily','Training Room',6,'time'),(504,11,504,'user',2,'Daily','Plug & Play',6,'time'),(505,9,505,'user',2,'Hourly','Plug & Play',2,'24/04/2016'),(506,9,506,'user',2,'Hourly','Plug & Play',2,'01/05/2016'),(507,9,507,'user',2,'Hourly','Plug & Play',2,'19/04/2016'),(508,9,508,'user',2,'Hourly','Plug & Play',2,'24/04/2016'),(509,13,509,'user',2,'Daily','Training Room',2,'time'),(510,15,510,'user',2,'HalfDay','Event_Hall',2,'21/04/2016'),(511,16,511,'user',2,'Weekly','Meeting_Room',2,'time'),(512,16,512,'user',2,'Weekly','Meeting_Room',2,'time'),(513,16,513,'user',2,'Weekly','Meeting_Room',2,'time'),(514,18,514,'user',2,'HalfDay','Event_Hall',2,'21/04/2016'),(515,21,515,'user',2,'Weekly','Plug & Play',2,'time'),(516,21,516,'user',1,'Weekly','Plug & Play',2,'time'),(517,22,517,'user',10,'Weekly','Plug & Play',1,'time'),(518,22,518,'user',10,'Weekly','Plug & Play',1,'time'),(519,26,519,'user',10,'Weekly','Meeting_Room',1,'time'),(520,26,520,'user',10,'Weekly','Meeting_Room',1,'time'),(521,8,521,'user',2,'Weekly','Plug & Play',2,'time'),(522,27,522,'user',2,'Weekly','Meeting_Room',2,'time'),(523,25,523,'user',2,'Weekly','Plug & Play',2,'time'),(524,27,524,'user',2,'Weekly','Meeting_Room',2,'time'),(525,21,525,'user',10,'Weekly','Plug & Play',1,'time'),(526,21,526,'user',10,'Weekly','Plug & Play',1,'time'),(527,21,527,'user',2,'Weekly','Plug & Play',2,'time'),(528,21,528,'user',2,'Weekly','Plug & Play',2,'time'),(529,21,529,'user',2,'Weekly','Plug & Play',2,'time'),(530,8,530,'user',10,'Weekly','Plug & Play',2,'time'),(531,21,531,'user',10,'Weekly','Plug & Play',2,'time'),(532,22,532,'user',10,'Weekly','Plug & Play',2,'time'),(533,21,533,'user',10,'Weekly','Plug & Play',2,'time'),(534,1,534,'user',10,'Weekly','Meeting_Room',2,'time'),(535,11,535,'user',10,'Daily','Plug & Play',2,'time'),(536,22,536,'user',10,'Weekly','Plug & Play',2,'time'),(537,23,537,'user',10,'Weekly','Plug & Play',2,'time'),(538,24,538,'user',10,'Weekly','Plug & Play',2,'time'),(539,23,539,'user',10,'Weekly','Plug & Play',3,'time'),(540,21,540,'user',10,'Hourly','Plug & Play',3,'20/04/2016'),(541,21,541,'user',10,'Daily','Plug & Play',3,'time'),(542,4,542,'user',10,'HalfDay','Training Room',3,'24/04/2016'),(543,4,543,'user',10,'HalfDay','Training Room',3,'24/04/2016'),(544,4,544,'user',10,'HalfDay','Training Room',3,'24/04/2016'),(545,4,545,'user',10,'Daily','Training Room',3,'time'),(546,30,546,'user',10,'HalfDay','Event_Hall',3,'22/04/2016'),(547,30,547,'user',10,'Daily','Event_Hall',3,'time'),(548,4,548,'user',10,'HalfDay','Training Room',1,'24/04/2016'),(549,4,549,'user',10,'HalfDay','Training Room',1,'24/04/2016'),(550,4,550,'user',10,'HalfDay','Training Room',1,'24/04/2016'),(551,29,551,'user',10,'HalfDay','Training Room',20,'23/04/2016'),(552,34,552,'user',10,'Hourly','Plug & Play',2,'20/04/2016'),(553,28,553,'user',10,'HalfDay','Training Room',1,'22/04/2016'),(554,28,554,'user',10,'HalfDay','Training Room',20,'21/04/2016'),(555,28,555,'user',10,'HalfDay','Training Room',20,'20/04/2016'),(556,28,556,'user',10,'HalfDay','Training Room',20,'21/04/2016'),(557,28,557,'user',10,'HalfDay','Training Room',20,'24/04/2016'),(558,28,558,'user',10,'HalfDay','Training Room',20,'23/04/2016'),(559,28,559,'user',10,'HalfDay','Training Room',20,'22/04/2016'),(560,28,560,'user',10,'HalfDay','Training Room',20,'20/04/2016'),(561,35,561,'user',10,'Weekly','Plug & Play',20,'time'),(562,35,562,'user',10,'Hourly','Plug & Play',20,'21/04/2016'),(563,35,563,'user',10,'Daily','Plug & Play',20,'time'),(564,35,564,'user',10,'Daily','Plug & Play',20,'time'),(565,25,565,'user',10,'Daily','Plug & Play',20,'time'),(566,24,566,'user',10,'Daily','Plug & Play',20,'time'),(567,24,567,'user',10,'Hourly','Plug & Play',20,'23/04/2016'),(568,12,568,'user',10,'HalfDay','Training Room',1,'23/04/2016'),(569,3,569,'user',10,'HalfDay','Event_Hall',1,'24/04/2016'),(570,10,570,'user',2,'Hourly','Plug & Play',3,'20/04/2016'),(571,27,571,'user',2,'Weekly','Meeting_Room',20,'time'),(572,18,572,'user',10,'HalfDay','Event_Hall',1,'24/04/2016'),(573,9,573,'user',10,'Hourly','Plug & Play',1,'20/04/2016'),(574,11,574,'user',10,'Daily','Plug & Play',1,'time'),(575,11,575,'user',10,'Daily','Plug & Play',1,'time'),(576,21,576,'user',10,'Hourly','Plug & Play',1,'22/04/2016'),(577,13,577,'user',2,'Daily','Training Room',1,'time'),(578,25,578,'user',2,'Weekly','Plug & Play',1,'time'),(579,25,579,'user',2,'Weekly','Plug & Play',2,'time'),(580,24,580,'user',2,'Hourly','Plug & Play',2,'23/04/2016'),(581,16,581,'user',10,'Daily','Meeting_Room',1,'time'),(582,13,582,'user',10,'Daily','Training Room',1,'time'),(583,16,583,'user',10,'Hourly','Meeting_Room',6,'25/04/2016'),(584,8,584,'user',10,'Daily','Plug & Play',6,'time'),(585,22,585,'user',10,'Daily','Plug & Play',6,'time'),(586,22,586,'user',10,'Daily','Plug & Play',6,'time'),(587,35,587,'user',10,'Daily','Plug & Play',6,'time'),(588,35,588,'user',10,'Daily','Plug & Play',6,'time'),(589,35,589,'user',10,'Daily','Plug & Play',6,'time'),(590,1,590,'user',10,'Daily','Meeting_Room',6,'time'),(591,2,591,'user',10,'Hourly','Meeting_Room',6,'26/04/2016'),(592,12,592,'user',10,'HalfDay','Training Room',6,'24/04/2016'),(593,12,593,'user',10,'HalfDay','Training Room',6,'23/04/2016'),(594,14,594,'user',10,'HalfDay','Event_Hall',6,'22/04/2016'),(595,15,595,'user',10,'Daily','Event_Hall',6,'time'),(596,3,596,'user',10,'Daily','Event_Hall',6,'time'),(597,3,597,'user',10,'Daily','Event_Hall',6,'time'),(598,3,598,'user',10,'Daily','Event_Hall',6,'time'),(599,3,599,'user',10,'HalfDay','Event_Hall',6,'23/04/2016'),(600,27,600,'user',10,'Hourly','Meeting_Room',1,'23/04/2016'),(601,27,601,'user',10,'Hourly','Meeting_Room',1,'22/04/2016'),(602,27,602,'user',10,'Hourly','Meeting_Room',1,'22/04/2016'),(603,27,603,'user',10,'Hourly','Meeting_Room',1,'22/04/2016'),(604,3,604,'user',9,'HalfDay','Event_Hall',1,'25/04/2016'),(605,2,605,'user',9,'Hourly','Meeting_Room',1,'21/04/2016'),(606,12,606,'user',9,'HalfDay','Training Room',10,'26/04/2016'),(607,14,607,'user',1,'HalfDay','Event_Hall',1,'25/04/2016'),(608,73,608,'user',2,'HalfDay','Event_Hall',2,'8/4/2016'),(609,73,609,'user',2,'HalfDay','Event_Hall',2,'8/4/2016'),(622,10,622,'user',10,'Hourly','Plug & Play',17,'09/05/2016'),(623,10,623,'user',10,'Hourly','Plug & Play',17,'02/05/2016'),(624,10,624,'user',10,'Hourly','Plug & Play',17,'02/05/2016'),(625,10,625,'user',10,'Hourly','Plug & Play',17,'25/04/2016'),(626,21,626,'user',10,'Hourly','Plug & Play',1,'04/05/2016'),(627,21,627,'user',10,'Weekly','Plug & Play',1,'time'),(628,21,628,'user',10,'Weekly','Plug & Play',1,'time'),(629,8,629,'user',10,'Daily','Plug & Play',1,'time'),(630,3,630,'user',10,'HalfDay','Event_Hall',1,'02/05/2016'),(631,3,631,'user',10,'HalfDay','Event_Hall',4,'02/05/2016'),(632,10,632,'user',10,'Hourly','Plug & Play',4,'04/05/2016'),(633,3,633,'user',2,'Daily','Event_Hall',1,'time'),(634,8,634,'user',10,'Daily','Plug & Play',1,'time'),(635,72,635,'user',2,'Daily','Meeting Room',2,'time'),(636,72,636,'user',2,'Daily','Meeting Room',2,'time'),(637,72,637,'user',2,'Daily','Meeting Room',2,'time'),(638,72,638,'user',2,'Daily','Meeting Room',2,'time'),(639,72,639,'user',2,'Daily','Meeting Room',2,'time'),(640,72,640,'user',2,'Daily','Meeting Room',2,'time'),(641,71,641,'user',2,'Daily','Meeting Room',2,'time'),(642,71,642,'user',2,'Daily','Meeting_Room',2,'time'),(643,71,643,'user',2,'Daily','Meeting_Room',2,'time'),(645,63,645,'user',2,'Daily','Meeting_Room',2,'time'),(646,63,646,'user',2,'Daily','Meeting Room',2,'time'),(647,63,647,'user',2,'Daily','Meeting_Room',2,'time'),(663,69,663,'user',9,'Hourly','Meeting_Room',1,'08/05/2016'),(664,2,664,'user',9,'Hourly','Meeting_Room',1,'09/05/2016'),(665,65,665,'user',9,'Daily','Event_Hal',1,'time'),(666,49,666,'user',9,'Daily','Event_Hal',1,'time'),(667,52,667,'user',9,'Hourly','Meeting_Room',1,'08/05/2016'),(687,65,687,'user',9,'HalfDay','Training Room',1,'07/05/2016'),(688,58,688,'user',9,'Weekly','Plug & Play',3,'time'),(708,60,708,'user',2,'Daily','Event_Hal',1,'time'),(709,3,709,'user',1,'Daily','Event_Hal',1,'time'),(710,3,710,'user',1,'Daily','Event_Hall',1,'time'),(711,2,711,'user',1,'Hourly','Meeting_Room',1,'09/05/2016'),(712,4,712,'user',1,'Daily','Training Room',1,'time'),(713,8,713,'user',1,'Daily','Plug & Play',1,'time'),(714,2,714,'user',1,'Hourly','Meeting_Room',1,'09/05/2016'),(715,66,715,'user',1,'Hourly','Meeting_Room',1,'09/05/2016'),(716,2,716,'user',1,'Hourly','Meeting_Room',1,'10/05/2016'),(717,2,717,'user',1,'Hourly','Meeting_Room',1,'09/05/2016'),(718,2,718,'user',1,'Hourly','Meeting_Room',1,'11/05/2016'),(719,3,719,'user',9,'Daily','Event_Hal',1,'time'),(720,77,720,'user',22,'Daily','Training Room',1,'time'),(723,3,723,'user',1,'Daily','Event_Hall',1,'time'),(724,9,724,'user',1,'Hourly','Plug & Play',1,'15/05/2016'),(725,29,725,'user',1,'HalfDay','Training Room',1,'12/05/2016'),(726,33,726,'user',2,'Hourly','Plug & Play',1,'14/05/2016'),(743,59,743,'user',26,'Daily','Training Room',1,'time'),(744,77,744,'user',22,'Daily','Training Room',1,'time'),(745,66,745,'user',22,'Hourly','Meeting_Room',1,'16/05/2016'),(746,65,746,'user',22,'Daily','Training Room',1,'time'),(747,8,747,'user',2,'Daily','Plug & Play',1,'time'),(748,11,748,'user',2,'Daily','Plug & Play',1,'time'),(749,66,749,'user',22,'Hourly','Meeting_Room',1,'16/05/2016'),(750,9,750,'user',26,'Hourly','Plug & Play',1,'30/05/2016'),(751,140,751,'user',5,'Daily','Event_Hall',1,'time'),(752,66,752,'user',26,'Weekly','Plug & Play',1,'time'),(753,65,753,'user',2,'Daily','Training Room',1,'time'),(755,9,755,'user',27,'Hourly','Plug & Play',1,'31/05/2016'),(756,16,756,'user',27,'Hourly','Meeting_Room',1,'16/05/2016'),(757,8,757,'user',26,'Daily','Plug & Play',1,'time'),(758,140,758,'user',7,'HalfDay','Event_Hall',2,'8/6/2016'),(760,8,759,'user',4,'Daily','Plug & Play',1,'time'),(761,79,760,'user',4,'Weekly','Meeting_Room',1,'time'),(762,16,761,'user',26,'Hourly','Meeting_Room',15,'19/05/2016'),(763,30,762,'user',26,'Daily','Event_Hall',1,'time'),(764,8,763,'user',4,'Weekly','Plug & Play',1,'time'),(765,44,764,'user',2,'Hourly','Meeting_Room',1,'18/05/2016'),(766,158,765,'user',2,'Daily','Plug & Play',1,'time'),(767,64,766,'user',2,'HalfDay','Event_Hall',1,'17/05/2016'),(768,76,767,'user',2,'Hourly','Plug & Play',1,'22/05/2016'),(769,10,768,'user',34,'Hourly','Plug & Play',1,'22/05/2016'),(770,12,769,'user',2,'HalfDay','Training Room',1,'21/05/2016'),(771,153,770,'user',2,'Daily','Training Room',1,'time'),(772,12,771,'user',2,'HalfDay','Training Room',1,'19/05/2016'),(773,18,772,'user',2,'Daily','Event_Hall',1,'time'),(774,44,773,'user',2,'Hourly','Meeting_Room',1,'22/05/2016'),(775,37,774,'user',2,'Daily','Meeting_Room',1,'time'),(776,186,775,'user',4,'Hourly','Plug & Play',1,'22/05/2016'),(777,64,776,'user',9,'Daily','Plug & Play',1,'time'),(778,57,777,'user',4,'Daily','Training Room',1,'time'),(779,57,778,'user',4,'Daily','Training Room',1,'time'),(780,227,779,'user',4,'HalfDay','Event_Hall',1,'26/05/2016'),(781,11,780,'user',4,'Daily','Plug & Play',1,'time'),(782,26,781,'user',4,'Hourly','Meeting_Room',1,'27/05/2016'),(783,10,782,'user',4,'Hourly','Plug & Play',1,'30/05/2016'),(784,11,783,'user',4,'Daily','Plug & Play',1,'time'),(785,11,784,'user',4,'Daily','Plug & Play',1,'time'),(786,9,785,'user',4,'Hourly','Plug & Play',1,'27/05/2016'),(787,238,786,'user',2,'HalfDay','Training Room',2,'8/4/2016'),(788,239,787,'user',2,'HalfDay','Training Room',2,'8/6/2016');

--
-- Table structure for table `BizPit_app_booking_type`
--

CREATE TABLE `BizPit_app_booking_type` (
  `id` int(11) NOT NULL AUTO_INCREMENT,
  `property_id` int(11) NOT NULL,
  `book_type` varchar(500) NOT NULL,
  `property_type` varchar(500) NOT NULL,
  PRIMARY KEY (`id`)
) ENGINE=InnoDB AUTO_INCREMENT=268 DEFAULT CHARSET=latin1;

--
-- Dumping data for table `BizPit_app_booking_type`
--

INSERT INTO `BizPit_app_booking_type` VALUES (9,9,'Monthly,Hourly,Daily,Weekly','Plug & Play'),(10,10,'Monthly,Hourly,Daily,Weekly','Plug & Play'),(11,11,'Monthly,Hourly,Daily,Weekly','Plug & Play'),(12,12,'','Event_Hall'),(13,13,'','Training Room'),(14,14,'FullDay,HalfDay','Event_Hall'),(15,15,'FullDay,HalfDay','Event_Hall'),(16,16,'Hourly,Daily,Weekly','[u\'Meeting_Room\']'),(17,17,'','Training Room'),(18,18,'FullDay,HalfDay','Event_Hall'),(19,20,'Monthly,Hourly,Daily,Weekly','Plug & Play'),(20,21,'Monthly,Hourly,Daily,Weekly','Plug & Play'),(21,22,'Monthly,Hourly,Daily,Weekly','Plug & Play'),(22,23,'Monthly,Hourly,Daily,Weekly','Plug & Play'),(23,24,'Monthly,Hourly,Daily,Weekly','Plug & Play'),(24,25,'Monthly,Hourly,Daily,Weekly','Plug & Play'),(25,26,'Hourly,Daily,Weekly','[u\'Meeting_Room\']'),(26,27,'Hourly,Daily,Weekly','[u\'Meeting_Room\']'),(27,28,'FullDay,HalfDay','Training Room'),(28,29,'FullDay,HalfDay','Training Room'),(29,30,'FullDay,HalfDay','Event_Hall'),(30,31,'FullDay,HalfDay','Event_Hall'),(31,32,'Hourly','Plug & Play'),(32,33,'Monthly,Hourly,Daily,Weekly','Plug & Play'),(33,34,'Monthly,Hourly,Daily,Weekly','Plug & Play'),(34,35,'Monthly,Hourly,Daily,Weekly','Plug & Play'),(36,36,'FullDay,HalfDay','Training Room'),(37,37,'Hourly,Daily','Meeting_Room'),(38,38,'Hourly,Daily,Weekly','Meeting_Room'),(39,38,'Hourly,Daily,Weekly','Meeting_Room'),(40,39,'FullDay,HalfDay','Training Room'),(41,41,'FullDay,HalfDay','Training Room'),(42,42,'','Meeting_Room'),(43,43,'Hourly,Daily,Weekly','Meeting_Room'),(44,44,'Hourly,Daily,Weekly','Meeting_Room'),(45,45,'FullDay,HalfDay','Training Room'),(46,46,'FullDay,HalfDay','Training Room'),(47,47,'FullDay,HalfDay','Training Room'),(48,48,'FullDay,HalfDay','Event_Hall'),(49,49,'FullDay,HalfDay','Training Room'),(51,49,'FullDay,HalfDay','Event_Hall'),(52,49,'FullDay,HalfDay','Event_Hall'),(54,51,'Hourly,Daily,Weekly','Meeting_Room'),(55,52,'Hourly,Daily,Weekly','Meeting_Room'),(56,53,'Hourly,Daily,Weekly','Meeting_Room'),(57,54,'Monthly,Hourly,Daily,Weekly','Plug & Play'),(58,55,'FullDay,HalfDay','Training Room'),(59,56,'Hourly,Daily,Weekly','Meeting_Room'),(60,57,'Monthly,Hourly,Daily,Weekly','Plug & Play'),(61,58,'Monthly,Hourly,Daily,Weekly','Plug & Play'),(62,59,'Hourly,Daily,Weekly','Meeting_Room'),(63,60,'Monthly,Hourly,Daily,Weekly','Plug & Play'),(64,61,'FullDay,HalfDay','Event_Hall'),(65,62,'Hourly,Daily,Weekly','Meeting_Room'),(66,63,'Hourly,Daily,Weekly','Meeting_Room'),(67,64,'Monthly,Hourly,Daily,Weekly','Plug & Play'),(68,65,'FullDay,HalfDay','Event_Hall'),(69,66,'Hourly,Daily,Weekly','Meeting_Room'),(70,67,'Monthly,Hourly,Daily,Weekly','Plug & Play'),(71,68,'Hourly,Daily,Weekly','Meeting_Room'),(72,69,'Hourly,Daily,Weekly','Meeting_Room'),(73,70,'Monthly,Hourly,Daily,Weekly','Plug & Play'),(74,71,'Hourly,Daily,Weekly','Meeting_Room'),(75,72,'Hourly,Daily,Weekly','Meeting_Room'),(76,73,'Monthly,Hourly,Daily,Weekly','Plug & Play'),(77,74,'FullDay,HalfDay','Event_Hall'),(78,75,'Monthly,Hourly,Daily,Weekly','Plug & Play'),(79,76,'Monthly,Hourly,Daily,Weekly','Plug & Play'),(80,77,'Monthly,Hourly,Daily,Weekly','Plug & Play'),(81,78,'Monthly,Hourly,Daily,Weekly','Plug & Play'),(82,79,'Hourly,Daily,Weekly','Meeting_Room'),(83,80,'Hourly,Daily,Weekly','Meeting_Room'),(84,81,'Monthly,Hourly,Daily,Weekly','Plug & Play'),(85,82,'Monthly,Hourly,Daily,Weekly','Plug & Play'),(86,83,'Monthly,Hourly,Daily,Weekly','Plug & Play'),(87,84,'Monthly,Hourly,Daily,Weekly','Plug & Play'),(88,86,'','Training Room'),(89,87,'FullDay,HalfDay','Event_Hall'),(90,88,'FullDay,HalfDay','Event_Hall'),(91,89,'FullDay,HalfDay','Event_Hall'),(92,91,'Monthly,Hourly,Daily,Weekly','Plug & Play'),(93,92,'Monthly,Hourly,Daily,Weekly','Plug & Play'),(94,93,'Monthly,Hourly,Daily,Weekly','Plug & Play'),(95,94,'Monthly,Hourly,Daily,Weekly','Meeting_Room'),(96,95,'Monthly,Hourly,Daily,Weekly','Plug & Play'),(97,96,'Monthly,Hourly,Daily,Weekly','Plug & Play'),(98,97,'Hourly,Daily,Weekly','Meeting_Room'),(99,98,'Hourly,Daily,Weekly','Meeting_Room'),(100,100,'FullDay,HalfDay','Event_Hall'),(101,101,'FullDay,HalfDay','Event_Hall'),(102,102,'FullDay,HalfDay','Training Room'),(103,103,'FullDay,HalfDay','Training Room'),(104,104,'FullDay,HalfDay','Training Room'),(105,105,'FullDay,HalfDay','Training Room'),(106,106,'FullDay,HalfDay','Event_Hall'),(107,107,'Hourly,Daily,Weekly','Meeting_Room'),(108,108,'Hourly,Daily,Weekly','Meeting_Room'),(109,109,'FullDay,HalfDay','Training Room'),(110,110,'Hourly,Daily,Weekly','Meeting_Room'),(111,111,'Hourly,Daily,Weekly','Meeting_Room'),(112,112,'Hourly,Daily,Weekly','Meeting_Room'),(113,113,'Hourly,Daily,Weekly','Meeting_Room'),(114,116,'FullDay,HalfDay','Training Room'),(115,117,'Hourly,Daily,Weekly','Meeting_Room'),(116,118,'Hourly,Daily,Weekly','Meeting_Room'),(117,119,'FullDay,HalfDay','Event_Hall'),(118,121,'FullDay,HalfDay','Event_Hall'),(119,122,'FullDay,HalfDay','Training Room'),(120,123,'Hourly,Daily,Weekly','Meeting_Room'),(121,124,'Hourly,Daily,Weekly','Meeting_Room'),(122,125,'FullDay,HalfDay','Event_Hall'),(123,126,'Monthly,Hourly,Daily,Weekly','Plug & Play'),(124,127,'Monthly,Hourly,Daily,Weekly','Plug & Play'),(125,128,'Hourly,Daily,Weekly','Meeting_Room'),(126,129,'Monthly,Hourly,Daily,Weekly','Plug & Play'),(127,130,'FullDay,HalfDay','Training Room'),(128,131,'Monthly,Hourly,Daily,Weekly','Plug & Play'),(129,132,'FullDay,HalfDay','Event_Hall'),(130,133,'Hourly,Daily,Weekly','Meeting_Room'),(131,134,'Hourly,Daily,Weekly','Meeting_Room'),(132,135,'Monthly,Hourly,Daily,Weekly','Plug & Play'),(133,136,'FullDay,HalfDay','Event_Hall'),(134,137,'Monthly,Hourly,Daily,Weekly','Plug & Play'),(135,138,'Monthly,Hourly,Daily,Weekly','Plug & Play'),(136,139,'Monthly,Hourly,Daily,Weekly','Plug & Play'),(137,140,'Hourly,Daily,Weekly','Meeting_Room'),(138,141,'Monthly,Hourly,Daily,Weekly','Plug & Play'),(139,142,'FullDay,HalfDay','Training Room'),(140,143,'Monthly,Hourly,Daily,Weekly','Plug & Play'),(141,144,'','Training Room'),(142,145,'Hourly','Plug & Play'),(143,146,'Hourly','Plug & Play'),(144,147,'Monthly,Hourly,Daily,Weekly','Plug & Play'),(145,148,'Monthly,Hourly,Daily,Weekly','Plug & Play'),(146,149,'Hourly','Plug & Play'),(147,150,'Monthly,Hourly,Daily,Weekly','Plug & Play'),(148,151,'','Plug & Play'),(149,152,'Monthly,Hourly,Daily,Weekly','Plug & Play'),(150,153,'FullDay,HalfDay','Event_Hall'),(151,154,'Monthly,Hourly,Daily,Weekly','Plug & Play'),(152,155,'','Plug & Play'),(153,156,'','Plug & Play'),(154,157,'FullDay,HalfDay','Training Room'),(155,158,'','Plug & Play'),(156,159,'FullDay,HalfDay','Training Room'),(157,160,'Monthly,Hourly,Daily,Weekly','Plug & Play'),(158,161,'Hourly,Daily,Weekly','Meeting_Room'),(159,162,'','Meeting_Room'),(160,163,'Monthly,Hourly,Daily,Weekly','Plug & Play'),(161,164,'Monthly,Hourly,Daily,Weekly','Plug & Play'),(162,165,'','Plug & Play'),(163,166,'','Plug & Play'),(164,167,'Monthly,Hourly,Daily,Weekly','Plug & Play'),(165,168,'FullDay,HalfDay','Training Room'),(166,169,'Monthly,Hourly,Daily,Weekly','Plug & Play'),(167,170,'FullDay,HalfDay','Training Room'),(168,171,'','Event_Hall'),(169,172,'Hourly,Daily,Weekly','Meeting_Room'),(170,173,'FullDay,HalfDay','Event_Hall'),(171,174,'Hourly,Daily,Weekly','Meeting_Room'),(172,175,'Monthly,Hourly,Daily,Weekly','Plug & Play'),(174,175,'Hourly,Daily,Weekly','Meeting_Room'),(175,176,'Hourly,Daily,Weekly','Meeting_Room'),(176,177,'FullDay,HalfDay','Training Room'),(178,177,'FullDay,HalfDay','Event_Hall'),(179,178,'FullDay,HalfDay','Training Room'),(180,179,'Hourly,Daily,Weekly','Meeting_Room'),(181,180,'FullDay,HalfDay','Training Room'),(182,181,'FullDay,HalfDay','Training Room'),(184,183,'Monthly,Hourly,Daily,Weekly','Plug & Play'),(188,183,'Monthly,Hourly,Daily,Weekly','Plug & Play'),(189,184,'Monthly,Hourly,Daily,Weekly','Plug & Play'),(190,185,'','Training Room'),(191,186,'Monthly,Hourly,Daily,Weekly','Plug & Play'),(192,187,'FullDay,HalfDay','Event_Hall'),(193,188,'FullDay,HalfDay','Training Room'),(195,1,'Monthly,Hourly,Daily,Weekly','Plug & Play'),(196,2,'FullDay,HalfDay','Training Room'),(197,3,'Monthly,Hourly,Daily,Weekly','Plug & Play'),(198,4,'FullDay,HalfDay','Training Room'),(199,5,'','Training Room'),(200,6,'FullDay,HalfDay','Event_Hall'),(201,7,'','Plug & Play'),(202,8,'Hourly,Daily,Weekly','Meeting_Room'),(203,189,'Monthly,Hourly,Daily,Weekly','Plug & Play'),(204,190,'FullDay,HalfDay','Training Room'),(205,191,'FullDay,HalfDay','Training Room'),(206,192,'FullDay,HalfDay','Training Room'),(207,193,'FullDay,HalfDay','Training Room'),(208,194,'Hourly,Daily,Weekly','Meeting_Room'),(209,195,'FullDay,HalfDay','Event_Hall'),(210,196,'Hourly,Daily,Weekly','Meeting_Room'),(212,196,'FullDay,HalfDay','Training Room'),(213,197,'','Training Room'),(214,198,'Monthly,Hourly,Daily,Weekly','Plug & Play'),(215,199,'','Plug & Play'),(216,200,'','Plug & Play'),(217,201,'','Training Room'),(218,202,'FullDay,HalfDay','Training Room'),(220,1,'FullDay,HalfDay','Event_Hall'),(221,2,'FullDay,HalfDay','Event_Hall'),(222,205,'','Training Room'),(223,206,'','Training Room'),(224,207,'','Event_Hall'),(225,208,'','Meeting_Room'),(226,209,'Hourly,Daily,Weekly','Meeting_Room'),(227,210,'Hourly,Daily,Weekly','Meeting_Room'),(228,211,'Hourly,Daily,Weekly','Meeting_Room'),(229,212,'Hourly,Daily,Weekly','Meeting_Room'),(230,213,'Monthly,Hourly,Daily,Weekly','Plug & Play'),(231,214,'Hourly,Daily,Weekly','Meeting_Room'),(232,215,'','Plug & Play'),(233,216,'','Training Room'),(234,217,'','Training Room'),(235,218,'Monthly,Hourly,Daily,Weekly','Plug & Play'),(236,0,'Monthly,Hourly,Daily,Weekly','Plug & Play'),(237,0,'Monthly,Hourly,Daily,Weekly','Plug & Play'),(238,0,'FullDay,HalfDay','Event_Hall'),(239,1,'Hourly,Daily,Weekly','Meeting_Room'),(240,0,'Hourly,Daily,Weekly','Meeting_Room'),(241,1,'Monthly,Hourly,Daily,Weekly','Plug & Play'),(242,0,'Hourly,Daily,Weekly','Meeting_Room'),(243,218,'Monthly,Hourly,Daily,Weekly','Plug & Play'),(244,218,'Monthly,Hourly,Daily,Weekly','Plug & Play'),(245,219,'Monthly,Hourly,Daily,Weekly','Plug & Play'),(246,219,'Monthly,Hourly,Daily,Weekly','Plug & Play'),(247,219,'Monthly,Hourly,Daily,Weekly','Plug & Play'),(248,220,'','Training Room'),(249,221,'Monthly,Hourly,Daily,Weekly','Plug & Play'),(250,222,'Monthly,Hourly,Daily,Weekly','Plug & Play'),(251,223,'','Plug & Play'),(252,224,'','Training Room'),(253,225,'','Training Room'),(254,226,'','Training Room'),(255,227,'','Event_Hall'),(256,228,'FullDay,HalfDay','Event_Hall'),(257,229,'FullDay,HalfDay','Event_Hall'),(258,230,'','Meeting_Room'),(259,231,'','Meeting_Room'),(260,232,'','Meeting_Room'),(261,233,'Monthly,Hourly,Daily,Weekly','Plug & Play'),(262,234,'','Plug & Play'),(264,236,'','Event_Hall'),(265,237,'','Meeting_Room'),(266,238,'','Training Room'),(267,239,'FullDay,HalfDay','Training Room');

--
-- Table structure for table `BizPit_app_commercial_halls`
--

CREATE TABLE `BizPit_app_commercial_halls` (
  `id` int(11) NOT NULL AUTO_INCREMENT,
  `property_id` int(11) NOT NULL,
  `capacity` int(11) NOT NULL,
  `rate_hr` int(11) NOT NULL,
  `rate_daily` int(11) NOT NULL,
  `rate_weekly` int(11) NOT NULL,
  `rate_monthly` int(11) NOT NULL,
  `shared_images` longtext NOT NULL,
  PRIMARY KEY (`id`)
) ENGINE=InnoDB DEFAULT CHARSET=latin1;

--
-- Dumping data for table `BizPit_app_commercial_halls`
--


--
-- Table structure for table `BizPit_app_daily_booking`
--

CREATE TABLE `BizPit_app_daily_booking` (
  `id` int(11) NOT NULL AUTO_INCREMENT,
  `property_id` int(11) NOT NULL,
  `booking_id` int(11) NOT NULL,
  `booked_by` varchar(100) DEFAULT NULL,
  `booked_by_id` int(11) DEFAULT NULL,
  `start_date` varchar(100) NOT NULL,
  `end_date` varchar(100) NOT NULL,
  `start_time` varchar(100) NOT NULL,
  `end_time` varchar(100) NOT NULL,
  `Timestamp` varchar(100) NOT NULL,
  `head_count` int(11) NOT NULL,
  `property_type` varchar(100) NOT NULL,
  PRIMARY KEY (`id`)
) ENGINE=InnoDB DEFAULT CHARSET=latin1;

--
-- Dumping data for table `BizPit_app_daily_booking`
--


--
-- Table structure for table `BizPit_app_dwm_booking`
--

CREATE TABLE `BizPit_app_dwm_booking` (
  `id` int(11) NOT NULL AUTO_INCREMENT,
  `property_id` int(11) NOT NULL,
  `booking_id` int(11) NOT NULL,
  `booking_type` varchar(100) NOT NULL,
  `head_count` int(11) NOT NULL,
  `date` varchar(100) NOT NULL,
  `room_no` int(11) NOT NULL,
  PRIMARY KEY (`id`)
) ENGINE=InnoDB AUTO_INCREMENT=698 DEFAULT CHARSET=latin1;

--
-- Dumping data for table `BizPit_app_dwm_booking`
--

INSERT INTO `BizPit_app_dwm_booking` VALUES (67,8,8,'Daily',20,'14/04/2016',1),(68,8,8,'Daily',20,'15/04/2016',1),(69,8,8,'Daily',10,'19/04/2016',1),(70,8,8,'Daily',10,'21/04/2016',1),(71,8,8,'Daily',10,'22/04/2016',1),(72,8,8,'Daily',1,'23/04/2016',1),(73,8,8,'Daily',10,'27/04/2016',1),(74,8,8,'Daily',1,'28/04/2016',1),(75,8,8,'Weekly',10,'5/5/2016',1),(76,8,8,'Weekly',10,'5/5/2016',1),(77,8,8,'Weekly',10,'6/5/2016',1),(78,8,8,'Weekly',10,'7/5/2016',1),(79,8,8,'Weekly',10,'8/5/2016',1),(80,8,8,'Weekly',10,'9/5/2016',1),(81,8,8,'Weekly',10,'10/5/2016',1),(82,8,8,'Weekly',10,'11/5/2016',1),(83,8,8,'Weekly',10,'12/5/2016',1),(84,8,8,'Weekly',10,'13/5/2016',1),(85,8,8,'Weekly',10,'14/5/2016',1),(86,8,8,'Weekly',10,'15/5/2016',1),(87,8,8,'Weekly',10,'16/5/2016',1),(88,8,8,'Weekly',10,'17/5/2016',1),(89,8,8,'Weekly',10,'18/5/2016',1),(90,4,4,'Daily',15,'19/04/2016',1),(91,4,4,'Daily',15,'20/04/2016',1),(92,1,1,'Weekly',1,'18/05/2016',1),(93,1,1,'Weekly',1,'19/05/2016',1),(94,1,1,'Weekly',1,'20/05/2016',1),(95,1,1,'Weekly',1,'23/05/2016',1),(96,1,1,'Weekly',1,'24/05/2016',1),(97,11,11,'Daily',1,'17/04/2016',1),(98,2,2,'Daily',1,'14/04/2016',1),(99,2,2,'Daily',1,'15/04/2016',1),(100,2,2,'Daily',1,'16/04/2016',1),(101,20,20,'Weekly',1,'21/04/2016',1),(102,20,20,'Weekly',1,'22/04/2016',1),(103,20,20,'Weekly',1,'23/04/2016',1),(104,20,20,'Weekly',1,'24/04/2016',1),(105,20,20,'Weekly',1,'25/04/2016',1),(106,20,20,'Weekly',1,'26/04/2016',1),(107,20,20,'Weekly',1,'27/04/2016',1),(108,20,20,'Weekly',1,'19/04/2016',1),(109,20,20,'Weekly',1,'20/04/2016',1),(110,20,20,'Weekly',1,'21/04/2016',1),(111,20,20,'Weekly',1,'22/04/2016',1),(112,20,20,'Weekly',1,'23/04/2016',1),(113,20,20,'Weekly',1,'25/04/2016',1),(114,20,20,'Weekly',1,'21/04/2016',1),(115,20,20,'Weekly',1,'22/04/2016',1),(116,20,20,'Weekly',1,'23/04/2016',1),(117,20,20,'Weekly',1,'25/04/2016',1),(118,20,20,'Weekly',1,'26/04/2016',1),(119,20,20,'Weekly',1,'27/04/2016',1),(120,1,1,'Daily',1,'21/04/2016',1),(121,1,1,'Daily',1,'27/04/2016',1),(122,1,1,'Daily',1,'27/04/2016',1),(123,1,1,'Daily',1,'20/04/2016',1),(124,1,1,'Daily',10,'28/04/2016',1),(125,1,1,'Daily',1,'25/05/2016',1),(126,1,1,'Daily',1,'26/05/2016',1),(127,1,1,'Daily',1,'27/05/2016',1),(128,1,1,'Daily',1,'17/05/2016',1),(129,1,1,'Daily',1,'19/04/2016',1),(130,1,1,'Daily',1,'10/05/2016',1),(131,1,1,'Daily',1,'22/04/2016',1),(132,1,1,'Daily',1,'15/06/2016',1),(133,1,1,'Daily',1,'29/04/2016',1),(134,24,24,'Weekly',1,'20/04/2016',1),(135,24,24,'Weekly',1,'21/04/2016',1),(136,24,24,'Weekly',1,'22/04/2016',1),(137,24,24,'Weekly',1,'23/04/2016',1),(138,24,24,'Weekly',1,'25/04/2016',1),(139,24,24,'Weekly',1,'26/04/2016',1),(140,28,28,'Daily',1,'20/04/2016',1),(141,15,15,'Daily',1,'20/04/2016',1),(142,30,30,'Daily',1,'20/04/2016',1),(143,31,31,'Daily',1,'27/04/2016',1),(144,11,11,'Daily',1,'20/04/2016',1),(145,24,24,'Weekly',1,'20/04/2016',1),(146,24,24,'Weekly',1,'21/04/2016',1),(147,24,24,'Weekly',1,'22/04/2016',1),(148,24,24,'Weekly',1,'23/04/2016',1),(149,24,24,'Weekly',1,'25/04/2016',1),(150,24,24,'Weekly',1,'26/04/2016',1),(151,24,24,'Daily',1,'27/04/2016',1),(152,24,24,'Daily',1,'28/04/2016',1),(153,8,8,'Daily',4,'26/04/2016',1),(154,31,31,'Daily',5,'28/04/2016',1),(155,31,31,'Daily',5,'27/04/2016',1),(156,31,31,'Daily',5,'29/04/2016',1),(157,31,31,'Daily',5,'30/04/2016',1),(158,13,13,'Daily',1,'21/04/2016',1),(159,15,15,'Daily',1,'29/04/2016',1),(160,3,3,'Daily',1,'30/04/2016',1),(161,8,8,'Daily',1,'29/04/2016',1),(162,11,11,'Daily',1,'27/04/2016',1),(163,11,11,'Daily',1,'27/04/2016',1),(164,8,8,'Daily',1,'25/04/2016',1),(165,8,8,'Daily',1,'30/04/2016',1),(166,13,13,'Daily',1,'27/04/2016',1),(167,30,30,'Daily',20,'29/04/2016',1),(168,30,30,'Daily',8,'28/04/2016',1),(169,16,16,'Daily',1,'28/04/2016',1),(170,26,26,'Daily',4,'25/04/2016',1),(171,11,11,'Daily',1,'22/04/2016',1),(172,26,26,'Daily',10,'27/04/2016',1),(173,26,26,'Daily',10,'28/04/2016',1),(174,26,26,'Daily',10,'29/04/2016',1),(175,8,8,'Daily',10,'30/05/2016',1),(176,8,8,'Daily',5,'02/05/2016',1),(177,8,8,'Daily',10,'28/05/2016',1),(178,8,8,'Daily',1,'20/04/2016',1),(179,8,8,'Daily',5,'01/06/2016',1),(180,8,8,'Daily',5,'25/05/2016',1),(181,8,8,'Daily',5,'03/05/2016',1),(182,8,8,'Daily',5,'04/05/2016',1),(183,8,8,'Daily',5,'19/07/2016',1),(184,8,8,'Weekly',5,'13/06/2016',1),(185,8,8,'Weekly',5,'14/06/2016',1),(186,8,8,'Weekly',5,'15/06/2016',1),(187,8,8,'Weekly',5,'16/06/2016',1),(188,8,8,'Weekly',5,'17/06/2016',1),(189,8,8,'Weekly',5,'18/06/2016',1),(190,15,15,'Daily',1,'19/04/2016',1),(191,16,16,'Daily',1,'25/04/2016',1),(192,16,16,'Daily',1,'29/04/2016',1),(193,16,16,'Daily',5,'27/04/2016',1),(194,28,28,'Daily',9,'28/04/2016',1),(195,1,1,'Daily',1,'25/04/2016',1),(196,1,1,'Daily',1,'31/05/2016',1),(197,1,1,'Daily',1,'01/06/2016',1),(198,4,4,'Daily',20,'30/04/2016',1),(199,8,8,'Daily',20,'27/05/2016',1),(200,4,4,'Daily',20,'28/04/2016',1),(201,1,1,'Daily',1,'26/04/2016',1),(202,22,22,'Daily',17,'30/04/2016',1),(203,1,1,'Daily',1,'16/05/2016',1),(204,1,1,'Daily',1,'31/05/2016',1),(205,1,1,'Daily',1,'11/05/2016',1),(206,1,1,'Daily',1,'31/05/2016',1),(207,1,1,'Daily',1,'30/05/2016',1),(208,1,1,'Daily',1,'31/05/2016',1),(209,21,21,'Weekly',4,'24/04/2016',1),(210,21,21,'Weekly',4,'25/04/2016',1),(211,21,21,'Weekly',4,'27/04/2016',1),(212,21,21,'Weekly',4,'28/04/2016',1),(213,21,21,'Weekly',4,'29/04/2016',1),(214,21,21,'Weekly',4,'30/04/2016',1),(215,1,1,'Daily',1,'31/05/2016',1),(216,1,1,'Daily',1,'01/06/2016',1),(217,1,1,'Daily',1,'02/06/2016',1),(218,28,28,'Daily',1,'19/04/2016',1),(219,15,15,'Daily',6,'21/04/2016',1),(220,15,15,'Daily',6,'22/04/2016',1),(221,1,1,'Weekly',1,'20/04/2016',1),(222,1,1,'Weekly',1,'21/04/2016',1),(223,1,1,'Weekly',1,'22/04/2016',1),(224,1,1,'Weekly',1,'25/04/2016',1),(225,1,1,'Weekly',1,'26/04/2016',1),(226,13,13,'Daily',10,'28/04/2016',1),(227,13,13,'Daily',10,'22/04/2016',1),(228,31,31,'Daily',1,'21/04/2016',1),(229,1,1,'Weekly',1,'20/04/2016',1),(230,1,1,'Weekly',1,'21/04/2016',1),(231,1,1,'Weekly',1,'22/04/2016',1),(232,1,1,'Weekly',1,'25/04/2016',1),(233,1,1,'Weekly',1,'26/04/2016',1),(234,1,1,'Weekly',1,'20/04/2016',1),(235,1,1,'Weekly',1,'21/04/2016',1),(236,1,1,'Weekly',1,'22/04/2016',1),(237,1,1,'Weekly',1,'25/04/2016',1),(238,1,1,'Weekly',1,'26/04/2016',1),(239,1,1,'Weekly',1,'20/04/2016',1),(240,1,1,'Weekly',1,'21/04/2016',1),(241,1,1,'Weekly',1,'22/04/2016',1),(242,1,1,'Weekly',1,'25/04/2016',1),(243,1,1,'Weekly',1,'26/04/2016',1),(244,1,1,'Weekly',1,'20/04/2016',1),(245,1,1,'Weekly',1,'21/04/2016',1),(246,1,1,'Weekly',1,'22/04/2016',1),(247,1,1,'Weekly',1,'25/04/2016',1),(248,1,1,'Weekly',1,'26/04/2016',1),(249,1,1,'Weekly',1,'20/04/2016',1),(250,1,1,'Weekly',1,'21/04/2016',1),(251,1,1,'Weekly',1,'22/04/2016',1),(252,1,1,'Weekly',1,'25/04/2016',1),(253,1,1,'Weekly',1,'26/04/2016',1),(254,1,1,'Weekly',1,'20/04/2016',1),(255,1,1,'Weekly',1,'21/04/2016',1),(256,1,1,'Weekly',1,'22/04/2016',1),(257,1,1,'Weekly',1,'25/04/2016',1),(258,1,1,'Weekly',1,'26/04/2016',1),(259,1,1,'Weekly',1,'20/04/2016',1),(260,1,1,'Weekly',1,'21/04/2016',1),(261,1,1,'Weekly',1,'22/04/2016',1),(262,1,1,'Weekly',1,'25/04/2016',1),(263,1,1,'Weekly',1,'26/04/2016',1),(264,1,1,'Daily',1,'31/05/2016',1),(265,1,1,'Daily',1,'01/06/2016',1),(266,1,1,'Weekly',1,'20/04/2016',1),(267,1,1,'Weekly',1,'21/04/2016',1),(268,1,1,'Weekly',1,'22/04/2016',1),(269,1,1,'Weekly',1,'25/04/2016',1),(270,1,1,'Weekly',1,'26/04/2016',1),(271,21,21,'Daily',17,'22/04/2016',1),(272,21,21,'Daily',1,'21/04/2016',1),(273,22,22,'Daily',19,'21/04/2016',1),(274,23,23,'Daily',1,'20/04/2016',1),(275,16,16,'Daily',15,'21/04/2016',1),(276,1,1,'Daily',1,'31/05/2016',1),(277,1,1,'Daily',1,'12/05/2016',1),(278,1,1,'Daily',1,'13/05/2016',1),(279,1,1,'Daily',1,'31/05/2016',1),(280,1,1,'Daily',1,'01/06/2016',1),(281,1,1,'Weekly',1,'20/04/2016',1),(282,1,1,'Weekly',1,'21/04/2016',1),(283,1,1,'Weekly',1,'22/04/2016',1),(284,1,1,'Weekly',1,'25/04/2016',1),(285,1,1,'Weekly',1,'26/04/2016',1),(286,1,1,'Weekly',4,'20/04/2016',1),(287,1,1,'Weekly',4,'21/04/2016',1),(288,1,1,'Weekly',4,'22/04/2016',1),(289,1,1,'Weekly',4,'25/04/2016',1),(290,1,1,'Weekly',4,'26/04/2016',1),(291,1,1,'Daily',1,'31/05/2016',1),(292,13,13,'Daily',6,'29/04/2016',1),(293,11,11,'Daily',6,'22/04/2016',1),(294,11,11,'Daily',6,'30/04/2016',1),(295,13,13,'Daily',2,'28/04/2016',1),(296,16,16,'Weekly',2,'25/05/2016',1),(297,16,16,'Weekly',2,'26/05/2016',1),(298,16,16,'Weekly',2,'27/05/2016',1),(299,16,16,'Weekly',2,'28/05/2016',1),(300,16,16,'Weekly',2,'30/05/2016',1),(301,16,16,'Weekly',2,'31/05/2016',1),(302,16,16,'Weekly',2,'21/04/2016',1),(303,16,16,'Weekly',2,'22/04/2016',1),(304,16,16,'Weekly',2,'23/04/2016',1),(305,16,16,'Weekly',2,'25/04/2016',1),(306,16,16,'Weekly',2,'26/04/2016',1),(307,16,16,'Weekly',2,'27/04/2016',1),(308,16,16,'Weekly',2,'21/04/2016',1),(309,16,16,'Weekly',2,'22/04/2016',1),(310,16,16,'Weekly',2,'23/04/2016',1),(311,16,16,'Weekly',2,'25/04/2016',1),(312,16,16,'Weekly',2,'26/04/2016',1),(313,16,16,'Weekly',2,'27/04/2016',1),(314,21,21,'Weekly',2,'20/04/2016',1),(315,21,21,'Weekly',2,'21/04/2016',1),(316,21,21,'Weekly',2,'22/04/2016',1),(317,21,21,'Weekly',2,'23/04/2016',1),(318,21,21,'Weekly',2,'24/04/2016',1),(319,21,21,'Weekly',2,'25/04/2016',1),(320,21,21,'Weekly',2,'21/04/2016',1),(321,21,21,'Weekly',2,'22/04/2016',1),(322,21,21,'Weekly',2,'23/04/2016',1),(323,21,21,'Weekly',2,'24/04/2016',1),(324,21,21,'Weekly',2,'25/04/2016',1),(325,21,21,'Weekly',2,'27/04/2016',1),(332,22,22,'Weekly',1,'27/06/2016',1),(333,22,22,'Weekly',1,'28/06/2016',1),(334,22,22,'Weekly',1,'29/06/2016',1),(335,22,22,'Weekly',1,'30/06/2016',1),(336,22,22,'Weekly',1,'01/07/2016',1),(337,22,22,'Weekly',1,'02/07/2016',1),(338,22,22,'Weekly',1,'03/07/2016',1),(339,26,26,'Weekly',1,'16/05/2016',1),(340,26,26,'Weekly',1,'17/05/2016',1),(341,26,26,'Weekly',1,'18/05/2016',1),(342,26,26,'Weekly',1,'19/05/2016',1),(343,26,26,'Weekly',1,'20/05/2016',1),(344,26,26,'Weekly',1,'21/05/2016',1),(345,26,26,'Weekly',1,'29/05/2016',1),(346,26,26,'Weekly',1,'30/05/2016',1),(347,26,26,'Weekly',1,'31/05/2016',1),(348,26,26,'Weekly',1,'01/06/2016',1),(349,26,26,'Weekly',1,'02/06/2016',1),(350,26,26,'Weekly',1,'03/06/2016',1),(351,26,26,'Weekly',1,'04/06/2016',1),(352,8,8,'Weekly',2,'23/03/2016',1),(353,8,8,'Weekly',2,'24/03/2016',1),(354,8,8,'Weekly',2,'25/03/2016',1),(355,8,8,'Weekly',2,'26/03/2016',1),(356,8,8,'Weekly',2,'27/03/2016',1),(357,8,8,'Weekly',2,'28/03/2016',1),(358,8,8,'Weekly',2,'29/03/2016',1),(359,27,27,'Weekly',2,'23/03/2016',1),(360,27,27,'Weekly',2,'24/03/2016',1),(361,27,27,'Weekly',2,'25/03/2016',1),(362,27,27,'Weekly',2,'26/03/2016',1),(363,27,27,'Weekly',2,'27/03/2016',1),(364,27,27,'Weekly',2,'28/03/2016',1),(365,27,27,'Weekly',2,'29/03/2016',1),(366,25,25,'Weekly',2,'23/03/2016',1),(367,25,25,'Weekly',2,'24/03/2016',1),(368,25,25,'Weekly',2,'25/03/2016',1),(369,25,25,'Weekly',2,'26/03/2016',1),(370,25,25,'Weekly',2,'27/03/2016',1),(371,25,25,'Weekly',2,'28/03/2016',1),(372,25,25,'Weekly',2,'29/03/2016',1),(373,27,27,'Weekly',2,'23/03/2016',1),(374,27,27,'Weekly',2,'24/03/2016',1),(375,27,27,'Weekly',2,'25/03/2016',1),(376,27,27,'Weekly',2,'26/03/2016',1),(377,27,27,'Weekly',2,'27/03/2016',1),(378,27,27,'Weekly',2,'28/03/2016',1),(379,27,27,'Weekly',2,'29/03/2016',1),(380,21,21,'Weekly',1,'29/05/2016',1),(381,21,21,'Weekly',1,'30/05/2016',1),(382,21,21,'Weekly',1,'31/05/2016',1),(383,21,21,'Weekly',1,'01/06/2016',1),(384,21,21,'Weekly',1,'02/06/2016',1),(385,21,21,'Weekly',1,'03/06/2016',1),(386,21,21,'Weekly',1,'04/06/2016',1),(387,21,21,'Weekly',1,'29/05/2016',1),(388,21,21,'Weekly',1,'30/05/2016',1),(389,21,21,'Weekly',1,'31/05/2016',1),(390,21,21,'Weekly',1,'01/06/2016',1),(391,21,21,'Weekly',1,'02/06/2016',1),(392,21,21,'Weekly',1,'03/06/2016',1),(393,21,21,'Weekly',1,'04/06/2016',1),(394,21,21,'Weekly',1,'26/06/2016',1),(395,21,21,'Weekly',1,'27/06/2016',1),(396,21,21,'Weekly',1,'28/06/2016',1),(397,21,21,'Weekly',1,'29/06/2016',1),(398,21,21,'Weekly',1,'30/06/2016',1),(399,21,21,'Weekly',1,'01/07/2016',1),(400,21,21,'Weekly',1,'02/07/2016',1),(401,21,21,'Weekly',2,'23/03/2016',1),(402,21,21,'Weekly',2,'24/03/2016',1),(403,21,21,'Weekly',2,'25/03/2016',1),(404,21,21,'Weekly',2,'26/03/2016',1),(405,21,21,'Weekly',2,'27/03/2016',1),(406,21,21,'Weekly',2,'28/03/2016',1),(407,21,21,'Weekly',2,'29/03/2016',1),(408,21,21,'Weekly',2,'23/03/2016',1),(409,21,21,'Weekly',2,'24/03/2016',1),(410,21,21,'Weekly',2,'25/03/2016',1),(411,21,21,'Weekly',2,'26/03/2016',1),(412,21,21,'Weekly',2,'27/03/2016',1),(413,21,21,'Weekly',2,'28/03/2016',1),(414,21,21,'Weekly',2,'23/03/2016',1),(415,21,21,'Weekly',2,'24/03/2016',1),(416,21,21,'Weekly',2,'25/03/2016',1),(417,21,21,'Weekly',2,'26/03/2016',1),(418,21,21,'Weekly',2,'27/03/2016',1),(419,21,21,'Weekly',2,'28/03/2016',1),(420,8,8,'Weekly',2,'29/05/2016',1),(421,8,8,'Weekly',2,'30/05/2016',1),(422,8,8,'Weekly',2,'31/05/2016',1),(423,8,8,'Weekly',2,'01/06/2016',1),(424,8,8,'Weekly',2,'02/06/2016',1),(425,8,8,'Weekly',2,'03/06/2016',1),(426,8,8,'Weekly',2,'04/06/2016',1),(427,21,21,'Weekly',2,'29/05/2016',1),(428,21,21,'Weekly',2,'30/05/2016',1),(429,21,21,'Weekly',2,'31/05/2016',1),(430,21,21,'Weekly',2,'01/06/2016',1),(431,21,21,'Weekly',2,'02/06/2016',1),(432,21,21,'Weekly',2,'03/06/2016',1),(433,21,21,'Weekly',2,'04/06/2016',1),(434,22,22,'Weekly',2,'26/06/2016',1),(435,22,22,'Weekly',2,'27/06/2016',1),(436,22,22,'Weekly',2,'28/06/2016',1),(437,22,22,'Weekly',2,'29/06/2016',1),(438,22,22,'Weekly',2,'30/06/2016',1),(439,22,22,'Weekly',2,'01/07/2016',1),(440,22,22,'Weekly',2,'02/07/2016',1),(441,21,21,'Weekly',2,'01/05/2016',1),(442,21,21,'Weekly',2,'02/05/2016',1),(443,21,21,'Weekly',2,'04/05/2016',1),(444,21,21,'Weekly',2,'05/05/2016',1),(445,21,21,'Weekly',2,'06/05/2016',1),(446,21,21,'Weekly',2,'07/05/2016',1),(447,1,1,'Weekly',2,'23/05/2016',1),(448,1,1,'Weekly',2,'24/05/2016',1),(449,1,1,'Weekly',2,'25/05/2016',1),(450,1,1,'Weekly',2,'26/05/2016',1),(451,1,1,'Weekly',2,'27/05/2016',1),(452,11,11,'Daily',2,'29/04/2016',1),(459,23,23,'Weekly',2,'23/05/2016',1),(460,23,23,'Weekly',2,'24/05/2016',1),(461,23,23,'Weekly',2,'25/05/2016',1),(462,23,23,'Weekly',2,'26/05/2016',1),(463,23,23,'Weekly',2,'27/05/2016',1),(464,23,23,'Weekly',2,'28/05/2016',1),(465,24,24,'Weekly',2,'23/05/2016',1),(466,24,24,'Weekly',2,'24/05/2016',1),(467,24,24,'Weekly',2,'25/05/2016',1),(468,24,24,'Weekly',2,'26/05/2016',1),(469,24,24,'Weekly',2,'27/05/2016',1),(470,24,24,'Weekly',2,'28/05/2016',1),(471,23,23,'Weekly',3,'23/05/2016',1),(472,23,23,'Weekly',3,'24/05/2016',1),(473,23,23,'Weekly',3,'25/05/2016',1),(474,23,23,'Weekly',3,'26/05/2016',1),(475,23,23,'Weekly',3,'27/05/2016',1),(476,23,23,'Weekly',3,'28/05/2016',1),(477,21,21,'Daily',3,'08/05/2016',1),(478,4,4,'Daily',3,'29/04/2016',1),(479,30,30,'Daily',3,'30/04/2016',1),(480,35,35,'Weekly',20,'23/05/2016',1),(481,35,35,'Weekly',20,'24/05/2016',1),(482,35,35,'Weekly',20,'25/05/2016',1),(483,35,35,'Weekly',20,'26/05/2016',1),(484,35,35,'Weekly',20,'27/05/2016',1),(485,35,35,'Weekly',20,'28/05/2016',1),(486,35,35,'Daily',20,'29/04/2016',1),(487,35,35,'Daily',20,'30/04/2016',1),(488,25,25,'Daily',20,'29/04/2016',1),(489,24,24,'Daily',20,'29/04/2016',1),(490,27,27,'Weekly',20,'19/05/2016',1),(491,27,27,'Weekly',20,'21/05/2016',1),(492,27,27,'Weekly',20,'22/05/2016',1),(493,27,27,'Weekly',20,'23/05/2016',1),(494,27,27,'Weekly',20,'24/05/2016',1),(495,27,27,'Weekly',20,'25/05/2016',1),(496,11,11,'Daily',1,'28/04/2016',1),(497,11,11,'Daily',1,'27/04/2016',1),(498,13,13,'Daily',1,'21/04/2016',1),(499,13,13,'Daily',1,'22/04/2016',1),(500,25,25,'Weekly',1,'22/04/2016',1),(501,25,25,'Weekly',1,'25/04/2016',1),(502,25,25,'Weekly',1,'26/04/2016',1),(503,25,25,'Weekly',1,'27/04/2016',1),(504,25,25,'Weekly',1,'28/04/2016',1),(505,25,25,'Weekly',2,'21/04/2016',1),(506,25,25,'Weekly',2,'22/04/2016',1),(507,25,25,'Weekly',2,'25/04/2016',1),(508,25,25,'Weekly',2,'26/04/2016',1),(509,25,25,'Weekly',2,'27/04/2016',1),(510,16,16,'Daily',1,'21/05/2016',1),(511,13,13,'Daily',1,'28/04/2016',1),(512,8,8,'Daily',6,'26/05/2016',1),(513,22,22,'Daily',6,'29/04/2016',1),(514,22,22,'Daily',6,'28/04/2016',1),(515,35,35,'Daily',6,'21/05/2016',1),(516,35,35,'Daily',6,'22/04/2016',1),(517,35,35,'Daily',6,'23/04/2016',1),(518,1,1,'Daily',6,'09/05/2016',1),(519,15,15,'Daily',6,'27/04/2016',1),(520,3,3,'Daily',6,'27/04/2016',1),(521,3,3,'Daily',6,'27/04/2016',1),(522,3,3,'Daily',6,'26/04/2016',1),(523,1,1,'Daily',1,'31/05/2016',1),(524,1,1,'Daily',1,'31/05/2016',1),(525,1,1,'Daily',1,'31/05/2016',1),(526,1,1,'Daily',1,'31/05/2016',1),(527,1,1,'Daily',1,'31/05/2016',1),(528,1,1,'Daily',1,'05/05/2016',1),(529,3,3,'Daily',1,'30/04/2016',1),(530,21,21,'Weekly',1,'18/05/2016',1),(531,21,21,'Weekly',1,'19/05/2016',1),(532,21,21,'Weekly',1,'20/05/2016',1),(533,21,21,'Weekly',1,'21/05/2016',1),(534,21,21,'Weekly',1,'22/05/2016',1),(535,21,21,'Weekly',1,'23/05/2016',1),(536,21,21,'Weekly',1,'26/05/2016',1),(537,21,21,'Weekly',1,'27/05/2016',1),(538,21,21,'Weekly',1,'28/05/2016',1),(539,21,21,'Weekly',1,'29/05/2016',1),(540,21,21,'Weekly',1,'30/05/2016',1),(541,21,21,'Weekly',1,'31/05/2016',1),(542,21,21,'Weekly',1,'01/06/2016',1),(543,8,8,'Daily',1,'19/05/2016',1),(544,3,3,'Daily',1,'03/06/2016',1),(545,8,8,'Daily',1,'20/05/2016',1),(546,72,72,'Daily',2,'7/4/2016',2),(547,72,72,'Daily',2,'8/4/2016',2),(548,72,72,'Daily',2,'7/4/2016',2),(549,72,72,'Daily',2,'8/4/2016',2),(550,72,72,'Daily',2,'7/4/2016',1),(551,72,72,'Daily',2,'8/4/2016',1),(552,72,72,'Daily',2,'7/4/2016',1),(553,72,72,'Daily',2,'8/4/2016',1),(554,72,72,'Daily',2,'7/4/2016',1),(555,72,72,'Daily',2,'8/4/2016',1),(556,72,72,'Daily',2,'7/4/2016',2),(557,72,72,'Daily',2,'8/4/2016',2),(558,71,71,'Daily',2,'7/4/2016',2),(559,71,71,'Daily',2,'8/4/2016',2),(560,71,71,'Daily',2,'7/4/2016',2),(561,71,71,'Daily',2,'8/4/2016',2),(562,71,71,'Daily',2,'7/4/2016',2),(563,71,71,'Daily',2,'8/4/2016',2),(564,63,63,'Daily',1,'10/05/2016',1),(565,63,63,'Daily',1,'11/05/2016',1),(566,63,63,'Daily',2,'7/4/2016',1),(567,63,63,'Daily',2,'8/4/2016',1),(568,63,63,'Daily',2,'7/4/2016',1),(569,63,63,'Daily',2,'8/4/2016',1),(570,63,63,'Daily',2,'7/4/2016',1),(571,63,63,'Daily',2,'8/4/2016',1),(572,53,53,'Daily',1,'20/05/2016',1),(573,53,53,'Daily',1,'21/05/2016',1),(574,53,53,'Daily',1,'27/05/2016',1),(575,65,65,'Daily',1,'13/05/2016',1),(576,49,49,'Daily',1,'19/05/2016',1),(577,58,58,'Weekly',3,'25/05/2016',1),(578,58,58,'Weekly',3,'26/05/2016',1),(579,58,58,'Weekly',3,'27/05/2016',1),(580,58,58,'Weekly',3,'28/05/2016',1),(581,58,58,'Weekly',3,'30/05/2016',1),(582,58,58,'Weekly',3,'31/05/2016',1),(583,52,52,'Weekly',1,'28/05/2016',1),(584,52,52,'Weekly',1,'30/05/2016',1),(585,52,52,'Weekly',1,'31/05/2016',1),(586,52,52,'Weekly',1,'01/06/2016',1),(587,52,52,'Weekly',1,'02/06/2016',1),(588,52,52,'Weekly',1,'03/06/2016',1),(589,20,20,'Weekly',1,'25/05/2016',1),(590,20,20,'Weekly',1,'26/05/2016',1),(591,20,20,'Weekly',1,'27/05/2016',1),(592,20,20,'Weekly',1,'28/05/2016',1),(593,20,20,'Weekly',1,'30/05/2016',1),(594,20,20,'Weekly',1,'31/05/2016',1),(595,20,20,'Weekly',1,'28/05/2016',1),(596,20,20,'Weekly',1,'30/05/2016',1),(597,20,20,'Weekly',1,'31/05/2016',1),(598,20,20,'Weekly',1,'01/06/2016',1),(599,20,20,'Weekly',1,'02/06/2016',1),(600,20,20,'Weekly',1,'03/06/2016',1),(601,60,60,'Daily',1,'02/06/2016',1),(602,60,60,'Daily',1,'01/06/2016',1),(603,3,3,'Daily',1,'24/05/2016',1),(604,3,3,'Daily',1,'17/05/2016',1),(605,3,3,'Daily',1,'18/05/2016',1),(606,4,4,'Daily',1,'18/05/2016',1),(607,8,8,'Daily',1,'24/05/2016',1),(608,3,3,'Daily',1,'19/05/2016',1),(609,3,3,'Daily',1,'20/05/2016',1),(610,3,3,'Daily',1,'21/05/2016',1),(611,77,77,'Daily',1,'12/05/2016',1),(612,77,77,'Daily',1,'13/05/2016',1),(613,1,1,'Daily',1,'08/06/2016',1),(614,1,1,'Daily',1,'09/06/2016',1),(615,1,1,'Daily',1,'10/06/2016',1),(616,3,3,'Daily',1,'19/05/2016',1),(617,4,4,'Daily',1,'20/05/2016',1),(618,21,21,'Weekly',1,'19/05/2016',1),(619,21,21,'Weekly',1,'20/05/2016',1),(620,21,21,'Weekly',1,'21/05/2016',1),(621,21,21,'Weekly',1,'22/05/2016',1),(622,21,21,'Weekly',1,'23/05/2016',1),(623,21,21,'Weekly',1,'25/05/2016',1),(624,59,59,'Daily',1,'28/05/2016',1),(625,59,59,'Daily',1,'27/05/2016',1),(626,59,59,'Daily',1,'26/05/2016',1),(627,77,77,'Daily',1,'25/05/2016',1),(628,65,65,'Daily',1,'20/05/2016',1),(629,8,8,'Daily',1,'21/05/2016',1),(630,11,11,'Daily',1,'26/05/2016',1),(631,140,140,'Daily',1,'19/05/2016',1),(632,66,66,'Weekly',1,'17/05/2016',1),(633,66,66,'Weekly',1,'18/05/2016',1),(634,66,66,'Weekly',1,'20/05/2016',1),(635,66,66,'Weekly',1,'21/05/2016',1),(636,66,66,'Weekly',1,'22/05/2016',1),(637,66,66,'Weekly',1,'23/05/2016',1),(638,66,66,'Weekly',1,'24/05/2016',1),(639,66,66,'Weekly',1,'25/05/2016',1),(640,66,66,'Weekly',1,'27/05/2016',1),(641,66,66,'Weekly',1,'28/05/2016',1),(642,66,66,'Weekly',1,'29/05/2016',1),(643,66,66,'Weekly',1,'30/05/2016',1),(644,66,66,'Weekly',1,'31/05/2016',1),(645,66,66,'Weekly',1,'01/06/2016',1),(646,66,66,'Weekly',1,'02/06/2016',1),(647,66,66,'Weekly',1,'03/06/2016',1),(648,66,66,'Weekly',1,'04/06/2016',1),(649,65,65,'Daily',1,'20/05/2016',2),(650,4,4,'Daily',1,'18/05/2016',1),(651,8,8,'Daily',1,'06/06/2016',1),(652,8,8,'Daily',1,'07/06/2016',1),(653,8,8,'Daily',1,'08/06/2016',1),(654,8,8,'Daily',1,'09/06/2016',1),(655,8,8,'Daily',1,'10/06/2016',1),(656,8,8,'Daily',1,'11/06/2016',1),(657,8,8,'Daily',1,'31/05/2016',1),(658,8,759,'Daily',1,'23/05/2016',1),(659,79,760,'Weekly',1,'17/05/2016',1),(660,79,760,'Weekly',1,'18/05/2016',1),(661,79,760,'Weekly',1,'19/05/2016',1),(662,79,760,'Weekly',1,'20/05/2016',1),(663,79,760,'Weekly',1,'21/05/2016',1),(664,79,760,'Weekly',1,'23/05/2016',1),(665,30,762,'Daily',1,'09/06/2016',1),(666,30,762,'Daily',1,'03/06/2016',1),(667,30,762,'Daily',1,'11/06/2016',1),(668,30,762,'Daily',1,'18/06/2016',1),(669,30,762,'Daily',1,'25/06/2016',1),(670,8,763,'Weekly',1,'17/05/2016',1),(671,8,763,'Weekly',1,'18/05/2016',1),(672,8,763,'Weekly',1,'19/05/2016',1),(673,8,763,'Weekly',1,'20/05/2016',1),(674,8,763,'Weekly',1,'21/05/2016',1),(675,8,763,'Weekly',1,'23/05/2016',1),(676,158,765,'Daily',1,'17/05/2016',1),(677,158,765,'Daily',1,'01/06/2016',1),(678,158,765,'Daily',1,'25/05/2016',1),(679,153,770,'Daily',1,'26/05/2016',1),(680,18,772,'Daily',1,'26/05/2016',1),(681,37,774,'Daily',1,'27/05/2016',3),(682,37,774,'Daily',1,'25/05/2016',3),(683,64,776,'Daily',1,'23/05/2016',1),(684,57,777,'Daily',1,'25/05/2016',2),(685,57,777,'Daily',1,'26/05/2016',2),(686,57,777,'Daily',1,'27/05/2016',2),(687,57,778,'Daily',1,'25/05/2016',2),(688,11,780,'Daily',1,'25/05/2016',1),(689,11,780,'Daily',1,'26/05/2016',1),(690,11,783,'Daily',1,'26/05/2016',1),(691,11,783,'Daily',1,'27/05/2016',1),(692,11,783,'Daily',1,'28/05/2016',1),(693,11,783,'Daily',1,'31/05/2016',1),(694,11,784,'Daily',1,'26/05/2016',1),(695,11,784,'Daily',1,'27/05/2016',1),(696,11,784,'Daily',1,'28/05/2016',1),(697,11,784,'Daily',1,'31/05/2016',1);

--
-- Table structure for table `BizPit_app_event_halls`
--

CREATE TABLE `BizPit_app_event_halls` (
  `id` int(11) NOT NULL AUTO_INCREMENT,
  `property_id` int(11) NOT NULL,
  `capacity` int(11) NOT NULL,
  `duration_half` int(11) DEFAULT NULL,
  `rate_daily` int(11) NOT NULL,
  `rate_halfday` int(11) DEFAULT NULL,
  `shared_images` longtext NOT NULL,
  `room_no` int(11) NOT NULL,
  `daily_offer` varchar(500) NOT NULL,
  `half_offer` varchar(500) NOT NULL,
  PRIMARY KEY (`id`)
) ENGINE=InnoDB AUTO_INCREMENT=156 DEFAULT CHARSET=latin1;

--
-- Dumping data for table `BizPit_app_event_halls`
--

INSERT INTO `BizPit_app_event_halls` VALUES (1,3,20,-1,500,1000,'',1,'ND','ND'),(2,14,20,-1,0,7000,'',1,'ND','ND'),(3,15,10,-1,500,1000,'',1,'ND','ND'),(4,18,17,-1,100,50,'',1,'ND','ND'),(5,30,20,-1,4000,1000,'',1,'ND','ND'),(6,31,20,-1,5000,1500,'',1,'ND','ND'),(7,48,-1,-1,-1,-1,'',1,'ND','ND'),(9,49,50,-1,1000,200,'',1,'ND','ND'),(10,49,10,-1,0,500,'',2,'ND','ND'),(12,60,20,-1,1200,600,'',1,'ND','ND'),(13,60,10,-1,1800,900,'',2,'ND','ND'),(14,61,9,-1,1800,900,'',1,'ND','ND'),(15,61,15,-1,3000,800,'',2,'ND','ND'),(16,62,10,-1,1200,300,'',1,'ND','ND'),(17,64,18,-1,1500,200,'',1,'ND','ND'),(18,64,14,-1,3000,600,'',2,'ND','ND'),(19,65,17,-1,3000,500,'',1,'ND','ND'),(20,67,15,-1,3600,800,'',1,'ND','ND'),(21,67,20,-1,2400,700,'',2,'ND','ND'),(22,71,16,-1,2000,200,'',1,'ND','ND'),(23,71,11,-1,2600,600,'',2,'ND','ND'),(24,71,10,-1,1500,300,'',3,'ND','ND'),(25,71,11,-1,2300,250,'',4,'ND','ND'),(26,71,13,-1,2500,250,'',5,'ND','ND'),(27,72,20,-1,2500,600,'',1,'ND','ND'),(28,73,14,-1,1500,500,'',1,'ND','ND'),(29,73,10,-1,1600,700,'',2,'ND','ND'),(30,74,20,-1,3000,600,'',1,'ND','ND'),(31,76,10,-1,2000,600,'',1,'ND','ND'),(32,87,50,-1,1000,200,'',1,'ND','ND'),(33,87,10,-1,0,500,'',2,'ND','ND'),(34,88,50,-1,1000,200,'',1,'ND','ND'),(35,88,10,-1,0,500,'',2,'ND','ND'),(36,89,50,-1,1000,200,'',1,'ND','ND'),(37,89,10,-1,0,500,'',2,'ND','ND'),(38,100,50,-1,500,250,'',1,'ND','ND'),(39,101,25,-1,600,250,'',1,'ND','ND'),(40,101,20,-1,1000,500,'',2,'ND','ND'),(41,106,20,-1,0,200,'',1,'ND','ND'),(42,106,30,-1,0,300,'',2,'ND','ND'),(43,112,20,-1,0,250,'',1,'ND','ND'),(44,112,50,-1,0,500,'',2,'ND','ND'),(45,119,25,-1,300,150,'',1,'ND','ND'),(46,119,25,-1,250,0,'',2,'ND','ND'),(47,119,25,-1,0,250,'',3,'ND','ND'),(48,119,25,-1,0,600,'',4,'ND','ND'),(49,121,25,-1,0,250,'',1,'ND','ND'),(50,124,25,-1,0,300,'',1,'ND','ND'),(51,125,50,-1,7000,0,'',1,'ND','ND'),(52,128,25,-1,98,58,'',1,'ND','ND'),(53,132,25,-1,500,250,'',1,'ND','ND'),(54,133,25,-1,0,250,'',1,'ND','ND'),(55,136,25,-1,0,250,'',1,'ND','ND'),(56,139,40,-1,4000,0,'',1,'ND','ND'),(57,140,25,-1,50,25,'',1,'ND','ND'),(58,153,50,-1,1000,500,'',1,'ND','ND'),(59,161,25,-1,110,60,'',1,'ND','ND'),(70,162,10,-1,800,400,'',1,'ND','ND'),(76,173,20,-1,0,200,'',1,'ND','ND'),(77,173,40,-1,0,400,'',2,'ND','ND'),(78,171,100,-1,0,1000,'',1,'ND','ND'),(79,174,50,-1,1000,200,'static/174/image_name1.png',1,'ND','ND'),(80,174,10,-1,0,500,'',2,'ND','ND'),(81,174,50,-1,0,200,'static/174/image_name1.png',3,'ND','ND'),(82,175,50,-1,1000,200,'static/175/image_name1.png',1,'ND','ND'),(83,175,10,-1,0,500,'',2,'ND','ND'),(84,175,50,-1,0,200,'static/175/image_name1.png',3,'ND','ND'),(85,176,50,-1,1000,200,'static/176/image_name1.png',1,'ND','ND'),(86,176,10,-1,0,500,'',2,'ND','ND'),(87,176,50,-1,0,200,'static/176/image_name1.png',3,'ND','ND'),(88,177,20,-1,0,500,'static/177/Event.jpg',1,'ND','ND'),(90,186,25,-1,0,500,'static/186/eventhalldd.jpg',1,'ND','ND'),(91,187,25,-1,0,250,'static/187/eventhalldd.jpg',1,'ND','ND'),(104,12,20,-1,0,500,'',1,'ND','ND'),(105,6,40,-1,0,80,'static/6/eventhalldd.jpg',1,'ND','ND'),(106,195,25,-1,0,250,'static/195/eventhalldd.jpg',1,'ND','ND'),(134,42,50,-1,1000,200,'',1,'ND','ND'),(135,42,10,-1,0,500,'',2,'ND','ND'),(136,42,50,-1,0,200,'',3,'ND','ND'),(137,1,25,-1,0,250,'static/1/eventhalldd.jpg',1,'ND','ND'),(138,1,20,-1,0,200,'static/1/meetss.jpg',2,'ND','ND'),(139,203,25,-1,0,250,'',1,'ND','ND'),(140,204,20,-1,0,200,'',2,'ND','ND'),(141,207,50,-1,0,506,'static/207/meetinga.jpg',1,'ND','ND'),(142,207,25,-1,0,25,'static/207/eventhalldd.jpg,static/207/meetinga.jpg',2,'ND','ND'),(143,214,40,-1,0,400,'static/214/meetinga.jpg',1,'ND','ND'),(144,0,25,-1,500,250,'static/0/eventhalldd.jpg',1,'ND','ND'),(145,0,30,-1,0,300,'static/0/meetee.jpg',2,'ND','ND'),(146,227,20,-1,0,20,'static/227/meetinga.jpg',1,'ND','ND'),(147,227,20,-1,0,200,'static/227/coffeeshop - Copy.jpg,static/227/meetinga.jpg',2,'ND','ND'),(148,228,12,-1,0,120,'static/228/meetss.jpg',1,'ND','ND'),(149,228,20,-1,0,200,'static/228/meetee.jpg, static/228/CoworkingSpace1.jpg',2,'ND','ND'),(150,229,20,-1,0,200,'static/229/meetss.jpg',1,'ND','ND'),(151,229,20,-1,50,40,'static/229/meet.jpg',2,'ND','ND'),(155,236,21,-1,500,300,'static/236/tra.jpg,static/236/meetinga.jpg,static/236/eventhalldd.jpg',1,'3%','1%');

--
-- Table structure for table `BizPit_app_favourite`
--

CREATE TABLE `BizPit_app_favourite` (
  `id` int(11) NOT NULL AUTO_INCREMENT,
  `user_id` int(11) NOT NULL,
  `property_id` int(11) NOT NULL,
  `count` int(11) NOT NULL,
  `status` varchar(500) NOT NULL,
  PRIMARY KEY (`id`)
) ENGINE=InnoDB AUTO_INCREMENT=80 DEFAULT CHARSET=latin1;

--
-- Dumping data for table `BizPit_app_favourite`
--

INSERT INTO `BizPit_app_favourite` VALUES (1,1,2,1,'true'),(4,1,1,1,'true'),(5,1,3,1,'true'),(6,4,18,4,'false'),(7,4,17,4,'false'),(8,1,12,1,'true'),(9,1,4,1,'false'),(10,1,10,1,'false'),(11,10,25,10,'true'),(12,10,24,10,'true'),(14,10,1,10,'true'),(15,2,9,2,'false'),(16,4,4,4,'false'),(17,2,4,2,'true'),(20,1,31,1,'false'),(22,1,21,1,'false'),(23,5,2,5,'true'),(24,10,30,10,'false'),(25,10,2,10,'true'),(26,10,16,10,'true'),(27,10,4,10,'true'),(28,2,8,2,'true'),(29,1,14,1,'false'),(30,10,9,10,'false'),(31,10,8,10,'true'),(32,10,10,10,'true'),(33,10,11,10,'true'),(34,10,14,10,'true'),(35,10,15,10,'false'),(36,10,18,10,'true'),(37,10,31,10,'true'),(38,10,21,10,'true'),(39,10,12,10,'true'),(40,10,3,10,'true'),(41,10,17,10,'true'),(42,10,26,10,'true'),(43,10,13,10,'false'),(44,10,27,10,'false'),(45,10,22,10,'true'),(46,10,35,10,'true'),(47,2,10,2,'true'),(48,10,37,10,'true'),(49,10,28,10,'true'),(50,10,69,10,'true'),(51,10,60,10,'true'),(52,10,58,10,'true'),(53,18,76,18,'true'),(54,10,53,10,'true'),(55,10,77,10,'true'),(56,10,20,10,'true'),(57,10,34,10,'false'),(58,10,32,10,'true'),(59,10,76,10,'true'),(60,10,71,10,'true'),(61,10,75,10,'true'),(62,10,64,10,'false'),(63,2,1,2,'false'),(64,4,1,4,'true'),(65,4,60,4,'false'),(66,10,56,10,'true'),(67,2,3,2,'true'),(68,2,69,2,'false'),(69,4,76,4,'false'),(70,2,65,2,'false'),(71,4,56,4,'true'),(72,26,16,26,'false'),(73,26,30,26,'true'),(74,4,20,4,'true'),(75,2,153,2,'true'),(76,4,65,4,'true'),(77,2,12,2,'true'),(78,2,11,2,'true'),(79,4,11,4,'true');

--
-- Table structure for table `BizPit_app_holidays`
--

CREATE TABLE `BizPit_app_holidays` (
  `id` int(11) NOT NULL AUTO_INCREMENT,
  `property_id` int(11) NOT NULL,
  `holidays` varchar(500) NOT NULL,
  PRIMARY KEY (`id`)
) ENGINE=InnoDB AUTO_INCREMENT=321 DEFAULT CHARSET=latin1;

--
-- Dumping data for table `BizPit_app_holidays`
--

INSERT INTO `BizPit_app_holidays` VALUES (1,1,'26/05/2016'),(2,2,'[26/05/2016,22/06/2016,23/06/2016]'),(3,3,'26/05/2016'),(5,4,'[26/05/2016]'),(6,5,'25/05/2016'),(7,6,'08/04/2016'),(8,7,'25/05/2016'),(9,8,'08/04/2016'),(10,9,'08/04/2016'),(11,10,'01/05/2016'),(12,11,'01/05/2016'),(13,12,'[15/04/2016,29/04/2016]'),(14,13,'20/04/2016,20/04/2016,26/05/2016,27/05/2016'),(15,14,'22/04/2016'),(16,15,'28/04/2016'),(17,16,'30/04/2016,26/04/2016'),(18,17,'28/04/2016'),(19,18,'18/04/2016'),(20,19,'20/04/2016'),(21,20,'21/04/2016'),(22,21,'19/04/2016'),(23,22,'19/04/2016'),(24,23,'21/04/2016'),(25,24,'21/04/2016'),(26,25,'20/04/2016'),(27,26,'19/04/2016'),(28,27,'19/04/2016'),(29,28,'18/04/2016'),(30,29,'18/04/2016'),(31,30,'18/04/2016'),(32,30,'18/04/2016'),(33,31,'18/04/2016'),(34,32,'11/04/2016,19/04/2016,27/04/2016'),(35,33,'24/05/2016'),(36,34,'24/04/2016'),(37,35,'28/04/2016'),(38,36,'24/05/2016'),(39,36,'24/05/2016'),(40,37,'24/05/2016'),(41,38,'30/04/2016'),(42,38,'29/04/2016'),(43,39,'30/04/2016'),(44,40,'24/05/2016'),(45,41,'24/05/2016'),(46,41,'24/05/2016'),(47,42,''),(48,43,'28/04/2016'),(49,44,'25/04/2016'),(50,45,'23/04/2016'),(51,46,'25/04/2016'),(52,47,'27/04/2016,28/04/2016'),(53,48,'24/05/2016'),(54,49,'24/05/2016'),(56,49,'24/05/2016'),(57,49,'24/05/2016'),(59,51,'30/04/2016'),(60,52,'29/04/2016'),(61,52,'29/04/2016'),(62,53,'03/05/2016'),(63,54,'04/05/2016'),(64,55,'24/05/2016'),(65,56,'24/05/2016'),(66,57,'30/04/2016'),(67,58,'02/05/2016'),(68,59,'13/05/2016'),(69,60,'30/04/2016'),(70,61,'30/04/2016'),(71,62,'23/05/2016'),(72,63,'28/04/2016'),(73,64,'28/04/2016'),(74,65,'12/05/2016'),(75,66,'12/05/2016'),(76,67,'31/05/2016'),(77,68,'24/05/2016'),(78,69,'25/05/2016'),(79,70,'24/05/2016'),(80,71,'24/05/2016'),(81,72,'30/04/2016'),(82,73,'24/05/2016'),(83,74,'12/05/2016'),(84,74,'11/05/2016'),(85,74,'24/05/2016'),(86,75,'24/05/2016'),(87,76,'24/05/2016'),(88,77,'24/05/2016'),(89,78,'24/05/2016'),(90,78,'31/05/2016'),(91,79,'31/05/2016'),(92,80,'26/05/2016'),(93,81,'26/05/2016'),(94,82,'26/05/2016'),(95,83,'24/05/2016'),(96,84,'10/05/2016'),(97,85,'10/05/2016'),(98,86,'25/05/2016'),(99,86,'25/05/2016'),(100,86,'25/05/2016'),(101,86,'25/05/2016'),(102,86,'25/05/2016'),(103,86,'25/05/2016'),(104,86,'25/05/2016'),(105,86,'25/05/2016'),(106,86,'25/05/2016'),(107,87,'26/05/2016'),(108,88,'26/05/2016'),(109,89,'26/05/2016'),(110,90,'26/05/2016'),(111,91,'26/05/2016'),(112,92,'26/05/2016'),(113,93,'26/05/2016'),(114,94,'13/05/2016'),(115,95,'11/05/2016'),(116,96,'18/05/2016'),(117,96,'10/05/2016'),(118,97,'15/05/2016'),(119,98,'11/05/2016'),(120,99,'19/05/2016'),(121,100,'18/05/2016'),(122,100,'19/05/2016'),(123,101,'19/05/2016'),(124,102,'26/05/2016'),(125,103,'26/05/2016'),(126,104,'26/05/2016'),(127,104,'26/05/2016'),(128,105,'26/05/2016'),(129,106,'26/05/2016'),(130,107,'18/05/2016'),(131,108,'16/05/2016'),(132,109,'26/05/2016'),(133,110,'26/05/2016'),(134,111,'26/05/2016'),(135,112,'26/05/2016'),(136,113,'15/05/2016'),(137,114,'26/05/2016'),(138,115,'26/05/2016'),(139,116,'16/05/2016'),(140,117,'26/05/2016'),(141,118,'26/05/2016'),(142,119,'26/05/2016'),(143,120,'26/05/2016'),(144,121,'26/05/2016'),(145,122,'26/05/2016'),(146,122,'26/05/2016'),(147,123,'26/05/2016'),(148,124,'26/05/2016'),(149,125,'26/05/2016'),(150,126,'26/05/2016'),(151,127,'26/05/16'),(152,128,'19/05/16'),(153,129,'19/05/16'),(154,130,'15/05/16'),(155,131,'26/05/16'),(156,132,'30/05/16'),(157,133,'27/05/16'),(158,134,'16/05/16'),(159,135,'30/05/16'),(160,136,'16/05/16'),(161,136,'15/05/16,16/05/16'),(162,137,'15/05/16'),(163,138,'25/05/16'),(164,139,'26/05/2016'),(165,140,'20/05/16'),(166,141,'17/05/16'),(167,142,'26/05/2016'),(168,143,'26/05/2016'),(169,144,'30/04/2016,26/04/2016'),(170,145,'30/04/2016,26/04/2016'),(171,146,'30/04/2016,26/04/2016'),(172,147,'22/05/16'),(173,148,'22/05/16'),(174,149,'30/04/2016,26/04/2016'),(175,150,'18/05/16'),(176,150,'26/05/16'),(177,151,'26/05/2016'),(178,152,'26/05/2016'),(179,153,'26/05/2016'),(180,154,'26/05/2016'),(181,155,'26/05/2016'),(182,156,'26/05/2016'),(183,157,'26/05/2016'),(184,158,'26/05/2016'),(185,159,'26/05/2016'),(186,159,'26/05/16'),(187,159,'25/05/16'),(188,160,'27/05/16,26/05/16'),(189,161,'23/05/16'),(190,162,'26/05/2016'),(191,163,'26/05/2016'),(192,163,'25/05/16'),(193,164,'26/05/2016'),(194,165,'26/05/2016'),(195,166,'26/05/2016'),(196,167,'26/05/16'),(197,167,'26/05/16'),(198,168,'26/05/16'),(199,169,'25/05/16,26/05/16,27/05/16'),(200,170,'31/05/2016,30/05/2016,26/05/2016'),(201,171,'26/05/2016'),(202,172,'15/06/2016,16/06/2016,23/06/2016,22/06/2016,19/05/2016,02/06/2016'),(203,173,'26/05/2016'),(204,174,'30/04/2016,26/04/2016'),(205,175,'26/05/2016'),(206,175,'26/05/2016'),(207,175,'26/05/2016,27/05/2016'),(209,175,'30/04/2016,26/04/2016'),(210,176,'23/05/2016,24/05/2016,25/05/2016,01/06/2016'),(211,176,'26/05/2016,27/05/2016'),(212,176,'26/05/2016'),(213,176,'26/05/2016'),(214,176,'26/05/2016'),(215,176,'26/05/2016,27/05/2016'),(216,176,'30/04/2016,26/04/2016'),(217,177,'24/05/2016'),(218,177,'24/05/2016'),(220,177,'21/06/2016'),(221,178,'25/05/2016'),(222,179,'28/05/2016'),(223,180,'25/05/2016'),(224,180,'26/05/2016'),(225,181,'23/05/2016'),(226,181,'26/05/2016,25/05/2016'),(227,181,'23/05/2016'),(228,181,'26/05/2016'),(229,182,'31/05/2016,01/06/2016,02/06/2016'),(230,183,'25/05/2016,26/05/2016,31/05/2016'),(234,183,'30/04/2016,26/04/2016'),(235,184,'24/05/2016'),(236,185,'25/05/2016'),(237,185,'25/05/2016'),(238,185,'25/05/2016'),(239,186,'24/05/2016,25/05/2016'),(240,187,'26/05/2016,27/05/2016'),(241,188,''),(242,188,'20/05/2016'),(243,188,'24/05/2016'),(244,0,'27/05/2016'),(245,1,'25/05/2016'),(246,2,'[26/05/2016,22/06/2016,23/06/2016]'),(247,3,'24/06/2016,25/06/2016'),(248,4,'25/05/2016,26/05/2016'),(249,5,'25/05/2016'),(250,6,'24/05/2016'),(251,7,'25/05/2016'),(252,8,'31/05/2016,01/06/2016,02/06/2016'),(253,189,'25/05/2016'),(254,190,'30/04/2016,26/04/2016'),(255,191,'24/05/2016,25/05/2016,23/05/2016'),(256,192,'30/04/2016,26/04/2016'),(257,193,'30/04/2016,26/04/2016'),(258,194,'30/04/2016,26/04/2016'),(259,195,'25/05/2016,26/05/2016'),(260,196,'25/05/2016'),(261,0,'23/05/2016'),(262,196,'23/05/2016'),(263,197,'25/05/2016,25/05/2016'),(264,198,'24/05/2016'),(265,199,'25/05/2016'),(266,200,'25/05/2016'),(267,201,'25/05/2016'),(268,202,'25/05/2016'),(269,0,'25/05/2016'),(270,1,'26/05/2016'),(271,2,'26/05/2016'),(272,205,'25/05/2016,26/05/2016,25/05/2016,26/05/2016,25/05/2016,26/05/2016,25/05/2016,26/05/2016,25/05/2016,26/05/2016,25/05/2016,26/05/2016,25/05/2016,26/05/2016,25/05/2016,26/05/2016,25/05/2016,26/05/2016,25/05/2016,26/05/2016,25/05/2016,26/05/2016,25/05/2016,26/05/2016,25/05/2016,26/05/2016,25/05/2016,26/05/2016,25/05/2016,26/05/2016,25/05/2016,26/05/2016'),(273,206,'25/05/2016'),(274,207,'25/05/2016,25/05/2016,25/05/2016,25/05/2016,25/05/2016,25/05/2016,25/05/2016,25/05/2016'),(275,208,'26/05/2016,26/05/2016'),(276,209,'26/05/2016'),(277,210,''),(278,211,''),(279,212,'26/05/2016'),(280,213,'24/05/2016,25/05/2016,24/05/2016,25/05/2016'),(281,214,'26/05/2016'),(282,215,'26/05/2016'),(283,216,'25/05/2016'),(284,217,'25/05/2016'),(285,218,'01/06/2016'),(286,0,'01/06/2016'),(287,0,'01/06/2016'),(288,0,'01/06/2016'),(289,1,'01/06/2016'),(290,0,'01/06/2016'),(291,1,'01/06/2016'),(292,0,'01/06/2016,27/05/2016'),(293,218,'01/06/2016'),(294,218,'01/06/2016'),(295,219,'01/06/2016'),(296,219,'01/06/2016'),(297,219,'01/06/2016'),(298,220,'25/05/2016,25/05/2016'),(299,221,'02/06/2016'),(300,222,'02/06/2016'),(301,223,'25/05/2016'),(302,224,''),(303,225,''),(304,226,'01/06/2016,02/06/2016,01/06/2016,02/06/2016,01/06/2016,02/06/2016,01/06/2016,02/06/2016'),(305,227,'25/05/2016,25/05/2016'),(306,228,'25/05/2016,01/06/2016,02/06/2016'),(307,229,'25/05/2016'),(308,230,'26/05/2016,31/05/2016,26/05/2016,31/05/2016,26/05/2016,31/05/2016,26/05/2016,31/05/2016,01/06/2016'),(309,231,'28/05/2016,01/06/2016,28/05/2016,01/06/2016'),(310,232,''),(312,233,'25/05/2016'),(313,234,'25/05/2016,26/05/2016'),(314,235,'26/05/2016,26/05/2016,26/05/2016,26/05/2016,26/05/2016,26/05/2016,26/05/2016,26/05/2016,26/05/2016,26/05/2016,26/05/2016,26/05/2016,26/05/2016,26/05/2016,26/05/2016,26/05/2016,26/05/2016,26/05/2016,26/05/2016,26/05/2016,26/05/2016,26/05/2016,26/05/2016,26/05/2016,26/05/2016,26/05/2016,26/05/2016,26/05/2016,26/05/2016,26/05/2016,26/05/2016,26/05/2016'),(315,236,'27/05/2016,27/05/2016,02/06/2016'),(316,237,''),(317,238,'26/05/2016,27/05/2016,26/05/2016,27/05/2016'),(318,239,'26/05/2016'),(319,240,'02/06/2016'),(320,240,'26/05/2016');

--
-- Table structure for table `BizPit_app_hourly_booking`
--

CREATE TABLE `BizPit_app_hourly_booking` (
  `id` int(11) NOT NULL AUTO_INCREMENT,
  `property_id` int(11) NOT NULL,
  `booking_id` int(11) NOT NULL,
  `booked_by` varchar(100) DEFAULT NULL,
  `booked_by_id` int(11) DEFAULT NULL,
  `date` varchar(100) DEFAULT NULL,
  `start_time` varchar(100) NOT NULL,
  `end_time` varchar(100) NOT NULL,
  `property_type` varchar(100) DEFAULT NULL,
  `head_count` int(11) NOT NULL,
  `timestamp` varchar(100) NOT NULL,
  PRIMARY KEY (`id`)
) ENGINE=InnoDB DEFAULT CHARSET=latin1;

--
-- Dumping data for table `BizPit_app_hourly_booking`
--


--
-- Table structure for table `BizPit_app_hourly_halfday_booking`
--

CREATE TABLE `BizPit_app_hourly_halfday_booking` (
  `id` int(11) NOT NULL AUTO_INCREMENT,
  `property_id` int(11) NOT NULL,
  `booking_id` int(11) NOT NULL,
  `booking_type` varchar(100) NOT NULL,
  `head_count` int(11) NOT NULL,
  `date` varchar(100) NOT NULL,
  `time` varchar(100) NOT NULL,
  `room_no` int(11) NOT NULL,
  PRIMARY KEY (`id`)
) ENGINE=InnoDB AUTO_INCREMENT=2634 DEFAULT CHARSET=latin1;

--
-- Dumping data for table `BizPit_app_hourly_halfday_booking`
--

INSERT INTO `BizPit_app_hourly_halfday_booking` VALUES (2,1,2,'Hourly',10,'11/04/2016','11:00am',1),(3,1,3,'Hourly',10,'12/04/2016','10:00am',1),(4,2,4,'Hourly',10,'11/04/2016','10:00am',1),(5,1,5,'Hourly',10,'11/04/2016','08:00am',1),(6,1,5,'Hourly',10,'11/04/2016','09:00am',1),(7,1,6,'Hourly',10,'11/04/2016','12:00pm',1),(8,1,7,'Hourly',10,'11/04/2016','01:00pm',1),(9,1,8,'Hourly',10,'13/04/2016','01:00pm',1),(10,3,9,'Hourly',10,'07/04/2016','09:00am-12:00pm',1),(11,2,10,'Hourly',10,'10/04/2016','02:00pm',1),(12,1,11,'Hourly',10,'07/04/2016','01:00pm',1),(13,1,12,'Hourly',10,'11/04/2016','02:00pm',1),(14,1,13,'Hourly',10,'11/04/2016','03:00pm',1),(15,2,15,'Hourly',10,'10/04/2016','03:00pm',1),(16,2,16,'Hourly',10,'08/04/2016','01:00pm',1),(17,2,18,'Hourly',10,'09/04/2016','02:00pm',1),(18,2,19,'Hourly',10,'10/04/2016','12:00pm',1),(19,2,19,'Hourly',10,'10/04/2016','01:00pm',1),(20,2,19,'Hourly',10,'10/04/2016','02:00pm',1),(21,2,20,'Hourly',10,'10/04/2016','01:00pm',1),(22,2,21,'Hourly',10,'10/04/2016','12:00pm',1),(23,1,22,'Hourly',10,'15/04/2016','09:00am',1),(24,1,22,'Hourly',10,'15/04/2016','10:00am',1),(25,1,22,'Hourly',10,'15/04/2016','11:00am',1),(26,3,23,'HalfDay',10,'09/04/2016','09:00am-12:00pm',1),(27,4,24,'HalfDay',10,'10/04/2016','11:30am',1),(28,3,25,'HalfDay',10,'13/04/2016','11:00am',1),(29,2,26,'Hourly',10,'07/04/2016','10:00am',1),(30,3,27,'HalfDay',2,'09/04/2016','05:00pm',1),(31,2,27,'Hourly',10,'09/04/2016','12:00pm',1),(32,2,27,'Hourly',10,'09/04/2016','01:00pm',1),(33,2,28,'Hourly',10,'09/04/2016','11:00am',1),(34,2,28,'Hourly',10,'10/04/2016','11:00am',1),(35,2,28,'Hourly',10,'09/04/2016','12:00pm',1),(36,2,28,'Hourly',10,'10/04/2016','12:00pm',1),(37,2,29,'Hourly',10,'09/04/2016','11:00am',1),(38,2,29,'Hourly',10,'10/04/2016','11:00am',1),(39,2,29,'Hourly',10,'09/04/2016','12:00pm',1),(40,2,29,'Hourly',10,'09/04/2016','01:00pm',1),(41,2,30,'Hourly',10,'09/04/2016','11:00am',1),(42,2,30,'Hourly',10,'09/04/2016','12:00pm',1),(43,2,30,'Hourly',10,'09/04/2016','01:00pm',1),(44,2,30,'Hourly',10,'10/04/2016','01:00pm',1),(45,2,31,'HalfDay',2,'7/4/2016','09:00am',1),(46,2,31,'HalfDay',2,'7/4/2016','10:00am',1),(47,2,31,'HalfDay',2,'7/4/2016','11:00am',1),(48,2,31,'HalfDay',2,'7/4/2016','12:00pm',1),(49,2,31,'HalfDay',2,'7/4/2016','01:00pm',1),(50,2,31,'HalfDay',2,'8/4/2016','09:00am',1),(57,2,33,'HalfDay',2,'8/4/2016','09:00am',1),(58,2,33,'HalfDay',2,'8/4/2016','10:00am',1),(59,2,33,'HalfDay',2,'8/4/2016','11:00am',1),(60,2,33,'HalfDay',2,'8/4/2016','12:00pm',1),(61,2,33,'HalfDay',2,'8/4/2016','01:00pm',1),(62,3,34,'HalfDay',2,'09/04/2016','11:00am',1),(63,3,34,'HalfDay',2,'09/04/2016','12:00pm',1),(64,3,34,'HalfDay',2,'09/04/2016','01:00pm',1),(65,3,34,'HalfDay',2,'09/04/2016','02:00pm',1),(66,3,34,'HalfDay',2,'09/04/2016','03:00pm',1),(67,3,34,'HalfDay',2,'09/04/2016','04:00pm',1),(68,3,35,'HalfDay',2,'12/04/2016','11:00am',1),(69,3,35,'HalfDay',2,'12/04/2016','12:00pm',1),(70,3,35,'HalfDay',2,'12/04/2016','01:00pm',1),(71,3,35,'HalfDay',2,'12/04/2016','02:00pm',1),(72,3,35,'HalfDay',2,'12/04/2016','03:00pm',1),(73,3,35,'HalfDay',2,'12/04/2016','04:00pm',1),(74,3,36,'HalfDay',2,'20/04/2016','05:00pm',1),(75,3,36,'HalfDay',2,'20/04/2016','06:00pm',1),(76,3,36,'HalfDay',2,'20/04/2016','07:00pm',1),(77,3,36,'HalfDay',2,'20/04/2016','08:00pm',1),(78,3,36,'HalfDay',2,'20/04/2016','09:00pm',1),(79,3,36,'HalfDay',2,'20/04/2016','10:00pm',1),(80,3,37,'HalfDay',2,'27/04/2016','05:00pm',1),(81,3,37,'HalfDay',2,'27/04/2016','06:00pm',1),(82,3,37,'HalfDay',2,'27/04/2016','07:00pm',1),(83,3,37,'HalfDay',2,'27/04/2016','08:00pm',1),(84,3,37,'HalfDay',2,'27/04/2016','09:00pm',1),(85,3,37,'HalfDay',2,'27/04/2016','10:00pm',1),(86,3,38,'HalfDay',2,'03/05/2016','11:00am',1),(87,3,38,'HalfDay',2,'03/05/2016','12:00pm',1),(88,3,38,'HalfDay',2,'03/05/2016','01:00pm',1),(89,3,38,'HalfDay',2,'03/05/2016','02:00pm',1),(90,3,38,'HalfDay',2,'03/05/2016','03:00pm',1),(91,3,38,'HalfDay',2,'03/05/2016','04:00pm',1),(92,3,39,'HalfDay',2,'28/04/2016','05:00pm',1),(93,3,39,'HalfDay',2,'28/04/2016','06:00pm',1),(94,3,39,'HalfDay',2,'28/04/2016','07:00pm',1),(95,3,39,'HalfDay',2,'28/04/2016','08:00pm',1),(96,3,39,'HalfDay',2,'28/04/2016','09:00pm',1),(97,3,39,'HalfDay',2,'28/04/2016','10:00pm',1),(98,3,40,'HalfDay',2,'11/04/2016','11:00am',1),(99,3,40,'HalfDay',2,'11/04/2016','12:00pm',1),(100,3,40,'HalfDay',2,'11/04/2016','01:00pm',1),(101,3,40,'HalfDay',2,'11/04/2016','02:00pm',1),(102,3,40,'HalfDay',2,'11/04/2016','03:00pm',1),(103,3,40,'HalfDay',2,'11/04/2016','04:00pm',1),(104,3,41,'HalfDay',2,'08/04/2016','05:00pm',1),(105,3,41,'HalfDay',2,'08/04/2016','06:00pm',1),(106,3,41,'HalfDay',2,'08/04/2016','07:00pm',1),(107,3,41,'HalfDay',2,'08/04/2016','08:00pm',1),(108,3,41,'HalfDay',2,'08/04/2016','09:00pm',1),(109,3,41,'HalfDay',2,'08/04/2016','10:00pm',1),(110,3,42,'HalfDay',2,'30/06/2016','11:00am',1),(111,3,42,'HalfDay',2,'30/06/2016','12:00pm',1),(112,3,42,'HalfDay',2,'30/06/2016','01:00pm',1),(113,3,42,'HalfDay',2,'30/06/2016','02:00pm',1),(114,3,42,'HalfDay',2,'30/06/2016','03:00pm',1),(115,3,42,'HalfDay',2,'30/06/2016','04:00pm',1),(116,3,43,'HalfDay',2,'15/04/2016','11:00am',1),(117,3,43,'HalfDay',2,'15/04/2016','12:00pm',1),(118,3,43,'HalfDay',2,'15/04/2016','01:00pm',1),(119,3,43,'HalfDay',2,'15/04/2016','02:00pm',1),(120,3,43,'HalfDay',2,'15/04/2016','03:00pm',1),(121,3,43,'HalfDay',2,'15/04/2016','04:00pm',1),(122,3,44,'HalfDay',2,'22/04/2016','11:00am',1),(123,3,44,'HalfDay',2,'22/04/2016','12:00pm',1),(124,3,44,'HalfDay',2,'22/04/2016','01:00pm',1),(125,3,44,'HalfDay',2,'22/04/2016','02:00pm',1),(126,3,44,'HalfDay',2,'22/04/2016','03:00pm',1),(127,3,44,'HalfDay',2,'22/04/2016','04:00pm',1),(151,3,46,'HalfDay',2,'19/05/2016','05:00pm',1),(152,3,46,'HalfDay',2,'19/05/2016','06:00pm',1),(153,3,46,'HalfDay',2,'19/05/2016','07:00pm',1),(154,3,46,'HalfDay',2,'19/05/2016','08:00pm',1),(155,3,46,'HalfDay',2,'19/05/2016','09:00pm',1),(156,3,46,'HalfDay',2,'19/05/2016','10:00pm',1),(157,3,47,'HalfDay',2,'05/05/2016','05:00pm',1),(158,3,47,'HalfDay',2,'05/05/2016','06:00pm',1),(159,3,47,'HalfDay',2,'05/05/2016','07:00pm',1),(160,3,47,'HalfDay',2,'05/05/2016','08:00pm',1),(161,3,47,'HalfDay',2,'05/05/2016','09:00pm',1),(162,3,47,'HalfDay',2,'05/05/2016','10:00pm',1),(163,3,48,'HalfDay',2,'21/04/2016','05:00pm',1),(164,3,48,'HalfDay',2,'21/04/2016','06:00pm',1),(165,3,48,'HalfDay',2,'21/04/2016','07:00pm',1),(166,3,48,'HalfDay',2,'21/04/2016','08:00pm',1),(167,3,48,'HalfDay',2,'21/04/2016','09:00pm',1),(168,3,48,'HalfDay',2,'21/04/2016','10:00pm',1),(169,3,49,'HalfDay',2,'04/05/2016','11:00am',1),(170,3,49,'HalfDay',2,'04/05/2016','12:00pm',1),(171,3,49,'HalfDay',2,'04/05/2016','01:00pm',1),(172,3,49,'HalfDay',2,'04/05/2016','02:00pm',1),(173,3,49,'HalfDay',2,'04/05/2016','03:00pm',1),(174,3,49,'HalfDay',2,'04/05/2016','04:00pm',1),(176,3,51,'HalfDay',2,'16/04/2016','11:00am',1),(177,3,51,'HalfDay',2,'16/04/2016','12:00pm',1),(178,3,51,'HalfDay',2,'16/04/2016','01:00pm',1),(179,3,51,'HalfDay',2,'16/04/2016','02:00pm',1),(180,3,51,'HalfDay',2,'16/04/2016','03:00pm',1),(181,3,51,'HalfDay',2,'16/04/2016','04:00pm',1),(182,3,52,'HalfDay',2,'20/04/2016','11:00am',1),(183,3,52,'HalfDay',2,'20/04/2016','12:00pm',1),(184,3,52,'HalfDay',2,'20/04/2016','01:00pm',1),(185,3,52,'HalfDay',2,'20/04/2016','02:00pm',1),(186,3,52,'HalfDay',2,'20/04/2016','03:00pm',1),(187,3,52,'HalfDay',2,'20/04/2016','04:00pm',1),(188,2,56,'Hourly',2,'10/4/2016','09:00am',1),(189,2,56,'Hourly',2,'11/4/2016','10:00am',1),(190,2,56,'Hourly',2,'12/4/2016','11:00am',1),(191,3,59,'HalfDay',2,'7/4/2016','09:00am',1),(194,1,69,'Hourly',10,'13/04/2016','10:00am',1),(195,14,70,'HalfDay',2,'15/04/2016','11:00am',1),(196,14,70,'HalfDay',2,'15/04/2016','12:00pm',1),(197,14,70,'HalfDay',2,'15/04/2016','01:00pm',1),(198,14,70,'HalfDay',2,'15/04/2016','02:00pm',1),(199,14,70,'HalfDay',2,'15/04/2016','03:00pm',1),(200,14,70,'HalfDay',2,'15/04/2016','04:00pm',1),(201,12,71,'HalfDay',2,'15/04/2016','09:00am',1),(202,12,71,'HalfDay',2,'15/04/2016','10:00am',1),(203,12,71,'HalfDay',2,'15/04/2016','11:00am',1),(204,12,71,'HalfDay',2,'15/04/2016','12:00pm',1),(205,12,71,'HalfDay',2,'15/04/2016','01:00pm',1),(228,3,77,'HalfDay',19,'27/04/2016','04:00pm',1),(234,3,78,'HalfDay',19,'26/04/2016','04:00pm',1),(235,3,79,'HalfDay',1,'13/04/2016','11:00am',1),(236,3,79,'HalfDay',1,'13/04/2016','12:00pm',1),(237,3,79,'HalfDay',1,'13/04/2016','01:00pm',1),(238,3,79,'HalfDay',1,'13/04/2016','02:00pm',1),(239,3,79,'HalfDay',1,'13/04/2016','03:00pm',1),(240,3,79,'HalfDay',1,'13/04/2016','04:00pm',1),(241,3,80,'HalfDay',1,'20/04/2016','11:00am',1),(242,3,80,'HalfDay',1,'20/04/2016','12:00pm',1),(243,3,80,'HalfDay',1,'20/04/2016','01:00pm',1),(244,3,80,'HalfDay',1,'20/04/2016','02:00pm',1),(245,3,80,'HalfDay',1,'20/04/2016','03:00pm',1),(246,3,80,'HalfDay',1,'20/04/2016','04:00pm',1),(247,3,81,'HalfDay',20,'18/04/2016','11:00am',1),(248,3,81,'HalfDay',20,'18/04/2016','12:00pm',1),(249,3,81,'HalfDay',20,'18/04/2016','01:00pm',1),(250,3,81,'HalfDay',20,'18/04/2016','02:00pm',1),(251,3,81,'HalfDay',20,'18/04/2016','03:00pm',1),(252,3,81,'HalfDay',20,'18/04/2016','04:00pm',1),(254,1,83,'Hourly',1,'13/04/2016','11:00am',1),(255,1,83,'Hourly',1,'13/04/2016','12:00pm',1),(257,3,85,'HalfDay',5,'13/04/2016','11:00am',1),(258,3,85,'HalfDay',5,'13/04/2016','12:00pm',1),(259,3,85,'HalfDay',5,'13/04/2016','01:00pm',1),(260,3,85,'HalfDay',5,'13/04/2016','02:00pm',1),(261,3,85,'HalfDay',5,'13/04/2016','03:00pm',1),(262,3,85,'HalfDay',5,'13/04/2016','04:00pm',1),(263,3,87,'HalfDay',1,'13/04/2016','11:00am',1),(264,3,87,'HalfDay',1,'13/04/2016','12:00pm',1),(265,3,87,'HalfDay',1,'13/04/2016','01:00pm',1),(266,3,87,'HalfDay',1,'13/04/2016','02:00pm',1),(267,3,87,'HalfDay',1,'13/04/2016','03:00pm',1),(268,3,87,'HalfDay',1,'13/04/2016','04:00pm',1),(269,3,88,'HalfDay',1,'16/04/2016','11:00am',1),(270,3,88,'HalfDay',1,'16/04/2016','12:00pm',1),(271,3,88,'HalfDay',1,'16/04/2016','01:00pm',1),(272,3,88,'HalfDay',1,'16/04/2016','02:00pm',1),(273,3,88,'HalfDay',1,'16/04/2016','03:00pm',1),(274,3,88,'HalfDay',1,'16/04/2016','04:00pm',1),(276,16,90,'Hourly',3,'15/04/2016','08:00am',1),(277,16,90,'Hourly',3,'15/04/2016','09:00am',1),(278,16,90,'Hourly',3,'15/04/2016','10:00am',1),(279,16,90,'Hourly',3,'15/04/2016','11:00am',1),(281,1,92,'Hourly',2,'12/04/2016','08:00am',1),(288,3,97,'HalfDay',10,'15/04/2016','05:00pm',1),(289,3,97,'HalfDay',10,'15/04/2016','06:00pm',1),(290,3,97,'HalfDay',10,'15/04/2016','07:00pm',1),(291,3,97,'HalfDay',10,'15/04/2016','08:00pm',1),(292,3,97,'HalfDay',10,'15/04/2016','09:00pm',1),(293,3,97,'HalfDay',10,'15/04/2016','10:00pm',1),(294,3,98,'HalfDay',5,'12/04/2016','11:00am',1),(295,3,98,'HalfDay',5,'12/04/2016','12:00pm',1),(296,3,98,'HalfDay',5,'12/04/2016','01:00pm',1),(297,3,98,'HalfDay',5,'12/04/2016','02:00pm',1),(298,3,98,'HalfDay',5,'12/04/2016','03:00pm',1),(299,3,98,'HalfDay',5,'12/04/2016','04:00pm',1),(300,3,98,'HalfDay',5,'08/04/2016','11:00am',1),(301,3,98,'HalfDay',5,'08/04/2016','12:00pm',1),(302,3,98,'HalfDay',5,'08/04/2016','01:00pm',1),(303,3,98,'HalfDay',5,'08/04/2016','02:00pm',1),(304,3,98,'HalfDay',5,'08/04/2016','03:00pm',1),(305,3,98,'HalfDay',5,'08/04/2016','04:00pm',1),(306,3,98,'HalfDay',5,'13/04/2016','11:00am',1),(307,3,98,'HalfDay',5,'13/04/2016','12:00pm',1),(308,3,98,'HalfDay',5,'13/04/2016','01:00pm',1),(309,3,98,'HalfDay',5,'13/04/2016','02:00pm',1),(310,3,98,'HalfDay',5,'13/04/2016','03:00pm',1),(311,3,98,'HalfDay',5,'13/04/2016','04:00pm',1),(312,3,99,'HalfDay',3,'22/04/2016','11:00am',1),(313,3,99,'HalfDay',3,'22/04/2016','12:00pm',1),(314,3,99,'HalfDay',3,'22/04/2016','01:00pm',1),(315,3,99,'HalfDay',3,'22/04/2016','02:00pm',1),(316,3,99,'HalfDay',3,'22/04/2016','03:00pm',1),(317,3,99,'HalfDay',3,'22/04/2016','04:00pm',1),(338,3,104,'HalfDay',10,'14/04/2016','11:00am',1),(339,3,104,'HalfDay',10,'14/04/2016','12:00pm',1),(340,3,104,'HalfDay',10,'14/04/2016','01:00pm',1),(341,3,104,'HalfDay',10,'14/04/2016','02:00pm',1),(342,3,104,'HalfDay',10,'14/04/2016','03:00pm',1),(343,3,104,'HalfDay',10,'14/04/2016','04:00pm',1),(344,3,105,'HalfDay',19,'13/04/2016','05:00pm',1),(345,3,105,'HalfDay',19,'13/04/2016','06:00pm',1),(346,3,105,'HalfDay',19,'13/04/2016','07:00pm',1),(347,3,105,'HalfDay',19,'13/04/2016','08:00pm',1),(348,3,105,'HalfDay',19,'13/04/2016','09:00pm',1),(349,3,105,'HalfDay',19,'13/04/2016','10:00pm',1),(350,3,106,'HalfDay',5,'15/04/2016','11:00am',1),(351,3,106,'HalfDay',5,'15/04/2016','12:00pm',1),(352,3,106,'HalfDay',5,'15/04/2016','01:00pm',1),(353,3,106,'HalfDay',5,'15/04/2016','02:00pm',1),(354,3,106,'HalfDay',5,'15/04/2016','03:00pm',1),(355,3,106,'HalfDay',5,'15/04/2016','04:00pm',1),(356,3,107,'HalfDay',15,'16/04/2016','11:00am',1),(357,3,107,'HalfDay',15,'16/04/2016','12:00pm',1),(358,3,107,'HalfDay',15,'16/04/2016','01:00pm',1),(359,3,107,'HalfDay',15,'16/04/2016','02:00pm',1),(360,3,107,'HalfDay',15,'16/04/2016','03:00pm',1),(361,3,107,'HalfDay',15,'16/04/2016','04:00pm',1),(366,17,110,'HalfDay',10,'12/5/2016','9:00am',1),(367,17,110,'HalfDay',10,'12/5/2016','10:00am',1),(368,17,110,'HalfDay',10,'12/5/2016','11:00am',1),(369,17,110,'HalfDay',10,'12/5/2016','12:00pm',1),(370,17,110,'HalfDay',10,'13/5/2016','2:00pm',1),(371,17,110,'HalfDay',10,'13/5/2016','3:00pm',1),(372,17,110,'HalfDay',10,'13/5/2016','4:00pm',1),(373,17,110,'HalfDay',10,'13/5/2016','5:00pm',1),(374,17,110,'HalfDay',10,'13/5/2016','6:00pm',1),(375,3,111,'HalfDay',15,'14/04/2016','05:00pm',1),(376,3,111,'HalfDay',15,'14/04/2016','06:00pm',1),(377,3,111,'HalfDay',15,'14/04/2016','07:00pm',1),(378,3,111,'HalfDay',15,'14/04/2016','08:00pm',1),(379,3,111,'HalfDay',15,'14/04/2016','09:00pm',1),(380,3,111,'HalfDay',15,'14/04/2016','10:00pm',1),(381,3,112,'HalfDay',15,'16/04/2016','05:00pm',1),(382,3,112,'HalfDay',15,'16/04/2016','06:00pm',1),(383,3,112,'HalfDay',15,'16/04/2016','07:00pm',1),(384,3,112,'HalfDay',15,'16/04/2016','08:00pm',1),(385,3,112,'HalfDay',15,'16/04/2016','09:00pm',1),(386,3,112,'HalfDay',15,'16/04/2016','10:00pm',1),(387,3,112,'HalfDay',15,'18/04/2016','05:00pm',1),(388,3,112,'HalfDay',15,'18/04/2016','06:00pm',1),(389,3,112,'HalfDay',15,'18/04/2016','07:00pm',1),(390,3,112,'HalfDay',15,'18/04/2016','08:00pm',1),(391,3,112,'HalfDay',15,'18/04/2016','09:00pm',1),(392,3,112,'HalfDay',15,'18/04/2016','10:00pm',1),(393,3,113,'HalfDay',1,'15/04/2016','11:00am',1),(394,3,113,'HalfDay',1,'15/04/2016','12:00pm',1),(395,3,113,'HalfDay',1,'15/04/2016','01:00pm',1),(396,3,113,'HalfDay',1,'15/04/2016','02:00pm',1),(397,3,113,'HalfDay',1,'15/04/2016','03:00pm',1),(398,3,113,'HalfDay',1,'15/04/2016','04:00pm',1),(399,3,114,'HalfDay',19,'12/04/2016','05:00pm',1),(400,3,114,'HalfDay',19,'12/04/2016','06:00pm',1),(401,3,114,'HalfDay',19,'12/04/2016','07:00pm',1),(402,3,114,'HalfDay',19,'12/04/2016','08:00pm',1),(403,3,114,'HalfDay',19,'12/04/2016','09:00pm',1),(404,3,114,'HalfDay',19,'12/04/2016','10:00pm',1),(405,3,115,'HalfDay',1,'14/04/2016','05:00pm',1),(406,3,115,'HalfDay',1,'14/04/2016','06:00pm',1),(407,3,115,'HalfDay',1,'14/04/2016','07:00pm',1),(408,3,115,'HalfDay',1,'14/04/2016','08:00pm',1),(409,3,115,'HalfDay',1,'14/04/2016','09:00pm',1),(410,3,115,'HalfDay',1,'14/04/2016','10:00pm',1),(411,17,116,'HalfDay',1,'14/04/2016','08:00am',1),(412,17,116,'HalfDay',1,'14/04/2016','09:00am',1),(413,17,116,'HalfDay',1,'14/04/2016','10:00am',1),(414,17,116,'HalfDay',1,'14/04/2016','11:00am',1),(415,17,116,'HalfDay',1,'14/04/2016','12:00pm',1),(416,17,116,'HalfDay',1,'14/04/2016','01:00pm',1),(417,17,116,'HalfDay',1,'14/04/2016','02:00pm',1),(418,17,116,'HalfDay',1,'14/04/2016','03:00pm',1),(419,17,116,'HalfDay',1,'14/04/2016','04:00pm',1),(420,17,116,'HalfDay',1,'14/04/2016','05:00pm',1),(421,17,116,'HalfDay',1,'14/04/2016','06:00pm',1),(422,17,116,'HalfDay',1,'14/04/2016','07:00pm',1),(423,17,117,'HalfDay',1,'14/04/2016','08:00am',1),(424,17,117,'HalfDay',1,'14/04/2016','09:00am',1),(425,17,117,'HalfDay',1,'14/04/2016','10:00am',1),(426,17,117,'HalfDay',1,'14/04/2016','11:00am',1),(427,17,117,'HalfDay',1,'14/04/2016','12:00pm',1),(428,17,117,'HalfDay',1,'14/04/2016','01:00pm',1),(429,17,117,'HalfDay',1,'14/04/2016','02:00pm',1),(430,17,117,'HalfDay',1,'14/04/2016','03:00pm',1),(431,17,117,'HalfDay',1,'14/04/2016','04:00pm',1),(432,17,117,'HalfDay',1,'14/04/2016','05:00pm',1),(433,17,117,'HalfDay',1,'14/04/2016','06:00pm',1),(434,17,117,'HalfDay',1,'14/04/2016','07:00pm',1),(435,17,118,'HalfDay',3,'14/04/2016','08:00am',1),(436,17,118,'HalfDay',3,'14/04/2016','09:00am',1),(437,17,118,'HalfDay',3,'14/04/2016','10:00am',1),(438,17,118,'HalfDay',3,'14/04/2016','11:00am',1),(439,17,118,'HalfDay',3,'14/04/2016','12:00pm',1),(440,17,118,'HalfDay',3,'14/04/2016','01:00pm',1),(441,17,118,'HalfDay',3,'14/04/2016','02:00pm',1),(442,17,118,'HalfDay',3,'14/04/2016','03:00pm',1),(443,17,118,'HalfDay',3,'14/04/2016','04:00pm',1),(444,17,118,'HalfDay',3,'14/04/2016','05:00pm',1),(445,17,118,'HalfDay',3,'14/04/2016','06:00pm',1),(446,17,118,'HalfDay',3,'14/04/2016','07:00pm',1),(447,10,119,'Hourly',3,'14/04/2016','10:00am',1),(448,10,119,'Hourly',3,'14/04/2016','11:00am',1),(449,10,119,'Hourly',3,'14/04/2016','12:00pm',1),(450,10,120,'Hourly',3,'14/04/2016','11:00am',1),(451,10,120,'Hourly',3,'14/04/2016','12:00pm',1),(452,18,121,'HalfDay',1,'14/04/2016','09:00am',1),(453,18,121,'HalfDay',1,'14/04/2016','10:00am',1),(454,18,121,'HalfDay',1,'14/04/2016','11:00am',1),(455,10,124,'Hourly',1,'15/04/2016','11:00am',1),(456,10,124,'Hourly',1,'15/04/2016','12:00pm',1),(457,10,125,'Hourly',1,'15/04/2016','11:00am',1),(458,10,125,'Hourly',1,'15/04/2016','12:00pm',1),(459,10,126,'Hourly',1,'16/04/2016','11:00am',1),(460,10,126,'Hourly',1,'16/04/2016','12:00pm',1),(461,10,126,'Hourly',1,'16/04/2016','01:00pm',1),(462,17,127,'HalfDay',1,'15/04/2016','08:00am',1),(463,17,127,'HalfDay',1,'15/04/2016','09:00am',1),(464,17,127,'HalfDay',1,'15/04/2016','10:00am',1),(465,17,127,'HalfDay',1,'15/04/2016','11:00am',1),(466,17,127,'HalfDay',1,'15/04/2016','12:00pm',1),(467,17,127,'HalfDay',1,'15/04/2016','01:00pm',1),(468,17,127,'HalfDay',1,'15/04/2016','02:00pm',1),(469,17,127,'HalfDay',1,'15/04/2016','03:00pm',1),(470,17,127,'HalfDay',1,'15/04/2016','04:00pm',1),(471,17,127,'HalfDay',1,'15/04/2016','05:00pm',1),(472,17,127,'HalfDay',1,'15/04/2016','06:00pm',1),(473,17,127,'HalfDay',1,'15/04/2016','07:00pm',1),(474,1,132,'Hourly',1,'14/04/2016','11:00am',1),(475,1,133,'Hourly',1,'16/04/2016','01:00pm',1),(476,1,134,'Hourly',1,'15/04/2016','12:00pm',1),(477,1,135,'Hourly',1,'16/04/2016','12:00pm',1),(478,2,147,'Hourly',5,'16/04/2016','10:00am',1),(479,1,148,'Hourly',1,'18/04/2016','10:00am',1),(480,25,150,'Hourly',1,'08/05/2016','05:00pm',1),(481,25,150,'Hourly',1,'05/05/2016','05:00pm',1),(482,9,151,'Hourly',1,'18/04/2016','03:00pm',1),(483,17,152,'HalfDay',1,'18/04/2016','08:00am',1),(484,17,152,'HalfDay',1,'18/04/2016','09:00am',1),(485,17,152,'HalfDay',1,'18/04/2016','10:00am',1),(486,17,152,'HalfDay',1,'18/04/2016','11:00am',1),(487,17,152,'HalfDay',1,'18/04/2016','12:00pm',1),(488,17,152,'HalfDay',1,'18/04/2016','01:00pm',1),(489,17,153,'HalfDay',1,'17/04/2016','08:00am',1),(490,17,153,'HalfDay',1,'17/04/2016','09:00am',1),(491,17,153,'HalfDay',1,'17/04/2016','10:00am',1),(492,17,153,'HalfDay',1,'17/04/2016','11:00am',1),(493,17,153,'HalfDay',1,'17/04/2016','12:00pm',1),(494,17,153,'HalfDay',1,'17/04/2016','01:00pm',1),(495,17,153,'HalfDay',1,'19/04/2016','02:00pm',1),(496,17,153,'HalfDay',1,'19/04/2016','03:00pm',1),(497,17,153,'HalfDay',1,'19/04/2016','04:00pm',1),(498,17,153,'HalfDay',1,'19/04/2016','05:00pm',1),(499,17,153,'HalfDay',1,'19/04/2016','06:00pm',1),(500,17,153,'HalfDay',1,'19/04/2016','07:00pm',1),(501,1,154,'Hourly',1,'17/04/2016','09:00am',1),(502,1,154,'Hourly',1,'17/04/2016','10:00am',1),(503,1,154,'Hourly',1,'18/04/2016','11:00am',1),(504,1,154,'Hourly',1,'18/04/2016','12:00pm',1),(505,1,155,'Hourly',1,'17/04/2016','09:00am',1),(506,1,155,'Hourly',1,'17/04/2016','10:00am',1),(507,1,155,'Hourly',1,'18/04/2016','11:00am',1),(508,1,155,'Hourly',1,'18/04/2016','12:00pm',1),(509,1,156,'Hourly',1,'17/04/2016','10:00am',1),(510,1,156,'Hourly',1,'17/04/2016','11:00am',1),(511,1,156,'Hourly',1,'18/04/2016','12:00pm',1),(512,1,156,'Hourly',1,'18/04/2016','01:00pm',1),(513,1,157,'Hourly',1,'17/04/2016','11:00am',1),(514,1,157,'Hourly',1,'18/04/2016','01:00pm',1),(515,1,157,'Hourly',1,'17/04/2016','09:00am',1),(516,1,157,'Hourly',1,'17/04/2016','10:00am',1),(517,1,157,'Hourly',1,'18/04/2016','11:00am',1),(518,1,157,'Hourly',1,'18/04/2016','12:00pm',1),(519,26,158,'Hourly',1,'17/04/2016','12:00pm',1),(520,1,159,'Hourly',1,'17/04/2016','08:00am',1),(521,1,159,'Hourly',1,'17/04/2016','09:00am',1),(522,1,159,'Hourly',1,'18/04/2016','10:00am',1),(523,1,159,'Hourly',1,'18/04/2016','11:00am',1),(524,1,160,'Hourly',1,'17/04/2016','09:00am',1),(525,1,160,'Hourly',1,'17/04/2016','10:00am',1),(526,1,160,'Hourly',1,'18/04/2016','10:00am',1),(527,1,160,'Hourly',1,'18/04/2016','11:00am',1),(528,1,160,'Hourly',1,'19/04/2016','11:00am',1),(529,1,160,'Hourly',1,'18/04/2016','12:00pm',1),(530,1,161,'Hourly',1,'17/04/2016','09:00am',1),(531,1,161,'Hourly',1,'17/04/2016','10:00am',1),(532,1,161,'Hourly',1,'18/04/2016','10:00am',1),(533,1,161,'Hourly',1,'18/04/2016','11:00am',1),(534,1,162,'Hourly',1,'17/04/2016','09:00am',1),(535,1,162,'Hourly',1,'17/04/2016','10:00am',1),(536,1,162,'Hourly',1,'18/04/2016','10:00am',1),(537,1,162,'Hourly',1,'18/04/2016','11:00am',1),(538,1,162,'Hourly',1,'19/04/2016','11:00am',1),(539,1,162,'Hourly',1,'20/04/2016','11:00am',1),(540,1,163,'Hourly',1,'17/04/2016','08:00am',1),(541,1,163,'Hourly',1,'17/04/2016','09:00am',1),(542,1,163,'Hourly',1,'17/04/2016','10:00am',1),(543,1,163,'Hourly',1,'17/04/2016','11:00am',1),(544,1,163,'Hourly',1,'18/04/2016','11:00am',1),(545,1,163,'Hourly',1,'18/04/2016','12:00pm',1),(546,1,163,'Hourly',1,'17/04/2016','01:00pm',1),(547,1,163,'Hourly',1,'19/04/2016','12:00pm',1),(548,1,163,'Hourly',1,'19/04/2016','10:00am',1),(549,1,163,'Hourly',1,'20/04/2016','09:00am',1),(550,1,163,'Hourly',1,'16/04/2016','10:00am',1),(551,1,163,'Hourly',1,'16/04/2016','11:00am',1),(552,1,163,'Hourly',1,'15/04/2016','12:00pm',1),(553,1,163,'Hourly',1,'15/04/2016','01:00pm',1),(554,1,164,'Hourly',1,'17/04/2016','08:00am',1),(555,1,164,'Hourly',1,'17/04/2016','09:00am',1),(556,1,164,'Hourly',1,'18/04/2016','09:00am',1),(557,1,164,'Hourly',1,'17/04/2016','10:00am',1),(558,1,164,'Hourly',1,'18/04/2016','11:00am',1),(559,1,164,'Hourly',1,'19/04/2016','11:00am',1),(560,1,164,'Hourly',1,'20/04/2016','11:00am',1),(561,1,165,'Hourly',1,'17/04/2016','09:00am',1),(562,1,165,'Hourly',1,'17/04/2016','10:00am',1),(563,1,166,'Hourly',1,'16/04/2016','12:00pm',1),(564,16,167,'Hourly',1,'17/04/2016','10:00am',1),(565,2,168,'Hourly',1,'17/04/2016','02:00pm',1),(566,2,168,'Hourly',1,'17/04/2016','03:00pm',1),(567,2,168,'Hourly',1,'17/04/2016','04:00pm',1),(568,21,169,'Hourly',1,'19/04/2016','02:00pm',1),(569,21,170,'Hourly',1,'19/04/2016','03:00pm',1),(570,21,171,'Hourly',2,'19/04/2016','03:00pm',1),(571,21,171,'Hourly',2,'19/04/2016','11:00am',1),(572,10,172,'Hourly',4,'19/04/2016','03:00pm',1),(573,10,172,'Hourly',4,'19/04/2016','11:00am',1),(574,10,172,'Hourly',4,'15/04/2016','09:00am',1),(575,2,173,'Hourly',2,'19/04/2016','03:00pm',1),(576,2,173,'Hourly',2,'19/04/2016','11:00am',1),(577,2,173,'Hourly',2,'15/04/2016','09:00am',1),(578,2,173,'Hourly',2,'15/04/2016','10:00am',1),(579,1,174,'Hourly',1,'18/04/2016','08:00am',1),(580,1,175,'Hourly',1,'18/04/2016','08:00am',1),(581,1,175,'Hourly',1,'18/04/2016','09:00am',1),(582,1,176,'Hourly',1,'18/04/2016','10:00am',1),(583,2,177,'Hourly',2,'15/04/2016','10:00am',1),(584,1,178,'Hourly',4,'16/04/2016','09:00am',1),(585,27,179,'Hourly',1,'15/04/2016','07:00am',1),(586,24,181,'Hourly',1,'15/04/2016','10:00am',1),(587,24,181,'Hourly',1,'17/04/2016','10:00am',1),(588,24,181,'Hourly',1,'16/04/2016','10:00am',1),(589,30,182,'HalfDay',1,'15/04/2016','07:00am',1),(590,30,182,'HalfDay',1,'15/04/2016','08:00am',1),(591,30,182,'HalfDay',1,'15/04/2016','09:00am',1),(592,30,182,'HalfDay',1,'15/04/2016','10:00am',1),(593,30,182,'HalfDay',1,'15/04/2016','11:00am',1),(594,30,182,'HalfDay',1,'15/04/2016','12:00pm',1),(595,30,182,'HalfDay',1,'15/04/2016','01:00pm',1),(596,30,182,'HalfDay',1,'15/04/2016','02:00pm',1),(597,30,182,'HalfDay',1,'17/04/2016','03:00pm',1),(598,30,182,'HalfDay',1,'17/04/2016','04:00pm',1),(599,30,182,'HalfDay',1,'17/04/2016','05:00pm',1),(600,30,182,'HalfDay',1,'17/04/2016','06:00pm',1),(601,30,182,'HalfDay',1,'17/04/2016','07:00pm',1),(602,30,182,'HalfDay',1,'17/04/2016','08:00pm',1),(603,30,182,'HalfDay',1,'17/04/2016','09:00pm',1),(604,30,182,'HalfDay',1,'17/04/2016','10:00pm',1),(605,16,184,'Hourly',1,'15/04/2016','10:00am',1),(606,16,184,'Hourly',1,'17/04/2016','10:00am',1),(607,16,184,'Hourly',1,'16/04/2016','10:00am',1),(608,16,184,'Hourly',1,'17/04/2016','11:00am',1),(609,15,185,'HalfDay',1,'18/04/2016','09:00am',1),(610,15,185,'HalfDay',1,'18/04/2016','10:00am',1),(611,15,185,'HalfDay',1,'18/04/2016','11:00am',1),(612,15,185,'HalfDay',1,'18/04/2016','12:00pm',1),(613,15,185,'HalfDay',1,'18/04/2016','01:00pm',1),(614,15,185,'HalfDay',1,'18/04/2016','02:00pm',1),(615,30,188,'HalfDay',1,'15/04/2016','07:00am',1),(616,30,188,'HalfDay',1,'15/04/2016','08:00am',1),(617,30,188,'HalfDay',1,'15/04/2016','09:00am',1),(618,30,188,'HalfDay',1,'15/04/2016','10:00am',1),(619,30,188,'HalfDay',1,'15/04/2016','11:00am',1),(620,30,188,'HalfDay',1,'15/04/2016','12:00pm',1),(621,30,188,'HalfDay',1,'15/04/2016','01:00pm',1),(622,30,188,'HalfDay',1,'15/04/2016','02:00pm',1),(623,31,189,'HalfDay',1,'17/04/2016','06:00am',1),(624,31,189,'HalfDay',1,'17/04/2016','07:00am',1),(625,31,189,'HalfDay',1,'17/04/2016','08:00am',1),(626,31,189,'HalfDay',1,'17/04/2016','09:00am',1),(627,31,189,'HalfDay',1,'17/04/2016','10:00am',1),(628,31,189,'HalfDay',1,'17/04/2016','11:00am',1),(629,31,189,'HalfDay',1,'17/04/2016','12:00pm',1),(630,31,189,'HalfDay',1,'17/04/2016','01:00pm',1),(631,9,191,'Hourly',1,'15/04/2016','10:00am',1),(632,9,191,'Hourly',1,'17/04/2016','10:00am',1),(633,9,191,'Hourly',1,'17/04/2016','11:00am',1),(634,9,191,'Hourly',1,'16/04/2016','10:00am',1),(635,4,194,'HalfDay',1,'17/04/2016','11:00am',1),(636,4,194,'HalfDay',1,'17/04/2016','12:00pm',1),(637,4,194,'HalfDay',1,'17/04/2016','01:00pm',1),(638,4,194,'HalfDay',1,'17/04/2016','02:00pm',1),(639,21,195,'Hourly',1,'16/04/2016','02:00pm',1),(640,2,196,'Hourly',1,'20/04/2016','02:00pm',1),(641,2,196,'Hourly',1,'20/04/2016','03:00pm',1),(642,21,197,'Hourly',1,'21/04/2016','02:00pm',1),(643,21,197,'Hourly',1,'21/04/2016','03:00pm',1),(644,21,197,'Hourly',1,'21/04/2016','04:00pm',1),(645,21,199,'Hourly',1,'23/04/2016','04:00pm',1),(646,21,199,'Hourly',1,'23/04/2016','05:00pm',1),(647,21,199,'Hourly',1,'23/04/2016','06:00pm',1),(648,21,200,'Hourly',1,'23/04/2016','04:00pm',1),(649,21,200,'Hourly',1,'23/04/2016','05:00pm',1),(650,21,200,'Hourly',1,'23/04/2016','06:00pm',1),(651,3,202,'HalfDay',1,'20/04/2016','05:00pm',1),(652,3,202,'HalfDay',1,'20/04/2016','06:00pm',1),(653,3,202,'HalfDay',1,'20/04/2016','07:00pm',1),(654,3,202,'HalfDay',1,'20/04/2016','08:00pm',1),(655,3,202,'HalfDay',1,'20/04/2016','09:00pm',1),(656,3,202,'HalfDay',1,'20/04/2016','10:00pm',1),(657,3,202,'HalfDay',1,'21/04/2016','05:00pm',1),(658,3,202,'HalfDay',1,'21/04/2016','06:00pm',1),(659,3,202,'HalfDay',1,'21/04/2016','07:00pm',1),(660,3,202,'HalfDay',1,'21/04/2016','08:00pm',1),(661,3,202,'HalfDay',1,'21/04/2016','09:00pm',1),(662,3,202,'HalfDay',1,'21/04/2016','10:00pm',1),(663,3,202,'HalfDay',1,'21/04/2016','11:00am',1),(664,3,202,'HalfDay',1,'21/04/2016','12:00pm',1),(665,3,202,'HalfDay',1,'21/04/2016','01:00pm',1),(666,3,202,'HalfDay',1,'21/04/2016','02:00pm',1),(667,3,202,'HalfDay',1,'21/04/2016','03:00pm',1),(668,3,202,'HalfDay',1,'21/04/2016','04:00pm',1),(669,1,203,'Hourly',1,'20/04/2016','11:00am',1),(670,1,204,'Hourly',1,'22/04/2016','12:00pm',1),(671,1,204,'Hourly',1,'24/04/2016','12:00pm',1),(672,1,205,'Hourly',1,'22/04/2016','02:00pm',1),(673,1,205,'Hourly',1,'22/04/2016','03:00pm',1),(674,1,205,'Hourly',1,'22/04/2016','04:00pm',1),(675,14,206,'HalfDay',1,'19/04/2016','11:00am',1),(676,14,206,'HalfDay',1,'19/04/2016','12:00pm',1),(677,14,206,'HalfDay',1,'19/04/2016','01:00pm',1),(678,14,206,'HalfDay',1,'19/04/2016','02:00pm',1),(679,14,206,'HalfDay',1,'19/04/2016','03:00pm',1),(680,14,206,'HalfDay',1,'19/04/2016','04:00pm',1),(681,14,206,'HalfDay',1,'19/04/2016','05:00pm',1),(682,14,206,'HalfDay',1,'19/04/2016','06:00pm',1),(683,14,206,'HalfDay',1,'19/04/2016','07:00pm',1),(684,14,206,'HalfDay',1,'19/04/2016','08:00pm',1),(685,14,206,'HalfDay',1,'19/04/2016','09:00pm',1),(686,14,206,'HalfDay',1,'19/04/2016','10:00pm',1),(687,14,206,'HalfDay',1,'19/04/2016','11:00pm',1),(688,14,206,'HalfDay',1,'20/04/2016','05:00pm',1),(689,14,206,'HalfDay',1,'20/04/2016','06:00pm',1),(690,14,206,'HalfDay',1,'20/04/2016','07:00pm',1),(691,14,206,'HalfDay',1,'20/04/2016','08:00pm',1),(692,14,206,'HalfDay',1,'20/04/2016','09:00pm',1),(693,14,206,'HalfDay',1,'20/04/2016','10:00pm',1),(694,14,206,'HalfDay',1,'20/04/2016','11:00pm',1),(695,14,206,'HalfDay',1,'20/04/2016','11:00am',1),(696,14,206,'HalfDay',1,'20/04/2016','12:00pm',1),(697,14,206,'HalfDay',1,'20/04/2016','01:00pm',1),(698,14,206,'HalfDay',1,'20/04/2016','02:00pm',1),(699,14,206,'HalfDay',1,'20/04/2016','03:00pm',1),(700,14,206,'HalfDay',1,'20/04/2016','04:00pm',1),(701,4,208,'HalfDay',1,'20/04/2016','03:00pm',1),(702,4,208,'HalfDay',1,'20/04/2016','04:00pm',1),(703,4,208,'HalfDay',1,'20/04/2016','05:00pm',1),(704,4,208,'HalfDay',1,'20/04/2016','06:00pm',1),(705,2,209,'Hourly',1,'18/04/2016','10:00am',1),(706,2,209,'Hourly',1,'21/04/2016','02:00pm',1),(707,10,210,'Hourly',1,'22/04/2016','02:00pm',1),(708,10,210,'Hourly',1,'22/04/2016','01:00pm',1),(709,12,211,'HalfDay',1,'21/04/2016','02:00pm',1),(710,12,211,'HalfDay',1,'21/04/2016','03:00pm',1),(711,12,211,'HalfDay',1,'21/04/2016','04:00pm',1),(712,12,211,'HalfDay',1,'21/04/2016','05:00pm',1),(713,12,211,'HalfDay',1,'21/04/2016','06:00pm',1),(714,12,211,'HalfDay',1,'21/04/2016','07:00pm',1),(715,12,213,'HalfDay',1,'20/04/2016','02:00pm',1),(716,12,213,'HalfDay',1,'20/04/2016','03:00pm',1),(717,12,213,'HalfDay',1,'20/04/2016','04:00pm',1),(718,12,213,'HalfDay',1,'20/04/2016','05:00pm',1),(719,12,213,'HalfDay',1,'20/04/2016','06:00pm',1),(720,12,213,'HalfDay',1,'20/04/2016','07:00pm',1),(721,12,213,'HalfDay',1,'20/04/2016','09:00am',1),(722,12,213,'HalfDay',1,'20/04/2016','10:00am',1),(723,12,213,'HalfDay',1,'20/04/2016','11:00am',1),(724,12,213,'HalfDay',1,'20/04/2016','12:00pm',1),(725,12,213,'HalfDay',1,'20/04/2016','01:00pm',1),(726,12,214,'HalfDay',1,'18/04/2016','02:00pm',1),(727,12,214,'HalfDay',1,'18/04/2016','03:00pm',1),(728,12,214,'HalfDay',1,'18/04/2016','04:00pm',1),(729,12,214,'HalfDay',1,'18/04/2016','05:00pm',1),(730,12,214,'HalfDay',1,'18/04/2016','06:00pm',1),(731,12,214,'HalfDay',1,'18/04/2016','07:00pm',1),(732,10,215,'Hourly',1,'19/04/2016','11:00am',1),(733,12,216,'HalfDay',1,'18/04/2016','02:00pm',1),(734,12,216,'HalfDay',1,'18/04/2016','03:00pm',1),(735,12,216,'HalfDay',1,'18/04/2016','04:00pm',1),(736,12,216,'HalfDay',1,'18/04/2016','05:00pm',1),(737,12,216,'HalfDay',1,'18/04/2016','06:00pm',1),(738,12,216,'HalfDay',1,'18/04/2016','07:00pm',1),(739,2,218,'Hourly',1,'19/04/2016','01:00pm',1),(740,3,219,'HalfDay',1,'19/04/2016','05:00pm',1),(741,3,219,'HalfDay',1,'19/04/2016','06:00pm',1),(742,3,219,'HalfDay',1,'19/04/2016','07:00pm',1),(743,3,219,'HalfDay',1,'19/04/2016','08:00pm',1),(744,3,219,'HalfDay',1,'19/04/2016','09:00pm',1),(745,3,219,'HalfDay',1,'19/04/2016','10:00pm',1),(746,9,221,'Hourly',1,'22/04/2016','01:00pm',1),(747,9,222,'Hourly',1,'21/04/2016','02:00pm',1),(748,2,223,'Hourly',1,'19/04/2016','11:00am',1),(749,10,225,'Hourly',1,'20/04/2016','02:00pm',1),(750,3,227,'HalfDay',1,'18/04/2016','05:00pm',1),(751,3,227,'HalfDay',1,'18/04/2016','06:00pm',1),(752,3,227,'HalfDay',1,'18/04/2016','07:00pm',1),(753,3,227,'HalfDay',1,'18/04/2016','08:00pm',1),(754,3,227,'HalfDay',1,'18/04/2016','09:00pm',1),(755,3,227,'HalfDay',1,'18/04/2016','10:00pm',1),(756,9,231,'Hourly',1,'19/04/2016','01:00pm',1),(757,2,232,'Hourly',1,'20/04/2016','01:00pm',1),(758,30,234,'HalfDay',1,'21/04/2016','07:00am',1),(759,30,234,'HalfDay',1,'21/04/2016','08:00am',1),(760,30,234,'HalfDay',1,'21/04/2016','09:00am',1),(761,30,234,'HalfDay',1,'21/04/2016','10:00am',1),(762,30,234,'HalfDay',1,'21/04/2016','11:00am',1),(763,30,234,'HalfDay',1,'21/04/2016','12:00pm',1),(764,30,234,'HalfDay',1,'21/04/2016','01:00pm',1),(765,30,234,'HalfDay',1,'21/04/2016','02:00pm',1),(766,30,235,'HalfDay',20,'21/04/2016','03:00pm',1),(767,30,235,'HalfDay',20,'21/04/2016','04:00pm',1),(768,30,235,'HalfDay',20,'21/04/2016','05:00pm',1),(769,30,235,'HalfDay',20,'21/04/2016','06:00pm',1),(770,30,235,'HalfDay',20,'21/04/2016','07:00pm',1),(771,30,235,'HalfDay',20,'21/04/2016','08:00pm',1),(772,30,235,'HalfDay',20,'21/04/2016','09:00pm',1),(773,30,235,'HalfDay',20,'21/04/2016','10:00pm',1),(774,1,237,'Hourly',1,'21/04/2016','10:00am',1),(775,2,238,'Hourly',1,'21/04/2016','12:00pm',1),(776,30,239,'HalfDay',20,'19/04/2016','03:00pm',1),(777,30,239,'HalfDay',20,'19/04/2016','04:00pm',1),(778,30,239,'HalfDay',20,'19/04/2016','05:00pm',1),(779,30,239,'HalfDay',20,'19/04/2016','06:00pm',1),(780,30,239,'HalfDay',20,'19/04/2016','07:00pm',1),(781,30,239,'HalfDay',20,'19/04/2016','08:00pm',1),(782,30,239,'HalfDay',20,'19/04/2016','09:00pm',1),(783,30,239,'HalfDay',20,'19/04/2016','10:00pm',1),(784,1,240,'Hourly',1,'21/04/2016','10:00am',1),(785,2,241,'Hourly',8,'22/04/2016','03:00pm',1),(786,12,242,'HalfDay',8,'18/04/2016','02:00pm',1),(787,12,242,'HalfDay',8,'18/04/2016','03:00pm',1),(788,12,242,'HalfDay',8,'18/04/2016','04:00pm',1),(789,12,242,'HalfDay',8,'18/04/2016','05:00pm',1),(790,12,242,'HalfDay',8,'18/04/2016','06:00pm',1),(791,12,242,'HalfDay',8,'18/04/2016','07:00pm',1),(792,29,243,'HalfDay',8,'19/04/2016','02:00pm',1),(793,29,243,'HalfDay',8,'19/04/2016','03:00pm',1),(794,29,243,'HalfDay',8,'19/04/2016','04:00pm',1),(795,29,243,'HalfDay',8,'19/04/2016','05:00pm',1),(796,29,243,'HalfDay',8,'19/04/2016','06:00pm',1),(797,29,243,'HalfDay',8,'19/04/2016','07:00pm',1),(798,29,243,'HalfDay',8,'19/04/2016','08:00pm',1),(799,29,243,'HalfDay',8,'19/04/2016','09:00pm',1),(800,29,243,'HalfDay',8,'19/04/2016','10:00pm',1),(801,15,244,'HalfDay',8,'19/04/2016','03:00pm',1),(802,15,244,'HalfDay',8,'19/04/2016','04:00pm',1),(803,15,244,'HalfDay',8,'19/04/2016','05:00pm',1),(804,15,244,'HalfDay',8,'19/04/2016','06:00pm',1),(805,15,244,'HalfDay',8,'19/04/2016','07:00pm',1),(806,15,244,'HalfDay',8,'19/04/2016','08:00pm',1),(807,15,244,'HalfDay',8,'19/04/2016','09:00pm',1),(808,2,246,'Hourly',1,'21/04/2016','12:00pm',1),(809,2,247,'Hourly',1,'21/04/2016','12:00pm',1),(810,2,248,'Hourly',1,'21/04/2016','12:00pm',1),(811,2,249,'Hourly',1,'21/04/2016','12:00pm',1),(812,21,250,'Hourly',1,'23/04/2016','11:00am',1),(813,21,250,'Hourly',1,'23/04/2016','12:00pm',1),(814,21,251,'Hourly',1,'18/04/2016','04:00pm',1),(815,21,251,'Hourly',1,'18/04/2016','05:00pm',1),(816,2,252,'Hourly',1,'21/04/2016','12:00pm',1),(817,4,253,'HalfDay',5,'20/04/2016','11:00am',1),(818,4,253,'HalfDay',5,'20/04/2016','12:00pm',1),(819,4,253,'HalfDay',5,'20/04/2016','01:00pm',1),(820,4,253,'HalfDay',5,'20/04/2016','02:00pm',1),(821,2,254,'Hourly',1,'21/04/2016','12:00pm',1),(822,2,255,'Hourly',4,'21/04/2016','01:00pm',1),(823,2,255,'Hourly',4,'21/04/2016','02:00pm',1),(824,2,256,'Hourly',4,'18/04/2016','02:00pm',1),(825,2,256,'Hourly',4,'18/04/2016','03:00pm',1),(826,2,257,'Hourly',1,'21/04/2016','12:00pm',1),(827,2,258,'Hourly',1,'18/04/2016','03:00pm',1),(828,2,258,'Hourly',1,'18/04/2016','04:00pm',1),(829,2,259,'Hourly',1,'21/04/2016','12:00pm',1),(830,2,260,'Hourly',1,'21/04/2016','12:00pm',1),(831,2,261,'Hourly',1,'22/04/2016','12:00pm',1),(832,2,262,'Hourly',1,'20/04/2016','12:00pm',1),(833,2,263,'Hourly',1,'21/04/2016','12:00pm',1),(834,2,264,'Hourly',1,'21/04/2016','12:00pm',1),(835,2,265,'Hourly',1,'21/04/2016','12:00pm',1),(836,2,265,'Hourly',1,'21/04/2016','01:00pm',1),(837,2,266,'Hourly',1,'21/04/2016','12:00pm',1),(838,2,266,'Hourly',1,'22/04/2016','12:00pm',1),(839,2,267,'Hourly',1,'21/04/2016','11:00am',1),(840,2,267,'Hourly',1,'21/04/2016','12:00pm',1),(841,2,267,'Hourly',1,'21/04/2016','01:00pm',1),(842,3,268,'HalfDay',1,'19/04/2016','05:00pm',1),(843,3,268,'HalfDay',1,'19/04/2016','06:00pm',1),(844,3,268,'HalfDay',1,'19/04/2016','07:00pm',1),(845,3,268,'HalfDay',1,'19/04/2016','08:00pm',1),(846,3,268,'HalfDay',1,'19/04/2016','09:00pm',1),(847,3,268,'HalfDay',1,'19/04/2016','10:00pm',1),(848,3,269,'HalfDay',1,'22/04/2016','05:00pm',1),(849,3,269,'HalfDay',1,'22/04/2016','06:00pm',1),(850,3,269,'HalfDay',1,'22/04/2016','07:00pm',1),(851,3,269,'HalfDay',1,'22/04/2016','08:00pm',1),(852,3,269,'HalfDay',1,'22/04/2016','09:00pm',1),(853,3,269,'HalfDay',1,'22/04/2016','10:00pm',1),(854,16,271,'Hourly',4,'22/04/2016','02:00pm',1),(855,2,272,'Hourly',1,'21/04/2016','12:00pm',1),(856,1,273,'Hourly',1,'21/04/2016','10:00am',1),(857,3,274,'HalfDay',1,'20/04/2016','11:00am',1),(858,3,274,'HalfDay',1,'20/04/2016','12:00pm',1),(859,3,274,'HalfDay',1,'20/04/2016','01:00pm',1),(860,3,274,'HalfDay',1,'20/04/2016','02:00pm',1),(861,3,274,'HalfDay',1,'20/04/2016','03:00pm',1),(862,3,274,'HalfDay',1,'20/04/2016','04:00pm',1),(863,2,275,'Hourly',5,'18/04/2016','03:00pm',1),(864,2,275,'Hourly',5,'18/04/2016','11:00am',1),(865,2,275,'Hourly',5,'18/04/2016','10:00am',1),(866,2,276,'Hourly',5,'18/04/2016','10:00am',1),(867,3,277,'HalfDay',1,'20/04/2016','05:00pm',1),(868,3,277,'HalfDay',1,'20/04/2016','06:00pm',1),(869,3,277,'HalfDay',1,'20/04/2016','07:00pm',1),(870,3,277,'HalfDay',1,'20/04/2016','08:00pm',1),(871,3,277,'HalfDay',1,'20/04/2016','09:00pm',1),(872,3,277,'HalfDay',1,'20/04/2016','10:00pm',1),(873,2,278,'Hourly',1,'21/04/2016','12:00pm',1),(874,2,279,'Hourly',1,'21/04/2016','12:00pm',1),(875,2,279,'Hourly',1,'21/04/2016','01:00pm',1),(876,2,279,'Hourly',1,'22/04/2016','02:00pm',1),(877,2,280,'Hourly',1,'21/04/2016','10:00am',1),(878,2,280,'Hourly',1,'21/04/2016','11:00am',1),(879,2,280,'Hourly',1,'21/04/2016','12:00pm',1),(880,2,280,'Hourly',1,'21/04/2016','01:00pm',1),(881,2,280,'Hourly',1,'22/04/2016','02:00pm',1),(882,2,281,'Hourly',1,'21/04/2016','12:00pm',1),(883,2,281,'Hourly',1,'21/04/2016','01:00pm',1),(884,2,281,'Hourly',1,'21/04/2016','11:00am',1),(885,2,281,'Hourly',1,'21/04/2016','10:00am',1),(886,2,281,'Hourly',1,'22/04/2016','02:00pm',1),(887,2,282,'Hourly',1,'20/04/2016','11:00am',1),(888,2,282,'Hourly',1,'20/04/2016','12:00pm',1),(889,2,282,'Hourly',1,'20/04/2016','01:00pm',1),(890,2,282,'Hourly',1,'21/04/2016','02:00pm',1),(891,2,282,'Hourly',1,'21/04/2016','03:00pm',1),(892,2,283,'Hourly',1,'18/04/2016','11:00am',1),(893,2,283,'Hourly',1,'18/04/2016','12:00pm',1),(894,2,283,'Hourly',1,'18/04/2016','02:00pm',1),(895,2,283,'Hourly',1,'18/04/2016','03:00pm',1),(896,2,284,'Hourly',1,'18/04/2016','11:00am',1),(897,2,284,'Hourly',1,'18/04/2016','02:00pm',1),(898,2,284,'Hourly',1,'18/04/2016','03:00pm',1),(899,2,285,'Hourly',1,'18/04/2016','12:00pm',1),(900,2,285,'Hourly',1,'18/04/2016','01:00pm',1),(901,2,285,'Hourly',1,'18/04/2016','02:00pm',1),(902,2,285,'Hourly',1,'18/04/2016','03:00pm',1),(903,2,286,'Hourly',1,'18/04/2016','11:00am',1),(904,2,286,'Hourly',1,'18/04/2016','12:00pm',1),(905,2,286,'Hourly',1,'18/04/2016','01:00pm',1),(906,2,286,'Hourly',1,'18/04/2016','02:00pm',1),(907,2,287,'Hourly',1,'18/04/2016','10:00am',1),(908,2,287,'Hourly',1,'18/04/2016','11:00am',1),(909,2,287,'Hourly',1,'18/04/2016','12:00pm',1),(910,2,287,'Hourly',1,'18/04/2016','01:00pm',1),(911,2,288,'Hourly',1,'18/04/2016','12:00pm',1),(912,2,288,'Hourly',1,'18/04/2016','01:00pm',1),(913,2,288,'Hourly',1,'18/04/2016','11:00am',1),(914,16,289,'Hourly',1,'19/04/2016','08:00am',1),(915,16,289,'Hourly',1,'19/04/2016','09:00am',1),(916,2,290,'Hourly',1,'18/04/2016','11:00am',1),(917,2,290,'Hourly',1,'18/04/2016','12:00pm',1),(918,2,290,'Hourly',1,'18/04/2016','01:00pm',1),(919,2,290,'Hourly',1,'18/04/2016','02:00pm',1),(920,2,290,'Hourly',1,'18/04/2016','10:00am',1),(921,26,291,'Hourly',1,'22/04/2016','01:00pm',1),(922,26,292,'Hourly',10,'23/04/2016','02:00pm',1),(923,2,293,'Hourly',1,'18/04/2016','10:00am',1),(924,2,293,'Hourly',1,'18/04/2016','11:00am',1),(925,2,293,'Hourly',1,'18/04/2016','01:00pm',1),(926,2,293,'Hourly',1,'18/04/2016','02:00pm',1),(927,2,293,'Hourly',1,'18/04/2016','03:00pm',1),(928,2,295,'Hourly',1,'18/04/2016','11:00am',1),(929,2,295,'Hourly',1,'18/04/2016','12:00pm',1),(930,2,295,'Hourly',1,'18/04/2016','01:00pm',1),(931,2,295,'Hourly',1,'18/04/2016','03:00pm',1),(932,2,297,'Hourly',1,'18/04/2016','01:00pm',1),(933,2,297,'Hourly',1,'18/04/2016','02:00pm',1),(934,2,297,'Hourly',1,'18/04/2016','12:00pm',1),(935,2,297,'Hourly',1,'18/04/2016','03:00pm',1),(936,2,298,'Hourly',1,'18/04/2016','12:00pm',1),(937,2,298,'Hourly',1,'18/04/2016','01:00pm',1),(938,2,298,'Hourly',1,'18/04/2016','03:00pm',1),(939,2,298,'Hourly',1,'18/04/2016','02:00pm',1),(940,2,298,'Hourly',1,'18/04/2016','11:00am',1),(941,2,299,'Hourly',1,'18/04/2016','12:00pm',1),(942,2,299,'Hourly',1,'18/04/2016','01:00pm',1),(943,2,299,'Hourly',1,'18/04/2016','03:00pm',1),(944,2,299,'Hourly',1,'18/04/2016','02:00pm',1),(945,2,299,'Hourly',1,'18/04/2016','11:00am',1),(946,2,300,'Hourly',1,'18/04/2016','03:00pm',1),(947,2,300,'Hourly',1,'18/04/2016','02:00pm',1),(948,2,300,'Hourly',1,'18/04/2016','01:00pm',1),(949,2,300,'Hourly',1,'18/04/2016','12:00pm',1),(950,2,301,'Hourly',1,'18/04/2016','12:00pm',1),(951,2,301,'Hourly',1,'18/04/2016','01:00pm',1),(952,2,301,'Hourly',1,'18/04/2016','02:00pm',1),(953,2,301,'Hourly',1,'18/04/2016','03:00pm',1),(954,2,301,'Hourly',1,'18/04/2016','11:00am',1),(955,2,303,'Hourly',1,'18/04/2016','12:00pm',1),(956,2,303,'Hourly',1,'18/04/2016','01:00pm',1),(957,2,303,'Hourly',1,'18/04/2016','02:00pm',1),(958,2,303,'Hourly',1,'18/04/2016','11:00am',1),(959,2,303,'Hourly',1,'18/04/2016','03:00pm',1),(960,26,304,'Hourly',7,'18/04/2016','09:00am',1),(961,2,308,'Hourly',1,'18/04/2016','12:00pm',1),(962,2,308,'Hourly',1,'18/04/2016','01:00pm',1),(963,2,308,'Hourly',1,'18/04/2016','02:00pm',1),(964,2,308,'Hourly',1,'18/04/2016','03:00pm',1),(965,2,308,'Hourly',1,'18/04/2016','10:00am',1),(966,21,309,'Hourly',1,'18/04/2016','11:00am',1),(967,21,310,'Hourly',20,'20/04/2016','05:00pm',1),(968,21,310,'Hourly',20,'18/04/2016','12:00pm',1),(969,21,310,'Hourly',20,'18/04/2016','01:00pm',1),(970,21,310,'Hourly',20,'18/04/2016','02:00pm',1),(971,2,311,'Hourly',1,'18/04/2016','01:00pm',1),(972,2,311,'Hourly',1,'18/04/2016','03:00pm',1),(973,2,311,'Hourly',1,'18/04/2016','02:00pm',1),(974,2,311,'Hourly',1,'18/04/2016','12:00pm',1),(975,2,312,'Hourly',1,'18/04/2016','02:00pm',1),(976,2,312,'Hourly',1,'18/04/2016','01:00pm',1),(977,2,312,'Hourly',1,'18/04/2016','12:00pm',1),(978,2,312,'Hourly',1,'18/04/2016','11:00am',1),(979,2,313,'Hourly',1,'18/04/2016','12:00pm',1),(980,2,313,'Hourly',1,'18/04/2016','01:00pm',1),(981,2,313,'Hourly',1,'18/04/2016','02:00pm',1),(982,2,313,'Hourly',1,'18/04/2016','11:00am',1),(983,2,313,'Hourly',1,'18/04/2016','10:00am',1),(984,2,314,'Hourly',1,'18/04/2016','03:00pm',1),(985,2,314,'Hourly',1,'18/04/2016','02:00pm',1),(986,2,314,'Hourly',1,'18/04/2016','01:00pm',1),(987,2,314,'Hourly',1,'18/04/2016','12:00pm',1),(988,2,314,'Hourly',1,'18/04/2016','11:00am',1),(989,2,315,'Hourly',1,'18/04/2016','11:00am',1),(990,2,315,'Hourly',1,'18/04/2016','12:00pm',1),(991,2,315,'Hourly',1,'18/04/2016','03:00pm',1),(992,2,315,'Hourly',1,'18/04/2016','02:00pm',1),(993,2,315,'Hourly',1,'18/04/2016','01:00pm',1),(994,21,317,'Hourly',1,'20/04/2016','01:00pm',1),(995,2,318,'Hourly',1,'18/04/2016','04:00pm',1),(996,2,318,'Hourly',1,'18/04/2016','11:00am',1),(997,2,318,'Hourly',1,'18/04/2016','12:00pm',1),(998,2,318,'Hourly',1,'18/04/2016','01:00pm',1),(999,2,318,'Hourly',1,'18/04/2016','02:00pm',1),(1000,2,318,'Hourly',1,'18/04/2016','03:00pm',1),(1001,28,319,'HalfDay',1,'19/04/2016','06:00am',1),(1002,28,319,'HalfDay',1,'19/04/2016','07:00am',1),(1003,28,319,'HalfDay',1,'19/04/2016','08:00am',1),(1004,28,319,'HalfDay',1,'19/04/2016','09:00am',1),(1005,28,319,'HalfDay',1,'19/04/2016','10:00am',1),(1006,28,319,'HalfDay',1,'19/04/2016','11:00am',1),(1007,28,319,'HalfDay',1,'19/04/2016','12:00pm',1),(1008,28,319,'HalfDay',1,'19/04/2016','01:00pm',1),(1009,28,320,'HalfDay',19,'19/04/2016','02:00pm',1),(1010,28,320,'HalfDay',19,'19/04/2016','03:00pm',1),(1011,28,320,'HalfDay',19,'19/04/2016','04:00pm',1),(1012,28,320,'HalfDay',19,'19/04/2016','05:00pm',1),(1013,28,320,'HalfDay',19,'19/04/2016','06:00pm',1),(1014,28,320,'HalfDay',19,'19/04/2016','07:00pm',1),(1015,28,320,'HalfDay',19,'19/04/2016','08:00pm',1),(1016,28,320,'HalfDay',19,'19/04/2016','09:00pm',1),(1017,28,320,'HalfDay',19,'19/04/2016','10:00pm',1),(1018,28,321,'HalfDay',1,'19/04/2016','06:00am',1),(1019,28,321,'HalfDay',1,'19/04/2016','07:00am',1),(1020,28,321,'HalfDay',1,'19/04/2016','08:00am',1),(1021,28,321,'HalfDay',1,'19/04/2016','09:00am',1),(1022,28,321,'HalfDay',1,'19/04/2016','10:00am',1),(1023,28,321,'HalfDay',1,'19/04/2016','11:00am',1),(1024,28,321,'HalfDay',1,'19/04/2016','12:00pm',1),(1025,28,321,'HalfDay',1,'19/04/2016','01:00pm',1),(1026,28,322,'HalfDay',3,'19/04/2016','06:00am',1),(1027,28,322,'HalfDay',3,'19/04/2016','07:00am',1),(1028,28,322,'HalfDay',3,'19/04/2016','08:00am',1),(1029,28,322,'HalfDay',3,'19/04/2016','09:00am',1),(1030,28,322,'HalfDay',3,'19/04/2016','10:00am',1),(1031,28,322,'HalfDay',3,'19/04/2016','11:00am',1),(1032,28,322,'HalfDay',3,'19/04/2016','12:00pm',1),(1033,28,322,'HalfDay',3,'19/04/2016','01:00pm',1),(1034,28,323,'HalfDay',12,'19/04/2016','06:00am',1),(1035,28,323,'HalfDay',12,'19/04/2016','07:00am',1),(1036,28,323,'HalfDay',12,'19/04/2016','08:00am',1),(1037,28,323,'HalfDay',12,'19/04/2016','09:00am',1),(1038,28,323,'HalfDay',12,'19/04/2016','10:00am',1),(1039,28,323,'HalfDay',12,'19/04/2016','11:00am',1),(1040,28,323,'HalfDay',12,'19/04/2016','12:00pm',1),(1041,28,323,'HalfDay',12,'19/04/2016','01:00pm',1),(1042,28,324,'HalfDay',2,'19/04/2016','06:00am',1),(1043,28,324,'HalfDay',2,'19/04/2016','07:00am',1),(1044,28,324,'HalfDay',2,'19/04/2016','08:00am',1),(1045,28,324,'HalfDay',2,'19/04/2016','09:00am',1),(1046,28,324,'HalfDay',2,'19/04/2016','10:00am',1),(1047,28,324,'HalfDay',2,'19/04/2016','11:00am',1),(1048,28,324,'HalfDay',2,'19/04/2016','12:00pm',1),(1049,28,324,'HalfDay',2,'19/04/2016','01:00pm',1),(1050,28,325,'HalfDay',2,'19/04/2016','06:00am',1),(1051,28,325,'HalfDay',2,'19/04/2016','07:00am',1),(1052,28,325,'HalfDay',2,'19/04/2016','08:00am',1),(1053,28,325,'HalfDay',2,'19/04/2016','09:00am',1),(1054,28,325,'HalfDay',2,'19/04/2016','10:00am',1),(1055,28,325,'HalfDay',2,'19/04/2016','11:00am',1),(1056,28,325,'HalfDay',2,'19/04/2016','12:00pm',1),(1057,28,325,'HalfDay',2,'19/04/2016','01:00pm',1),(1058,28,326,'HalfDay',2,'19/04/2016','06:00am',1),(1059,28,326,'HalfDay',2,'19/04/2016','07:00am',1),(1060,28,326,'HalfDay',2,'19/04/2016','08:00am',1),(1061,28,326,'HalfDay',2,'19/04/2016','09:00am',1),(1062,28,326,'HalfDay',2,'19/04/2016','10:00am',1),(1063,28,326,'HalfDay',2,'19/04/2016','11:00am',1),(1064,28,326,'HalfDay',2,'19/04/2016','12:00pm',1),(1065,28,326,'HalfDay',2,'19/04/2016','01:00pm',1),(1066,28,327,'HalfDay',17,'20/04/2016','06:00am',1),(1067,28,327,'HalfDay',17,'20/04/2016','07:00am',1),(1068,28,327,'HalfDay',17,'20/04/2016','08:00am',1),(1069,28,327,'HalfDay',17,'20/04/2016','09:00am',1),(1070,28,327,'HalfDay',17,'20/04/2016','10:00am',1),(1071,28,327,'HalfDay',17,'20/04/2016','11:00am',1),(1072,28,327,'HalfDay',17,'20/04/2016','12:00pm',1),(1073,28,327,'HalfDay',17,'20/04/2016','01:00pm',1),(1074,28,328,'HalfDay',2,'19/04/2016','06:00am',1),(1075,28,328,'HalfDay',2,'19/04/2016','07:00am',1),(1076,28,328,'HalfDay',2,'19/04/2016','08:00am',1),(1077,28,328,'HalfDay',2,'19/04/2016','09:00am',1),(1078,28,328,'HalfDay',2,'19/04/2016','10:00am',1),(1079,28,328,'HalfDay',2,'19/04/2016','11:00am',1),(1080,28,328,'HalfDay',2,'19/04/2016','12:00pm',1),(1081,28,328,'HalfDay',2,'19/04/2016','01:00pm',1),(1082,4,329,'HalfDay',20,'19/04/2016','11:00am',1),(1083,4,329,'HalfDay',20,'19/04/2016','12:00pm',1),(1084,4,329,'HalfDay',20,'19/04/2016','01:00pm',1),(1085,4,329,'HalfDay',20,'19/04/2016','02:00pm',1),(1086,4,330,'HalfDay',12,'19/04/2016','03:00pm',1),(1087,4,330,'HalfDay',12,'19/04/2016','04:00pm',1),(1088,4,330,'HalfDay',12,'19/04/2016','05:00pm',1),(1089,4,330,'HalfDay',12,'19/04/2016','06:00pm',1),(1090,4,330,'HalfDay',12,'20/04/2016','03:00pm',1),(1091,4,330,'HalfDay',12,'20/04/2016','04:00pm',1),(1092,4,330,'HalfDay',12,'20/04/2016','05:00pm',1),(1093,4,330,'HalfDay',12,'20/04/2016','06:00pm',1),(1094,4,331,'HalfDay',2,'19/04/2016','03:00pm',1),(1095,4,331,'HalfDay',2,'19/04/2016','04:00pm',1),(1096,4,331,'HalfDay',2,'19/04/2016','05:00pm',1),(1097,4,331,'HalfDay',2,'19/04/2016','06:00pm',1),(1098,4,332,'HalfDay',4,'20/04/2016','11:00am',1),(1099,4,332,'HalfDay',4,'20/04/2016','12:00pm',1),(1100,4,332,'HalfDay',4,'20/04/2016','01:00pm',1),(1101,4,332,'HalfDay',4,'20/04/2016','02:00pm',1),(1102,4,333,'HalfDay',4,'20/04/2016','11:00am',1),(1103,4,333,'HalfDay',4,'20/04/2016','12:00pm',1),(1104,4,333,'HalfDay',4,'20/04/2016','01:00pm',1),(1105,4,333,'HalfDay',4,'20/04/2016','02:00pm',1),(1106,4,334,'HalfDay',4,'20/04/2016','11:00am',1),(1107,4,334,'HalfDay',4,'20/04/2016','12:00pm',1),(1108,4,334,'HalfDay',4,'20/04/2016','01:00pm',1),(1109,4,334,'HalfDay',4,'20/04/2016','02:00pm',1),(1110,4,335,'HalfDay',4,'20/04/2016','11:00am',1),(1111,4,335,'HalfDay',4,'20/04/2016','12:00pm',1),(1112,4,335,'HalfDay',4,'20/04/2016','01:00pm',1),(1113,4,335,'HalfDay',4,'20/04/2016','02:00pm',1),(1114,4,336,'HalfDay',4,'20/04/2016','11:00am',1),(1115,4,336,'HalfDay',4,'20/04/2016','12:00pm',1),(1116,4,336,'HalfDay',4,'20/04/2016','01:00pm',1),(1117,4,336,'HalfDay',4,'20/04/2016','02:00pm',1),(1118,4,337,'HalfDay',4,'20/04/2016','11:00am',1),(1119,4,337,'HalfDay',4,'20/04/2016','12:00pm',1),(1120,4,337,'HalfDay',4,'20/04/2016','01:00pm',1),(1121,4,337,'HalfDay',4,'20/04/2016','02:00pm',1),(1122,4,338,'HalfDay',4,'20/04/2016','11:00am',1),(1123,4,338,'HalfDay',4,'20/04/2016','12:00pm',1),(1124,4,338,'HalfDay',4,'20/04/2016','01:00pm',1),(1125,4,338,'HalfDay',4,'20/04/2016','02:00pm',1),(1126,4,339,'HalfDay',5,'20/04/2016','11:00am',1),(1127,4,339,'HalfDay',5,'20/04/2016','12:00pm',1),(1128,4,339,'HalfDay',5,'20/04/2016','01:00pm',1),(1129,4,339,'HalfDay',5,'20/04/2016','02:00pm',1),(1130,4,340,'HalfDay',5,'20/04/2016','11:00am',1),(1131,4,340,'HalfDay',5,'20/04/2016','12:00pm',1),(1132,4,340,'HalfDay',5,'20/04/2016','01:00pm',1),(1133,4,340,'HalfDay',5,'20/04/2016','02:00pm',1),(1134,4,341,'HalfDay',5,'20/04/2016','11:00am',1),(1135,4,341,'HalfDay',5,'20/04/2016','12:00pm',1),(1136,4,341,'HalfDay',5,'20/04/2016','01:00pm',1),(1137,4,341,'HalfDay',5,'20/04/2016','02:00pm',1),(1138,4,342,'HalfDay',5,'20/04/2016','11:00am',1),(1139,4,342,'HalfDay',5,'20/04/2016','12:00pm',1),(1140,4,342,'HalfDay',5,'20/04/2016','01:00pm',1),(1141,4,342,'HalfDay',5,'20/04/2016','02:00pm',1),(1142,4,343,'HalfDay',5,'20/04/2016','11:00am',1),(1143,4,343,'HalfDay',5,'20/04/2016','12:00pm',1),(1144,4,343,'HalfDay',5,'20/04/2016','01:00pm',1),(1145,4,343,'HalfDay',5,'20/04/2016','02:00pm',1),(1146,2,344,'Hourly',1,'18/04/2016','11:00am',1),(1147,2,344,'Hourly',1,'18/04/2016','12:00pm',1),(1148,2,344,'Hourly',1,'18/04/2016','01:00pm',1),(1149,2,344,'Hourly',1,'18/04/2016','02:00pm',1),(1150,2,344,'Hourly',1,'18/04/2016','03:00pm',1),(1151,4,345,'HalfDay',5,'20/04/2016','11:00am',1),(1152,4,345,'HalfDay',5,'20/04/2016','12:00pm',1),(1153,4,345,'HalfDay',5,'20/04/2016','01:00pm',1),(1154,4,345,'HalfDay',5,'20/04/2016','02:00pm',1),(1155,4,346,'HalfDay',5,'20/04/2016','11:00am',1),(1156,4,346,'HalfDay',5,'20/04/2016','12:00pm',1),(1157,4,346,'HalfDay',5,'20/04/2016','01:00pm',1),(1158,4,346,'HalfDay',5,'20/04/2016','02:00pm',1),(1159,4,347,'HalfDay',5,'20/04/2016','11:00am',1),(1160,4,347,'HalfDay',5,'20/04/2016','12:00pm',1),(1161,4,347,'HalfDay',5,'20/04/2016','01:00pm',1),(1162,4,347,'HalfDay',5,'20/04/2016','02:00pm',1),(1163,4,348,'HalfDay',5,'20/04/2016','11:00am',1),(1164,4,348,'HalfDay',5,'20/04/2016','12:00pm',1),(1165,4,348,'HalfDay',5,'20/04/2016','01:00pm',1),(1166,4,348,'HalfDay',5,'20/04/2016','02:00pm',1),(1167,4,349,'HalfDay',5,'20/04/2016','11:00am',1),(1168,4,349,'HalfDay',5,'20/04/2016','12:00pm',1),(1169,4,349,'HalfDay',5,'20/04/2016','01:00pm',1),(1170,4,349,'HalfDay',5,'20/04/2016','02:00pm',1),(1171,4,350,'HalfDay',5,'20/04/2016','11:00am',1),(1172,4,350,'HalfDay',5,'20/04/2016','12:00pm',1),(1173,4,350,'HalfDay',5,'20/04/2016','01:00pm',1),(1174,4,350,'HalfDay',5,'20/04/2016','02:00pm',1),(1175,4,351,'HalfDay',5,'20/04/2016','11:00am',1),(1176,4,351,'HalfDay',5,'20/04/2016','12:00pm',1),(1177,4,351,'HalfDay',5,'20/04/2016','01:00pm',1),(1178,4,351,'HalfDay',5,'20/04/2016','02:00pm',1),(1179,4,352,'HalfDay',5,'20/04/2016','11:00am',1),(1180,4,352,'HalfDay',5,'20/04/2016','12:00pm',1),(1181,4,352,'HalfDay',5,'20/04/2016','01:00pm',1),(1182,4,352,'HalfDay',5,'20/04/2016','02:00pm',1),(1183,4,353,'HalfDay',5,'20/04/2016','11:00am',1),(1184,4,353,'HalfDay',5,'20/04/2016','12:00pm',1),(1185,4,353,'HalfDay',5,'20/04/2016','01:00pm',1),(1186,4,353,'HalfDay',5,'20/04/2016','02:00pm',1),(1187,4,354,'HalfDay',5,'20/04/2016','11:00am',1),(1188,4,354,'HalfDay',5,'20/04/2016','12:00pm',1),(1189,4,354,'HalfDay',5,'20/04/2016','01:00pm',1),(1190,4,354,'HalfDay',5,'20/04/2016','02:00pm',1),(1191,2,355,'Hourly',1,'18/04/2016','10:00am',1),(1192,2,355,'Hourly',1,'18/04/2016','11:00am',1),(1193,2,355,'Hourly',1,'18/04/2016','12:00pm',1),(1194,2,355,'Hourly',1,'18/04/2016','01:00pm',1),(1195,2,355,'Hourly',1,'18/04/2016','03:00pm',1),(1196,2,355,'Hourly',1,'18/04/2016','02:00pm',1),(1197,4,356,'HalfDay',5,'20/04/2016','11:00am',1),(1198,4,356,'HalfDay',5,'20/04/2016','12:00pm',1),(1199,4,356,'HalfDay',5,'20/04/2016','01:00pm',1),(1200,4,356,'HalfDay',5,'20/04/2016','02:00pm',1),(1201,4,357,'HalfDay',5,'20/04/2016','11:00am',1),(1202,4,357,'HalfDay',5,'20/04/2016','12:00pm',1),(1203,4,357,'HalfDay',5,'20/04/2016','01:00pm',1),(1204,4,357,'HalfDay',5,'20/04/2016','02:00pm',1),(1205,2,358,'Hourly',1,'21/04/2016','12:00pm',1),(1206,2,358,'Hourly',1,'21/04/2016','01:00pm',1),(1207,2,359,'Hourly',1,'20/04/2016','12:00pm',1),(1208,2,360,'Hourly',1,'18/04/2016','12:00pm',1),(1209,2,360,'Hourly',1,'18/04/2016','11:00am',1),(1210,2,360,'Hourly',1,'18/04/2016','10:00am',1),(1211,2,360,'Hourly',1,'18/04/2016','01:00pm',1),(1212,2,360,'Hourly',1,'18/04/2016','02:00pm',1),(1213,2,360,'Hourly',1,'18/04/2016','03:00pm',1),(1214,2,361,'Hourly',1,'22/04/2016','11:00am',1),(1215,2,362,'Hourly',1,'18/04/2016','10:00am',1),(1216,2,362,'Hourly',1,'18/04/2016','11:00am',1),(1217,2,362,'Hourly',1,'18/04/2016','12:00pm',1),(1218,2,362,'Hourly',1,'18/04/2016','01:00pm',1),(1219,2,362,'Hourly',1,'18/04/2016','02:00pm',1),(1220,2,362,'Hourly',1,'18/04/2016','03:00pm',1),(1221,2,367,'Hourly',1,'18/04/2016','11:00am',1),(1222,2,367,'Hourly',1,'18/04/2016','12:00pm',1),(1223,2,367,'Hourly',1,'18/04/2016','01:00pm',1),(1224,2,367,'Hourly',1,'18/04/2016','02:00pm',1),(1225,2,370,'Hourly',1,'18/04/2016','11:00am',1),(1226,2,370,'Hourly',1,'18/04/2016','12:00pm',1),(1227,2,370,'Hourly',1,'18/04/2016','01:00pm',1),(1228,2,371,'Hourly',1,'18/04/2016','10:00am',1),(1229,2,371,'Hourly',1,'18/04/2016','11:00am',1),(1230,2,371,'Hourly',1,'18/04/2016','12:00pm',1),(1231,2,371,'Hourly',1,'18/04/2016','01:00pm',1),(1232,2,371,'Hourly',1,'18/04/2016','02:00pm',1),(1233,3,372,'HalfDay',2,'7/4/2016','09:00am',1),(1234,3,372,'HalfDay',2,'7/4/2016','10:00am',1),(1235,3,372,'HalfDay',2,'7/4/2016','11:00am',1),(1236,3,372,'HalfDay',2,'7/4/2016','12:00pm',1),(1237,3,372,'HalfDay',2,'7/4/2016','01:00pm',1),(1238,3,372,'HalfDay',2,'8/4/2016','09:00am',1),(1239,3,373,'HalfDay',2,'7/4/2016','09:00am',1),(1240,3,373,'HalfDay',2,'7/4/2016','10:00am',1),(1241,3,373,'HalfDay',2,'7/4/2016','11:00am',1),(1242,3,373,'HalfDay',2,'7/4/2016','12:00pm',1),(1243,3,373,'HalfDay',2,'7/4/2016','01:00pm',1),(1244,3,373,'HalfDay',2,'7/4/2016','03:00pm',1),(1246,3,373,'HalfDay',2,'7/4/2016','05:00pm',1),(1248,3,373,'HalfDay',2,'8/4/2016','09:00am',1),(1249,2,374,'Hourly',1,'18/04/2016','11:00am',1),(1250,2,374,'Hourly',1,'18/04/2016','12:00pm',1),(1251,2,374,'Hourly',1,'18/04/2016','01:00pm',1),(1252,2,374,'Hourly',1,'18/04/2016','02:00pm',1),(1253,2,374,'Hourly',1,'18/04/2016','10:00am',1),(1254,3,375,'HalfDay',1,'20/04/2016','11:00am',1),(1255,3,375,'HalfDay',1,'20/04/2016','12:00pm',1),(1256,3,375,'HalfDay',1,'20/04/2016','01:00pm',1),(1257,3,375,'HalfDay',1,'20/04/2016','02:00pm',1),(1258,3,375,'HalfDay',1,'20/04/2016','03:00pm',1),(1259,3,375,'HalfDay',1,'20/04/2016','04:00pm',1),(1260,3,375,'HalfDay',1,'20/04/2016','05:00pm',1),(1261,3,375,'HalfDay',1,'20/04/2016','06:00pm',1),(1262,3,375,'HalfDay',1,'20/04/2016','07:00pm',1),(1263,3,375,'HalfDay',1,'20/04/2016','08:00pm',1),(1264,3,375,'HalfDay',1,'20/04/2016','09:00pm',1),(1265,3,375,'HalfDay',1,'20/04/2016','10:00pm',1),(1266,3,376,'HalfDay',5,'20/04/2016','11:00am',1),(1267,3,376,'HalfDay',5,'20/04/2016','12:00pm',1),(1268,3,376,'HalfDay',5,'20/04/2016','01:00pm',1),(1269,3,376,'HalfDay',5,'20/04/2016','02:00pm',1),(1270,3,376,'HalfDay',5,'20/04/2016','03:00pm',1),(1271,3,376,'HalfDay',5,'20/04/2016','04:00pm',1),(1272,3,376,'HalfDay',5,'20/04/2016','05:00pm',1),(1273,3,376,'HalfDay',5,'20/04/2016','06:00pm',1),(1274,3,376,'HalfDay',5,'20/04/2016','07:00pm',1),(1275,3,376,'HalfDay',5,'20/04/2016','08:00pm',1),(1276,3,376,'HalfDay',5,'20/04/2016','09:00pm',1),(1277,3,376,'HalfDay',5,'20/04/2016','10:00pm',1),(1278,3,377,'HalfDay',1,'20/04/2016','11:00am',1),(1279,3,377,'HalfDay',1,'20/04/2016','12:00pm',1),(1280,3,377,'HalfDay',1,'20/04/2016','01:00pm',1),(1281,3,377,'HalfDay',1,'20/04/2016','02:00pm',1),(1282,3,377,'HalfDay',1,'20/04/2016','03:00pm',1),(1283,3,377,'HalfDay',1,'20/04/2016','04:00pm',1),(1284,3,377,'HalfDay',1,'20/04/2016','05:00pm',1),(1285,3,377,'HalfDay',1,'20/04/2016','06:00pm',1),(1286,3,377,'HalfDay',1,'20/04/2016','07:00pm',1),(1287,3,377,'HalfDay',1,'20/04/2016','08:00pm',1),(1288,3,377,'HalfDay',1,'20/04/2016','09:00pm',1),(1289,3,377,'HalfDay',1,'20/04/2016','10:00pm',1),(1290,2,379,'Hourly',1,'18/04/2016','10:00am',1),(1291,2,379,'Hourly',1,'18/04/2016','11:00am',1),(1292,2,379,'Hourly',1,'18/04/2016','12:00pm',1),(1293,2,380,'Hourly',1,'18/04/2016','10:00am',1),(1294,2,380,'Hourly',1,'18/04/2016','11:00am',1),(1295,2,380,'Hourly',1,'18/04/2016','12:00pm',1),(1296,2,381,'Hourly',1,'18/04/2016','10:00am',1),(1297,2,381,'Hourly',1,'18/04/2016','11:00am',1),(1298,2,381,'Hourly',1,'18/04/2016','12:00pm',1),(1299,2,381,'Hourly',1,'18/04/2016','01:00pm',1),(1300,2,381,'Hourly',1,'18/04/2016','03:00pm',1),(1301,2,381,'Hourly',1,'18/04/2016','02:00pm',1),(1302,2,382,'Hourly',1,'18/04/2016','10:00am',1),(1303,2,382,'Hourly',1,'18/04/2016','11:00am',1),(1304,2,382,'Hourly',1,'18/04/2016','12:00pm',1),(1305,2,382,'Hourly',1,'18/04/2016','01:00pm',1),(1306,2,382,'Hourly',1,'18/04/2016','04:00pm',1),(1307,2,382,'Hourly',1,'18/04/2016','03:00pm',1),(1308,2,383,'Hourly',1,'19/04/2016','11:00am',1),(1309,16,385,'Hourly',5,'22/04/2016','11:00am',1),(1310,16,385,'Hourly',5,'23/04/2016','09:00am',1),(1311,16,385,'Hourly',5,'23/04/2016','10:00am',1),(1312,16,385,'Hourly',5,'23/04/2016','01:00pm',1),(1313,16,385,'Hourly',5,'23/04/2016','12:00pm',1),(1314,16,385,'Hourly',5,'23/04/2016','11:00am',1),(1315,16,385,'Hourly',5,'20/04/2016','02:00pm',1),(1316,4,386,'HalfDay',1,'22/04/2016','03:00pm',1),(1317,4,386,'HalfDay',1,'22/04/2016','04:00pm',1),(1318,4,386,'HalfDay',1,'22/04/2016','05:00pm',1),(1319,4,386,'HalfDay',1,'22/04/2016','06:00pm',1),(1320,2,389,'Hourly',1,'19/04/2016','11:00am',1),(1321,2,389,'Hourly',1,'19/04/2016','12:00pm',1),(1322,2,389,'Hourly',1,'19/04/2016','01:00pm',1),(1323,2,390,'Hourly',1,'22/04/2016','11:00am',1),(1324,1,392,'Hourly',1,'21/04/2016','09:00am',1),(1325,3,393,'HalfDay',1,'20/04/2016','11:00am',1),(1326,3,393,'HalfDay',1,'20/04/2016','12:00pm',1),(1327,3,393,'HalfDay',1,'20/04/2016','01:00pm',1),(1328,3,393,'HalfDay',1,'20/04/2016','02:00pm',1),(1329,3,393,'HalfDay',1,'20/04/2016','03:00pm',1),(1330,3,393,'HalfDay',1,'20/04/2016','04:00pm',1),(1331,3,393,'HalfDay',1,'21/04/2016','05:00pm',1),(1332,3,393,'HalfDay',1,'21/04/2016','06:00pm',1),(1333,3,393,'HalfDay',1,'21/04/2016','07:00pm',1),(1334,3,393,'HalfDay',1,'21/04/2016','08:00pm',1),(1335,3,393,'HalfDay',1,'21/04/2016','09:00pm',1),(1336,3,393,'HalfDay',1,'21/04/2016','10:00pm',1),(1337,3,394,'HalfDay',1,'20/04/2016','11:00am',1),(1338,3,394,'HalfDay',1,'20/04/2016','12:00pm',1),(1339,3,394,'HalfDay',1,'20/04/2016','01:00pm',1),(1340,3,394,'HalfDay',1,'20/04/2016','02:00pm',1),(1341,3,394,'HalfDay',1,'20/04/2016','03:00pm',1),(1342,3,394,'HalfDay',1,'20/04/2016','04:00pm',1),(1343,3,394,'HalfDay',1,'21/04/2016','05:00pm',1),(1344,3,394,'HalfDay',1,'21/04/2016','06:00pm',1),(1345,3,394,'HalfDay',1,'21/04/2016','07:00pm',1),(1346,3,394,'HalfDay',1,'21/04/2016','08:00pm',1),(1347,3,394,'HalfDay',1,'21/04/2016','09:00pm',1),(1348,3,394,'HalfDay',1,'21/04/2016','10:00pm',1),(1349,9,395,'Hourly',5,'19/04/2016','10:00am',1),(1350,9,396,'Hourly',20,'21/04/2016','12:00pm',1),(1351,3,397,'HalfDay',1,'21/04/2016','11:00am',1),(1352,3,397,'HalfDay',1,'21/04/2016','12:00pm',1),(1353,3,397,'HalfDay',1,'21/04/2016','01:00pm',1),(1354,3,397,'HalfDay',1,'21/04/2016','02:00pm',1),(1355,3,397,'HalfDay',1,'21/04/2016','03:00pm',1),(1356,3,397,'HalfDay',1,'21/04/2016','04:00pm',1),(1357,4,398,'HalfDay',20,'22/04/2016','11:00am',1),(1358,4,398,'HalfDay',20,'22/04/2016','12:00pm',1),(1359,4,398,'HalfDay',20,'22/04/2016','01:00pm',1),(1360,4,398,'HalfDay',20,'22/04/2016','02:00pm',1),(1361,2,399,'Hourly',1,'21/04/2016','12:00pm',1),(1362,2,399,'Hourly',1,'21/04/2016','01:00pm',1),(1363,2,399,'Hourly',1,'22/04/2016','01:00pm',1),(1364,2,399,'Hourly',1,'23/04/2016','01:00pm',1),(1365,4,402,'HalfDay',20,'23/04/2016','11:00am',1),(1366,4,402,'HalfDay',20,'23/04/2016','12:00pm',1),(1367,4,402,'HalfDay',20,'23/04/2016','01:00pm',1),(1368,4,402,'HalfDay',20,'23/04/2016','02:00pm',1),(1369,3,403,'HalfDay',1,'20/04/2016','11:00am',1),(1370,3,403,'HalfDay',1,'20/04/2016','12:00pm',1),(1371,3,403,'HalfDay',1,'20/04/2016','01:00pm',1),(1372,3,403,'HalfDay',1,'20/04/2016','02:00pm',1),(1373,3,403,'HalfDay',1,'20/04/2016','03:00pm',1),(1374,3,403,'HalfDay',1,'20/04/2016','04:00pm',1),(1375,3,403,'HalfDay',1,'21/04/2016','05:00pm',1),(1376,3,403,'HalfDay',1,'21/04/2016','06:00pm',1),(1377,3,403,'HalfDay',1,'21/04/2016','07:00pm',1),(1378,3,403,'HalfDay',1,'21/04/2016','08:00pm',1),(1379,3,403,'HalfDay',1,'21/04/2016','09:00pm',1),(1380,3,403,'HalfDay',1,'21/04/2016','10:00pm',1),(1381,12,404,'HalfDay',20,'21/04/2016','09:00am',1),(1382,12,404,'HalfDay',20,'21/04/2016','10:00am',1),(1383,12,404,'HalfDay',20,'21/04/2016','11:00am',1),(1384,12,404,'HalfDay',20,'21/04/2016','12:00pm',1),(1385,12,404,'HalfDay',20,'21/04/2016','01:00pm',1),(1386,3,405,'HalfDay',1,'20/04/2016','11:00am',1),(1387,3,405,'HalfDay',1,'20/04/2016','12:00pm',1),(1388,3,405,'HalfDay',1,'20/04/2016','01:00pm',1),(1389,3,405,'HalfDay',1,'20/04/2016','02:00pm',1),(1390,3,405,'HalfDay',1,'20/04/2016','03:00pm',1),(1391,3,405,'HalfDay',1,'20/04/2016','04:00pm',1),(1392,3,407,'HalfDay',1,'22/04/2016','11:00am',1),(1393,3,407,'HalfDay',1,'22/04/2016','12:00pm',1),(1394,3,407,'HalfDay',1,'22/04/2016','01:00pm',1),(1395,3,407,'HalfDay',1,'22/04/2016','02:00pm',1),(1396,3,407,'HalfDay',1,'22/04/2016','03:00pm',1),(1397,3,407,'HalfDay',1,'22/04/2016','04:00pm',1),(1398,3,408,'HalfDay',1,'22/04/2016','11:00am',1),(1399,3,408,'HalfDay',1,'22/04/2016','12:00pm',1),(1400,3,408,'HalfDay',1,'22/04/2016','01:00pm',1),(1401,3,408,'HalfDay',1,'22/04/2016','02:00pm',1),(1402,3,408,'HalfDay',1,'22/04/2016','03:00pm',1),(1403,3,408,'HalfDay',1,'22/04/2016','04:00pm',1),(1404,2,409,'Hourly',1,'22/04/2016','11:00am',1),(1405,3,410,'HalfDay',1,'20/04/2016','11:00am',1),(1406,3,410,'HalfDay',1,'20/04/2016','12:00pm',1),(1407,3,410,'HalfDay',1,'20/04/2016','01:00pm',1),(1408,3,410,'HalfDay',1,'20/04/2016','02:00pm',1),(1409,3,410,'HalfDay',1,'20/04/2016','03:00pm',1),(1410,3,410,'HalfDay',1,'20/04/2016','04:00pm',1),(1411,3,411,'HalfDay',1,'21/04/2016','11:00am',1),(1412,3,411,'HalfDay',1,'21/04/2016','12:00pm',1),(1413,3,411,'HalfDay',1,'21/04/2016','01:00pm',1),(1414,3,411,'HalfDay',1,'21/04/2016','02:00pm',1),(1415,3,411,'HalfDay',1,'21/04/2016','03:00pm',1),(1416,3,411,'HalfDay',1,'21/04/2016','04:00pm',1),(1417,3,411,'HalfDay',1,'21/04/2016','05:00pm',1),(1418,3,411,'HalfDay',1,'21/04/2016','06:00pm',1),(1419,3,411,'HalfDay',1,'21/04/2016','07:00pm',1),(1420,3,411,'HalfDay',1,'21/04/2016','08:00pm',1),(1421,3,411,'HalfDay',1,'21/04/2016','09:00pm',1),(1422,3,411,'HalfDay',1,'21/04/2016','10:00pm',1),(1423,27,412,'Hourly',20,'21/04/2016','07:00am',1),(1424,1,413,'Hourly',1,'21/04/2016','10:00am',1),(1425,22,416,'Hourly',15,'20/04/2016','06:00am',1),(1426,22,416,'Hourly',15,'22/04/2016','06:00am',1),(1427,22,416,'Hourly',15,'19/04/2016','06:00am',1),(1428,3,417,'HalfDay',1,'21/04/2016','05:00pm',1),(1429,3,417,'HalfDay',1,'21/04/2016','06:00pm',1),(1430,3,417,'HalfDay',1,'21/04/2016','07:00pm',1),(1431,3,417,'HalfDay',1,'21/04/2016','08:00pm',1),(1432,3,417,'HalfDay',1,'21/04/2016','09:00pm',1),(1433,3,417,'HalfDay',1,'21/04/2016','10:00pm',1),(1434,1,418,'Hourly',1,'21/04/2016','10:00am',1),(1435,4,421,'HalfDay',20,'23/04/2016','03:00pm',1),(1436,4,421,'HalfDay',20,'23/04/2016','04:00pm',1),(1437,4,421,'HalfDay',20,'23/04/2016','05:00pm',1),(1438,4,421,'HalfDay',20,'23/04/2016','06:00pm',1),(1439,3,422,'HalfDay',1,'20/04/2016','11:00am',1),(1440,3,422,'HalfDay',1,'20/04/2016','12:00pm',1),(1441,3,422,'HalfDay',1,'20/04/2016','01:00pm',1),(1442,3,422,'HalfDay',1,'20/04/2016','02:00pm',1),(1443,3,422,'HalfDay',1,'20/04/2016','03:00pm',1),(1444,3,422,'HalfDay',1,'20/04/2016','04:00pm',1),(1445,9,423,'Hourly',2,'23/04/2016','02:00pm',1),(1446,3,424,'HalfDay',1,'22/04/2016','11:00am',1),(1447,3,424,'HalfDay',1,'22/04/2016','12:00pm',1),(1448,3,424,'HalfDay',1,'22/04/2016','01:00pm',1),(1449,3,424,'HalfDay',1,'22/04/2016','02:00pm',1),(1450,3,424,'HalfDay',1,'22/04/2016','03:00pm',1),(1451,3,424,'HalfDay',1,'22/04/2016','04:00pm',1),(1452,3,425,'HalfDay',1,'22/04/2016','11:00am',1),(1453,3,425,'HalfDay',1,'22/04/2016','12:00pm',1),(1454,3,425,'HalfDay',1,'22/04/2016','01:00pm',1),(1455,3,425,'HalfDay',1,'22/04/2016','02:00pm',1),(1456,3,425,'HalfDay',1,'22/04/2016','03:00pm',1),(1457,3,425,'HalfDay',1,'22/04/2016','04:00pm',1),(1458,3,426,'HalfDay',1,'24/04/2016','11:00am',1),(1459,3,426,'HalfDay',1,'24/04/2016','12:00pm',1),(1460,3,426,'HalfDay',1,'24/04/2016','01:00pm',1),(1461,3,426,'HalfDay',1,'24/04/2016','02:00pm',1),(1462,3,426,'HalfDay',1,'24/04/2016','03:00pm',1),(1463,3,426,'HalfDay',1,'24/04/2016','04:00pm',1),(1464,3,427,'HalfDay',1,'23/04/2016','11:00am',1),(1465,3,427,'HalfDay',1,'23/04/2016','12:00pm',1),(1466,3,427,'HalfDay',1,'23/04/2016','01:00pm',1),(1467,3,427,'HalfDay',1,'23/04/2016','02:00pm',1),(1468,3,427,'HalfDay',1,'23/04/2016','03:00pm',1),(1469,3,427,'HalfDay',1,'23/04/2016','04:00pm',1),(1470,1,428,'Hourly',1,'21/04/2016','10:00am',1),(1471,21,432,'Hourly',1,'21/04/2016','03:00pm',1),(1472,21,432,'Hourly',1,'21/04/2016','04:00pm',1),(1473,1,433,'Hourly',4,'22/04/2016','11:00am',1),(1474,1,433,'Hourly',4,'22/04/2016','12:00pm',1),(1475,1,433,'Hourly',4,'22/04/2016','01:00pm',1),(1476,3,435,'HalfDay',1,'21/04/2016','11:00am',1),(1477,3,435,'HalfDay',1,'21/04/2016','12:00pm',1),(1478,3,435,'HalfDay',1,'21/04/2016','01:00pm',1),(1479,3,435,'HalfDay',1,'21/04/2016','02:00pm',1),(1480,3,435,'HalfDay',1,'21/04/2016','03:00pm',1),(1481,3,435,'HalfDay',1,'21/04/2016','04:00pm',1),(1482,4,436,'HalfDay',1,'21/04/2016','03:00pm',1),(1483,4,436,'HalfDay',1,'21/04/2016','04:00pm',1),(1484,4,436,'HalfDay',1,'21/04/2016','05:00pm',1),(1485,4,436,'HalfDay',1,'21/04/2016','06:00pm',1),(1486,15,437,'HalfDay',1,'23/04/2016','09:00am',1),(1487,15,437,'HalfDay',1,'23/04/2016','10:00am',1),(1488,15,437,'HalfDay',1,'23/04/2016','11:00am',1),(1489,15,437,'HalfDay',1,'23/04/2016','12:00pm',1),(1490,15,437,'HalfDay',1,'23/04/2016','01:00pm',1),(1491,15,437,'HalfDay',1,'23/04/2016','02:00pm',1),(1492,1,441,'Hourly',1,'21/04/2016','10:00am',1),(1493,1,441,'Hourly',1,'21/04/2016','11:00am',1),(1494,1,442,'Hourly',1,'22/04/2016','10:00am',1),(1495,1,442,'Hourly',1,'22/04/2016','11:00am',1),(1496,1,442,'Hourly',1,'22/04/2016','12:00pm',1),(1497,1,443,'Hourly',1,'22/04/2016','10:00am',1),(1498,1,443,'Hourly',1,'22/04/2016','11:00am',1),(1499,1,443,'Hourly',1,'23/04/2016','11:00am',1),(1500,1,444,'Hourly',1,'22/04/2016','10:00am',1),(1501,1,444,'Hourly',1,'22/04/2016','11:00am',1),(1502,1,444,'Hourly',1,'22/04/2016','12:00pm',1),(1503,1,445,'Hourly',1,'22/04/2016','10:00am',1),(1504,1,445,'Hourly',1,'22/04/2016','11:00am',1),(1505,1,445,'Hourly',1,'23/04/2016','11:00am',1),(1506,1,445,'Hourly',1,'23/04/2016','12:00pm',1),(1507,1,446,'Hourly',1,'22/04/2016','10:00am',1),(1508,1,446,'Hourly',1,'22/04/2016','11:00am',1),(1509,1,446,'Hourly',1,'22/04/2016','12:00pm',1),(1510,1,446,'Hourly',1,'23/04/2016','12:00pm',1),(1511,1,447,'Hourly',1,'21/04/2016','10:00am',1),(1512,1,447,'Hourly',1,'22/04/2016','10:00am',1),(1513,1,447,'Hourly',1,'22/04/2016','11:00am',1),(1514,14,450,'HalfDay',1,'25/04/2016','11:00am',1),(1515,14,450,'HalfDay',1,'25/04/2016','12:00pm',1),(1516,14,450,'HalfDay',1,'25/04/2016','01:00pm',1),(1517,14,450,'HalfDay',1,'25/04/2016','02:00pm',1),(1518,14,450,'HalfDay',1,'25/04/2016','03:00pm',1),(1519,14,450,'HalfDay',1,'25/04/2016','04:00pm',1),(1520,14,450,'HalfDay',1,'20/04/2016','11:00am',1),(1521,14,450,'HalfDay',1,'20/04/2016','12:00pm',1),(1522,14,450,'HalfDay',1,'20/04/2016','01:00pm',1),(1523,14,450,'HalfDay',1,'20/04/2016','02:00pm',1),(1524,14,450,'HalfDay',1,'20/04/2016','03:00pm',1),(1525,14,450,'HalfDay',1,'20/04/2016','04:00pm',1),(1526,12,451,'HalfDay',1,'20/04/2016','02:00pm',1),(1527,12,451,'HalfDay',1,'20/04/2016','03:00pm',1),(1528,12,451,'HalfDay',1,'20/04/2016','04:00pm',1),(1529,12,451,'HalfDay',1,'20/04/2016','05:00pm',1),(1530,12,451,'HalfDay',1,'20/04/2016','06:00pm',1),(1531,12,451,'HalfDay',1,'20/04/2016','07:00pm',1),(1532,12,452,'HalfDay',6,'20/04/2016','02:00pm',1),(1533,12,452,'HalfDay',6,'20/04/2016','03:00pm',1),(1534,12,452,'HalfDay',6,'20/04/2016','04:00pm',1),(1535,12,452,'HalfDay',6,'20/04/2016','05:00pm',1),(1536,12,452,'HalfDay',6,'20/04/2016','06:00pm',1),(1537,12,452,'HalfDay',6,'20/04/2016','07:00pm',1),(1538,12,453,'HalfDay',10,'22/04/2016','09:00am',1),(1539,12,453,'HalfDay',10,'22/04/2016','10:00am',1),(1540,12,453,'HalfDay',10,'22/04/2016','11:00am',1),(1541,12,453,'HalfDay',10,'22/04/2016','12:00pm',1),(1542,12,453,'HalfDay',10,'22/04/2016','01:00pm',1),(1543,12,454,'HalfDay',10,'22/04/2016','02:00pm',1),(1544,12,454,'HalfDay',10,'22/04/2016','03:00pm',1),(1545,12,454,'HalfDay',10,'22/04/2016','04:00pm',1),(1546,12,454,'HalfDay',10,'22/04/2016','05:00pm',1),(1547,12,454,'HalfDay',10,'22/04/2016','06:00pm',1),(1548,12,454,'HalfDay',10,'22/04/2016','07:00pm',1),(1549,28,457,'HalfDay',1,'22/04/2016','06:00am',1),(1550,28,457,'HalfDay',1,'22/04/2016','07:00am',1),(1551,28,457,'HalfDay',1,'22/04/2016','08:00am',1),(1552,28,457,'HalfDay',1,'22/04/2016','09:00am',1),(1553,28,457,'HalfDay',1,'22/04/2016','10:00am',1),(1554,28,457,'HalfDay',1,'22/04/2016','11:00am',1),(1555,28,457,'HalfDay',1,'22/04/2016','12:00pm',1),(1556,28,457,'HalfDay',1,'22/04/2016','01:00pm',1),(1557,31,459,'HalfDay',1,'22/04/2016','06:00am',1),(1558,31,459,'HalfDay',1,'22/04/2016','07:00am',1),(1559,31,459,'HalfDay',1,'22/04/2016','08:00am',1),(1560,31,459,'HalfDay',1,'22/04/2016','09:00am',1),(1561,31,459,'HalfDay',1,'22/04/2016','10:00am',1),(1562,31,459,'HalfDay',1,'22/04/2016','11:00am',1),(1563,31,459,'HalfDay',1,'22/04/2016','12:00pm',1),(1564,31,459,'HalfDay',1,'22/04/2016','01:00pm',1),(1565,31,460,'HalfDay',1,'21/04/2016','06:00am',1),(1566,31,460,'HalfDay',1,'21/04/2016','07:00am',1),(1567,31,460,'HalfDay',1,'21/04/2016','08:00am',1),(1568,31,460,'HalfDay',1,'21/04/2016','09:00am',1),(1569,31,460,'HalfDay',1,'21/04/2016','10:00am',1),(1570,31,460,'HalfDay',1,'21/04/2016','11:00am',1),(1571,31,460,'HalfDay',1,'21/04/2016','12:00pm',1),(1572,31,460,'HalfDay',1,'21/04/2016','01:00pm',1),(1573,4,461,'HalfDay',6,'22/04/2016','03:00pm',1),(1574,4,461,'HalfDay',6,'22/04/2016','04:00pm',1),(1575,4,461,'HalfDay',6,'22/04/2016','05:00pm',1),(1576,4,461,'HalfDay',6,'22/04/2016','06:00pm',1),(1577,4,462,'HalfDay',6,'19/04/2016','03:00pm',1),(1578,4,462,'HalfDay',6,'19/04/2016','04:00pm',1),(1579,4,462,'HalfDay',6,'19/04/2016','05:00pm',1),(1580,4,462,'HalfDay',6,'19/04/2016','06:00pm',1),(1581,4,462,'HalfDay',6,'22/04/2016','11:00am',1),(1582,4,462,'HalfDay',6,'22/04/2016','12:00pm',1),(1583,4,462,'HalfDay',6,'22/04/2016','01:00pm',1),(1584,4,462,'HalfDay',6,'22/04/2016','02:00pm',1),(1585,2,463,'Hourly',1,'22/04/2016','11:00am',1),(1586,2,464,'Hourly',1,'22/04/2016','11:00am',1),(1587,2,464,'Hourly',1,'23/04/2016','11:00am',1),(1588,2,465,'Hourly',15,'22/04/2016','10:00am',1),(1589,3,466,'HalfDay',15,'20/04/2016','11:00am',1),(1590,3,466,'HalfDay',15,'20/04/2016','12:00pm',1),(1591,3,466,'HalfDay',15,'20/04/2016','01:00pm',1),(1592,3,466,'HalfDay',15,'20/04/2016','02:00pm',1),(1593,3,466,'HalfDay',15,'20/04/2016','03:00pm',1),(1594,3,466,'HalfDay',15,'20/04/2016','04:00pm',1),(1595,1,467,'Hourly',1,'22/04/2016','10:00am',1),(1596,1,467,'Hourly',1,'23/04/2016','10:00am',1),(1597,1,467,'Hourly',1,'24/04/2016','10:00am',1),(1598,1,467,'Hourly',1,'25/04/2016','10:00am',1),(1599,1,467,'Hourly',1,'19/04/2016','11:00am',1),(1600,1,467,'Hourly',1,'20/04/2016','11:00am',1),(1601,1,467,'Hourly',1,'21/04/2016','11:00am',1),(1602,2,471,'Hourly',4,'20/04/2016','11:00am',1),(1603,2,473,'Hourly',4,'21/04/2016','02:00pm',1),(1604,1,477,'Hourly',1,'21/04/2016','10:00am',1),(1605,1,477,'Hourly',1,'22/04/2016','10:00am',1),(1606,1,480,'Hourly',1,'21/04/2016','10:00am',1),(1607,1,481,'Hourly',1,'21/04/2016','10:00am',1),(1608,1,481,'Hourly',1,'22/04/2016','10:00am',1),(1609,3,483,'HalfDay',2,'7/4/2016','09:00am',1),(1610,3,483,'HalfDay',2,'7/4/2016','10:00am',1),(1611,3,483,'HalfDay',2,'7/4/2016','11:00am',1),(1612,3,483,'HalfDay',2,'7/4/2016','12:00pm',1),(1613,3,483,'HalfDay',2,'7/4/2016','01:00pm',1),(1614,3,483,'HalfDay',2,'8/4/2016','09:00am',1),(1615,1,486,'Hourly',1,'21/04/2016','10:00am',1),(1616,1,486,'Hourly',1,'22/04/2016','10:00am',1),(1617,1,486,'Hourly',1,'23/04/2016','10:00am',1),(1618,1,486,'Hourly',1,'24/04/2016','10:00am',1),(1619,1,488,'Hourly',1,'22/04/2016','10:00am',1),(1620,1,488,'Hourly',1,'22/04/2016','11:00am',1),(1621,1,488,'Hourly',1,'23/04/2016','11:00am',1),(1622,1,490,'Hourly',1,'21/04/2016','10:00am',1),(1623,1,490,'Hourly',1,'22/04/2016','10:00am',1),(1624,1,490,'Hourly',1,'23/04/2016','10:00am',1),(1625,1,490,'Hourly',1,'22/04/2016','11:00am',1),(1626,1,491,'Hourly',1,'22/04/2016','10:00am',1),(1627,1,492,'Hourly',1,'21/04/2016','11:00am',1),(1628,1,492,'Hourly',1,'22/04/2016','11:00am',1),(1629,1,493,'Hourly',1,'21/04/2016','10:00am',1),(1630,1,493,'Hourly',1,'22/04/2016','10:00am',1),(1631,1,493,'Hourly',1,'23/04/2016','10:00am',1),(1632,1,495,'Hourly',1,'21/04/2016','10:00am',1),(1633,1,495,'Hourly',1,'21/04/2016','11:00am',1),(1634,1,495,'Hourly',1,'22/04/2016','11:00am',1),(1635,1,495,'Hourly',1,'23/04/2016','11:00am',1),(1636,1,499,'Hourly',4,'21/04/2016','10:00am',1),(1637,1,501,'Hourly',1,'21/04/2016','10:00am',1),(1638,1,501,'Hourly',1,'22/04/2016','10:00am',1),(1639,1,501,'Hourly',1,'22/04/2016','11:00am',1),(1640,1,501,'Hourly',1,'23/04/2016','11:00am',1),(1641,9,505,'Hourly',2,'22/04/2016','12:00pm',1),(1642,9,505,'Hourly',2,'23/04/2016','01:00pm',1),(1643,9,505,'Hourly',2,'24/04/2016','02:00pm',1),(1644,9,506,'Hourly',2,'29/04/2016','02:00pm',1),(1645,9,506,'Hourly',2,'30/04/2016','02:00pm',1),(1646,9,506,'Hourly',2,'01/05/2016','02:00pm',1),(1647,9,506,'Hourly',2,'01/05/2016','03:00pm',1),(1648,9,507,'Hourly',2,'19/04/2016','02:00pm',1),(1649,9,508,'Hourly',2,'24/04/2016','03:00pm',1),(1650,15,510,'HalfDay',2,'21/04/2016','03:00pm',1),(1651,15,510,'HalfDay',2,'21/04/2016','04:00pm',1),(1652,15,510,'HalfDay',2,'21/04/2016','05:00pm',1),(1653,15,510,'HalfDay',2,'21/04/2016','06:00pm',1),(1654,15,510,'HalfDay',2,'21/04/2016','07:00pm',1),(1655,15,510,'HalfDay',2,'21/04/2016','08:00pm',1),(1656,15,510,'HalfDay',2,'21/04/2016','09:00pm',1),(1657,18,514,'HalfDay',2,'21/04/2016','09:00am',1),(1658,18,514,'HalfDay',2,'21/04/2016','10:00am',1),(1659,18,514,'HalfDay',2,'21/04/2016','11:00am',1),(1660,21,540,'Hourly',3,'20/04/2016','11:00am',1),(1661,21,540,'Hourly',3,'20/04/2016','12:00pm',1),(1662,4,542,'HalfDay',3,'22/04/2016','11:00am',1),(1663,4,542,'HalfDay',3,'22/04/2016','12:00pm',1),(1664,4,542,'HalfDay',3,'22/04/2016','01:00pm',1),(1665,4,542,'HalfDay',3,'22/04/2016','02:00pm',1),(1666,4,542,'HalfDay',3,'24/04/2016','03:00pm',1),(1667,4,542,'HalfDay',3,'24/04/2016','04:00pm',1),(1668,4,542,'HalfDay',3,'24/04/2016','05:00pm',1),(1669,4,542,'HalfDay',3,'24/04/2016','06:00pm',1),(1670,4,543,'HalfDay',3,'24/04/2016','11:00am',1),(1671,4,543,'HalfDay',3,'24/04/2016','12:00pm',1),(1672,4,543,'HalfDay',3,'24/04/2016','01:00pm',1),(1673,4,543,'HalfDay',3,'24/04/2016','02:00pm',1),(1674,4,544,'HalfDay',3,'24/04/2016','11:00am',1),(1675,4,544,'HalfDay',3,'24/04/2016','12:00pm',1),(1676,4,544,'HalfDay',3,'24/04/2016','01:00pm',1),(1677,4,544,'HalfDay',3,'24/04/2016','02:00pm',1),(1678,30,546,'HalfDay',3,'22/04/2016','07:00am',1),(1679,30,546,'HalfDay',3,'22/04/2016','08:00am',1),(1680,30,546,'HalfDay',3,'22/04/2016','09:00am',1),(1681,30,546,'HalfDay',3,'22/04/2016','10:00am',1),(1682,30,546,'HalfDay',3,'22/04/2016','11:00am',1),(1683,30,546,'HalfDay',3,'22/04/2016','12:00pm',1),(1684,30,546,'HalfDay',3,'22/04/2016','01:00pm',1),(1685,30,546,'HalfDay',3,'22/04/2016','02:00pm',1),(1686,4,548,'HalfDay',1,'24/04/2016','11:00am',1),(1687,4,548,'HalfDay',1,'24/04/2016','12:00pm',1),(1688,4,548,'HalfDay',1,'24/04/2016','01:00pm',1),(1689,4,548,'HalfDay',1,'24/04/2016','02:00pm',1),(1690,4,548,'HalfDay',1,'24/04/2016','03:00pm',1),(1691,4,548,'HalfDay',1,'24/04/2016','04:00pm',1),(1692,4,548,'HalfDay',1,'24/04/2016','05:00pm',1),(1693,4,548,'HalfDay',1,'24/04/2016','06:00pm',1),(1694,4,549,'HalfDay',1,'24/04/2016','11:00am',1),(1695,4,549,'HalfDay',1,'24/04/2016','12:00pm',1),(1696,4,549,'HalfDay',1,'24/04/2016','01:00pm',1),(1697,4,549,'HalfDay',1,'24/04/2016','02:00pm',1),(1698,4,550,'HalfDay',1,'24/04/2016','11:00am',1),(1699,4,550,'HalfDay',1,'24/04/2016','12:00pm',1),(1700,4,550,'HalfDay',1,'24/04/2016','01:00pm',1),(1701,4,550,'HalfDay',1,'24/04/2016','02:00pm',1),(1702,4,550,'HalfDay',1,'24/04/2016','03:00pm',1),(1703,4,550,'HalfDay',1,'24/04/2016','04:00pm',1),(1704,4,550,'HalfDay',1,'24/04/2016','05:00pm',1),(1705,4,550,'HalfDay',1,'24/04/2016','06:00pm',1),(1706,29,551,'HalfDay',20,'23/04/2016','06:00am',1),(1707,29,551,'HalfDay',20,'23/04/2016','07:00am',1),(1708,29,551,'HalfDay',20,'23/04/2016','08:00am',1),(1709,29,551,'HalfDay',20,'23/04/2016','09:00am',1),(1710,29,551,'HalfDay',20,'23/04/2016','10:00am',1),(1711,29,551,'HalfDay',20,'23/04/2016','11:00am',1),(1712,29,551,'HalfDay',20,'23/04/2016','12:00pm',1),(1713,29,551,'HalfDay',20,'23/04/2016','01:00pm',1),(1714,34,552,'Hourly',2,'20/04/2016','09:00am',1),(1715,28,553,'HalfDay',1,'22/04/2016','06:00am',1),(1716,28,553,'HalfDay',1,'22/04/2016','07:00am',1),(1717,28,553,'HalfDay',1,'22/04/2016','08:00am',1),(1718,28,553,'HalfDay',1,'22/04/2016','09:00am',1),(1719,28,553,'HalfDay',1,'22/04/2016','10:00am',1),(1720,28,553,'HalfDay',1,'22/04/2016','11:00am',1),(1721,28,553,'HalfDay',1,'22/04/2016','12:00pm',1),(1722,28,553,'HalfDay',1,'22/04/2016','01:00pm',1),(1723,28,554,'HalfDay',20,'21/04/2016','06:00am',1),(1724,28,554,'HalfDay',20,'21/04/2016','07:00am',1),(1725,28,554,'HalfDay',20,'21/04/2016','08:00am',1),(1726,28,554,'HalfDay',20,'21/04/2016','09:00am',1),(1727,28,554,'HalfDay',20,'21/04/2016','10:00am',1),(1728,28,554,'HalfDay',20,'21/04/2016','11:00am',1),(1729,28,554,'HalfDay',20,'21/04/2016','12:00pm',1),(1730,28,554,'HalfDay',20,'21/04/2016','01:00pm',1),(1731,28,555,'HalfDay',20,'20/04/2016','06:00am',1),(1732,28,555,'HalfDay',20,'20/04/2016','07:00am',1),(1733,28,555,'HalfDay',20,'20/04/2016','08:00am',1),(1734,28,555,'HalfDay',20,'20/04/2016','09:00am',1),(1735,28,555,'HalfDay',20,'20/04/2016','10:00am',1),(1736,28,555,'HalfDay',20,'20/04/2016','11:00am',1),(1737,28,555,'HalfDay',20,'20/04/2016','12:00pm',1),(1738,28,555,'HalfDay',20,'20/04/2016','01:00pm',1),(1739,28,556,'HalfDay',20,'21/04/2016','02:00pm',1),(1740,28,556,'HalfDay',20,'21/04/2016','03:00pm',1),(1741,28,556,'HalfDay',20,'21/04/2016','04:00pm',1),(1742,28,556,'HalfDay',20,'21/04/2016','05:00pm',1),(1743,28,556,'HalfDay',20,'21/04/2016','06:00pm',1),(1744,28,556,'HalfDay',20,'21/04/2016','07:00pm',1),(1745,28,556,'HalfDay',20,'21/04/2016','08:00pm',1),(1746,28,556,'HalfDay',20,'21/04/2016','09:00pm',1),(1747,28,556,'HalfDay',20,'21/04/2016','10:00pm',1),(1748,28,557,'HalfDay',20,'23/04/2016','02:00pm',1),(1749,28,557,'HalfDay',20,'23/04/2016','03:00pm',1),(1750,28,557,'HalfDay',20,'23/04/2016','04:00pm',1),(1751,28,557,'HalfDay',20,'23/04/2016','05:00pm',1),(1752,28,557,'HalfDay',20,'23/04/2016','06:00pm',1),(1753,28,557,'HalfDay',20,'23/04/2016','07:00pm',1),(1754,28,557,'HalfDay',20,'23/04/2016','08:00pm',1),(1755,28,557,'HalfDay',20,'23/04/2016','09:00pm',1),(1756,28,557,'HalfDay',20,'23/04/2016','10:00pm',1),(1757,28,557,'HalfDay',20,'24/04/2016','02:00pm',1),(1758,28,557,'HalfDay',20,'24/04/2016','03:00pm',1),(1759,28,557,'HalfDay',20,'24/04/2016','04:00pm',1),(1760,28,557,'HalfDay',20,'24/04/2016','05:00pm',1),(1761,28,557,'HalfDay',20,'24/04/2016','06:00pm',1),(1762,28,557,'HalfDay',20,'24/04/2016','07:00pm',1),(1763,28,557,'HalfDay',20,'24/04/2016','08:00pm',1),(1764,28,557,'HalfDay',20,'24/04/2016','09:00pm',1),(1765,28,557,'HalfDay',20,'24/04/2016','10:00pm',1),(1766,28,558,'HalfDay',20,'24/04/2016','06:00am',1),(1767,28,558,'HalfDay',20,'24/04/2016','07:00am',1),(1768,28,558,'HalfDay',20,'24/04/2016','08:00am',1),(1769,28,558,'HalfDay',20,'24/04/2016','09:00am',1),(1770,28,558,'HalfDay',20,'24/04/2016','10:00am',1),(1771,28,558,'HalfDay',20,'24/04/2016','11:00am',1),(1772,28,558,'HalfDay',20,'24/04/2016','12:00pm',1),(1773,28,558,'HalfDay',20,'24/04/2016','01:00pm',1),(1774,28,558,'HalfDay',20,'23/04/2016','06:00am',1),(1775,28,558,'HalfDay',20,'23/04/2016','07:00am',1),(1776,28,558,'HalfDay',20,'23/04/2016','08:00am',1),(1777,28,558,'HalfDay',20,'23/04/2016','09:00am',1),(1778,28,558,'HalfDay',20,'23/04/2016','10:00am',1),(1779,28,558,'HalfDay',20,'23/04/2016','11:00am',1),(1780,28,558,'HalfDay',20,'23/04/2016','12:00pm',1),(1781,28,558,'HalfDay',20,'23/04/2016','01:00pm',1),(1782,28,559,'HalfDay',20,'22/04/2016','02:00pm',1),(1783,28,559,'HalfDay',20,'22/04/2016','03:00pm',1),(1784,28,559,'HalfDay',20,'22/04/2016','04:00pm',1),(1785,28,559,'HalfDay',20,'22/04/2016','05:00pm',1),(1786,28,559,'HalfDay',20,'22/04/2016','06:00pm',1),(1787,28,559,'HalfDay',20,'22/04/2016','07:00pm',1),(1788,28,559,'HalfDay',20,'22/04/2016','08:00pm',1),(1789,28,559,'HalfDay',20,'22/04/2016','09:00pm',1),(1790,28,559,'HalfDay',20,'22/04/2016','10:00pm',1),(1791,28,560,'HalfDay',20,'20/04/2016','02:00pm',1),(1792,28,560,'HalfDay',20,'20/04/2016','03:00pm',1),(1793,28,560,'HalfDay',20,'20/04/2016','04:00pm',1),(1794,28,560,'HalfDay',20,'20/04/2016','05:00pm',1),(1795,28,560,'HalfDay',20,'20/04/2016','06:00pm',1),(1796,28,560,'HalfDay',20,'20/04/2016','07:00pm',1),(1797,28,560,'HalfDay',20,'20/04/2016','08:00pm',1),(1798,28,560,'HalfDay',20,'20/04/2016','09:00pm',1),(1799,28,560,'HalfDay',20,'20/04/2016','10:00pm',1),(1800,35,562,'Hourly',20,'21/04/2016','08:00am',1),(1801,24,567,'Hourly',20,'24/04/2016','09:00am',1),(1802,24,567,'Hourly',20,'23/04/2016','09:00am',1),(1803,12,568,'HalfDay',1,'23/04/2016','09:00am',1),(1804,12,568,'HalfDay',1,'23/04/2016','10:00am',1),(1805,12,568,'HalfDay',1,'23/04/2016','11:00am',1),(1806,12,568,'HalfDay',1,'23/04/2016','12:00pm',1),(1807,12,568,'HalfDay',1,'23/04/2016','01:00pm',1),(1808,3,569,'HalfDay',1,'24/04/2016','05:00pm',1),(1809,3,569,'HalfDay',1,'24/04/2016','06:00pm',1),(1810,3,569,'HalfDay',1,'24/04/2016','07:00pm',1),(1811,3,569,'HalfDay',1,'24/04/2016','08:00pm',1),(1812,3,569,'HalfDay',1,'24/04/2016','09:00pm',1),(1813,3,569,'HalfDay',1,'24/04/2016','10:00pm',1),(1814,10,570,'Hourly',3,'20/04/2016','10:00am',1),(1815,18,572,'HalfDay',1,'24/04/2016','09:00am',1),(1816,18,572,'HalfDay',1,'24/04/2016','10:00am',1),(1817,18,572,'HalfDay',1,'24/04/2016','11:00am',1),(1818,9,573,'Hourly',1,'20/04/2016','10:00am',1),(1819,21,576,'Hourly',1,'22/04/2016','04:00pm',1),(1820,21,576,'Hourly',1,'22/04/2016','03:00pm',1),(1821,24,580,'Hourly',2,'21/04/2016','09:00pm',1),(1822,24,580,'Hourly',2,'22/04/2016','09:00pm',1),(1823,24,580,'Hourly',2,'23/04/2016','09:00pm',1),(1824,16,583,'Hourly',6,'26/04/2016','08:00am',1),(1825,16,583,'Hourly',6,'25/04/2016','08:00am',1),(1826,2,591,'Hourly',6,'26/04/2016','11:00am',1),(1827,12,592,'HalfDay',6,'24/04/2016','09:00am',1),(1828,12,592,'HalfDay',6,'24/04/2016','10:00am',1),(1829,12,592,'HalfDay',6,'24/04/2016','11:00am',1),(1830,12,592,'HalfDay',6,'24/04/2016','12:00pm',1),(1831,12,592,'HalfDay',6,'24/04/2016','01:00pm',1),(1832,12,593,'HalfDay',6,'23/04/2016','02:00pm',1),(1833,12,593,'HalfDay',6,'23/04/2016','03:00pm',1),(1834,12,593,'HalfDay',6,'23/04/2016','04:00pm',1),(1835,12,593,'HalfDay',6,'23/04/2016','05:00pm',1),(1836,12,593,'HalfDay',6,'23/04/2016','06:00pm',1),(1837,12,593,'HalfDay',6,'23/04/2016','07:00pm',1),(1838,14,594,'HalfDay',6,'22/04/2016','11:00am',1),(1839,14,594,'HalfDay',6,'22/04/2016','12:00pm',1),(1840,14,594,'HalfDay',6,'22/04/2016','01:00pm',1),(1841,14,594,'HalfDay',6,'22/04/2016','02:00pm',1),(1842,14,594,'HalfDay',6,'22/04/2016','03:00pm',1),(1843,14,594,'HalfDay',6,'22/04/2016','04:00pm',1),(1844,3,599,'HalfDay',6,'23/04/2016','11:00am',1),(1845,3,599,'HalfDay',6,'23/04/2016','12:00pm',1),(1846,3,599,'HalfDay',6,'23/04/2016','01:00pm',1),(1847,3,599,'HalfDay',6,'23/04/2016','02:00pm',1),(1848,3,599,'HalfDay',6,'23/04/2016','03:00pm',1),(1849,3,599,'HalfDay',6,'23/04/2016','04:00pm',1),(1850,27,600,'Hourly',1,'23/04/2016','10:00am',1),(1851,27,601,'Hourly',1,'22/04/2016','12:00pm',1),(1852,27,602,'Hourly',1,'22/04/2016','07:00am',1),(1853,27,603,'Hourly',1,'22/04/2016','07:00am',1),(1854,3,604,'HalfDay',1,'25/04/2016','05:00pm',1),(1855,3,604,'HalfDay',1,'25/04/2016','06:00pm',1),(1856,3,604,'HalfDay',1,'25/04/2016','07:00pm',1),(1857,3,604,'HalfDay',1,'25/04/2016','08:00pm',1),(1858,3,604,'HalfDay',1,'25/04/2016','09:00pm',1),(1859,3,604,'HalfDay',1,'25/04/2016','10:00pm',1),(1860,2,605,'Hourly',1,'21/04/2016','12:00pm',1),(1861,2,605,'Hourly',1,'21/04/2016','01:00pm',1),(1862,2,605,'Hourly',1,'21/04/2016','11:00am',1),(1863,12,606,'HalfDay',10,'25/04/2016','02:00pm',1),(1864,12,606,'HalfDay',10,'25/04/2016','03:00pm',1),(1865,12,606,'HalfDay',10,'25/04/2016','04:00pm',1),(1866,12,606,'HalfDay',10,'25/04/2016','05:00pm',1),(1867,12,606,'HalfDay',10,'25/04/2016','06:00pm',1),(1868,12,606,'HalfDay',10,'25/04/2016','07:00pm',1),(1869,12,606,'HalfDay',10,'25/04/2016','09:00am',1),(1870,12,606,'HalfDay',10,'25/04/2016','10:00am',1),(1871,12,606,'HalfDay',10,'25/04/2016','11:00am',1),(1872,12,606,'HalfDay',10,'25/04/2016','12:00pm',1),(1873,12,606,'HalfDay',10,'25/04/2016','01:00pm',1),(1874,12,606,'HalfDay',10,'26/04/2016','09:00am',1),(1875,12,606,'HalfDay',10,'26/04/2016','10:00am',1),(1876,12,606,'HalfDay',10,'26/04/2016','11:00am',1),(1877,12,606,'HalfDay',10,'26/04/2016','12:00pm',1),(1878,12,606,'HalfDay',10,'26/04/2016','01:00pm',1),(1879,12,606,'HalfDay',10,'26/04/2016','02:00pm',1),(1880,12,606,'HalfDay',10,'26/04/2016','03:00pm',1),(1881,12,606,'HalfDay',10,'26/04/2016','04:00pm',1),(1882,12,606,'HalfDay',10,'26/04/2016','05:00pm',1),(1883,12,606,'HalfDay',10,'26/04/2016','06:00pm',1),(1884,12,606,'HalfDay',10,'26/04/2016','07:00pm',1),(1885,14,607,'HalfDay',1,'25/04/2016','11:00am',1),(1886,14,607,'HalfDay',1,'25/04/2016','12:00pm',1),(1887,14,607,'HalfDay',1,'25/04/2016','01:00pm',1),(1888,14,607,'HalfDay',1,'25/04/2016','02:00pm',1),(1889,14,607,'HalfDay',1,'25/04/2016','03:00pm',1),(1890,14,607,'HalfDay',1,'25/04/2016','04:00pm',1),(1891,73,608,'HalfDay',2,'7/4/2016','09:00am',1),(1892,73,608,'HalfDay',2,'7/4/2016','10:00am',1),(1893,73,608,'HalfDay',2,'7/4/2016','11:00am',1),(1894,73,608,'HalfDay',2,'7/4/2016','12:00pm',1),(1895,73,608,'HalfDay',2,'7/4/2016','01:00pm',1),(1896,73,608,'HalfDay',2,'8/4/2016','09:00am',1),(1897,73,609,'HalfDay',2,'7/4/2016','09:00am',2),(1899,73,609,'HalfDay',2,'7/4/2016','11:00am',2),(1900,73,609,'HalfDay',2,'7/4/2016','12:00pm',2),(1901,73,609,'HalfDay',2,'7/4/2016','01:00pm',2),(1902,73,609,'HalfDay',2,'8/4/2016','09:00am',2),(1905,4,616,'HalfDay',14,'01/05/2016','01:00pm',1),(1906,4,616,'HalfDay',14,'01/05/2016','02:00pm',1),(1907,4,617,'HalfDay',5,'03/05/2016','11:00am',1),(1908,4,617,'HalfDay',5,'03/05/2016','12:00pm',1),(1909,4,617,'HalfDay',5,'03/05/2016','01:00pm',1),(1910,4,617,'HalfDay',5,'03/05/2016','02:00pm',1),(1911,9,619,'Hourly',1,'29/04/2016','03:00pm',1),(1912,9,619,'Hourly',1,'29/04/2016','04:00pm',1),(1913,9,619,'Hourly',1,'29/04/2016','05:00pm',1),(1914,70,620,'HalfDay',1,'01/05/2016','08:00am',1),(1915,70,620,'HalfDay',1,'01/05/2016','09:00am',1),(1916,70,620,'HalfDay',1,'01/05/2016','10:00am',1),(1917,70,620,'HalfDay',1,'01/05/2016','11:00am',1),(1918,70,620,'HalfDay',1,'01/05/2016','12:00pm',1),(1919,70,620,'HalfDay',1,'01/05/2016','01:00pm',1),(1920,18,620,'HalfDay',1,'01/05/2016','09:00am',1),(1921,18,620,'HalfDay',1,'01/05/2016','10:00am',1),(1922,18,620,'HalfDay',1,'01/05/2016','11:00am',1),(1923,9,621,'Hourly',1,'01/05/2016','10:00am',1),(1924,9,621,'Hourly',1,'02/05/2016','11:00am',1),(1925,9,621,'Hourly',1,'03/05/2016','11:00am',1),(1928,10,623,'Hourly',17,'02/05/2016','12:00pm',1),(1932,76,630,'HalfDay',1,'02/05/2016','08:00am',1),(1933,76,630,'HalfDay',1,'02/05/2016','09:00am',1),(1934,76,630,'HalfDay',1,'02/05/2016','10:00am',1),(1935,76,630,'HalfDay',1,'02/05/2016','11:00am',1),(1936,76,630,'HalfDay',1,'02/05/2016','12:00pm',1),(1937,76,630,'HalfDay',1,'02/05/2016','01:00pm',1),(1938,76,630,'HalfDay',1,'02/05/2016','02:00pm',1),(1939,76,630,'HalfDay',1,'03/05/2016','08:00am',1),(1940,76,630,'HalfDay',1,'03/05/2016','09:00am',1),(1941,76,630,'HalfDay',1,'03/05/2016','10:00am',1),(1942,76,630,'HalfDay',1,'03/05/2016','11:00am',1),(1943,76,630,'HalfDay',1,'03/05/2016','12:00pm',1),(1944,76,630,'HalfDay',1,'03/05/2016','01:00pm',1),(1945,76,630,'HalfDay',1,'03/05/2016','02:00pm',1),(1946,76,630,'HalfDay',1,'02/05/2016','03:00pm',1),(1947,76,630,'HalfDay',1,'02/05/2016','04:00pm',1),(1948,76,630,'HalfDay',1,'02/05/2016','05:00pm',1),(1949,76,630,'HalfDay',1,'02/05/2016','06:00pm',1),(1950,76,630,'HalfDay',1,'02/05/2016','07:00pm',1),(1951,76,630,'HalfDay',1,'02/05/2016','08:00pm',1),(1952,76,630,'HalfDay',1,'02/05/2016','09:00pm',1),(1953,76,630,'HalfDay',1,'02/05/2016','10:00pm',1),(1954,3,630,'HalfDay',1,'02/05/2016','11:00am',1),(1955,3,630,'HalfDay',1,'02/05/2016','12:00pm',1),(1956,3,630,'HalfDay',1,'02/05/2016','01:00pm',1),(1957,3,630,'HalfDay',1,'02/05/2016','02:00pm',1),(1958,3,630,'HalfDay',1,'02/05/2016','03:00pm',1),(1959,3,630,'HalfDay',1,'02/05/2016','04:00pm',1),(1960,3,631,'HalfDay',4,'02/05/2016','11:00am',1),(1961,3,631,'HalfDay',4,'02/05/2016','12:00pm',1),(1962,3,631,'HalfDay',4,'02/05/2016','01:00pm',1),(1963,3,631,'HalfDay',4,'02/05/2016','02:00pm',1),(1964,3,631,'HalfDay',4,'02/05/2016','03:00pm',1),(1965,3,631,'HalfDay',4,'02/05/2016','04:00pm',1),(1966,10,632,'Hourly',4,'04/05/2016','10:00am',1),(1967,53,650,'Hourly',1,'04/05/2016','11:00am',1),(1968,53,650,'Hourly',1,'05/05/2016','11:00am',1),(1969,44,651,'Hourly',1,'04/05/2016','10:00am',1),(1970,44,651,'Hourly',1,'05/05/2016','10:00am',1),(1971,44,651,'Hourly',1,'06/05/2016','10:00am',1),(1972,44,651,'Hourly',1,'05/05/2016','11:00am',1),(1973,44,651,'Hourly',1,'05/05/2016','12:00pm',1),(1974,44,651,'Hourly',1,'05/05/2016','01:00pm',1),(1975,44,652,'Hourly',1,'09/05/2016','11:00am',1),(1976,44,652,'Hourly',1,'06/05/2016','11:00am',1),(1977,44,652,'Hourly',1,'07/05/2016','11:00am',1),(1978,44,652,'Hourly',1,'06/05/2016','10:00am',1),(1979,53,653,'Hourly',1,'06/05/2016','10:00am',1),(1980,53,653,'Hourly',1,'07/05/2016','10:00am',1),(1981,53,653,'Hourly',1,'07/05/2016','11:00am',1),(1982,53,653,'Hourly',1,'08/05/2016','11:00am',1),(1983,53,653,'Hourly',1,'08/05/2016','12:00pm',1),(1984,58,654,'HalfDay',1,'06/05/2016','08:00am',2),(1985,58,654,'HalfDay',1,'06/05/2016','09:00am',2),(1986,58,654,'HalfDay',1,'06/05/2016','10:00am',2),(1987,58,654,'HalfDay',1,'06/05/2016','11:00am',2),(1988,58,654,'HalfDay',1,'06/05/2016','12:00pm',2),(1989,58,654,'HalfDay',1,'06/05/2016','01:00pm',2),(1990,58,654,'HalfDay',1,'06/05/2016','02:00pm',2),(1991,58,654,'HalfDay',1,'07/05/2016','03:00pm',2),(1992,58,654,'HalfDay',1,'07/05/2016','04:00pm',2),(1993,58,654,'HalfDay',1,'07/05/2016','05:00pm',2),(1994,58,654,'HalfDay',1,'07/05/2016','06:00pm',2),(1995,58,654,'HalfDay',1,'07/05/2016','07:00pm',2),(1996,58,654,'HalfDay',1,'07/05/2016','08:00pm',2),(1997,58,654,'HalfDay',1,'07/05/2016','09:00pm',2),(1998,58,654,'HalfDay',1,'08/05/2016','03:00pm',2),(1999,58,654,'HalfDay',1,'08/05/2016','04:00pm',2),(2000,58,654,'HalfDay',1,'08/05/2016','05:00pm',2),(2001,58,654,'HalfDay',1,'08/05/2016','06:00pm',2),(2002,58,654,'HalfDay',1,'08/05/2016','07:00pm',2),(2003,58,654,'HalfDay',1,'08/05/2016','08:00pm',2),(2004,58,654,'HalfDay',1,'08/05/2016','09:00pm',2),(2005,58,654,'HalfDay',1,'09/05/2016','08:00am',2),(2006,58,654,'HalfDay',1,'09/05/2016','09:00am',2),(2007,58,654,'HalfDay',1,'09/05/2016','10:00am',2),(2008,58,654,'HalfDay',1,'09/05/2016','11:00am',2),(2009,58,654,'HalfDay',1,'09/05/2016','12:00pm',2),(2010,58,654,'HalfDay',1,'09/05/2016','01:00pm',2),(2011,58,654,'HalfDay',1,'09/05/2016','02:00pm',2),(2012,56,655,'Hourly',1,'08/05/2016','08:00am',1),(2013,56,655,'Hourly',1,'08/05/2016','09:00am',1),(2014,56,655,'Hourly',1,'09/05/2016','09:00am',1),(2015,53,656,'HalfDay',1,'06/05/2016','08:00am',3),(2016,53,656,'HalfDay',1,'06/05/2016','09:00am',3),(2017,53,656,'HalfDay',1,'06/05/2016','10:00am',3),(2018,53,656,'HalfDay',1,'06/05/2016','11:00am',3),(2019,53,656,'HalfDay',1,'06/05/2016','12:00pm',3),(2020,53,656,'HalfDay',1,'06/05/2016','01:00pm',3),(2021,53,656,'HalfDay',1,'06/05/2016','02:00pm',3),(2022,53,656,'HalfDay',1,'07/05/2016','03:00pm',3),(2023,53,656,'HalfDay',1,'07/05/2016','04:00pm',3),(2024,53,656,'HalfDay',1,'07/05/2016','05:00pm',3),(2025,53,656,'HalfDay',1,'07/05/2016','06:00pm',3),(2026,53,656,'HalfDay',1,'07/05/2016','07:00pm',3),(2027,53,656,'HalfDay',1,'07/05/2016','08:00pm',3),(2028,53,656,'HalfDay',1,'07/05/2016','09:00pm',3),(2029,53,656,'HalfDay',1,'08/05/2016','03:00pm',3),(2030,53,656,'HalfDay',1,'08/05/2016','04:00pm',3),(2031,53,656,'HalfDay',1,'08/05/2016','05:00pm',3),(2032,53,656,'HalfDay',1,'08/05/2016','06:00pm',3),(2033,53,656,'HalfDay',1,'08/05/2016','07:00pm',3),(2034,53,656,'HalfDay',1,'08/05/2016','08:00pm',3),(2035,53,656,'HalfDay',1,'08/05/2016','09:00pm',3),(2036,57,657,'HalfDay',1,'06/05/2016','08:00am',2),(2037,57,657,'HalfDay',1,'06/05/2016','09:00am',2),(2038,57,657,'HalfDay',1,'06/05/2016','10:00am',2),(2039,57,657,'HalfDay',1,'06/05/2016','11:00am',2),(2040,57,657,'HalfDay',1,'06/05/2016','12:00pm',2),(2041,57,657,'HalfDay',1,'06/05/2016','01:00pm',2),(2042,57,657,'HalfDay',1,'06/05/2016','02:00pm',2),(2043,57,657,'HalfDay',1,'07/05/2016','03:00pm',2),(2044,57,657,'HalfDay',1,'07/05/2016','04:00pm',2),(2045,57,657,'HalfDay',1,'07/05/2016','05:00pm',2),(2046,57,657,'HalfDay',1,'07/05/2016','06:00pm',2),(2047,57,657,'HalfDay',1,'07/05/2016','07:00pm',2),(2048,57,657,'HalfDay',1,'07/05/2016','08:00pm',2),(2049,57,657,'HalfDay',1,'07/05/2016','09:00pm',2),(2050,57,657,'HalfDay',1,'07/05/2016','10:00pm',2),(2051,57,657,'HalfDay',1,'08/05/2016','08:00am',2),(2052,57,657,'HalfDay',1,'08/05/2016','09:00am',2),(2053,57,657,'HalfDay',1,'08/05/2016','10:00am',2),(2054,57,657,'HalfDay',1,'08/05/2016','11:00am',2),(2055,57,657,'HalfDay',1,'08/05/2016','12:00pm',2),(2056,57,657,'HalfDay',1,'08/05/2016','01:00pm',2),(2057,57,657,'HalfDay',1,'08/05/2016','02:00pm',2),(2058,57,657,'HalfDay',1,'09/05/2016','08:00am',2),(2059,57,657,'HalfDay',1,'09/05/2016','09:00am',2),(2060,57,657,'HalfDay',1,'09/05/2016','10:00am',2),(2061,57,657,'HalfDay',1,'09/05/2016','11:00am',2),(2062,57,657,'HalfDay',1,'09/05/2016','12:00pm',2),(2063,57,657,'HalfDay',1,'09/05/2016','01:00pm',2),(2064,57,657,'HalfDay',1,'09/05/2016','02:00pm',2),(2065,84,658,'HalfDay',1,'06/05/2016','09:00am',1),(2066,84,658,'HalfDay',1,'06/05/2016','10:00am',1),(2067,84,658,'HalfDay',1,'06/05/2016','11:00am',1),(2068,84,658,'HalfDay',1,'06/05/2016','12:00pm',1),(2069,84,658,'HalfDay',1,'06/05/2016','01:00pm',1),(2070,84,658,'HalfDay',1,'06/05/2016','02:00pm',1),(2071,84,658,'HalfDay',1,'06/05/2016','03:00pm',1),(2072,84,658,'HalfDay',1,'07/05/2016','04:00pm',1),(2073,84,658,'HalfDay',1,'07/05/2016','05:00pm',1),(2074,84,658,'HalfDay',1,'07/05/2016','06:00pm',1),(2075,84,658,'HalfDay',1,'07/05/2016','07:00pm',1),(2076,84,658,'HalfDay',1,'07/05/2016','08:00pm',1),(2077,84,658,'HalfDay',1,'07/05/2016','09:00pm',1),(2078,84,658,'HalfDay',1,'07/05/2016','10:00pm',1),(2079,84,658,'HalfDay',1,'08/05/2016','04:00pm',1),(2080,84,658,'HalfDay',1,'08/05/2016','05:00pm',1),(2081,84,658,'HalfDay',1,'08/05/2016','06:00pm',1),(2082,84,658,'HalfDay',1,'08/05/2016','07:00pm',1),(2083,84,658,'HalfDay',1,'08/05/2016','08:00pm',1),(2084,84,658,'HalfDay',1,'08/05/2016','09:00pm',1),(2085,84,658,'HalfDay',1,'08/05/2016','10:00pm',1),(2086,58,659,'Hourly',1,'06/05/2016','10:00am',1),(2087,58,659,'Hourly',1,'07/05/2016','11:00am',1),(2088,58,659,'Hourly',1,'08/05/2016','11:00am',1),(2089,58,659,'Hourly',1,'08/05/2016','12:00pm',1),(2090,58,659,'Hourly',1,'09/05/2016','12:00pm',1),(2091,58,660,'HalfDay',1,'07/05/2016','03:00pm',2),(2092,58,660,'HalfDay',1,'07/05/2016','04:00pm',2),(2093,58,660,'HalfDay',1,'07/05/2016','05:00pm',2),(2094,58,660,'HalfDay',1,'07/05/2016','06:00pm',2),(2095,58,660,'HalfDay',1,'07/05/2016','07:00pm',2),(2096,58,660,'HalfDay',1,'07/05/2016','08:00pm',2),(2097,58,660,'HalfDay',1,'07/05/2016','09:00pm',2),(2098,58,660,'HalfDay',1,'08/05/2016','03:00pm',2),(2099,58,660,'HalfDay',1,'08/05/2016','04:00pm',2),(2100,58,660,'HalfDay',1,'08/05/2016','05:00pm',2),(2101,58,660,'HalfDay',1,'08/05/2016','06:00pm',2),(2102,58,660,'HalfDay',1,'08/05/2016','07:00pm',2),(2103,58,660,'HalfDay',1,'08/05/2016','08:00pm',2),(2104,58,660,'HalfDay',1,'08/05/2016','09:00pm',2),(2105,58,660,'HalfDay',1,'09/05/2016','08:00am',2),(2106,58,660,'HalfDay',1,'09/05/2016','09:00am',2),(2107,58,660,'HalfDay',1,'09/05/2016','10:00am',2),(2108,58,660,'HalfDay',1,'09/05/2016','11:00am',2),(2109,58,660,'HalfDay',1,'09/05/2016','12:00pm',2),(2110,58,660,'HalfDay',1,'09/05/2016','01:00pm',2),(2111,58,660,'HalfDay',1,'09/05/2016','02:00pm',2),(2112,58,661,'HalfDay',1,'07/05/2016','03:00pm',2),(2113,58,661,'HalfDay',1,'07/05/2016','04:00pm',2),(2114,58,661,'HalfDay',1,'07/05/2016','05:00pm',2),(2115,58,661,'HalfDay',1,'07/05/2016','06:00pm',2),(2116,58,661,'HalfDay',1,'07/05/2016','07:00pm',2),(2117,58,661,'HalfDay',1,'07/05/2016','08:00pm',2),(2118,58,661,'HalfDay',1,'07/05/2016','09:00pm',2),(2119,58,661,'HalfDay',1,'07/05/2016','08:00am',2),(2120,58,661,'HalfDay',1,'07/05/2016','09:00am',2),(2121,58,661,'HalfDay',1,'07/05/2016','10:00am',2),(2122,58,661,'HalfDay',1,'07/05/2016','11:00am',2),(2123,58,661,'HalfDay',1,'07/05/2016','12:00pm',2),(2124,58,661,'HalfDay',1,'07/05/2016','01:00pm',2),(2125,58,661,'HalfDay',1,'07/05/2016','02:00pm',2),(2126,58,661,'HalfDay',1,'08/05/2016','03:00pm',2),(2127,58,661,'HalfDay',1,'08/05/2016','04:00pm',2),(2128,58,661,'HalfDay',1,'08/05/2016','05:00pm',2),(2129,58,661,'HalfDay',1,'08/05/2016','06:00pm',2),(2130,58,661,'HalfDay',1,'08/05/2016','07:00pm',2),(2131,58,661,'HalfDay',1,'08/05/2016','08:00pm',2),(2132,58,661,'HalfDay',1,'08/05/2016','09:00pm',2),(2133,58,661,'HalfDay',1,'09/05/2016','08:00am',2),(2134,58,661,'HalfDay',1,'09/05/2016','09:00am',2),(2135,58,661,'HalfDay',1,'09/05/2016','10:00am',2),(2136,58,661,'HalfDay',1,'09/05/2016','11:00am',2),(2137,58,661,'HalfDay',1,'09/05/2016','12:00pm',2),(2138,58,661,'HalfDay',1,'09/05/2016','01:00pm',2),(2139,58,661,'HalfDay',1,'09/05/2016','02:00pm',2),(2140,58,662,'HalfDay',1,'07/05/2016','03:00pm',2),(2141,58,662,'HalfDay',1,'07/05/2016','04:00pm',2),(2142,58,662,'HalfDay',1,'07/05/2016','05:00pm',2),(2143,58,662,'HalfDay',1,'07/05/2016','06:00pm',2),(2144,58,662,'HalfDay',1,'07/05/2016','07:00pm',2),(2145,58,662,'HalfDay',1,'07/05/2016','08:00pm',2),(2146,58,662,'HalfDay',1,'07/05/2016','09:00pm',2),(2147,58,662,'HalfDay',1,'07/05/2016','08:00am',2),(2148,58,662,'HalfDay',1,'07/05/2016','09:00am',2),(2149,58,662,'HalfDay',1,'07/05/2016','10:00am',2),(2150,58,662,'HalfDay',1,'07/05/2016','11:00am',2),(2151,58,662,'HalfDay',1,'07/05/2016','12:00pm',2),(2152,58,662,'HalfDay',1,'07/05/2016','01:00pm',2),(2153,58,662,'HalfDay',1,'07/05/2016','02:00pm',2),(2154,58,662,'HalfDay',1,'09/05/2016','08:00am',2),(2155,58,662,'HalfDay',1,'09/05/2016','09:00am',2),(2156,58,662,'HalfDay',1,'09/05/2016','10:00am',2),(2157,58,662,'HalfDay',1,'09/05/2016','11:00am',2),(2158,58,662,'HalfDay',1,'09/05/2016','12:00pm',2),(2159,58,662,'HalfDay',1,'09/05/2016','01:00pm',2),(2160,58,662,'HalfDay',1,'09/05/2016','02:00pm',2),(2161,69,663,'Hourly',1,'08/05/2016','11:00am',1),(2162,69,663,'Hourly',1,'08/05/2016','12:00pm',1),(2163,69,663,'Hourly',1,'08/05/2016','01:00pm',1),(2164,2,664,'Hourly',1,'09/05/2016','02:00pm',1),(2165,2,664,'Hourly',1,'09/05/2016','03:00pm',1),(2166,2,664,'Hourly',1,'09/05/2016','04:00pm',1),(2167,52,667,'Hourly',1,'08/05/2016','11:00am',1),(2168,52,667,'Hourly',1,'08/05/2016','12:00pm',1),(2169,52,667,'Hourly',1,'08/05/2016','01:00pm',1),(2170,78,668,'Hourly',1,'08/05/2016','09:00am',1),(2171,78,668,'Hourly',1,'08/05/2016','10:00am',1),(2172,78,668,'Hourly',1,'09/05/2016','11:00am',1),(2173,78,668,'Hourly',1,'09/05/2016','12:00pm',1),(2174,78,668,'Hourly',1,'10/05/2016','12:00pm',1),(2175,78,668,'Hourly',1,'10/05/2016','01:00pm',1),(2176,9,669,'Hourly',1,'07/05/2016','10:00am',1),(2177,9,669,'Hourly',1,'07/05/2016','11:00am',1),(2178,9,670,'Hourly',1,'08/05/2016','10:00am',1),(2179,9,670,'Hourly',1,'08/05/2016','11:00am',1),(2180,9,671,'Hourly',1,'08/05/2016','12:00pm',1),(2181,9,671,'Hourly',1,'08/05/2016','01:00pm',1),(2182,9,672,'Hourly',1,'09/05/2016','01:00pm',1),(2183,9,672,'Hourly',1,'09/05/2016','02:00pm',1),(2184,9,673,'Hourly',1,'10/05/2016','10:00am',1),(2185,9,673,'Hourly',1,'10/05/2016','11:00am',1),(2186,9,673,'Hourly',1,'11/05/2016','10:00am',1),(2187,9,673,'Hourly',1,'11/05/2016','11:00am',1),(2188,9,673,'Hourly',1,'10/05/2016','12:00pm',1),(2189,9,673,'Hourly',1,'11/05/2016','12:00pm',1),(2190,9,673,'Hourly',1,'11/05/2016','01:00pm',1),(2191,9,674,'Hourly',1,'09/05/2016','10:00am',1),(2192,9,674,'Hourly',1,'09/05/2016','11:00am',1),(2193,9,674,'Hourly',1,'09/05/2016','12:00pm',1),(2194,9,674,'Hourly',1,'10/05/2016','09:00am',1),(2195,9,675,'Hourly',1,'07/05/2016','12:00pm',1),(2196,9,675,'Hourly',1,'07/05/2016','01:00pm',1),(2197,9,675,'Hourly',1,'07/05/2016','02:00pm',1),(2198,9,676,'Hourly',1,'06/05/2016','10:00am',1),(2199,10,677,'Hourly',1,'08/05/2016','10:00am',1),(2200,9,678,'Hourly',1,'06/05/2016','12:00pm',1),(2201,9,679,'Hourly',1,'06/05/2016','11:00am',1),(2202,10,680,'Hourly',1,'08/05/2016','11:00am',1),(2203,9,681,'Hourly',1,'08/05/2016','02:00pm',1),(2204,9,682,'Hourly',1,'08/05/2016','09:00am',1),(2205,9,683,'Hourly',1,'06/05/2016','01:00pm',1),(2206,9,684,'Hourly',1,'10/05/2016','01:00pm',1),(2207,9,685,'Hourly',1,'10/05/2016','02:00pm',1),(2208,9,686,'Hourly',1,'09/05/2016','09:00am',1),(2209,65,687,'HalfDay',1,'07/05/2016','08:00am',1),(2210,65,687,'HalfDay',1,'07/05/2016','09:00am',1),(2211,65,687,'HalfDay',1,'07/05/2016','10:00am',1),(2212,65,687,'HalfDay',1,'07/05/2016','11:00am',1),(2213,65,687,'HalfDay',1,'07/05/2016','12:00pm',1),(2214,65,687,'HalfDay',1,'07/05/2016','01:00pm',1),(2215,65,687,'HalfDay',1,'07/05/2016','02:00pm',1),(2216,65,687,'HalfDay',1,'07/05/2016','03:00pm',1),(2217,65,687,'HalfDay',1,'07/05/2016','04:00pm',1),(2218,65,687,'HalfDay',1,'07/05/2016','05:00pm',1),(2219,65,687,'HalfDay',1,'07/05/2016','06:00pm',1),(2220,65,687,'HalfDay',1,'07/05/2016','07:00pm',1),(2221,65,687,'HalfDay',1,'07/05/2016','08:00pm',1),(2222,65,687,'HalfDay',1,'07/05/2016','09:00pm',1),(2223,65,687,'HalfDay',1,'07/05/2016','10:00pm',1),(2224,65,687,'HalfDay',1,'07/05/2016','11:00pm',1),(2225,9,689,'Hourly',1,'05/05/2016','10:00am',1),(2226,9,689,'Hourly',1,'05/05/2016','11:00am',1),(2227,9,689,'Hourly',1,'05/05/2016','12:00pm',1),(2228,9,689,'Hourly',1,'05/05/2016','01:00pm',1),(2229,9,689,'Hourly',1,'06/05/2016','02:00pm',1),(2230,9,690,'Hourly',1,'13/05/2016','09:00am',1),(2231,9,690,'Hourly',1,'13/05/2016','10:00am',1),(2232,9,690,'Hourly',1,'13/05/2016','11:00am',1),(2233,9,690,'Hourly',1,'14/05/2016','12:00pm',1),(2234,9,690,'Hourly',1,'14/05/2016','01:00pm',1),(2235,9,690,'Hourly',1,'14/05/2016','02:00pm',1),(2236,9,691,'Hourly',1,'14/05/2016','09:00am',1),(2237,9,691,'Hourly',1,'14/05/2016','10:00am',1),(2238,9,691,'Hourly',1,'14/05/2016','11:00am',1),(2239,9,691,'Hourly',1,'15/05/2016','11:00am',1),(2240,9,691,'Hourly',1,'15/05/2016','12:00pm',1),(2241,9,691,'Hourly',1,'16/05/2016','12:00pm',1),(2242,9,691,'Hourly',1,'16/05/2016','01:00pm',1),(2243,9,691,'Hourly',1,'16/05/2016','02:00pm',1),(2244,9,692,'Hourly',1,'12/05/2016','09:00am',1),(2245,9,693,'Hourly',1,'16/05/2016','09:00am',1),(2246,9,693,'Hourly',1,'16/05/2016','10:00am',1),(2247,9,693,'Hourly',1,'16/05/2016','11:00am',1),(2248,9,693,'Hourly',1,'17/05/2016','11:00am',1),(2249,9,693,'Hourly',1,'17/05/2016','12:00pm',1),(2250,9,694,'Hourly',1,'17/05/2016','09:00am',1),(2251,9,694,'Hourly',1,'17/05/2016','10:00am',1),(2252,9,694,'Hourly',1,'18/05/2016','10:00am',1),(2253,9,694,'Hourly',1,'18/05/2016','11:00am',1),(2254,9,694,'Hourly',1,'18/05/2016','12:00pm',1),(2255,9,694,'Hourly',1,'18/05/2016','01:00pm',1),(2256,9,695,'Hourly',1,'12/05/2016','10:00am',1),(2257,9,695,'Hourly',1,'12/05/2016','11:00am',1),(2258,9,695,'Hourly',1,'12/05/2016','12:00pm',1),(2259,9,695,'Hourly',1,'13/05/2016','12:00pm',1),(2260,9,695,'Hourly',1,'13/05/2016','01:00pm',1),(2261,9,695,'Hourly',1,'15/05/2016','01:00pm',1),(2262,12,696,'HalfDay',1,'07/05/2016','09:00am',1),(2263,12,696,'HalfDay',1,'07/05/2016','10:00am',1),(2264,12,696,'HalfDay',1,'07/05/2016','11:00am',1),(2265,12,696,'HalfDay',1,'07/05/2016','12:00pm',1),(2266,12,696,'HalfDay',1,'07/05/2016','01:00pm',1),(2267,12,696,'HalfDay',1,'08/05/2016','02:00pm',1),(2268,12,696,'HalfDay',1,'08/05/2016','03:00pm',1),(2269,12,696,'HalfDay',1,'08/05/2016','04:00pm',1),(2270,12,696,'HalfDay',1,'08/05/2016','05:00pm',1),(2271,12,696,'HalfDay',1,'08/05/2016','06:00pm',1),(2272,12,696,'HalfDay',1,'08/05/2016','07:00pm',1),(2273,64,697,'HalfDay',1,'05/05/2016','08:00am',1),(2274,64,697,'HalfDay',1,'05/05/2016','09:00am',1),(2275,64,697,'HalfDay',1,'05/05/2016','10:00am',1),(2276,64,697,'HalfDay',1,'05/05/2016','11:00am',1),(2277,64,697,'HalfDay',1,'05/05/2016','12:00pm',1),(2278,64,697,'HalfDay',1,'05/05/2016','01:00pm',1),(2279,64,697,'HalfDay',1,'05/05/2016','02:00pm',1),(2280,64,697,'HalfDay',1,'05/05/2016','03:00pm',1),(2281,64,697,'HalfDay',1,'06/05/2016','08:00am',1),(2282,64,697,'HalfDay',1,'06/05/2016','09:00am',1),(2283,64,697,'HalfDay',1,'06/05/2016','10:00am',1),(2284,64,697,'HalfDay',1,'06/05/2016','11:00am',1),(2285,64,697,'HalfDay',1,'06/05/2016','12:00pm',1),(2286,64,697,'HalfDay',1,'06/05/2016','01:00pm',1),(2287,64,697,'HalfDay',1,'06/05/2016','02:00pm',1),(2288,64,697,'HalfDay',1,'06/05/2016','03:00pm',1),(2289,9,697,'Hourly',1,'20/05/2016','09:00am',1),(2290,9,697,'Hourly',1,'20/05/2016','10:00am',1),(2291,9,697,'Hourly',1,'21/05/2016','11:00am',1),(2292,9,697,'Hourly',1,'21/05/2016','12:00pm',1),(2293,9,697,'Hourly',1,'22/05/2016','12:00pm',1),(2294,53,698,'HalfDay',1,'08/05/2016','08:00am',3),(2295,53,698,'HalfDay',1,'08/05/2016','09:00am',3),(2296,53,698,'HalfDay',1,'08/05/2016','10:00am',3),(2297,53,698,'HalfDay',1,'08/05/2016','11:00am',3),(2298,53,698,'HalfDay',1,'08/05/2016','12:00pm',3),(2299,53,698,'HalfDay',1,'08/05/2016','01:00pm',3),(2300,53,698,'HalfDay',1,'08/05/2016','02:00pm',3),(2301,53,698,'HalfDay',1,'09/05/2016','03:00pm',3),(2302,53,698,'HalfDay',1,'09/05/2016','04:00pm',3),(2303,53,698,'HalfDay',1,'09/05/2016','05:00pm',3),(2304,53,698,'HalfDay',1,'09/05/2016','06:00pm',3),(2305,53,698,'HalfDay',1,'09/05/2016','07:00pm',3),(2306,53,698,'HalfDay',1,'09/05/2016','08:00pm',3),(2307,53,698,'HalfDay',1,'09/05/2016','09:00pm',3),(2308,52,699,'Hourly',1,'05/05/2016','09:00am',1),(2309,52,699,'Hourly',1,'06/05/2016','08:00am',1),(2310,52,699,'Hourly',1,'09/05/2016','08:00am',1),(2311,52,699,'Hourly',1,'07/05/2016','09:00am',1),(2312,52,699,'Hourly',1,'06/05/2016','09:00am',1),(2313,52,699,'Hourly',1,'08/05/2016','08:00am',1),(2314,52,699,'Hourly',1,'05/05/2016','11:00am',1),(2315,52,699,'Hourly',1,'06/05/2016','11:00am',1),(2316,52,700,'Hourly',1,'05/05/2016','10:00am',1),(2317,52,700,'Hourly',1,'06/05/2016','10:00am',1),(2318,52,700,'Hourly',1,'07/05/2016','10:00am',1),(2319,52,700,'Hourly',1,'08/05/2016','10:00am',1),(2320,52,700,'Hourly',1,'05/05/2016','11:00am',1),(2321,52,700,'Hourly',1,'05/05/2016','12:00pm',1),(2322,9,702,'Hourly',1,'15/05/2016','09:00am',1),(2323,9,702,'Hourly',1,'15/05/2016','10:00am',1),(2324,9,702,'Hourly',1,'17/05/2016','01:00pm',1),(2325,9,702,'Hourly',1,'17/05/2016','02:00pm',1),(2326,9,703,'Hourly',1,'21/05/2016','09:00am',1),(2327,9,703,'Hourly',1,'21/05/2016','10:00am',1),(2328,9,703,'Hourly',1,'22/05/2016','10:00am',1),(2329,9,703,'Hourly',1,'22/05/2016','11:00am',1),(2330,9,703,'Hourly',1,'23/05/2016','12:00pm',1),(2331,9,704,'Hourly',1,'28/05/2016','09:00am',1),(2332,9,704,'Hourly',1,'28/05/2016','10:00am',1),(2333,9,704,'Hourly',1,'29/05/2016','10:00am',1),(2334,9,704,'Hourly',1,'29/05/2016','11:00am',1),(2335,9,704,'Hourly',1,'29/05/2016','01:00pm',1),(2336,9,707,'Hourly',1,'07/05/2016','09:00am',1),(2337,9,707,'Hourly',1,'06/05/2016','09:00am',1),(2338,2,711,'Hourly',1,'09/05/2016','10:00am',1),(2339,2,714,'Hourly',1,'09/05/2016','02:00pm',1),(2340,2,714,'Hourly',1,'09/05/2016','01:00pm',1),(2341,66,715,'Hourly',1,'09/05/2016','04:00pm',2),(2342,66,715,'Hourly',1,'09/05/2016','05:00pm',2),(2343,66,715,'Hourly',1,'09/05/2016','06:00pm',2),(2344,2,716,'Hourly',1,'10/05/2016','10:00am',1),(2345,2,716,'Hourly',1,'10/05/2016','11:00am',1),(2346,2,717,'Hourly',1,'09/05/2016','07:00pm',1),(2347,2,718,'Hourly',1,'09/05/2016','07:00pm',1),(2348,2,718,'Hourly',1,'10/05/2016','02:00pm',1),(2349,2,718,'Hourly',1,'10/05/2016','03:00pm',1),(2350,2,718,'Hourly',1,'11/05/2016','04:00pm',1),(2351,2,718,'Hourly',1,'11/05/2016','05:00pm',1),(2352,2,718,'Hourly',1,'11/05/2016','06:00pm',1),(2353,2,721,'Hourly',1,'13/05/2016','10:00am',1),(2354,2,721,'Hourly',1,'13/05/2016','11:00am',1),(2355,2,721,'Hourly',1,'14/05/2016','12:00pm',1),(2356,2,721,'Hourly',1,'14/05/2016','01:00pm',1),(2357,9,724,'Hourly',1,'15/05/2016','02:00pm',1),(2358,29,725,'HalfDay',1,'15/05/2016','11:00am',1),(2359,29,725,'HalfDay',1,'15/05/2016','12:00pm',1),(2360,29,725,'HalfDay',1,'15/05/2016','01:00pm',1),(2361,29,725,'HalfDay',1,'15/05/2016','02:00pm',1),(2362,29,725,'HalfDay',1,'16/05/2016','02:00pm',1),(2363,29,725,'HalfDay',1,'16/05/2016','03:00pm',1),(2364,29,725,'HalfDay',1,'16/05/2016','04:00pm',1),(2365,29,725,'HalfDay',1,'16/05/2016','05:00pm',1),(2366,29,725,'HalfDay',1,'16/05/2016','06:00pm',1),(2367,29,725,'HalfDay',1,'16/05/2016','07:00pm',1),(2368,29,725,'HalfDay',1,'16/05/2016','08:00pm',1),(2369,29,725,'HalfDay',1,'16/05/2016','09:00pm',1),(2370,29,725,'HalfDay',1,'16/05/2016','10:00pm',1),(2371,29,725,'HalfDay',1,'12/05/2016','02:00pm',1),(2372,29,725,'HalfDay',1,'12/05/2016','03:00pm',1),(2373,29,725,'HalfDay',1,'12/05/2016','04:00pm',1),(2374,29,725,'HalfDay',1,'12/05/2016','05:00pm',1),(2375,29,725,'HalfDay',1,'12/05/2016','06:00pm',1),(2376,29,725,'HalfDay',1,'12/05/2016','07:00pm',1),(2377,29,725,'HalfDay',1,'12/05/2016','08:00pm',1),(2378,29,725,'HalfDay',1,'12/05/2016','09:00pm',1),(2379,29,725,'HalfDay',1,'12/05/2016','10:00pm',1),(2380,33,726,'Hourly',1,'13/05/2016','10:00am',1),(2381,33,726,'Hourly',1,'14/05/2016','10:00am',1),(2382,4,727,'HalfDay',1,'14/05/2016','11:00am',1),(2383,4,727,'HalfDay',1,'14/05/2016','12:00pm',1),(2384,4,727,'HalfDay',1,'14/05/2016','01:00pm',1),(2385,4,727,'HalfDay',1,'14/05/2016','02:00pm',1),(2386,4,727,'HalfDay',1,'15/05/2016','03:00pm',1),(2387,4,727,'HalfDay',1,'15/05/2016','04:00pm',1),(2388,4,727,'HalfDay',1,'15/05/2016','05:00pm',1),(2389,4,727,'HalfDay',1,'15/05/2016','06:00pm',1),(2390,28,729,'HalfDay',1,'17/05/2016','06:00am',1),(2391,28,729,'HalfDay',1,'17/05/2016','07:00am',1),(2392,28,729,'HalfDay',1,'17/05/2016','08:00am',1),(2393,28,729,'HalfDay',1,'17/05/2016','09:00am',1),(2394,28,729,'HalfDay',1,'17/05/2016','10:00am',1),(2395,28,729,'HalfDay',1,'17/05/2016','11:00am',1),(2396,28,729,'HalfDay',1,'17/05/2016','12:00pm',1),(2397,28,729,'HalfDay',1,'17/05/2016','01:00pm',1),(2398,28,729,'HalfDay',1,'18/05/2016','02:00pm',1),(2399,28,729,'HalfDay',1,'18/05/2016','03:00pm',1),(2400,28,729,'HalfDay',1,'18/05/2016','04:00pm',1),(2401,28,729,'HalfDay',1,'18/05/2016','05:00pm',1),(2402,28,729,'HalfDay',1,'18/05/2016','06:00pm',1),(2403,28,729,'HalfDay',1,'18/05/2016','07:00pm',1),(2404,28,729,'HalfDay',1,'18/05/2016','08:00pm',1),(2405,28,729,'HalfDay',1,'18/05/2016','09:00pm',1),(2406,28,729,'HalfDay',1,'18/05/2016','10:00pm',1),(2407,51,730,'Hourly',1,'17/05/2016','09:00am',1),(2408,15,731,'HalfDay',1,'16/05/2016','11:00am',1),(2409,15,731,'HalfDay',1,'16/05/2016','12:00pm',1),(2410,15,731,'HalfDay',1,'16/05/2016','01:00pm',1),(2411,15,731,'HalfDay',1,'16/05/2016','02:00pm',1),(2412,17,732,'HalfDay',1,'16/05/2016','11:00am',1),(2413,17,732,'HalfDay',1,'16/05/2016','12:00pm',1),(2414,17,732,'HalfDay',1,'16/05/2016','01:00pm',1),(2415,17,732,'HalfDay',1,'16/05/2016','02:00pm',1),(2416,17,732,'HalfDay',1,'17/05/2016','08:00am',1),(2417,17,732,'HalfDay',1,'17/05/2016','09:00am',1),(2418,17,732,'HalfDay',1,'17/05/2016','10:00am',1),(2419,17,732,'HalfDay',1,'17/05/2016','11:00am',1),(2420,17,732,'HalfDay',1,'17/05/2016','12:00pm',1),(2421,17,732,'HalfDay',1,'17/05/2016','01:00pm',1),(2422,18,733,'HalfDay',1,'16/05/2016','11:00am',1),(2423,18,733,'HalfDay',1,'16/05/2016','12:00pm',1),(2424,18,733,'HalfDay',1,'16/05/2016','01:00pm',1),(2425,18,733,'HalfDay',1,'16/05/2016','02:00pm',1),(2426,18,733,'HalfDay',1,'17/05/2016','08:00am',1),(2427,18,733,'HalfDay',1,'17/05/2016','09:00am',1),(2428,18,733,'HalfDay',1,'17/05/2016','10:00am',1),(2429,18,733,'HalfDay',1,'17/05/2016','11:00am',1),(2430,18,733,'HalfDay',1,'17/05/2016','12:00pm',1),(2431,18,733,'HalfDay',1,'17/05/2016','01:00pm',1),(2432,18,733,'HalfDay',1,'14/05/2016','09:00am',1),(2433,18,733,'HalfDay',1,'14/05/2016','10:00am',1),(2434,18,733,'HalfDay',1,'14/05/2016','11:00am',1),(2435,28,734,'HalfDay',1,'16/05/2016','02:00pm',1),(2436,28,734,'HalfDay',1,'17/05/2016','08:00am',1),(2437,28,734,'HalfDay',1,'17/05/2016','09:00am',1),(2438,28,734,'HalfDay',1,'17/05/2016','10:00am',1),(2439,28,734,'HalfDay',1,'17/05/2016','11:00am',1),(2440,28,734,'HalfDay',1,'17/05/2016','12:00pm',1),(2441,28,734,'HalfDay',1,'17/05/2016','01:00pm',1),(2442,28,734,'HalfDay',1,'14/05/2016','09:00am',1),(2443,28,734,'HalfDay',1,'14/05/2016','10:00am',1),(2444,28,734,'HalfDay',1,'14/05/2016','11:00am',1),(2445,28,734,'HalfDay',1,'16/05/2016','11:00am',1),(2446,28,734,'HalfDay',1,'16/05/2016','12:00pm',1),(2447,28,734,'HalfDay',1,'16/05/2016','01:00pm',1),(2448,28,734,'HalfDay',1,'17/05/2016','02:00pm',1),(2449,28,734,'HalfDay',1,'17/05/2016','03:00pm',1),(2450,28,734,'HalfDay',1,'17/05/2016','04:00pm',1),(2451,28,734,'HalfDay',1,'17/05/2016','05:00pm',1),(2452,28,734,'HalfDay',1,'17/05/2016','06:00pm',1),(2453,28,734,'HalfDay',1,'17/05/2016','07:00pm',1),(2454,28,734,'HalfDay',1,'17/05/2016','08:00pm',1),(2455,28,734,'HalfDay',1,'17/05/2016','09:00pm',1),(2456,28,734,'HalfDay',1,'17/05/2016','10:00pm',1),(2457,29,735,'HalfDay',1,'16/05/2016','02:00pm',1),(2458,29,735,'HalfDay',1,'14/05/2016','09:00am',1),(2459,29,735,'HalfDay',1,'14/05/2016','10:00am',1),(2460,29,735,'HalfDay',1,'14/05/2016','11:00am',1),(2461,29,735,'HalfDay',1,'17/05/2016','02:00pm',1),(2462,29,735,'HalfDay',1,'17/05/2016','03:00pm',1),(2463,29,735,'HalfDay',1,'17/05/2016','04:00pm',1),(2464,29,735,'HalfDay',1,'17/05/2016','05:00pm',1),(2465,29,735,'HalfDay',1,'17/05/2016','06:00pm',1),(2466,29,735,'HalfDay',1,'17/05/2016','07:00pm',1),(2467,29,735,'HalfDay',1,'17/05/2016','08:00pm',1),(2468,29,735,'HalfDay',1,'17/05/2016','09:00pm',1),(2469,29,735,'HalfDay',1,'17/05/2016','10:00pm',1),(2470,29,735,'HalfDay',1,'17/05/2016','06:00am',1),(2471,29,735,'HalfDay',1,'17/05/2016','07:00am',1),(2472,29,735,'HalfDay',1,'16/05/2016','11:00am',1),(2473,29,735,'HalfDay',1,'16/05/2016','12:00pm',1),(2474,29,735,'HalfDay',1,'16/05/2016','01:00pm',1),(2475,31,736,'HalfDay',1,'16/05/2016','02:00pm',1),(2476,31,736,'HalfDay',1,'14/05/2016','09:00am',1),(2477,31,736,'HalfDay',1,'14/05/2016','10:00am',1),(2478,31,736,'HalfDay',1,'14/05/2016','11:00am',1),(2479,31,736,'HalfDay',1,'17/05/2016','02:00pm',1),(2480,31,736,'HalfDay',1,'17/05/2016','03:00pm',1),(2481,31,736,'HalfDay',1,'17/05/2016','04:00pm',1),(2482,31,736,'HalfDay',1,'17/05/2016','05:00pm',1),(2483,31,736,'HalfDay',1,'17/05/2016','06:00pm',1),(2484,31,736,'HalfDay',1,'17/05/2016','07:00pm',1),(2485,31,736,'HalfDay',1,'17/05/2016','08:00pm',1),(2486,31,736,'HalfDay',1,'17/05/2016','09:00pm',1),(2487,31,736,'HalfDay',1,'17/05/2016','10:00pm',1),(2488,31,736,'HalfDay',1,'17/05/2016','06:00am',1),(2489,31,736,'HalfDay',1,'17/05/2016','07:00am',1),(2490,31,736,'HalfDay',1,'16/05/2016','11:00am',1),(2491,31,736,'HalfDay',1,'16/05/2016','12:00pm',1),(2492,31,736,'HalfDay',1,'16/05/2016','01:00pm',1),(2493,34,737,'Hourly',1,'16/05/2016','09:00am',1),(2494,36,738,'HalfDay',1,'16/05/2016','02:00pm',1),(2495,36,738,'HalfDay',1,'14/05/2016','09:00am',1),(2496,36,738,'HalfDay',1,'14/05/2016','10:00am',1),(2497,36,738,'HalfDay',1,'14/05/2016','11:00am',1),(2498,36,738,'HalfDay',1,'17/05/2016','02:00pm',1),(2499,36,738,'HalfDay',1,'17/05/2016','03:00pm',1),(2500,36,738,'HalfDay',1,'17/05/2016','04:00pm',1),(2501,36,738,'HalfDay',1,'17/05/2016','05:00pm',1),(2502,36,738,'HalfDay',1,'17/05/2016','06:00pm',1),(2503,36,738,'HalfDay',1,'17/05/2016','07:00pm',1),(2504,36,738,'HalfDay',1,'17/05/2016','08:00pm',1),(2505,36,738,'HalfDay',1,'17/05/2016','09:00pm',1),(2506,36,738,'HalfDay',1,'17/05/2016','10:00pm',1),(2507,36,738,'HalfDay',1,'17/05/2016','06:00am',1),(2508,36,738,'HalfDay',1,'17/05/2016','07:00am',1),(2509,36,738,'HalfDay',1,'16/05/2016','11:00am',1),(2510,36,738,'HalfDay',1,'16/05/2016','12:00pm',1),(2511,36,738,'HalfDay',1,'16/05/2016','01:00pm',1),(2512,67,739,'Hourly',1,'16/05/2016','01:00pm',1),(2513,67,739,'Hourly',1,'16/05/2016','02:00pm',1),(2514,16,740,'Hourly',1,'18/05/2016','10:00am',1),(2515,16,740,'Hourly',1,'18/05/2016','11:00am',1),(2516,16,742,'Hourly',1,'17/05/2016','11:00am',1),(2517,16,742,'Hourly',1,'16/05/2016','11:00am',1),(2518,66,745,'Hourly',1,'16/05/2016','11:00am',1),(2519,66,745,'Hourly',1,'16/05/2016','12:00pm',1),(2520,66,745,'Hourly',1,'16/05/2016','01:00pm',1),(2521,66,749,'Hourly',1,'16/05/2016','11:00am',1),(2522,66,749,'Hourly',1,'16/05/2016','12:00pm',1),(2523,9,750,'Hourly',1,'30/05/2016','10:00am',1),(2524,9,750,'Hourly',1,'30/05/2016','11:00am',1),(2525,9,750,'Hourly',1,'30/05/2016','12:00pm',1),(2526,9,750,'Hourly',1,'30/05/2016','01:00pm',1),(2527,9,750,'Hourly',1,'30/05/2016','02:00pm',1),(2528,9,750,'Hourly',1,'30/05/2016','09:00am',1),(2529,9,750,'Hourly',1,'30/05/2016','04:00pm',1),(2530,9,750,'Hourly',1,'30/05/2016','03:00pm',1),(2531,9,750,'Hourly',1,'30/05/2016','07:00pm',1),(2532,9,750,'Hourly',1,'30/05/2016','06:00pm',1),(2533,9,750,'Hourly',1,'30/05/2016','05:00pm',1),(2534,9,755,'Hourly',1,'31/05/2016','09:00am',1),(2535,16,756,'Hourly',1,'16/05/2016','08:00am',1),(2536,35,757,'HalfDay',2,'7/4/2016','09:00am',2),(2537,35,757,'HalfDay',2,'7/4/2016','10:00am',2),(2538,35,757,'HalfDay',2,'7/4/2016','11:00am',2),(2539,35,757,'HalfDay',2,'7/4/2016','12:00pm',2),(2540,35,757,'HalfDay',2,'7/4/2016','01:00pm',2),(2541,35,757,'HalfDay',2,'8/4/2016','09:00am',2),(2542,140,758,'HalfDay',2,'7/4/2016','09:00am',2),(2543,140,758,'HalfDay',2,'7/4/2016','10:00am',2),(2544,140,758,'HalfDay',2,'7/4/2016','11:00am',2),(2545,140,758,'HalfDay',2,'7/4/2016','12:00pm',2),(2546,140,758,'HalfDay',2,'7/4/2016','01:00pm',2),(2547,140,758,'HalfDay',2,'8/4/2016','09:00am',2),(2548,140,758,'HalfDay',2,'7/6/2016','09:00am',2),(2549,140,758,'HalfDay',2,'7/6/2016','10:00am',2),(2550,140,758,'HalfDay',2,'7/6/2016','11:00am',2),(2551,140,758,'HalfDay',2,'7/6/2016','12:00pm',2),(2552,140,758,'HalfDay',2,'7/6/2016','01:00pm',2),(2553,140,758,'HalfDay',2,'8/6/2016','09:00am',2),(2554,140,758,'HalfDay',2,'7/6/2016','09:00am',1),(2555,140,758,'HalfDay',2,'7/6/2016','10:00am',1),(2556,140,758,'HalfDay',2,'7/6/2016','11:00am',1),(2557,140,758,'HalfDay',2,'7/6/2016','12:00pm',1),(2558,140,758,'HalfDay',2,'7/6/2016','01:00pm',1),(2559,140,758,'HalfDay',2,'8/6/2016','09:00am',1),(2560,16,761,'Hourly',15,'19/05/2016','10:00am',1),(2561,16,761,'Hourly',15,'19/05/2016','11:00am',1),(2562,16,761,'Hourly',15,'19/05/2016','12:00pm',1),(2563,16,761,'Hourly',15,'19/05/2016','01:00pm',1),(2564,44,764,'Hourly',1,'18/05/2016','08:00am',1),(2565,44,764,'Hourly',1,'18/05/2016','09:00am',1),(2566,44,764,'Hourly',1,'18/05/2016','10:00am',1),(2567,44,764,'Hourly',1,'18/05/2016','11:00am',1),(2568,64,766,'HalfDay',1,'17/05/2016','08:00am',1),(2569,64,766,'HalfDay',1,'17/05/2016','09:00am',1),(2570,64,766,'HalfDay',1,'17/05/2016','10:00am',1),(2571,64,766,'HalfDay',1,'17/05/2016','11:00am',1),(2572,64,766,'HalfDay',1,'17/05/2016','12:00pm',1),(2573,64,766,'HalfDay',1,'17/05/2016','01:00pm',1),(2574,64,766,'HalfDay',1,'17/05/2016','02:00pm',1),(2575,64,766,'HalfDay',1,'17/05/2016','03:00pm',1),(2576,76,767,'Hourly',1,'20/05/2016','08:00am',1),(2577,76,767,'Hourly',1,'20/05/2016','09:00am',1),(2578,76,767,'Hourly',1,'21/05/2016','12:00pm',1),(2579,76,767,'Hourly',1,'22/05/2016','12:00pm',1),(2580,10,768,'Hourly',1,'20/05/2016','11:00am',1),(2581,10,768,'Hourly',1,'21/05/2016','11:00am',1),(2582,10,768,'Hourly',1,'22/05/2016','10:00am',1),(2583,10,768,'Hourly',1,'22/05/2016','11:00am',1),(2584,12,769,'HalfDay',1,'21/05/2016','09:00am',1),(2585,12,769,'HalfDay',1,'21/05/2016','10:00am',1),(2586,12,769,'HalfDay',1,'21/05/2016','11:00am',1),(2587,12,769,'HalfDay',1,'21/05/2016','12:00pm',1),(2588,12,769,'HalfDay',1,'21/05/2016','01:00pm',1),(2589,12,771,'HalfDay',1,'21/05/2016','09:00am',1),(2590,12,771,'HalfDay',1,'21/05/2016','10:00am',1),(2591,12,771,'HalfDay',1,'21/05/2016','11:00am',1),(2592,12,771,'HalfDay',1,'21/05/2016','12:00pm',1),(2593,12,771,'HalfDay',1,'21/05/2016','01:00pm',1),(2594,12,771,'HalfDay',1,'19/05/2016','09:00am',1),(2595,12,771,'HalfDay',1,'19/05/2016','10:00am',1),(2596,12,771,'HalfDay',1,'19/05/2016','11:00am',1),(2597,12,771,'HalfDay',1,'19/05/2016','12:00pm',1),(2598,12,771,'HalfDay',1,'19/05/2016','01:00pm',1),(2599,44,773,'Hourly',1,'22/05/2016','01:00pm',1),(2600,186,775,'Hourly',1,'22/05/2016','11:00am',1),(2601,227,779,'HalfDay',1,'26/05/2016','08:00am',1),(2602,227,779,'HalfDay',1,'26/05/2016','09:00am',1),(2603,227,779,'HalfDay',1,'26/05/2016','10:00am',1),(2604,227,779,'HalfDay',1,'26/05/2016','11:00am',1),(2605,227,779,'HalfDay',1,'26/05/2016','12:00pm',1),(2606,227,779,'HalfDay',1,'26/05/2016','01:00pm',1),(2607,26,781,'Hourly',1,'27/05/2016','11:00am',1),(2608,26,781,'Hourly',1,'28/05/2016','11:00am',1),(2609,26,781,'Hourly',1,'29/05/2016','11:00am',1),(2610,26,781,'Hourly',1,'27/05/2016','12:00pm',1),(2611,26,781,'Hourly',1,'27/05/2016','01:00pm',1),(2612,10,782,'Hourly',1,'28/05/2016','10:00am',1),(2613,10,782,'Hourly',1,'29/05/2016','11:00am',1),(2614,10,782,'Hourly',1,'29/05/2016','12:00pm',1),(2615,10,782,'Hourly',1,'30/05/2016','01:00pm',1),(2616,9,785,'Hourly',1,'31/05/2016','10:00am',1),(2617,9,785,'Hourly',1,'31/05/2016','11:00am',1),(2618,9,785,'Hourly',1,'31/05/2016','12:00pm',1),(2619,9,785,'Hourly',1,'31/05/2016','01:00pm',1),(2620,9,785,'Hourly',1,'29/05/2016','09:00am',1),(2621,9,785,'Hourly',1,'27/05/2016','09:00am',1),(2622,238,786,'HalfDay',2,'7/4/2016','09:00am',2),(2623,238,786,'HalfDay',2,'7/4/2016','10:00am',2),(2624,238,786,'HalfDay',2,'7/4/2016','11:00am',2),(2625,238,786,'HalfDay',2,'7/4/2016','12:00pm',2),(2626,238,786,'HalfDay',2,'7/4/2016','01:00pm',2),(2627,238,786,'HalfDay',2,'8/4/2016','09:00am',2),(2628,239,787,'HalfDay',2,'7/6/2016','09:00am',2),(2629,239,787,'HalfDay',2,'7/6/2016','10:00am',2),(2630,239,787,'HalfDay',2,'7/6/2016','11:00am',2),(2631,239,787,'HalfDay',2,'7/6/2016','12:00pm',2),(2632,239,787,'HalfDay',2,'7/6/2016','01:00pm',2),(2633,239,787,'HalfDay',2,'8/6/2016','09:00am',2);

--
-- Table structure for table `BizPit_app_meeting_room`
--

CREATE TABLE `BizPit_app_meeting_room` (
  `id` int(11) NOT NULL AUTO_INCREMENT,
  `property_id` int(11) NOT NULL,
  `capacity` int(11) NOT NULL,
  `room_no` int(11) NOT NULL,
  `rate_hr` int(11) NOT NULL,
  `rate_daily` int(11) NOT NULL,
  `rate_weekly` int(11) NOT NULL,
  `rate_monthly` int(11) NOT NULL,
  `meeting_room_images` longtext NOT NULL,
  `daily_offer` varchar(500) NOT NULL,
  `hr_offer` varchar(500) NOT NULL,
  `monthly_offer` varchar(500) NOT NULL,
  `weekly_offer` varchar(500) NOT NULL,
  PRIMARY KEY (`id`)
) ENGINE=InnoDB AUTO_INCREMENT=135 DEFAULT CHARSET=latin1;

--
-- Dumping data for table `BizPit_app_meeting_room`
--

INSERT INTO `BizPit_app_meeting_room` VALUES (1,1,10,8,250,300,1500,0,'','ND','ND','ND','ND'),(2,2,15,8,250,500,0,0,'','ND','ND','ND','ND'),(3,16,15,1,200,500,1500,0,'','ND','ND','ND','ND'),(4,26,12,1,500,2000,10000,0,'','ND','ND','ND','ND'),(5,27,20,1,500,4000,28000,0,'','ND','ND','ND','ND'),(7,37,10,1,200,1000,0,0,'','ND','ND','ND','ND'),(8,37,5,2,0,100,0,0,'','ND','ND','ND','ND'),(9,37,10,3,200,1000,0,0,'','ND','ND','ND','ND'),(15,38,10,1,200,1000,0,0,'','ND','ND','ND','ND'),(16,38,15,2,400,1200,0,0,'','ND','ND','ND','ND'),(17,38,20,3,600,1400,0,0,'','ND','ND','ND','ND'),(18,40,9,1,50,100,0,0,'','ND','ND','ND','ND'),(19,40,8,2,50,500,0,0,'','ND','ND','ND','ND'),(21,43,17,1,250,1500,0,0,'','ND','ND','ND','ND'),(22,44,19,1,300,2000,0,0,'','ND','ND','ND','ND'),(24,51,20,1,500,1500,0,10000,'','ND','ND','ND','ND'),(25,52,13,1,500,1500,0,6000,'','ND','ND','ND','ND'),(26,52,9,2,600,1200,0,6000,'','ND','ND','ND','ND'),(27,52,18,3,400,1800,0,6000,'','ND','ND','ND','ND'),(28,52,4,4,300,1600,0,6000,'','ND','ND','ND','ND'),(29,53,10,1,300,900,0,9000,'','ND','ND','ND','ND'),(30,53,7,2,150,650,0,9000,'','ND','ND','ND','ND'),(31,53,12,3,600,3000,0,9000,'','ND','ND','ND','ND'),(32,56,15,1,300,1000,0,3000,'','ND','ND','ND','ND'),(33,56,20,2,500,1500,0,3000,'','ND','ND','ND','ND'),(34,59,16,1,300,4000,0,0,'','ND','ND','ND','ND'),(35,59,14,2,600,3000,0,0,'','ND','ND','ND','ND'),(36,62,13,1,500,1500,0,0,'','ND','ND','ND','ND'),(37,62,1,2,0,0,0,0,'','ND','ND','ND','ND'),(38,63,19,1,600,1200,0,0,'','ND','ND','ND','ND'),(39,66,10,1,600,2000,0,6000,'','ND','ND','ND','ND'),(40,66,15,2,700,3000,0,6000,'','ND','ND','ND','ND'),(41,68,10,1,250,1500,0,7000,'','ND','ND','ND','ND'),(42,68,18,2,400,2000,0,7000,'','ND','ND','ND','ND'),(43,68,15,3,600,2000,0,7000,'','ND','ND','ND','ND'),(44,69,18,1,500,2500,0,7000,'','ND','ND','ND','ND'),(45,71,13,1,300,2500,0,0,'','ND','ND','ND','ND'),(46,71,10,2,200,1500,0,0,'','ND','ND','ND','ND'),(47,72,20,1,600,3000,0,6000,'','ND','ND','ND','ND'),(48,79,1,1,500,0,5000,0,'','ND','ND','ND','ND'),(49,80,10,1,0,500,0,0,'','ND','ND','ND','ND'),(50,97,10,1,250,500,3000,0,'','ND','ND','ND','ND'),(51,98,12,1,250,0,5000,0,'','ND','ND','ND','ND'),(52,107,25,1,0,0,0,0,'','ND','ND','ND','ND'),(53,108,25,1,250,0,0,0,'','ND','ND','ND','ND'),(54,110,25,1,250,0,0,0,'','ND','ND','ND','ND'),(55,110,10,2,180,0,0,0,'','ND','ND','ND','ND'),(56,111,10,1,250,0,0,0,'','ND','ND','ND','ND'),(57,111,20,2,200,0,0,0,'','ND','ND','ND','ND'),(58,112,30,1,300,0,0,0,'','ND','ND','ND','ND'),(59,112,10,2,500,0,0,0,'','ND','ND','ND','ND'),(60,113,5,1,0,0,0,0,'','ND','ND','ND','ND'),(61,113,25,2,300,0,0,0,'','ND','ND','ND','ND'),(62,117,27,1,270,300,0,0,'','ND','ND','ND','ND'),(63,117,25,2,0,250,0,0,'','ND','ND','ND','ND'),(64,118,25,1,250,0,0,0,'','ND','ND','ND','ND'),(65,118,25,2,250,300,0,0,'','ND','ND','ND','ND'),(66,118,30,3,300,0,0,0,'','ND','ND','ND','ND'),(67,123,25,1,250,0,0,0,'','ND','ND','ND','ND'),(68,123,10,2,0,100,0,0,'','ND','ND','ND','ND'),(69,124,10,1,0,500,0,0,'','ND','ND','ND','ND'),(70,128,25,1,22,60,800,6523,'','ND','ND','ND','ND'),(71,133,20,1,250,500,0,0,'','ND','ND','ND','ND'),(72,133,10,2,300,600,0,0,'','ND','ND','ND','ND'),(73,134,10,1,300,550,0,0,'','ND','ND','ND','ND'),(74,140,50,1,25,30,90,5000,'','ND','ND','ND','ND'),(75,161,5,1,100,1000,5000,1000,'','ND','ND','ND','ND'),(80,162,10,1,150,0,0,0,'','ND','ND','ND','ND'),(81,172,20,1,500,0,0,0,'','ND','ND','ND','ND'),(82,174,10,1,200,1000,0,0,'','ND','ND','ND','ND'),(83,174,10,2,200,0,0,0,'static/174/image_name1.png','ND','ND','ND','ND'),(84,175,10,1,200,1000,0,0,'','ND','ND','ND','ND'),(85,175,10,2,200,0,0,0,'static/175/image_name1.png','ND','ND','ND','ND'),(86,176,10,1,200,1000,0,0,'','ND','ND','ND','ND'),(87,176,10,2,200,0,0,0,'static/176/image_name1.png','ND','ND','ND','ND'),(88,179,20,1,200,0,0,0,'static/179/meet.jpg, static/179/mmetdd.jpg','ND','ND','ND','ND'),(89,182,20,1,250,0,0,0,'','ND','ND','ND','ND'),(93,188,40,1,80,0,0,0,'static/8/meetinga.jpg','ND','ND','ND','ND'),(94,194,10,1,200,1000,0,0,'','ND','ND','ND','ND'),(95,194,10,2,200,0,0,0,'','ND','ND','ND','ND'),(96,196,20,1,200,0,0,0,'static/196/meetee.jpg','ND','ND','ND','ND'),(97,196,10,2,100,0,0,0,'static/196/meetee.jpg','ND','ND','ND','ND'),(108,42,10,1,200,1000,0,0,'','ND','ND','ND','ND'),(109,42,10,2,200,0,0,0,'','ND','ND','ND','ND'),(113,208,40,1,40,0,0,0,'','ND','ND','ND','ND'),(114,209,20,1,40,0,0,0,'static/209/meetee.jpg','ND','ND','ND','ND'),(115,209,10,2,50,0,0,0,'static/209/meetee.jpg','ND','ND','ND','ND'),(116,210,10,1,10,0,0,0,'static/210/eventhalldd.jpg','ND','ND','ND','ND'),(117,210,20,2,20,0,0,0,'static/210/eventhalldd.jpg','ND','ND','ND','ND'),(118,211,20,1,20,0,0,0,'static/211/eventhalldd.jpg','ND','ND','ND','ND'),(119,211,40,2,40,0,0,0,'static/211/eventhalldd.jpg','ND','ND','ND','ND'),(120,212,20,1,20,0,0,0,'static/212/meetinga.jpg','ND','ND','ND','ND'),(121,212,40,2,40,0,0,0,'static/212/eventhalldd.jpg','ND','ND','ND','ND'),(122,214,50,1,500,0,0,0,'static/214/meetee.jpg','ND','ND','ND','ND'),(123,1,25,1,250,0,0,0,'static/1/mmetdd.jpg','ND','ND','ND','ND'),(124,1,20,2,200,0,500,0,'static/1/meetss.jpg','ND','ND','ND','ND'),(125,0,20,1,250,300,500,0,'static/0/meetss.jpg','ND','ND','ND','ND'),(126,0,30,1,200,0,0,0,'static/0/meetinga.jpg','ND','ND','ND','ND'),(127,0,30,2,205,0,500,0,'static/0/eventhalldd.jpg','ND','ND','ND','ND'),(128,230,20,1,200,0,0,0,'static/230/eventhalldd.jpg','ND','ND','ND','ND'),(129,230,40,2,40,0,0,0,'static/230/mmetdd.jpg,static/230/eventhalldd.jpg','ND','ND','ND','ND'),(130,231,10,1,200,0,0,0,'static/231/coffeeshop - Copy.jpg','ND','ND','ND','ND'),(131,231,5,2,500,600,0,0,'static/231/mmetdd.jpg,static/231/coffeeshop - Copy.jpg','ND','ND','ND','ND'),(132,232,5,1,0,100,0,0,'','5%','0%','0','0'),(133,232,10,2,200,0,0,0,'','','','',''),(134,237,10,1,500,1000,0,0,'static/237/eventhalldd.jpg,static/237/meetss.jpg','15%','10%','0','0%');

--
-- Table structure for table `BizPit_app_monthly_booking`
--

CREATE TABLE `BizPit_app_monthly_booking` (
  `id` int(11) NOT NULL AUTO_INCREMENT,
  `property_id` int(11) NOT NULL,
  `booking_id` int(11) NOT NULL,
  `booked_by` varchar(100) DEFAULT NULL,
  `booked_by_id` int(11) DEFAULT NULL,
  `start_month` varchar(100) NOT NULL,
  `end_month` varchar(100) NOT NULL,
  `start_time` varchar(100) NOT NULL,
  `end_time` varchar(100) NOT NULL,
  `property_type` varchar(100) DEFAULT NULL,
  `head_count` int(11) NOT NULL,
  `timestamp` varchar(100) NOT NULL,
  PRIMARY KEY (`id`)
) ENGINE=InnoDB DEFAULT CHARSET=latin1;

--
-- Dumping data for table `BizPit_app_monthly_booking`
--


--
-- Table structure for table `BizPit_app_non_working_days`
--

CREATE TABLE `BizPit_app_non_working_days` (
  `id` int(11) NOT NULL AUTO_INCREMENT,
  `property_id` int(11) NOT NULL,
  `Non_Working_days` varchar(500) NOT NULL,
  PRIMARY KEY (`id`)
) ENGINE=InnoDB AUTO_INCREMENT=321 DEFAULT CHARSET=latin1;

--
-- Dumping data for table `BizPit_app_non_working_days`
--

INSERT INTO `BizPit_app_non_working_days` VALUES (1,1,'Sunday'),(2,2,'Sunday,Monday'),(3,3,''),(5,4,'Sunday'),(6,5,'Saturday'),(7,6,'Sunday'),(8,7,'Saturday'),(9,8,'Sunday'),(10,9,'Sunday'),(11,10,'Sunday'),(12,11,'Sunday'),(13,12,'Sunday'),(14,13,'Sunday,Saturday'),(15,14,'Saturday'),(16,15,'Saturday'),(17,16,'Sunday'),(18,17,'Sunday'),(19,18,'Sunday'),(20,19,'Friday'),(21,20,'Sunday'),(22,21,'Tuesday'),(23,22,'Wednesday'),(24,23,'Sunday'),(25,24,'Sunday'),(26,25,'Sunday,Saturday'),(27,26,'Sunday'),(28,27,'Friday'),(29,28,'Sunday'),(30,29,'Sunday'),(31,30,'Monday'),(32,30,'Tuesday'),(33,31,'Monday'),(34,32,''),(35,33,'Sunday,Saturday'),(36,34,'Sunday'),(37,35,'Sunday'),(38,36,''),(39,36,''),(40,37,''),(41,38,'Sunday'),(42,38,'Sunday'),(43,39,'Sunday'),(44,40,'Sunday'),(45,41,'Thursday'),(46,41,'Wednesday'),(47,42,'Saturday'),(48,43,'Sunday'),(49,44,'Friday'),(50,45,'Monday'),(51,46,'Tuesday'),(52,47,'Friday'),(53,48,''),(54,49,''),(56,49,''),(57,49,''),(59,51,'Sunday'),(60,52,'Sunday'),(61,52,'Thursday'),(62,53,'Sunday'),(63,54,'Monday'),(64,55,''),(65,56,'Sunday'),(66,57,'Sunday'),(67,58,'Sunday'),(68,59,'Wednesday'),(69,60,'Sunday'),(70,61,'Sunday'),(71,62,'Sunday'),(72,63,'Sunday,Saturday'),(73,64,'Sunday'),(74,65,'Sunday'),(75,66,'Thursday'),(76,67,'Sunday'),(77,68,'Sunday'),(78,69,'Sunday'),(79,70,'Sunday'),(80,71,'Sunday'),(81,72,'Sunday'),(82,73,'Sunday'),(83,74,'Sunday'),(84,74,'Sunday'),(85,74,'Sunday'),(86,75,'Sunday'),(87,76,'Sunday'),(88,77,'Sunday'),(89,78,'Tuesday,Wednesday'),(90,78,'Sunday'),(91,79,'Sunday'),(92,80,'Sunday'),(93,81,'Sunday'),(94,82,'Sunday'),(95,83,'Sunday'),(96,84,'Sunday'),(97,85,'Sunday'),(98,86,'Saturday'),(99,86,'Saturday'),(100,86,'Saturday'),(101,86,'Saturday'),(102,86,'Saturday'),(103,86,'Saturday'),(104,86,'Saturday'),(105,86,'Saturday'),(106,86,'Saturday'),(107,87,''),(108,88,''),(109,89,''),(110,90,'Sunday'),(111,91,'Sunday'),(112,92,'Sunday'),(113,93,'Sunday'),(114,94,'Sunday'),(115,95,'Sunday'),(116,96,'Sunday'),(117,96,'Sunday'),(118,97,'Sunday'),(119,98,'Sunday'),(120,99,'Sunday'),(121,100,'Sunday'),(122,100,'Sunday'),(123,101,'Sunday'),(124,102,'Sunday'),(125,103,'Sunday'),(126,104,'Monday'),(127,104,'Sunday'),(128,105,'Sunday'),(129,106,'Sunday'),(130,107,'Sunday'),(131,108,'Sunday'),(132,109,'Tuesday'),(133,110,'Sunday'),(134,111,'Sunday'),(135,112,'Sunday'),(136,113,'Sunday'),(137,114,'Sunday'),(138,115,'Sunday'),(139,116,'Sunday'),(140,117,'Sunday'),(141,118,'Sunday'),(142,119,'Sunday'),(143,120,''),(144,121,'Sunday'),(145,122,'Sunday'),(146,122,'Sunday'),(147,123,'Sunday'),(148,124,'Sunday'),(149,125,'Sunday'),(150,126,'Sunday'),(151,127,'Sunday'),(152,128,'Saturday'),(153,129,'Sunday,Saturday'),(154,130,'Sunday'),(155,131,'Sunday'),(156,132,'Sunday'),(157,133,'Sunday'),(158,134,'Sunday'),(159,135,'Sunday'),(160,136,'Sunday'),(161,136,'Sunday'),(162,137,'Sunday'),(163,138,'Sunday'),(164,139,'Sunday'),(165,140,'Sunday'),(166,141,'Sunday'),(167,142,'Sunday,Monday'),(168,143,'Sunday'),(169,144,'Sunday,Saturday'),(170,145,'Sunday,Saturday'),(171,146,'Sunday,Saturday'),(172,147,'Sunday'),(173,148,'Sunday'),(174,149,'Sunday,Saturday'),(175,150,'Sunday'),(176,150,'Sunday'),(177,151,'Sunday'),(178,152,'Sunday'),(179,153,'Sunday'),(180,154,'Sunday'),(181,155,'Sunday'),(182,156,'Sunday'),(183,157,'Sunday'),(184,158,'Sunday'),(185,159,'Sunday'),(186,159,'Sunday'),(187,159,'Sunday'),(188,160,'Sunday'),(189,161,'Sunday'),(190,162,'Sunday'),(191,163,'Sunday'),(192,163,'Sunday'),(193,164,'Sunday'),(194,165,'Monday'),(195,166,'Sunday'),(196,167,'Sunday'),(197,167,'Sunday'),(198,168,'Sunday'),(199,169,'Saturday'),(200,170,'Sunday'),(201,171,'Sunday'),(202,172,'Sunday'),(203,173,'Sunday'),(204,174,'Sunday,Saturday'),(205,175,'Saturday'),(206,175,'Friday'),(207,175,'Sunday'),(208,0,'Sunday'),(209,175,'Sunday,Saturday'),(210,176,'Sunday'),(211,176,'Sunday'),(212,176,'Wednesday'),(213,176,'Sunday'),(214,176,'Monday'),(215,176,'Sunday'),(216,176,'Sunday,Saturday'),(217,177,'Sunday'),(218,177,'Sunday'),(219,0,'Sunday,Saturday'),(220,177,'Sunday'),(221,178,'Sunday'),(222,179,'Sunday'),(223,180,'Sunday'),(224,180,'Sunday'),(225,181,'Sunday'),(226,181,'Sunday'),(227,181,'Sunday'),(228,181,'Sunday'),(229,182,'Sunday'),(230,183,'Sunday'),(231,0,'Sunday'),(232,0,'Sunday'),(233,1,'Sunday,Saturday'),(234,183,'Sunday,Saturday'),(235,184,'Sunday'),(236,185,'Saturday'),(237,185,'Saturday'),(238,185,'Saturday'),(239,186,'Sunday'),(240,187,'Sunday'),(241,188,'Sunday'),(242,188,'Sunday'),(243,188,'Sunday'),(244,0,'Sunday'),(245,1,'Sunday'),(246,2,'Sunday,Monday'),(247,3,'Monday'),(248,4,'Sunday'),(249,5,'Saturday'),(250,6,'Sunday'),(251,7,'Saturday'),(252,8,'Sunday'),(253,189,'Sunday'),(254,190,'Sunday,Saturday'),(255,191,'Sunday'),(256,192,'Sunday,Saturday'),(257,193,'Sunday,Saturday'),(258,194,'Sunday,Saturday'),(259,195,'Sunday'),(260,196,'Sunday'),(261,0,'Sunday'),(262,196,'Sunday'),(263,197,'Sunday'),(264,198,'Sunday'),(265,199,'Sunday'),(266,200,'Saturday'),(267,201,'Saturday'),(268,202,'Sunday'),(269,0,'Sunday'),(270,1,'Sunday'),(271,2,'Sunday'),(272,205,'Sunday'),(273,206,'Saturday'),(274,207,'Sunday'),(275,208,'Sunday'),(276,209,'Sunday'),(277,210,'Friday'),(278,211,'Friday'),(279,212,'Sunday'),(280,213,'Sunday'),(281,214,'Sunday'),(282,215,'Sunday'),(283,216,'Saturday'),(284,217,'Saturday'),(285,218,'Sunday'),(286,0,'Sunday'),(287,0,'Sunday'),(288,0,'Friday'),(289,1,'Saturday'),(290,0,'Saturday'),(291,1,'Sunday'),(292,0,'Sunday'),(293,218,'Sunday'),(294,218,'Sunday'),(295,219,'Sunday'),(296,219,'Sunday'),(297,219,'Sunday'),(298,220,'Sunday'),(299,221,'Sunday'),(300,222,'Sunday'),(301,223,'Sunday'),(302,224,'Sunday'),(303,225,'Sunday'),(304,226,'Sunday'),(305,227,'Sunday'),(306,228,'Sunday,Saturday'),(307,229,'Sunday'),(308,230,'Sunday'),(309,231,'Saturday'),(310,232,'Saturday'),(311,233,'Saturday'),(312,233,'Sunday'),(313,234,'Saturday'),(314,235,'Sunday'),(315,236,'Sunday'),(316,237,'Saturday'),(317,238,'Sunday'),(318,239,'Sunday'),(319,240,'Saturday'),(320,240,'Sunday');

--
-- Table structure for table `BizPit_app_payment`
--

CREATE TABLE `BizPit_app_payment` (
  `id` int(11) NOT NULL AUTO_INCREMENT,
  `property_id` int(11) NOT NULL,
  `Booking_id` int(11) NOT NULL,
  `Payment_id` int(11) NOT NULL,
  `User_id` int(11) NOT NULL,
  `Booking_type` varchar(100) NOT NULL,
  `Price` varchar(100) NOT NULL,
  `Payment_status` varchar(100) NOT NULL,
  `timestamp` varchar(100) NOT NULL,
  PRIMARY KEY (`id`)
) ENGINE=InnoDB AUTO_INCREMENT=22 DEFAULT CHARSET=latin1;

--
-- Dumping data for table `BizPit_app_payment`
--

INSERT INTO `BizPit_app_payment` VALUES (1,2,721,1,7,'Hourly','100','ND','11-05-2016 11:57'),(2,2,723,8,7,'Hourly','100','ND','12-05-2016 12:35'),(3,33,727,8,2,'Hourly','300.675','ND','12-05-2016 16:03'),(4,4,729,3,4,'Daily','902.025','ND','13-05-2016 05:33'),(5,28,730,5,4,'HalfDay','1002.25','ND','13-05-2016 05:35'),(6,2,739,5,7,'Hourly','100','ND','13-05-2016 06:32'),(7,67,740,8,4,'Hourly','1002.25','ND','13-05-2016 06:59'),(8,16,741,5,4,'Hourly','400.9','ND','13-05-2016 07:01'),(9,77,745,5,22,'Daily','1002.25','ND','13-05-2016 09:57'),(10,66,746,23,22,'Hourly','1804.05','ND','13-05-2016 10:00'),(11,65,747,23,22,'Daily','1202.7','ND','13-05-2016 10:01'),(12,8,748,23,2,'Daily','428.9630004024506','ND','13-05-2016 10:09'),(13,11,749,3,2,'Daily','300.675','ND','13-05-2016 10:11'),(14,66,750,3,22,'Hourly','1202.7','ND','13-05-2016 10:17'),(15,65,754,23,2,'Daily','2004.5','ND','13-05-2016 11:12'),(16,4,755,3,4,'Daily','902.025','ND','13-05-2016 13:38'),(17,8,760,5,4,'Daily','428.9630004024506','ND','16-05-2016 07:17'),(18,79,761,5,4,'Weekly','5011.25','ND','16-05-2016 07:41'),(19,44,765,5,2,'Hourly','1202.7','ND','16-05-2016 16:06'),(20,158,766,3,2,'Daily','601.35','ND','16-05-2016 16:34'),(21,76,768,3,2,'Hourly','2004.5','ND','16-05-2016 16:37');

--
-- Table structure for table `BizPit_app_property_capacity`
--

CREATE TABLE `BizPit_app_property_capacity` (
  `id` int(11) NOT NULL AUTO_INCREMENT,
  `property_id` int(11) NOT NULL,
  `Shared_area` tinyint(1) NOT NULL,
  `Shared_capacity` int(11) NOT NULL,
  `Shared_available` int(11) NOT NULL,
  `Meeting_Room` tinyint(1) NOT NULL,
  `Meeting_capacity` int(11) NOT NULL,
  `Meeting_availabe` int(11) NOT NULL,
  PRIMARY KEY (`id`)
) ENGINE=InnoDB DEFAULT CHARSET=latin1;

--
-- Dumping data for table `BizPit_app_property_capacity`
--


--
-- Table structure for table `BizPit_app_property_details`
--

CREATE TABLE `BizPit_app_property_details` (
  `id` int(11) NOT NULL AUTO_INCREMENT,
  `property_id` int(11) NOT NULL,
  `status` varchar(500) NOT NULL,
  `property_type` varchar(200) NOT NULL,
  `property_subtype` varchar(200) NOT NULL,
  `property_name` varchar(200) NOT NULL,
  `location` varchar(500),
  `address` varchar(500) NOT NULL,
  `latitude` double NOT NULL,
  `longitude` double NOT NULL,
  `starting_price` varchar(100) NOT NULL,
  `submitted_by` varchar(100) DEFAULT NULL,
  `timestamp` varchar(100) NOT NULL,
  `Owner_id` int(11) NOT NULL,
  `operating_stoptime` varchar(100) NOT NULL,
  `operating_strattime` varchar(100) NOT NULL,
  `submitted_by_id` int(11) NOT NULL,
  `images` varchar(1000),
  `default_type` varchar(200) NOT NULL,
  `description` varchar(200) NOT NULL,
  `invoice_no` varchar(500) NOT NULL,
  `offer` varchar(100) NOT NULL,
  PRIMARY KEY (`id`)
) ENGINE=InnoDB AUTO_INCREMENT=293 DEFAULT CHARSET=latin1;

--
-- Dumping data for table `BizPit_app_property_details`
--

INSERT INTO `BizPit_app_property_details` VALUES (10,9,'active','Plug & Play','Co-Working','Golden Square Business Centre.','Post Office Rd,Ambedkar Veedhi, Sampangi Rama Nagar,Bengaluru, Karnataka 560009','Post Office Rd,Ambedkar Veedhi, Sampangi Rama Nagar,Bengaluru, Karnataka 560009',12.9754670858028,77.586770541966,'250','tanmaywange@gmail.com','07-04-2016 05:53',-1,'07:00pm','09:00am',-1,'static/9/0, static/9/0, static/9/0','Plug & Play','ND','ND','ND'),(11,10,'active','Plug & Play','Coffee Shop','Hangout Cafe.','370A, 1st Cross Rd,Koramangala 3 Block, Koramangala,Bengaluru, Karnataka 560034','370A, 1st Cross Rd,Koramangala 3 Block, Koramangala,Bengaluru, Karnataka 560034',12.9250769361754,77.6271421462297,'200','tanmaywange@gmail.com','07-04-2016 05:59',-1,'11:00pm','09:00am',-1,'static/10/0, static/10/0, static/10/0','Plug & Play','ND','ND','ND'),(12,11,'active','Plug & Play','Start Up','CoWork Cafe-Business Workspace for Startups.','Unnamed Rd,Cheemasandra,Baiyappanahalli, Karnataka 560049','Unnamed Rd,Cheemasandra,Baiyappanahalli, Karnataka 560049',13.0715958625809,77.7219203487039,'300','tanmaywange@gmail.com','07-04-2016 06:10',-1,'10:00pm','09:00am',-1,'static/11/0, static/11/0','Plug & Play','ND','ND','ND'),(13,12,'active','Training Room,Event_Hall','','Mentors IT','1, Wind Tunnel Rd,Rustam Bagh Layout,Bengaluru, Karnataka 560017','1, Wind Tunnel Rd,Rustam Bagh Layout,Bengaluru, Karnataka 560017',12.9489435788629,77.6485200226307,'500','abhaybansod@gmail.com','11-04-2016 09:36',-1,'07:00pm','09:00am',-1,'','Training Room','','ND','ND'),(14,13,'active','Training Room','','Sneed','64/8, Ejipura Main Rd,Gowda Muniswamy Garden, Ejipura,Bengaluru, Karnataka 560047','64/8, Ejipura Main Rd,Gowda Muniswamy Garden, Ejipura,Bengaluru, Karnataka 560047',12.9494801019484,77.6290314272046,'500','abhaybansod@gmail.com','11-04-2016 09:48',-1,'06:00pm','10:00am',-1,'','Training Room','nic','ND','ND'),(15,14,'active','Event_Hall','','temple tree','Wind Tunnel Rd,HAL Airport Area, HAL,Bengaluru, Karnataka 560017','Wind Tunnel Rd,HAL Airport Area, HAL,Bengaluru, Karnataka 560017',12.9474071951597,77.6558974385262,'7000','abhaybansod@gmail.com','11-04-2016 09:55',-1,'11:00pm','11:00am',-1,'static/14/eventhalldd.jpg, static/14/Event.jpg','Event_Hall','ND','ND','ND'),(16,15,'active','Event_Hall','','star banquet','57,IAS Layout, Eastwood Township, Kasavanahalli,Bengaluru, Karnataka 560035','57,IAS Layout, Eastwood Township, Kasavanahalli,Bengaluru, Karnataka 560035',12.9038953771452,77.6751784980297,'1000','abhaybansod@gmail.com','11-04-2016 09:58',-1,'09:00pm','09:00am',-1,'static/15/EventHall.jpg','Event_Hall','ND','ND','ND'),(17,16,'active','Meeting_Room','','The ritz corlton','19, 27th Cross Rd,Rajiv Gandhi Nagar, HSR Layout,Bengaluru, Karnataka 560068','19, 27th Cross Rd,Rajiv Gandhi Nagar, HSR Layout,Bengaluru, Karnataka 560068',12.9062885884999,77.6307202130556,'200','abhaybansod@gmail.com','11-04-2016 10:02',-1,'07:00pm','08:00am',-1,'static/16/mmetdd.jpg','Meeting_Room','ND','ND','ND'),(18,17,'active','Training Room','','galaxy','2004, 17th Main Rd,AECS Layout A-Block, Singasandra,Bengaluru, Karnataka 560068','2004, 17th Main Rd,AECS Layout A-Block, Singasandra,Bengaluru, Karnataka 560068',12.8833428180538,77.654430270195,'200','abhaybansod@gmail.com','11-04-2016 11:03',-1,'07:00pm','08:00am',-1,'','Training Room','nic','ND','ND'),(19,18,'active','Event_Hall','','appzoy','16,Chandra Reddy Layout, S T Bed Layout, Ejipura,Bengaluru, Karnataka 560095','16,Chandra Reddy Layout, S T Bed Layout, Ejipura,Bengaluru, Karnataka 560095',12.9375302633502,77.6320469006896,'50','joyline1991@gmail.com','13-04-2016 05:56',-1,'03:00pm','09:00am',-1,'static/18/0','Event_Hall','ND','ND','ND'),(20,19,'active','Plug & Play','Co-Working','coworkable','422, 27th Main Rd,Sector 2, PWD Quarters, Sector 1, HSR Layout,Bengaluru, Karnataka 560102','422, 27th Main Rd,Sector 2, PWD Quarters, Sector 1, HSR Layout,Bengaluru, Karnataka 560102',12.9200102,77.6516041,'50','joyline1991@gmail.com','13-04-2016 09:35',-1,'07:00pm','10:00am',-1,'','Plug & Play','ND','ND','ND'),(21,20,'active','Plug & Play','Co-Working','coworkable','50, 35th Main Rd,Someshwara Colony, Stage 2, BTM Layout,Bengaluru, Karnataka 560068','50, 35th Main Rd,Someshwara Colony, Stage 2, BTM Layout,Bengaluru, Karnataka 560068',12.914301,77.6179316,'450','joyline1991@gmail.com','13-04-2016 09:48',-1,'11:00pm','07:00am',-1,'static/20/0, static/20/0, static/20/0','Plug & Play','ND','ND','ND'),(22,21,'active','Plug & Play','Coffee Shop','The 19th Main cafe','1245, Garden Layout Rd,Garden Layout, Sector 2, HSR Layout,Bengaluru, Karnataka 560102','1245, Garden Layout Rd,Garden Layout, Sector 2, HSR Layout,Bengaluru, Karnataka 560102',12.9061253,77.6446027,'50','joyline1991@gmail.com','13-04-2016 11:21',-1,'11:00pm','11:00am',-1,'static/21/0, static/21/0','Plug & Play','ND','ND','ND'),(23,22,'active','Plug & Play','Coffee Shop','Cafe Mozaic','41/3, Mahatma Gandhi Rd,Yellappa Chetty Layout, Sampangi Rama Nagar,Bengaluru, Karnataka 560001','41/3, Mahatma Gandhi Rd,Yellappa Chetty Layout, Sampangi Rama Nagar,Bengaluru, Karnataka 560001',12.973314,77.619691,'50','joyline1991@gmail.com','13-04-2016 11:32',-1,'11:00pm','06:00am',-1,'static/22/0, static/22/0, static/22/0','Plug & Play','ND','ND','ND'),(24,23,'active','Plug & Play','Co-Working','Bangalore Coworking Hub','1310, 6th Cross Rd,HAL 3rd Stage, Kodihalli,Bengaluru, Karnataka 560008','1310, 6th Cross Rd,HAL 3rd Stage, Kodihalli,Bengaluru, Karnataka 560008',12.9681569,77.6505467,'250','joyline1991@gmail.com','13-04-2016 12:07',-1,'09:00pm','08:00am',-1,'static/23/0','Plug & Play','ND','ND','ND'),(25,24,'active','Plug & Play','Start Up','GreenBubbles Startup Services','3rd Main Rd,Sector 6, HSR Layout,Bengaluru, Karnataka 560102','3rd Main Rd,Sector 6, HSR Layout,Bengaluru, Karnataka 560102',12.916104,77.630392,'300','joyline1991@gmail.com','13-04-2016 12:23',-1,'10:00pm','09:00am',-1,'static/24/0','Plug & Play','ND','ND','ND'),(26,25,'active','Plug & Play','Start Up','365sharedspace','421/1, 3rd Cross Rd,Indira Nagar 1st Stage, Stage 1, Indiranagar,Bengaluru, Karnataka 560038','421/1, 3rd Cross Rd,Indira Nagar 1st Stage, Stage 1, Indiranagar,Bengaluru, Karnataka 560038',12.9801076,77.6428737,'200','joyline1991@gmail.com','13-04-2016 12:33',-1,'10:00pm','09:00am',-1,'static/25/0, static/25/0','Plug & Play','ND','ND','ND'),(27,26,'active','Meeting_Room','','The Executive Centre','24, Vittal Mallya Rd,KG Halli, D Souza Layout, Sampangi Rama Nagar,Bengaluru, Karnataka 560001','24, Vittal Mallya Rd,KG Halli, D Souza Layout, Sampangi Rama Nagar,Bengaluru, Karnataka 560001',12.9718231,77.5960762,'500','joyline1991@gmail.com','13-04-2016 12:56',-1,'09:00pm','09:00am',-1,'static/26/0','Meeting_Room','ND','ND','ND'),(28,27,'active','Meeting_Room','','The Bell Hotel & Convention Centre','88, Guppi Thotadappa Rd,Kempegowda, Sevashrama,Bengaluru, Karnataka 560023','88, Guppi Thotadappa Rd,Kempegowda, Sevashrama,Bengaluru, Karnataka 560023',12.9761952,77.5703135,'500','joyline1991@gmail.com','13-04-2016 13:05',-1,'10:00pm','07:00am',-1,'static/27/0','Meeting_Room','ND','ND','ND'),(29,28,'active','Training Room','','PCS Technology','46, 25th Cross Rd,Yediyur, Jaya Nagar,Bengaluru, Karnataka 560070','46, 25th Cross Rd,Yediyur, Jaya Nagar,Bengaluru, Karnataka 560070',12.9318494,77.5783428,'500','joyline1991@gmail.com','13-04-2016 13:18',-1,'10:00pm','06:00am',-1,'static/28/0','Training Room','ND','ND','ND'),(30,29,'active','Training Room','','Balaji Institute of Information Technologies','28/1, Aurobindo Marg,Jayanagar 3rd Block, Jaya Nagar East, Jaya Nagar,Bengaluru, Karnataka 560011','28/1, Aurobindo Marg,Jayanagar 3rd Block, Jaya Nagar East, Jaya Nagar,Bengaluru, Karnataka 560011',12.9329463,77.5838692,'600','joyline1991@gmail.com','13-04-2016 13:21',-1,'10:00pm','06:00am',-1,'static/29/0','Training Room','ND','ND','ND'),(32,30,'active','Event_Hall','','The Bell Hotel & Convention Centre','88, Guppi Thotadappa Rd,Kempegowda, Sevashrama,Bengaluru, Karnataka 560023','88, Guppi Thotadappa Rd,Kempegowda, Sevashrama,Bengaluru, Karnataka 560023',12.9761952,77.5703135,'1000','joyline1991@gmail.com','13-04-2016 13:49',-1,'10:00pm','07:00am',-1,'static/30/0','Event_Hall','ND','ND','ND'),(33,31,'active','Event_Hall','','Castle star','Castle St,Ashok Nagar,Bengaluru, Karnataka 560025','Castle St,Ashok Nagar,Bengaluru, Karnataka 560025',12.9674303,77.6081254,'1500','joyline1991@gmail.com','13-04-2016 14:01',-1,'10:00pm','06:00am',-1,'static/31/0','Event_Hall','ND','ND','ND'),(35,33,'active','Plug & Play','Co-Working','abc','31, 4th Cross Rd,Mangammanapalya,Bengaluru, Karnataka 560068','31, 4th Cross Rd,Mangammanapalya,Bengaluru, Karnataka 560068',12.9052261401301,77.6326651498675,'150','hr@brisa-tech.com','19-04-2016 11:49',-1,'08:00pm','08:00am',-1,'','Plug & Play','ND','ND','ND'),(36,34,'active','Plug & Play','Co-Working','testing','28, Haralur Rd,Amblipura, PWD Quarters, Sector 1, Harlur,Bengaluru, Karnataka 560103','28, Haralur Rd,Amblipura, PWD Quarters, Sector 1, Harlur,Bengaluru, Karnataka 560103',12.9107935678015,77.6644235104322,'200','joyline1991@gmail.com','20-04-2016 06:11',-1,'07:00pm','08:00am',-1,'static/34/0, static/34/0','Plug & Play','ND','ND','ND'),(37,35,'active','Plug & Play','Start Up','start up','23,24, AMR Tech Park Internal Rd,Hongasandra,Bengaluru, Karnataka 560068','23,24, AMR Tech Park Internal Rd,Hongasandra,Bengaluru, Karnataka 560068',12.8996795046353,77.6315969601274,'200','joyline1991@gmail.com','20-04-2016 06:29',-1,'08:00pm','08:00am',-1,'static/35/0, static/35/0','Plug & Play','ND','ND','ND'),(39,36,'active','Training Room','co-working','my_testing','HSR Layout','HSR Layout,Banglore',12.914941,77.574015,'200/Hr','abcxyz','20-04-2016 10:45',-1,'','',-1,'static/36/image2.png, static/36/image4.png, static/36/image5.png','Training Room','ND','ND','ND'),(40,37,'active','Meeting_Room','co-working','my_testing','HSR Layout','HSR Layout,Banglore',12.914941,77.574015,'200/Hr','abcxyz','20-04-2016 10:47',-1,'','',-1,'static/37/image2.png, static/37/image4.png, static/37/image5.png','Meeting_Room','ND','ND','ND'),(42,38,'active','Meeting_Room','','open source','161,Jakasandra Block, Koramangala 3 Block, Koramangala,Bengaluru, Karnataka 560034','161,Jakasandra Block, Koramangala 3 Block, Koramangala,Bengaluru, Karnataka 560034',12.9284143319613,77.6293180882931,'200','abhaybansod@gmail.com','20-04-2016 11:31',-1,'10:00pm','09:00am',-1,'static/38/0','Meeting_Room','ND','ND','ND'),(43,39,'active','Training Room','','pure','Challaghatta Junction Rd,Challaghatta,Bengaluru, Karnataka 560017','Challaghatta Junction Rd,Challaghatta,Bengaluru, Karnataka 560017',12.9447918575188,77.6471748948097,'500','abhaybansod@gmail.com','20-04-2016 12:46',-1,'09:00pm','09:00am',-1,'static/39/meetingroom.jpg','Training Room','ND','ND','ND'),(44,40,'active','Meeting_Room','','dhdbb','103,Challaghatta,Bengaluru, Karnataka 560017','103,Challaghatta,Bengaluru, Karnataka 560017',12.9440494678208,77.6508287340403,'50','abhaybansod@gmail.com','20-04-2016 12:55',-1,'08:00pm','08:00am',-1,'','Meeting_Room','ND','ND','ND'),(46,41,'active','Training Room','','jdnd','Challaghatta,Bengaluru, Karnataka,India','Challaghatta,Bengaluru, Karnataka,India',12.9457012165347,77.6459119096398,'50','abhaybansod@gmail.com','20-04-2016 12:57',-1,'08:00pm','08:00am',-1,'','Training Room','ND','ND','ND'),(47,42,'active','Training Room,Event_Hall,Plug & Play,Meeting_Room','co-working','my_testingggggggggg','HSR Layout','HSR Layout,Banglore',12.914941,77.57401501,'500/Hr','abcxyz','20-04-2016 13:28',-1,'','',-1,'','','aaaaaaaaaa','ND','ND'),(48,43,'active','Meeting_Room','','Adarsh Hamilton','5/2, Richmond Rd,Shanthala Nagar, Ashok Nagar,Bengaluru, Karnataka 560025','5/2, Richmond Rd,Shanthala Nagar, Ashok Nagar,Bengaluru, Karnataka 560025',12.9654598,77.5996768,'250','joyline1991@gmail.com','20-04-2016 15:13',-1,'11:00pm','08:00am',-1,'static/43/0','Meeting_Room','ND','ND','ND'),(49,44,'active','Meeting_Room','','Evoma centre','20, 21, 7th Cross Rd,Green Domain Layout, EPIP Zone, Whitefield,Bengaluru, Karnataka 560048','20, 21, 7th Cross Rd,Green Domain Layout, EPIP Zone, Whitefield,Bengaluru, Karnataka 560048',12.9743773,77.7151616,'300','joyline1991@gmail.com','20-04-2016 15:15',-1,'07:00pm','08:00am',-1,'static/44/0','Meeting_Room','ND','ND','ND'),(50,45,'active','Training Room','','AMX','590/1, Bellary Rd,Bayanna Layout, Hebbal,Bengaluru, Karnataka 560032','590/1, Bellary Rd,Bayanna Layout, Hebbal,Bengaluru, Karnataka 560032',13.039079,77.5893552,'400','joyline1991@gmail.com','20-04-2016 15:34',-1,'08:00pm','09:00am',-1,'static/45/0','Training Room','ND','ND','ND'),(51,46,'active','Training Room','','My training room','2nd main,Sannakki Bayalu, Vinayaka Nagar, Kamaksipalya,Bengaluru, Karnataka 560079','2nd main,Sannakki Bayalu, Vinayaka Nagar, Kamaksipalya,Bengaluru, Karnataka 560079',12.986116,77.5251077,'400','joyline1991@gmail.com','20-04-2016 15:37',-1,'11:00pm','10:00am',-1,'static/46/0','Training Room','ND','ND','ND'),(52,47,'active','Training Room','','Training brains','116, 3rd Cross Rd,Govindaraja Nagar Ward, Saraswathi Nagar, Vijayanagar,Bengaluru, Karnataka 560040','116, 3rd Cross Rd,Govindaraja Nagar Ward, Saraswathi Nagar, Vijayanagar,Bengaluru, Karnataka 560040',12.9719161,77.5298856,'200','joyline1991@gmail.com','20-04-2016 15:41',-1,'11:00pm','08:00am',-1,'static/47/0','Training Room','ND','ND','ND'),(53,48,'active','Training Room,Event_Hall','co-working','my_testing','HSR Layout','HSR Layout,Banglore',12.914941,77.574015,'200/Hr','abcxyz','25-04-2016 10:11',-1,'','',-1,'static/48/image2.png, static/48/image4.png, static/48/image5.png','Event_Hall','ND','ND','ND'),(57,49,'active','Event_Hall','co-working','my_testing','HSR Layout','HSR Layout,Banglore',12.914941,77.574015,'200/Hr','abcxyz','25-04-2016 10:36',-1,'','',-1,'static/49/image2.png, static/49/image4.png, static/49/image5.png','Event_Hall','ND','ND','ND'),(59,51,'active','Plug & Play,Meeting_Room','Start Up/Co-Working','EVoma','B-91,BTM Phase 1, Electronic City Phase II, Electronic City,Bengaluru, Karnataka 560100','B-91,BTM Phase 1, Electronic City Phase II, Electronic City,Bengaluru, Karnataka 560100',12.8441489,77.6793813,'500','hr@brisa-tech.com','26-04-2016 07:02',-1,'10:00pm','08:00am',-1,'static/51/0, static/51/0','Plug & Play','ND','ND','ND'),(61,52,'active','Plug & Play,Meeting_Room','Start Up/Co-Working','Davinci','40, 10th Cross Rd,RBI East Layout, Phase 7, J P Nagar,Bengaluru, Karnataka 560078','40, 10th Cross Rd,RBI East Layout, Phase 7, J P Nagar,Bengaluru, Karnataka 560078',12.8873185,77.5780751,'500','joyline1991@gmail.com','26-04-2016 09:03',-1,'11:00pm','08:00am',-1,'static/52/0, static/52/0','Plug & Play','ND','ND','ND'),(62,53,'active','Plug & Play,Training Room,Meeting_Room','Coffee Shop','Roomzilla','40, 10th Cross Rd,RBI East Layout, Phase 7, J P Nagar,Bengaluru, Karnataka 560078','40, 10th Cross Rd,RBI East Layout, Phase 7, J P Nagar,Bengaluru, Karnataka 560078',12.8873185,77.5780751,'300','joyline1991@gmail.com','26-04-2016 09:09',-1,'09:00pm','08:00am',-1,'static/53/0, static/53/0, static/53/0','Plug & Play','ND','ND','ND'),(63,54,'active','Plug & Play,Training Room','Start Up/Co-Working','Best Meeting','40, 10th Cross Rd,RBI East Layout, Phase 7, J P Nagar,Bengaluru, Karnataka 560078','40, 10th Cross Rd,RBI East Layout, Phase 7, J P Nagar,Bengaluru, Karnataka 560078',12.8873185,77.5780751,'600','joyline1991@gmail.com','26-04-2016 09:18',-1,'09:00pm','08:00am',-1,'static/54/0, static/54/0','Plug & Play','ND','ND','ND'),(64,55,'active','Training Room,Event_Hall','co-working','my_testing','HSR Layout','HSR Layout,Banglore',12.914941,77.574015,'200/Hr','abcxyz','26-04-2016 10:07',-1,'','',-1,'static/55/image2.png, static/55/image4.png, static/55/image5.png','Training Room','good property..','ND','ND'),(65,56,'active','Meeting_Room,Plug & Play','Start Up/Co-Working','gfhh','Off Harlur Rd,PWD Quarters, Sector 1, Harlur,Bengaluru, Karnataka 560103','Off Harlur Rd,PWD Quarters, Sector 1, Harlur,Bengaluru, Karnataka 560103',12.9154899672137,77.6653619483113,'300','hr@brisa-tech.com','26-04-2016 10:57',-1,'08:00pm','08:00am',-1,'static/56/0','Meeting_Room','hello this is bizpit app.','ND','ND'),(66,57,'active','Plug & Play,Training Room','Start Up/Co-Working','Divyashree chambers','Embassy Tech Square Main Rd,Kaverappa Layout, Kadubeesanahalli,Bengaluru, Karnataka 560103','Embassy Tech Square Main Rd,Kaverappa Layout, Kadubeesanahalli,Bengaluru, Karnataka 560103',12.9345321,77.6944104,'500','joyline1991@gmail.com','26-04-2016 11:24',-1,'10:00pm','08:00am',-1,'static/57/0, static/57/0','Plug & Play','Excellent connectivity to other parts of the city.','ND','ND'),(67,58,'active','Plug & Play,Training Room','Start Up/Co-Working','Skanda shelters','Sundar Ram Shetty Nagar, Bilekahalli,Bengaluru, Karnataka 560076,India','Sundar Ram Shetty Nagar, Bilekahalli,Bengaluru, Karnataka 560076,India',12.894798,77.6026954,'500','joyline1991@gmail.com','26-04-2016 11:28',-1,'09:00pm','08:00am',-1,'static/58/0, static/58/0','Plug & Play','Located at the buisness hub of the city.','ND','ND'),(68,59,'active','Training Room,Meeting_Room','','iKave','424, 1st A Main Rd,JP Nagar 4th Phase, Phase 4, J P Nagar,Bengaluru, Karnataka 560076','424, 1st A Main Rd,JP Nagar 4th Phase, Phase 4, J P Nagar,Bengaluru, Karnataka 560076',12.906348,77.5995502,'300','joyline1991@gmail.com','26-04-2016 11:31',-1,'10:00pm','08:00am',-1,'static/59/0, static/59/0','Training Room','Stratergic location with proximity to airport .','ND','ND'),(69,60,'active','Plug & Play,Event_Hall','Coffee Shop','Book my function','422, 27th Main Rd,Sector 2, PWD Quarters, Sector 1, HSR Layout,Bengaluru, Karnataka 560102','422, 27th Main Rd,Sector 2, PWD Quarters, Sector 1, HSR Layout,Bengaluru, Karnataka 560102',12.9200372,77.6516104,'600','joyline1991@gmail.com','26-04-2016 11:43',-1,'10:00pm','09:00am',-1,'static/60/0','Plug & Play','On confirmation of party hall avalaibility, you van book online by either paying nominal advance or pay at the venue itself.','ND','ND'),(70,61,'active','Training Room,Event_Hall','','Le Meridian','1105, 9th Cross Rd,Srinivasa Nagar, Banashankari,Bengaluru, Karnataka 560050','1105, 9th Cross Rd,Srinivasa Nagar, Banashankari,Bengaluru, Karnataka 560050',12.9356162,77.554777,'900','joyline1991@gmail.com','26-04-2016 11:54',-1,'10:00pm','08:00am',-1,'static/61/0','Training Room','We understand our customers.We are ready to help you in selecting the best event hall in Bangalore.','ND','ND'),(71,62,'active','Meeting_Room,Event_Hall','','The Exexutive centre','880, Kengeri Main Rd,Stage II, Kengeri Satellite Town,Bengaluru, Karnataka 560060','880, Kengeri Main Rd,Stage II, Kengeri Satellite Town,Bengaluru, Karnataka 560060',12.9230523,77.4846519,'500','joyline1991@gmail.com','26-04-2016 12:00',-1,'11:00pm','08:00am',-1,'static/62/0','Meeting_Room','Call us or submit your enquiries.','ND','ND'),(72,63,'active','Meeting_Room,Training Room','Coffee Shop','Key hotel','Challaghatta,Bengaluru, Karnataka,India','Challaghatta,Bengaluru, Karnataka,India',12.9423202663432,77.6426580548286,'600','joyline1991@gmail.com','26-04-2016 12:28',-1,'09:00pm','08:00am',-1,'static/63/0, static/63/0','Plug & Play','304 workstations with 271 workstations and 33 cabins','ND','ND'),(73,64,'active','Plug & Play,Event_Hall','Start Up/Co-Working','Rendezous','184, Hyper Dr Ln,Green Glen Layout, Bellandur,Bengaluru, Karnataka 560103','184, Hyper Dr Ln,Green Glen Layout, Bellandur,Bengaluru, Karnataka 560103',12.926343864318,77.6704246178269,'200','joyline1991@gmail.com','26-04-2016 12:33',-1,'11:00pm','08:00am',-1,'static/64/0','Plug & Play','Located at buisness hub city.','ND','ND'),(74,65,'active','Training Room,Event_Hall','','Regus','PWD Quarters, Sector 1, HSR Layout,Bengaluru, Karnataka,India','PWD Quarters, Sector 1, HSR Layout,Bengaluru, Karnataka,India',12.9129229878654,77.6595043390989,'500','joyline1991@gmail.com','26-04-2016 12:39',-1,'11:00pm','08:00am',-1,'static/65/0','Plug & Play','Excellent connectivity to other parts of the city.','ND','ND'),(75,66,'active','Plug & Play,Meeting_Room','Start Up/Co-Working','hacklab innovations','12th Main Rd,ITI Layout, Sector 7, HSR Layout,Bengaluru, Karnataka 560068','12th Main Rd,ITI Layout, Sector 7, HSR Layout,Bengaluru, Karnataka 560068',12.9024289805574,77.6406816020608,'600','joyline1991@gmail.com','27-04-2016 05:47',-1,'08:00pm','08:00am',-1,'static/66/0','Plug & Play','Excellent facilities.','ND','ND'),(76,67,'active','Plug & Play,Event_Hall','Start Up/Co-Working','Bhive','415, 16th Cross Rd,Sector 4, HSR Layout,Bengaluru, Karnataka 560102','415, 16th Cross Rd,Sector 4, HSR Layout,Bengaluru, Karnataka 560102',12.9124644908792,77.6422252133489,'800','joyline1991@gmail.com','27-04-2016 06:10',-1,'10:00pm','10:00am',-1,'static/67/0, static/67/0','Plug & Play','Best place to work.','ND','ND'),(77,68,'active','Plug & Play,Meeting_Room','Start Up/Co-Working','Numa Bengaluru','41, Ejipura Main Rd,Gowda Muniswamy Garden, Ejipura,Bengaluru, Karnataka 560047','41, Ejipura Main Rd,Gowda Muniswamy Garden, Ejipura,Bengaluru, Karnataka 560047',12.944809829073,77.63108599931,'250','joyline1991@gmail.com','27-04-2016 06:15',-1,'08:00pm','08:00am',-1,'static/68/0','Plug & Play','We are wind beneatg your wings.','ND','ND'),(78,69,'active','Plug & Play,Training Room,Meeting_Room','Start Up/Co-Working','Golden square','1C,Adarsh Palm Retreat Villas, Bellandur,Bengaluru, Karnataka 560103','1C,Adarsh Palm Retreat Villas, Bellandur,Bengaluru, Karnataka 560103',12.9257798419049,77.6802793890238,'500','joyline1991@gmail.com','27-04-2016 06:20',-1,'08:00pm','08:00am',-1,'static/69/0','Plug & Play','Provides you all the flexiblity of office planns.','ND','ND'),(79,70,'active','Plug & Play,Training Room','Start Up/Co-Working','brisa21','422, 27th Main Rd,Sector 2, PWD Quarters, Sector 1, HSR Layout,Bengaluru, Karnataka 560102','422, 27th Main Rd,Sector 2, PWD Quarters, Sector 1, HSR Layout,Bengaluru, Karnataka 560102',12.9200256,77.6516101,'200','faltudeepz@gmail.com','27-04-2016 06:29',-1,'08:00pm','08:00am',-1,'','Plug & Play','hi this brisa','ND','ND'),(80,71,'active','Training Room,Meeting_Room,Event_Hall','','DBS House','457,HAL Airport Area, HAL,Bengaluru, Karnataka 560017','457,HAL Airport Area, HAL,Bengaluru, Karnataka 560017',12.9516372921213,77.6532883197069,'300','joyline1991@gmail.com','27-04-2016 06:39',-1,'11:00pm','09:00am',-1,'static/71/0, static/71/0, static/71/0','Training Room','Walk in and get down to business.','ND','ND'),(81,202,'active','Meeting_Room,Event_Hall,Training Room,Plug & Play','Start Up/Co-Working','Collab House','33, 1st Cross Rd,Xavier Layout, Victoria Layout,Bengaluru, Karnataka 560047','33, 1st Cross Rd,Xavier Layout, Victoria Layout,Bengaluru, Karnataka 560047',12.9658798,77.6113673,'600','joyline1991@gmail.com','27-04-2016 06:52',-1,'08:00pm','08:00am',-1,'static/72/0','Meeting_Room','EXcellant services.','ND','ND'),(82,73,'active','Plug & Play,Event_Hall','Start Up/Co-Working','91springboard','Kariyammana Agrahara Rd,Kempapura, Bellandur,Bengaluru, Karnataka 560037','Kariyammana Agrahara Rd,Kempapura, Bellandur,Bengaluru, Karnataka 560037',12.9456695213607,77.6723051816225,'500','joyline1991@gmail.com','27-04-2016 07:37',-1,'10:00pm','10:00am',-1,'static/73/0, static/73/0','Plug & Play','It is ideally located right in heart of city\'s commercial hub.','ND','ND'),(85,74,'active','Training Room,Event_Hall','','JNR centre','KSRP Block, Venkatapura,Bengaluru, Karnataka 560034,India','KSRP Block, Venkatapura,Bengaluru, Karnataka 560034,India',12.9219499457003,77.630218975246,'600','joyline1991@gmail.com','27-04-2016 10:31',-1,'09:00pm','07:00am',-1,'static/74/SHAREit, static/74/SHAREit','Training Room','Quality assurance.','ND','ND'),(86,75,'active','Plug & Play,Training Room','Coffee Shop','Mentors IT','521,Koramangala 4th Block, Koramangala,Bengaluru, Karnataka 560034','521,Koramangala 4th Block, Koramangala,Bengaluru, Karnataka 560034',12.9308187455272,77.6276903226972,'300','joyline1991@gmail.com','27-04-2016 10:40',-1,'10:00pm','08:00am',-1,'static/75/SHAREit','Plug & Play','Training rooms equipped advaced technical equipments.','ND','ND'),(87,76,'active','Training Room,Event_Hall,Plug & Play','Start Up/Co-Working','Mentors IT','NA402, Sriram Spandhana, Challaghatta Junction Rd,Challaghatta,Bengaluru, Karnataka 560017','NA402, Sriram Spandhana, Challaghatta Junction Rd,Challaghatta,Bengaluru, Karnataka 560017',12.9425522649705,77.6537295430899,'600','joyline1991@gmail.com','27-04-2016 10:47',-1,'10:00pm','08:00am',-1,'static/76/SHAREit, static/76/SHAREit','Training Room','Intently designed class rooms.','ND','ND'),(88,77,'active','Training Room,Plug & Play','Start Up/Co-Working','Trovit','283, 21st Cross Rd,Sector 7, HSR Layout,Bengaluru, Karnataka 560102','283, 21st Cross Rd,Sector 7, HSR Layout,Bengaluru, Karnataka 560102',12.9101157835759,77.6367263495922,'300','joyline1991@gmail.com','27-04-2016 10:59',-1,'09:00pm','07:00am',-1,'static/77/SHAREit, static/77/SHAREit','Training Room','Excellent  training rooms.','ND','ND'),(90,78,'active','Plug & Play','Start Up/Co-Working','surya','Rustum Bagh Main Rd,Rustam Bagh Layout,Bengaluru, Karnataka 560008','Rustum Bagh Main Rd,Rustam Bagh Layout,Bengaluru, Karnataka 560008',12.9533059812494,77.6480435952544,'500','abhaybansod@gmail.com','02-05-2016 05:11',-1,'08:00pm','08:00am',-1,'static/78/0','Plug & Play','good working environment ,nice facility ','ND','ND'),(91,79,'active','Meeting_Room','','dedicated','422, 27th Main Rd,Sector 2, PWD Quarters, Sector 1, HSR Layout,Bengaluru, Karnataka 560102','422, 27th Main Rd,Sector 2, PWD Quarters, Sector 1, HSR Layout,Bengaluru, Karnataka 560102',12.9200411,77.6516147,'500','abhaybansod@gmail.com','02-05-2016 10:15',-1,'10:00pm','10:00am',-1,'','Meeting_Room','','ND','ND'),(92,80,'active','Meeting_Room','','jai','422, 27th Main Rd,Sector 2, PWD Quarters, Sector 1, HSR Layout,Bengaluru, Karnataka 560102','422, 27th Main Rd,Sector 2, PWD Quarters, Sector 1, HSR Layout,Bengaluru, Karnataka 560102',12.9200045,77.6516112,'500','abhaybansod@gmail.com','02-05-2016 10:17',-1,'05:00pm','09:00am',-1,'','Meeting_Room','','ND','ND'),(93,81,'active','Plug & Play','Start Up/Co-Working','jai','722, 19th Cross Rd,Parangi Palaya, Sector 2, HSR Layout,Bengaluru, Karnataka 560102','722, 19th Cross Rd,Parangi Palaya, Sector 2, HSR Layout,Bengaluru, Karnataka 560102',12.9105713436678,77.6463645324111,'250','abhaybansod@gmail.com','03-05-2016 08:59',-1,'08:00pm','08:00am',-1,'','Plug & Play','nic space','ND','ND'),(94,82,'active','Plug & Play','Start Up/Co-Working','quick','275, 8th Cross Rd,Sector 2, Sector 1, HSR Layout,Bengaluru, Karnataka 560102','275, 8th Cross Rd,Sector 2, Sector 1, HSR Layout,Bengaluru, Karnataka 560102',12.919435,77.6528076,'250','abhaybansod@gmail.com','03-05-2016 09:23',-1,'09:00pm','10:00am',-1,'','Plug & Play','','ND','ND'),(95,83,'active','Plug & Play','Start Up/Co-Working','guide','Challaghatta,Bengaluru, Karnataka,India','Challaghatta,Bengaluru, Karnataka,India',12.940588765545,77.6425688713789,'250','abhaybansod@gmail.com','03-05-2016 09:36',-1,'10:00pm','09:00am',-1,'','Plug & Play','','ND','ND'),(96,84,'active','Plug & Play,Training Room','Start Up/Co-Working','surya','142-143, 2nd Main Rd,Nirguna Mandir Layout, S T Bed Layout, Ejipura,Bengaluru, Karnataka 560095','142-143, 2nd Main Rd,Nirguna Mandir Layout, S T Bed Layout, Ejipura,Bengaluru, Karnataka 560095',12.9325431251721,77.6333041861653,'250','abhaybansod@gmail.com','03-05-2016 10:03',-1,'10:00pm','09:00am',-1,'static/84/startup.jpg','Plug & Play','','ND','ND'),(97,85,'active','Training Room','','system','Challaghatta,Bengaluru, Karnataka,India','Challaghatta,Bengaluru, Karnataka,India',12.9398100927442,77.6549294963479,'250','abhaybansod@gmail.com','03-05-2016 12:41',-1,'09:00pm','09:00am',-1,'','Training Room','system','ND','ND'),(98,86,'active','Training Room','co-working','my_testingggggggggg','HSR Layout','HSR Layout,Banglore',12.914941,77.57401501,'500/Hr','abcxyz','05-05-2016 13:40',-1,'8:00pm','10:00am',-1,'','','aaaaaaaaaa','ND','ND'),(99,87,'active','Training Room,Event_Hall','co-working','my_testing','HSR Layout','HSR Layout,Banglore',12.914941,77.574015,'200/Hr','abcxyz','05-05-2016 13:41',-1,'','',-1,'static/87/image2.png, static/87/image4.png, static/87/image5.png','Training Room','good property..','ND','ND'),(100,88,'active','Training Room,Event_Hall','co-working','my_testing','HSR Layout','HSR Layout,Banglore',12.914941,77.574015,'200/Hr','abcxyz','05-05-2016 13:49',-1,'','',-1,'static/88/image2.png, static/88/image4.png, static/88/image5.png','Training Room','good property..','ND','ND'),(101,89,'active','Training Room,Event_Hall','co-working','my_testing','HSR Layout','HSR Layout,Banglore',12.914941,77.574015,'200/Hr','abcxyz','06-05-2016 05:17',-1,'','',-1,'static/89/image2.png, static/89/image4.png, static/89/image5.png','Training Room','good property..','ND','ND'),(102,90,'active','Event Hall','Coffee Shop','jai','422, 27th Main Rd,Sector 2, PWD Quarters, Sector 1, HSR Layout,Bengaluru, Karnataka 560102','422, 27th Main Rd,Sector 2, PWD Quarters, Sector 1, HSR Layout,Bengaluru, Karnataka 560102',12.9200485,77.6516156,'200','abhaybansod@gmail.com','06-05-2016 05:24',-1,'08:00pm','08:00am',-1,'','Event_Hall','','ND','ND'),(103,91,'active','Plug & Play,Training Room','Coffee Shop','away','422, 27th Main Rd,Sector 2, PWD Quarters, Sector 1, HSR Layout,Bengaluru, Karnataka 560102','422, 27th Main Rd,Sector 2, PWD Quarters, Sector 1, HSR Layout,Bengaluru, Karnataka 560102',12.9199936,77.6516152,'250','abhaybansod@gmail.com','06-05-2016 05:55',-1,'08:00pm','08:00am',-1,'','Plug & Play','','ND','ND'),(104,92,'active','Plug & Play,Training Room','Coffee Shop','omni','422, 27th Main Rd,Sector 2, PWD Quarters, Sector 1, HSR Layout,Bengaluru, Karnataka 560102','422, 27th Main Rd,Sector 2, PWD Quarters, Sector 1, HSR Layout,Bengaluru, Karnataka 560102',12.9200367,77.6516115,'250','abhaybansod@gmail.com','06-05-2016 06:04',-1,'08:00pm','08:00am',-1,'','Plug & Play','','ND','ND'),(105,93,'active','Plug & Play,Training Room','Coffee Shop','onmni3','422, 27th Main Rd,Sector 2, PWD Quarters, Sector 1, HSR Layout,Bengaluru, Karnataka 560102','422, 27th Main Rd,Sector 2, PWD Quarters, Sector 1, HSR Layout,Bengaluru, Karnataka 560102',12.9200237,77.6516434,'250','abhaybansod@gmail.com','06-05-2016 06:08',-1,'08:00pm','08:00am',-1,'','Plug & Play','','ND','ND'),(106,94,'active','Plug & Play,Training Room,Event_Hall,Meeting_Room','Start Up/Co-Working','dream city','422, 27th Main Rd,Sector 2, PWD Quarters, Sector 1, HSR Layout,Bengaluru, Karnataka 560102','422, 27th Main Rd,Sector 2, PWD Quarters, Sector 1, HSR Layout,Bengaluru, Karnataka 560102',12.9200459,77.6516028,'250','abhaybansod@gmail.com','06-05-2016 06:58',-1,'08:00pm','10:00am',-1,'','Plug & Play','','ND','ND'),(107,95,'active','Plug & Play,Training Room','Start Up/Co-Working','green','422, 27th Main Rd,Sector 2, PWD Quarters, Sector 1, HSR Layout,Bengaluru, Karnataka 560102','422, 27th Main Rd,Sector 2, PWD Quarters, Sector 1, HSR Layout,Bengaluru, Karnataka 560102',12.9200008,77.6516222,'250','abhaybansod@gmail.com','06-05-2016 07:42',-1,'08:00pm','08:00am',-1,'','Plug & Play','','ND','ND'),(109,96,'active','Plug & Play,Training Room','Coffee Shop','omni 4','Green Glen Layout, Bellandur,Bengaluru, Karnataka 560103,India','Green Glen Layout, Bellandur,Bengaluru, Karnataka 560103,India',12.9218970064504,77.665456160903,'250','abhaybansod@gmail.com','06-05-2016 09:40',-1,'09:00pm','09:00am',-1,'','Plug & Play','','ND','ND'),(110,97,'active','Event_Hall,Meeting_Room','','brisa@#$!','Koramangala 1A Block, SBI Colony, Koramangala,Bengaluru, Karnataka 560034,India','Koramangala 1A Block, SBI Colony, Koramangala,Bengaluru, Karnataka 560034,India',12.9281940841678,77.6319339126348,'250','abhaybansod@gmail.com','06-05-2016 09:43',-1,'09:00pm','09:00am',-1,'','Event_Hall','','ND','ND'),(111,98,'active','Event_Hall,Meeting_Room','','omnidirectional','Agara Lake Trail,Agara Village, Sector 1, HSR Layout,Bengaluru, Karnataka 560034','Agara Lake Trail,Agara Village, Sector 1, HSR Layout,Bengaluru, Karnataka 560034',12.9171572641792,77.6393042877316,'250','abhaybansod@gmail.com','06-05-2016 09:50',-1,'08:00pm','08:00am',-1,'','Event_Hall','','ND','ND'),(112,99,'active','Event_Hall','','double','38/4, Sarjapur Main Rd,Jakkasandra Extension, Koramangala,Bengaluru, Karnataka 560034','38/4, Sarjapur Main Rd,Jakkasandra Extension, Koramangala,Bengaluru, Karnataka 560034',12.9249534127884,77.6412177085876,'250','abhaybansod@gmail.com','06-05-2016 09:54',-1,'08:00pm','08:00am',-1,'','Event_Hall','','ND','ND'),(114,100,'active','Event_Hall','','galaxy','422, 27th Main Rd,Sector 2, PWD Quarters, Sector 1, HSR Layout,Bengaluru, Karnataka 560102','422, 27th Main Rd,Sector 2, PWD Quarters, Sector 1, HSR Layout,Bengaluru, Karnataka 560102',12.9200335,77.6516137,'250','abhaybansod@gmail.com','06-05-2016 10:03',-1,'08:00pm','10:00am',-1,'','Event_Hall','','ND','ND'),(115,101,'active','Event_Hall,Training Room','','greentree','Belur Nagasandra, Bellandur,Bengaluru, Karnataka,India','Belur Nagasandra, Bellandur,Bengaluru, Karnataka,India',12.9349193968672,77.6575627550483,'250','abhaybansod@gmail.com','06-05-2016 10:07',-1,'08:00pm','08:00am',-1,'','Training Room','','ND','ND'),(116,102,'active','Training Room','','tragen','Belur Nagasandra, Bellandur,Bengaluru, Karnataka,India','Belur Nagasandra, Bellandur,Bengaluru, Karnataka,India',12.9292237572717,77.6625962555408,'0','abhaybansod@gmail.com','06-05-2016 12:10',-1,'08:00pm','08:00am',-1,'','Training Room','','ND','ND'),(117,103,'active','Training Room','','target','422, 27th Main Rd,Sector 2, PWD Quarters, Sector 1, HSR Layout,Bengaluru, Karnataka 560102','422, 27th Main Rd,Sector 2, PWD Quarters, Sector 1, HSR Layout,Bengaluru, Karnataka 560102',12.9199558,77.651648,'0','abhaybansod@gmail.com','06-05-2016 12:11',-1,'08:00pm','08:00am',-1,'','Training Room','','ND','ND'),(119,104,'active','Training Room','','double','6th Main Rd,1st Block Koramangala, Koramangala,Bengaluru, Karnataka 560034','6th Main Rd,1st Block Koramangala, Koramangala,Bengaluru, Karnataka 560034',12.9262262235954,77.6338624209166,'0','abhaybansod@gmail.com','06-05-2016 12:24',-1,'08:00pm','08:00am',-1,'','Training Room','','ND','ND'),(120,105,'active','Training Room','','training','1st Cross Rd,Koramangala 1A Block, Koramangala 3 Block, Koramangala,Bengaluru, Karnataka 560034','1st Cross Rd,Koramangala 1A Block, Koramangala 3 Block, Koramangala,Bengaluru, Karnataka 560034',12.9247854470265,77.6312462612987,'250','abhaybansod@gmail.com','06-05-2016 13:03',-1,'08:00pm','08:00am',-1,'','Training Room','','ND','ND'),(121,106,'active','Event_Hall','','event','1408, 2nd Main Rd,Muneswara Nagar, Sector 6, HSR Layout,Bengaluru, Karnataka 560068','1408, 2nd Main Rd,Muneswara Nagar, Sector 6, HSR Layout,Bengaluru, Karnataka 560068',12.9108233066044,77.6283984258771,'200','abhaybansod@gmail.com','06-05-2016 13:04',-1,'08:00pm','08:00am',-1,'','Event_Hall','','ND','ND'),(122,107,'active','Meeting_Room','','good','Iblur Village, Bellandur,Bengaluru, Karnataka,India','Iblur Village, Bellandur,Bengaluru, Karnataka,India',12.9288662641397,77.6620148867369,'0','abhaybansod@gmail.com','09-05-2016 06:11',-1,'08:00pm','08:00am',-1,'','Meeting_Room','','ND','ND'),(123,108,'active','Meeting_Room','','good','Venkatapura, Koramangala,Bengaluru, Karnataka,India','Venkatapura, Koramangala,Bengaluru, Karnataka,India',12.9227365170606,77.6283933967352,'0','abhaybansod@gmail.com','09-05-2016 06:25',-1,'08:00pm','08:00am',-1,'','','','ND','ND'),(124,109,'active','Training Room','','fragments','Belur Nagasandra, Bellandur,Bengaluru, Karnataka,India','Belur Nagasandra, Bellandur,Bengaluru, Karnataka,India',12.932098061868,77.6667231693864,'250','abhaybansod@gmail.com','09-05-2016 06:30',-1,'08:00pm','08:00am',-1,'','','','ND','ND'),(125,110,'active','Meeting_Room','','good look','Margosa Ave,Green Glen Layout, Bellandur,Bengaluru, Karnataka 560103','Margosa Ave,Green Glen Layout, Bellandur,Bengaluru, Karnataka 560103',12.9293067583461,77.6710797473788,'0','abhaybansod@gmail.com','09-05-2016 06:33',-1,'08:00pm','08:00am',-1,'','','','ND','ND'),(126,111,'active','Meeting_Room','','init','225, 3rd Cross Rd,1st Block Koramangala, Koramangala,Bengaluru, Karnataka 560034','225, 3rd Cross Rd,1st Block Koramangala, Koramangala,Bengaluru, Karnataka 560034',12.926212172061,77.6352159306407,'0','abhaybansod@gmail.com','10-05-2016 05:55',-1,'08:00pm','08:00am',-1,'','','','ND','ND'),(127,112,'active','Training Room,Event_Hall,Meeting_Room,Training Room,Event_Hall,Meeting_Room,Training Room,Event_Hall,Meeting_Room','','test','4th Main Rd,Sector 6, HSR Layout,Bengaluru, Karnataka 560102','4th Main Rd,Sector 6, HSR Layout,Bengaluru, Karnataka 560102',12.9151455261952,77.6319248601794,'0','abhaybansod@gmail.com','10-05-2016 06:42',-1,'08:00pm','08:00am',-1,'','Training Room','','ND','ND'),(128,113,'active','Meeting_Room','','team','3,S.T. Bed, Cauvery Colony, Koramangala,Bengaluru, Karnataka 560095','3,S.T. Bed, Cauvery Colony, Koramangala,Bengaluru, Karnataka 560095',12.9329715223604,77.6373077183962,'0','abhaybansod@gmail.com','10-05-2016 07:17',-1,'08:00pm','08:00am',-1,'','','','ND','ND'),(129,114,'active','Training Room','','testing 123','S.T. Bed, Cauvery Colony, Ejipura,Bengaluru, Karnataka,India','S.T. Bed, Cauvery Colony, Ejipura,Bengaluru, Karnataka,India',12.9312425708499,77.635964602232,'0','abhaybansod@gmail.com','10-05-2016 09:59',-1,'08:00pm','08:00am',-1,'','','','ND','ND'),(130,115,'active','Training Room','','testing 123','S.T. Bed, Cauvery Colony, Ejipura,Bengaluru, Karnataka,India','S.T. Bed, Cauvery Colony, Ejipura,Bengaluru, Karnataka,India',12.9312425708499,77.635964602232,'0','abhaybansod@gmail.com','10-05-2016 10:03',-1,'08:00pm','08:00am',-1,'','','','ND','ND'),(131,116,'active','Training Room','','test@!','103,Challaghatta,Bengaluru, Karnataka 560017','103,Challaghatta,Bengaluru, Karnataka 560017',12.9442184008822,77.6509393751621,'200','abhaybansod@gmail.com','10-05-2016 10:05',-1,'08:00pm','08:00am',-1,'','','','ND','ND'),(132,117,'active','Meeting_Room','','check','Wind Tunnel Rd,Ambedkar Nagar, HAL Airport Area, HAL,Bengaluru, Karnataka 560017','Wind Tunnel Rd,Ambedkar Nagar, HAL Airport Area, HAL,Bengaluru, Karnataka 560017',12.9481688531731,77.6577619090676,'0','abhaybansod@gmail.com','10-05-2016 10:28',-1,'08:00pm','08:00am',-1,'','','','ND','ND'),(133,118,'active','Meeting_Room','','check 2','Challaghatta,Bengaluru, Karnataka,India','Challaghatta,Bengaluru, Karnataka,India',12.9393937975176,77.653333581984,'0','abhaybansod@gmail.com','10-05-2016 10:38',-1,'08:00pm','08:00am',-1,'','','','ND','ND'),(134,119,'active','Event_Hall','','event test','41, Ejipura Main Rd,Ejipura,Bengaluru, Karnataka 560007','41, Ejipura Main Rd,Ejipura,Bengaluru, Karnataka 560007',12.9411344559033,77.6330634579062,'0','abhaybansod@gmail.com','10-05-2016 10:45',-1,'08:00pm','08:00am',-1,'','','','ND','ND'),(135,120,'active','Training Room','','testing 123','S.T. Bed, Cauvery Colony, Ejipura,Bengaluru, Karnataka,India','S.T. Bed, Cauvery Colony, Ejipura,Bengaluru, Karnataka,India',12.9312425708499,77.635964602232,'0','abhaybansod@gmail.com','10-05-2016 11:26',-1,'08:00pm','08:00am',-1,'','','nicmskl','ND','ND'),(136,121,'active','Event_Hall','','jai','422, 27th Main Rd,Sector 2, PWD Quarters, Sector 1, HSR Layout,Bengaluru, Karnataka 560102','422, 27th Main Rd,Sector 2, PWD Quarters, Sector 1, HSR Layout,Bengaluru, Karnataka 560102',12.9199705,77.6516287,'250','hr@brisa-tech.com','12-05-2016 12:57',-1,'08:00pm','08:00am',-1,'','','','ND','ND'),(138,122,'active','Training Room','','travel','Bhanu Nursing Home Rd,Bommanahalli,Bengaluru, Karnataka 560068','Bhanu Nursing Home Rd,Bommanahalli,Bengaluru, Karnataka 560068',12.9075605139851,77.6274978742003,'0','hr@brisa-tech.com','12-05-2016 13:00',-1,'08:00pm','08:00am',-1,'','','','ND','ND'),(139,123,'active','Meeting_Room','','meetings','355, 80 Feet Main Rd,Koramangala 1A Block, 4th Block, Koramangala,Bengaluru, Karnataka 560034','355, 80 Feet Main Rd,Koramangala 1A Block, 4th Block, Koramangala,Bengaluru, Karnataka 560034',12.9293015299327,77.6332200318575,'0','hr@brisa-tech.com','12-05-2016 13:01',-1,'08:00pm','08:00am',-1,'','','','ND','ND'),(140,124,'active','Meeting_Room,Event_Hall','','comb','2nd Main Rd,1st Block Koramangala, Koramangala,Bengaluru, Karnataka 560034','2nd Main Rd,1st Block Koramangala, Koramangala,Bengaluru, Karnataka 560034',12.9286264101426,77.634936645627,'0','hr@brisa-tech.com','12-05-2016 13:01',-1,'08:00pm','08:00am',-1,'','Event_Hall','','ND','ND'),(141,125,'active','Training Room,Event_Hall','','testing 132','Belur Nagasandra, Bellandur,Bengaluru, Karnataka,India','Belur Nagasandra, Bellandur,Bengaluru, Karnataka,India',12.9352278661206,77.6566611975431,'300','hr@brisa-tech.com','12-05-2016 13:02',-1,'08:00pm','08:00am',-1,'','Training Room','','ND','ND'),(142,126,'active','Plug & Play','Start Up/Co-Working','jai','Sarjapur Main Rd,KSRP Block, 1st Block Koramangala, Koramangala,Bengaluru, Karnataka 560034','Sarjapur Main Rd,KSRP Block, 1st Block Koramangala, Koramangala,Bengaluru, Karnataka 560034',12.923735495063,77.6315765082836,'300','hr@brisa-tech.com','12-05-2016 13:35',-1,'08:00pm','08:00am',-1,'','','','ND','ND'),(143,127,'active','Plug & Play,Training Room','Start Up/Co-Working','.place','422, 27th Main Rd,Sector 2, PWD Quarters, Sector 1, HSR Layout,Bengaluru, Karnataka 560102','422, 27th Main Rd,Sector 2, PWD Quarters, Sector 1, HSR Layout,Bengaluru, Karnataka 560102',12.9199672,77.6515909,'100','hr@brisa-tech.com','12-05-2016 13:39',-1,'05:00am','05:00pm',-1,'','Plug & Play','','ND','ND'),(144,128,'active','Training Room,Plug & Play,Event_Hall,Meeting_Room','Coffee Shop','infotech','35, Kudlu Main Rd,AECS Layout A-Block, Kudlu,Bengaluru, Karnataka 560068','35, Kudlu Main Rd,AECS Layout A-Block, Kudlu,Bengaluru, Karnataka 560068',12.8869164163433,77.6522757858038,'22','arpita.patil@brisa-tech.com','12-05-2016 15:52',-1,'08:00pm','08:00am',-1,'','Event_Hall','this is best property.','ND','ND'),(145,129,'active','Plug & Play','Start Up/Co-Working','play','10, 24th Main Rd,ITI Layout, Sector 2, HSR Layout,Bengaluru, Karnataka 560102','10, 24th Main Rd,ITI Layout, Sector 2, HSR Layout,Bengaluru, Karnataka 560102',12.9011102947595,77.6489827036858,'250','abhaybansod9@gmail.com','13-05-2016 05:52',-1,'08:00pm','09:00am',-1,'','','nic place','ND','ND'),(146,130,'active','Training Room','','only','5th D main,S.T. Bed, Cauvery Colony, Ejipura,Bengaluru, Karnataka 560034','5th D main,S.T. Bed, Cauvery Colony, Ejipura,Bengaluru, Karnataka 560034',12.9295136073602,77.6353668048978,'250','abhaybansod9@gmail.com','13-05-2016 05:57',-1,'10:00pm','08:00am',-1,'','','nic place','ND','ND'),(147,131,'active','Plug & Play,Training Room','Coffee Shop','online','1, Wind Tunnel Rd,Rustam Bagh Layout,Bengaluru, Karnataka 560017','1, Wind Tunnel Rd,Rustam Bagh Layout,Bengaluru, Karnataka 560017',12.9482008747803,77.6504414901137,'500','abhaybansod9@gmail.com','13-05-2016 06:03',-1,'09:00pm','08:00am',-1,'','Plug & Play','good environment','ND','ND'),(148,132,'active','Event_Hall','','event','955, 1st Main Rd,S.T. Bed, 1st Block Koramangala,Bengaluru, Karnataka 560034','955, 1st Main Rd,S.T. Bed, 1st Block Koramangala,Bengaluru, Karnataka 560034',12.9295573952811,77.6340746507049,'250','abhaybansod9@gmail.com','13-05-2016 06:11',-1,'09:00pm','09:00am',-1,'','','nic place','ND','ND'),(149,133,'active','Meeting_Room,Event_Hall','','meeting','914,S.T. Bed, Cauvery Colony, Koramangala,Bengaluru, Karnataka 560034','914,S.T. Bed, Cauvery Colony, Koramangala,Bengaluru, Karnataka 560034',12.9298871115438,77.6338694617152,'0','abhaybansod9@gmail.com','13-05-2016 06:14',-1,'08:00pm','10:00am',-1,'','Event_Hall','','ND','ND'),(150,134,'active','Meeting_Room','','Brisa','9, Mahatyagi Laksmidevi Rd,Koramangala 1A Block, SBI Colony, Koramangala,Bengaluru, Karnataka 560034','9, Mahatyagi Laksmidevi Rd,Koramangala 1A Block, SBI Colony, Koramangala,Bengaluru, Karnataka 560034',12.9279352764232,77.6335140690207,'0','abhaybansod9@gmail.com','13-05-2016 06:25',-1,'07:00pm','10:00am',-1,'static/134/meetinga.jpg, static/134/meetee.jpg','','nice place for work','ND','ND'),(151,135,'active','Plug & Play','Start Up/Co-Working','Gallery','Green Glen Layout, Bellandur,Bengaluru, Karnataka 560103,India','Green Glen Layout, Bellandur,Bengaluru, Karnataka 560103,India',12.9256318103188,77.6669250056148,'250','abhaybansod9@gmail.com','13-05-2016 06:33',-1,'08:00pm','09:00am',-1,'static/135/startup.jpg, static/135/CoworkingSpace1.jpg','','nice place ','ND','ND'),(153,136,'active','Event_Hall','','vega','6th Main Rd,S.T. Bed, Cauvery Colony, Ejipura,Bengaluru, Karnataka 560034','6th Main Rd,S.T. Bed, Cauvery Colony, Ejipura,Bengaluru, Karnataka 560034',12.9289561276351,77.6338674500585,'250','abhaybansod8@gmail.com','13-05-2016 07:07',-1,'08:00pm','10:00am',-1,'static/136/eventhalldd.jpg, static/136/EventHall.jpg','','nice place  ','ND','ND'),(154,137,'active','Plug & Play,Training Room','Start Up/Co-Working','web place','43-44, 1st B Main Rd,1st Block Koramangala, Koramangala,Bengaluru, Karnataka 560034','43-44, 1st B Main Rd,1st Block Koramangala, Koramangala,Bengaluru, Karnataka 560034',12.926530782241,77.6382424682379,'250','abhaybansod8@gmail.com','13-05-2016 07:10',-1,'08:00pm','10:00am',-1,'static/137/startup.jpg, static/137/CoworkingSpace1.jpg','Plug & Play','good environment for work','ND','ND'),(155,138,'active','Plug & Play','Coffee Shop','player','5th Main Rd,1st Block Koramangala, Koramangala,Bengaluru, Karnataka 560034','5th Main Rd,1st Block Koramangala, Koramangala,Bengaluru, Karnataka 560034',12.9268614828389,77.6345520839095,'250','abhaybansod8@gmail.com','13-05-2016 07:11',-1,'07:00pm','08:00am',-1,'static/138/CoworkingSpace1.jpg','','nice place','ND','ND'),(156,139,'active','Plug & Play,Training Room,Event_Hall','Start Up/Co-Working','sierra','422, 27th Main Rd,Sector 2, PWD Quarters, Sector 1, HSR Layout,Bengaluru, Karnataka 560102','422, 27th Main Rd,Sector 2, PWD Quarters, Sector 1, HSR Layout,Bengaluru, Karnataka 560102',12.9199995,77.6516025,'125','hr@brisa-tech.com','13-05-2016 10:23',-1,'08:00pm','08:00am',-1,'','Plug & Play','dgfffy','ND','ND'),(157,140,'active','Plug & Play,Training Room,Event_Hall,Meeting_Room','Start Up/Co-Working','hyphen','13, Haralur Rd,Reliable Woods Layout, Lakedew Residency- Phase 2, Kudlu,Bengaluru, Karnataka 560068','13, Haralur Rd,Reliable Woods Layout, Lakedew Residency- Phase 2, Kudlu,Bengaluru, Karnataka 560068',12.8920927160421,77.6575664430857,'25','rautarpita@gmail.com','13-05-2016 10:40',-1,'08:00pm','08:00am',-1,'','Event_Hall','Good property','ND','ND'),(158,141,'active','Plug & Play,Training Room','Start Up/Co-Working','playing','17, 1st Cross Rd,Koramangala 1A Block, SBI Colony, Koramangala,Bengaluru, Karnataka 560034','17, 1st Cross Rd,Koramangala 1A Block, SBI Colony, Koramangala,Bengaluru, Karnataka 560034',12.9250769361754,77.6330476999283,'200','abhaybansod@gmail.com','13-05-2016 10:53',-1,'08:00pm','10:00am',-1,'','Plug & Play','','ND','ND'),(159,142,'active','Training Room,Event_Hall','','players','68, Jogupalya Main Rd,Doddaiah Layout, Jogupalya,Bengaluru, Karnataka 560008','68, Jogupalya Main Rd,Doddaiah Layout, Jogupalya,Bengaluru, Karnataka 560008',12.9721874961451,77.6310957223177,'250','abhaybansod@gmail.com','13-05-2016 13:31',-1,'08:00pm','08:00am',-1,'','Training Room','nic place','ND','ND'),(160,143,'active','Plug & Play','Start Up/Co-Working','test priperty','228/1, Byrappa Rd,Thyagaraja Nagar, Basavanagudi,Bengaluru, Karnataka 560004','228/1, Byrappa Rd,Thyagaraja Nagar, Basavanagudi,Bengaluru, Karnataka 560004',12.9309703,77.57,'12','viju527@gmail.com','14-05-2016 06:11',-1,'08:00pm','08:00am',-1,'','','','ND','ND'),(161,144,'active','Training Room,Event_Hall','co-working','my_testing','HSR Layout','HSR Layout,Banglore',12.914941,77.574015,'200/Hr','abcxyz','16-05-2016 05:54',-1,'','',-1,'','','','ND','ND'),(162,145,'active','Plug & Play','co-working','my_testing','HSR Layout','HSR Layout,Banglore',12.914941,77.574015,'200/Hr','abcxyz','16-05-2016 05:54',-1,'','',-1,'','','','ND','ND'),(163,146,'active','Plug & Play','co-working','my_testing','HSR Layout','HSR Layout,Banglore',12.914941,77.574015,'200/Hr','abcxyz','16-05-2016 06:09',-1,'','',-1,'','','','ND','ND'),(164,147,'active','Plug & Play','Start Up/Co-Working','stream','Sarjapur Main Rd,Jakkasandra, 1st Block Koramangala, Koramangala,Bengaluru, Karnataka 560034','Sarjapur Main Rd,Jakkasandra, 1st Block Koramangala, Koramangala,Bengaluru, Karnataka 560034',12.9249066830255,77.6359173282981,'250','abhaybansod@gmail.com','16-05-2016 06:09',-1,'08:00pm','08:00am',-1,'static/147/CoworkingSpace1.jpg','','nice place','ND','ND'),(165,148,'active','Plug & Play','Coffee Shop','streaming','Challaghatta,Bengaluru, Karnataka,India','Challaghatta,Bengaluru, Karnataka,India',12.9356922031228,77.647857517004,'300','abhaybansod@gmail.com','16-05-2016 06:10',-1,'08:00pm','08:00am',-1,'','','nice environment','ND','ND'),(166,149,'active','Plug & Play','co-working','my_testing','HSR Layout','HSR Layout,Banglore',12.914941,77.574015,'200/Hr','abcxyz','16-05-2016 06:14',-1,'','',-1,'','','','ND','ND'),(168,150,'active','Plug & Play','Start Up/Co-Working','input stream 1','7th Cross,PWD Quarters, Sector 1, Reliable Tranquil Layout,Bengaluru, Karnataka 560068','7th Cross,PWD Quarters, Sector 1, Reliable Tranquil Layout,Bengaluru, Karnataka 560068',12.9006632145765,77.6552597433329,'100','abhaybansod@gmail.com','16-05-2016 06:17',-1,'08:00pm','08:00am',-1,'','','','ND','ND'),(169,151,'active','Plug & Play','Start Up/Co-Working','value pro','572,Sector 4, HSR Layout,Bengaluru, Karnataka 560102','572,Sector 4, HSR Layout,Bengaluru, Karnataka 560102',12.9152651329025,77.6406366750598,'25','abhay@gmail.com','16-05-2016 06:46',-1,'08:00pm','08:00am',-1,'','','nice ..','ND','ND'),(170,152,'active','Plug & Play,Training Room','Coffee Shop','value','Ambalipura Residency Rd,Amblipura, PWD Quarters, Sector 1, HSR Layout,Bengaluru, Karnataka 560103','Ambalipura Residency Rd,Amblipura, PWD Quarters, Sector 1, HSR Layout,Bengaluru, Karnataka 560103',12.9128468440906,77.6641794294119,'200','abhi@gmail.com','16-05-2016 06:50',-1,'08:00pm','08:00am',-1,'','','nice place..','ND','ND'),(171,153,'active','Training Room,Event_Hall','','action','357, 12th Main Rd,Jakkasandra, Sector 7, HSR Layout,Bengaluru, Karnataka 560034','357, 12th Main Rd,Jakkasandra, Sector 7, HSR Layout,Bengaluru, Karnataka 560034',12.9185598503432,77.6370408385992,'200','abhi@gmail.com','16-05-2016 07:04',-1,'09:00pm','10:00am',-1,'','','nice pl','ND','ND'),(172,154,'active','Plug & Play,Training Room','','testing','St Johns Medical College Rd,John Nagar, Koramangala,Bengaluru, Karnataka 560034','St Johns Medical College Rd,John Nagar, Koramangala,Bengaluru, Karnataka 560034',12.9282081355907,77.620675675571,'200','abhi@gmail.com','16-05-2016 08:55',-1,'08:00pm','08:00am',-1,'','Plug & Play','nice','ND','ND'),(173,155,'active','Plug & Play','','testing 12','87, Mangamma Palya Rd,Sector 7, Mangammanapalya,Bengaluru, Karnataka 560068','87, Mangamma Palya Rd,Sector 7, Mangammanapalya,Bengaluru, Karnataka 560068',12.9038264204223,77.6355729997158,'200','abhi@gmail.com','16-05-2016 09:09',-1,'08:00pm','08:00am',-1,'','Plug & Play','nice..','ND','ND'),(174,156,'active','Plug & Play','','tested','357, 12th Main Rd,Jakkasandra, Sector 7, HSR Layout,Bengaluru, Karnataka 560034','357, 12th Main Rd,Jakkasandra, Sector 7, HSR Layout,Bengaluru, Karnataka 560034',12.9185569092341,77.6370579376817,'260','abhi@gmail.com','16-05-2016 09:33',-1,'08:00pm','08:00am',-1,'','','','ND','ND'),(175,157,'active','Training Room','','test4','25, 4th Cross Rd,Roopena Agrahara, Bommanahalli,Bengaluru, Karnataka 560068','25, 4th Cross Rd,Roopena Agrahara, Bommanahalli,Bengaluru, Karnataka 560068',12.9102242814636,77.6221230626106,'500','abhi@gmail.com','16-05-2016 09:44',-1,'08:00pm','08:00am',-1,'','','nice','ND','ND'),(176,158,'active','Plug & Play,Training Room','Coffee Shop','value123','17/N, 18th Cross Rd,Sector 3, HSR Layout,Bengaluru, Karnataka 560102','17/N, 18th Cross Rd,Sector 3, HSR Layout,Bengaluru, Karnataka 560102',12.9118984763332,77.6430074125528,'100','abhi@gmail.com','16-05-2016 10:13',-1,'08:00pm','08:00am',-1,'','','nice...','ND','ND'),(179,159,'active','Training Room','','check','38/4, Sarjapur Main Rd,Jakkasandra Extension, Koramangala,Bengaluru, Karnataka 560034','38/4, Sarjapur Main Rd,Jakkasandra Extension, Koramangala,Bengaluru, Karnataka 560034',12.9237734019023,77.6394950598478,'250','abhi1@gmail.com','16-05-2016 14:01',-1,'08:00pm','08:00am',-1,'','','nic','ND','ND'),(180,160,'active','Plug & Play','Start Up/Co-Working','pay','3/4, 100 Feet Rd,Sidharata Colony, 2B Block, Koramangala,Bengaluru, Karnataka 560034','3/4, 100 Feet Rd,Sidharata Colony, 2B Block, Koramangala,Bengaluru, Karnataka 560034',12.9265056202211,77.6202689856291,'250','abhi1@gmail.com','16-05-2016 14:04',-1,'08:00pm','08:00am',-1,'','','nice','ND','ND'),(181,161,'active','Plug & Play,Training Room,Event_Hall,Meeting_Room','Coffee Shop','krishna','4th Cross Rd,Hosapalaya, Muneshwara Nagar,Bengaluru, Karnataka 560068','4th Cross Rd,Hosapalaya, Muneshwara Nagar,Bengaluru, Karnataka 560068',12.896796329829,77.6424022391438,'40','rautarpita@gmail.com','16-05-2016 15:58',-1,'06:00pm','09:00am',-1,'','Training Room','nice prop','ND','ND'),(182,162,'active','Plug & Play,Training Room,Event_Hall,Meeting_Room','Start Up/Co-Working','gold place','RBD Stillwaters 1st Main Rd,Lakedew Residency- Phase 2, Harlur,Bengaluru, Karnataka 560068','RBD Stillwaters 1st Main Rd,Lakedew Residency- Phase 2, Harlur,Bengaluru, Karnataka 560068',12.8960675238638,77.6654501259327,'0','abhi@gmail.com','17-05-2016 06:13',-1,'10:00pm','09:00am',-1,'','','nice...m','ND','ND'),(184,163,'active','Plug & Play','Start Up/Co-Working','play','761, 100 Feet Rd,HAL 2nd Stage, Appareddipalya, Indiranagar,Bengaluru, Karnataka 560008','761, 100 Feet Rd,HAL 2nd Stage, Appareddipalya, Indiranagar,Bengaluru, Karnataka 560008',12.9718915,77.6411545,'250','abhay@gmail.com','17-05-2016 09:20',-1,'08:00pm','08:00am',-1,'static/163/startup.jpg, static/163/CoworkingSpace1.jpg','','nic','ND','ND'),(185,164,'active','Plug & Play','Start Up/Co-Working','players','HAL Airport Area, HAL,Bengaluru, Karnataka 560017,India','HAL Airport Area, HAL,Bengaluru, Karnataka 560017,India',12.9475277666605,77.6635115593672,'250','abhay@gmail.com','17-05-2016 09:41',-1,'08:00pm','08:00am',-1,'static/164/CoworkingSpace1.jpg','','nice place','ND','ND'),(186,165,'active','Plug & Play,Training Room','Coffee Shop','The','305, 1st Main Rd,1st Block Koramangala, Koramangala,Bengaluru, Karnataka 560034','305, 1st Main Rd,1st Block Koramangala, Koramangala,Bengaluru, Karnataka 560034',12.9274304044825,77.6376781985164,'300','abhi@gmail.com','17-05-2016 11:16',-1,'08:00pm','08:00am',-1,'','','nice','ND','ND'),(187,166,'active','Plug & Play,Training Room','Coffee Shop','test','100 Feet Ring Rd,Sector 6, Koramangala,Bengaluru, Karnataka 560034','100 Feet Ring Rd,Sector 6, Koramangala,Bengaluru, Karnataka 560034',12.9165151176062,77.6325927302241,'100','abhi@gmail.com','17-05-2016 13:37',-1,'08:00pm','08:00am',-1,'','','nice','ND','ND'),(189,167,'active','Plug & Play','Start Up/Co-Working','glass','Iblur Village, Bellandur,Bengaluru, Karnataka,India','Iblur Village, Bellandur,Bengaluru, Karnataka,India',12.9281264412605,77.663045860827,'200','abbaybansod@gmail.com','18-05-2016 05:04',-1,'08:00pm','08:00am',-1,'','Plug & Play','nice','ND','ND'),(190,168,'active','Training Room','','exclusive','100 Feet Ring Rd,Sector 6, Koramangala,Bengaluru, Karnataka 560034','100 Feet Ring Rd,Sector 6, Koramangala,Bengaluru, Karnataka 560034',12.9165151176062,77.6325927302241,'250','abhi@gmail.com','18-05-2016 05:32',-1,'08:00pm','08:00am',-1,'static/168/Event.jpg','','nice','ND','ND'),(191,169,'active','Plug & Play','Start Up/Co-Working','texi','14th Cross Rd,Sector 6, HSR Layout,Bengaluru, Karnataka 560102','14th Cross Rd,Sector 6, HSR Layout,Bengaluru, Karnataka 560102',12.9157164352907,77.6316821202636,'250','abhi@gmail.com','18-05-2016 08:29',-1,'08:00pm','08:00am',-1,'','','nice','ND','ND'),(192,170,'active','Training Room','','surya','38/4, Sarjapur Main Rd,Jakkasandra Extension, Koramangala,Bengaluru, Karnataka 560034','38/4, Sarjapur Main Rd,Jakkasandra Extension, Koramangala,Bengaluru, Karnataka 560034',12.9249674643937,77.6396918669343,'250','abhi@gmail.com','18-05-2016 08:40',-1,'08:00pm','08:00am',-1,'static/170/coffeeshop - Copy.jpg','','nic','ND','ND'),(193,171,'active','Training Room,Event_Hall','','galss','38/4, Sarjapur Main Rd,Jakkasandra Extension, Koramangala,Bengaluru, Karnataka 560034','38/4, Sarjapur Main Rd,Jakkasandra Extension, Koramangala,Bengaluru, Karnataka 560034',12.923843006687,77.6393575966358,'20','abhi@gmail.com','18-05-2016 09:51',-1,'09:00pm','10:00am',-1,'','','nice.','ND','ND'),(194,172,'active','Training Room,Meeting_Room','','match','Challaghatta,Bengaluru, Karnataka,India','Challaghatta,Bengaluru, Karnataka,India',12.9400192203823,77.6513970270753,'0','abhi@gmail.com','18-05-2016 11:23',-1,'08:00pm','08:00am',-1,'','Training Room','nice','ND','ND'),(195,173,'active','Event_Hall','','event','850, 23 Road A Cross Rd,Garden Layout, Sector 2, HSR Layout,Bengaluru, Karnataka 560102','850, 23 Road A Cross Rd,Garden Layout, Sector 2, HSR Layout,Bengaluru, Karnataka 560102',12.908049412707,77.6450727134943,'0','abhi@gmail.com','18-05-2016 12:00',-1,'08:00pm','08:00am',-1,'','','nice','ND','ND'),(196,174,'active','Training Room,Event_Hall,Plug & Play,Meeting_Room','co-working','my_testing','HSR Layout','HSR Layout,Banglore',12.914941,77.574015,'200/Hr','abcxyz','18-05-2016 12:55',-1,'','',-1,'static/174/image_name1.png','','','ND','ND'),(199,175,'active','Training Room,Event_Hall,Plug & Play,Meeting_Room','co-working','my_testing','HSR Layout','HSR Layout,Banglore',12.914941,77.574015,'200/Hr','abcxyz','19-05-2016 05:19',-1,'','',-1,'static/175/image_name1.png','','','ND','ND'),(200,176,'active','Training Room,Event_Hall,Plug & Play,Meeting_Room','co-working','my_testing','HSR Layout','HSR Layout,Banglore',12.914941,77.574015,'200/Hr','abcxyz','19-05-2016 05:59',-1,'','',-1,'static/176/image_name1.png','','','ND','ND'),(203,177,'active','Event_Hall','','event','Somasundarapalya,Bengaluru, Karnataka,India','Somasundarapalya,Bengaluru, Karnataka,India',12.896844698939,77.6527401432395,'500','abhaybansod@gmail.com','19-05-2016 06:12',-1,'08:00pm','08:00am',-1,'static/177/Event.jpg','','ni','ND','ND'),(204,178,'active','Training Room','','page','Swagger Rd,Green Glen Layout, Bellandur,Bengaluru, Karnataka 560103','Swagger Rd,Green Glen Layout, Bellandur,Bengaluru, Karnataka 560103',12.9291312796641,77.665326744318,'300','abhaybansod@gmail.com','19-05-2016 06:23',-1,'08:00pm','08:00am',-1,'static/178/EventHall.jpg, static/178/meetss.jpg','','nic','ND','ND'),(205,179,'active','Meeting_Room','','meet','Marathahalli - Sarjapur Outer Ring Rd,Green Glen Layout, HSR Layout,Bengaluru, Karnataka 560103','Marathahalli - Sarjapur Outer Ring Rd,Green Glen Layout, HSR Layout,Bengaluru, Karnataka 560103',12.9225453480962,77.6670416817069,'0','abhaybansod@gmail.com','19-05-2016 06:25',-1,'08:00pm','08:00am',-1,'static/179/meet.jpg, static/179/mmetdd.jpg','','nic','ND','ND'),(206,180,'active','Training Room','','game','4, 1st Avenue Rd,KSRP Block, Venkatapura, Koramangala,Bengaluru, Karnataka 560034','4, 1st Avenue Rd,KSRP Block, Venkatapura, Koramangala,Bengaluru, Karnataka 560034',12.9205225427374,77.6296211779118,'0','abhaybansod@gmail.com','19-05-2016 06:59',-1,'08:00pm','08:00am',-1,'static/180/tra.jpg, static/180/eventhalldd.jpg, static/180/meetss.jpg, static/180/mmetdd.jpg, static/180/0','','','ND','ND'),(207,181,'active','Training Room','','india','5th Main Rd,1st Block Koramangala, Koramangala,Bengaluru, Karnataka 560034','5th Main Rd,1st Block Koramangala, Koramangala,Bengaluru, Karnataka 560034',12.9257680778085,77.6345413550735,'0','abhaybansod@gmail.com','19-05-2016 07:44',-1,'08:00pm','08:00am',-1,'','','nic','ND','ND'),(208,182,'active','Meeting_Room','','meet23','5th Main Rd,1st Block Koramangala, Koramangala,Bengaluru, Karnataka 560034','5th Main Rd,1st Block Koramangala, Koramangala,Bengaluru, Karnataka 560034',12.9261049882372,77.6342278718948,'0','abhaybansod@gmail.com','19-05-2016 08:43',-1,'08:00pm','08:00am',-1,'','','nice place','ND','ND'),(213,183,'active','Plug & Play','co-working','my_testing','HSR Layout','HSR Layout,Banglore',12.914941,77.574015,'200/Hr','abcxyz','19-05-2016 10:09',-1,'','',-1,'static/183/av_oa6_l2.jpg','','','ND','ND'),(214,184,'active','Plug & Play','Start Up/Co-Working','brisa','22nd B Main Rd,Parangi Palaya, Sector 2, HSR Layout,Bengaluru, Karnataka 560102','22nd B Main Rd,Parangi Palaya, Sector 2, HSR Layout,Bengaluru, Karnataka 560102',12.9107327829846,77.6478055492043,'100','abhaybansod@gmail.com','19-05-2016 10:31',-1,'08:00pm','08:00am',-1,'static/184/EventHall.jpg, static/184/mmetdd.jpg','','good property','ND','ND'),(215,185,'active','Training Room','co-working','my_testingggggggggg','HSR Layout','HSR Layout,Banglore',12.914941,77.57401501,'500/Hr','abcxyz','19-05-2016 11:59',-1,'8:00pm','10:00am',-1,'','','aaaaaaaaaa','ND','ND'),(216,186,'active','Plug & Play,Event_Hall','Start Up/Co-Working','double','35, 1st Main Rd,S.T. Bed, Cauvery Colony, Ejipura,Bengaluru, Karnataka 560034','35, 1st Main Rd,S.T. Bed, Cauvery Colony, Ejipura,Bengaluru, Karnataka 560034',12.9291979419712,77.6348974183202,'200','abhz@gmail.com','19-05-2016 13:17',-1,'08:00pm','08:00am',-1,'static/186/meetss.jpg, static/186/eventhalldd.jpg','Plug & Play','nice place\n','ND','ND'),(217,187,'active','Event_Hall','','event','Challaghatta,Bengaluru, Karnataka,India','Challaghatta,Bengaluru, Karnataka,India',12.9428153054065,77.6457674056292,'250','abhz@gmail.com','19-05-2016 13:27',-1,'08:00pm','08:00am',-1,'static/187/eventhalldd.jpg','','','ND','ND'),(220,1,'active','Plug & Play','Start Up/Co-Working','play','185, 14th Cross Rd,Sector 6, HSR Layout,Bengaluru, Karnataka 560102','185, 14th Cross Rd,Sector 6, HSR Layout,Bengaluru, Karnataka 560102',12.9154870260685,77.6338835433125,'200','abhaybansod@gmail.com','20-05-2016 07:06',-1,'08:00pm','08:00am',-1,'static/1/meetss.jpg','','','ND','ND'),(221,2,'active','Training Room','','test45','2nd Cross Rd,1st Block Koramangala, Koramangala,Bengaluru, Karnataka 560034','2nd Cross Rd,1st Block Koramangala, Koramangala,Bengaluru, Karnataka 560034',12.9258716671934,77.635806016624,'200','abhaybansod@gmail.com','20-05-2016 07:16',-1,'08:00pm','10:00am',-1,'','','nice','ND','ND'),(222,3,'active','Plug & Play,Training Room','Start Up/Co-Working','testing67','93, Sarjapur Main Rd,Jakkasandra Extension, Koramangala,Bengaluru, Karnataka 560034','93, Sarjapur Main Rd,Jakkasandra Extension, Koramangala,Bengaluru, Karnataka 560034',12.9245070288221,77.6392402499914,'20','abhaybansod@gmail.com','20-05-2016 08:54',-1,'08:00pm','08:00am',-1,'static/3/tra.jpg, static/3/CoworkingSpace1.jpg','Plug & Play','nic','ND','ND'),(223,4,'active','Training Room','','galaxy g','Iblur Village, Bellandur,Bengaluru, Karnataka,India','Iblur Village, Bellandur,Bengaluru, Karnataka,India',12.9274542592962,77.662831954658,'0','abhaybansod@gmail.com','20-05-2016 09:02',-1,'08:00pm','08:00am',-1,'static/4/meetss.jpg','','','ND','ND'),(224,5,'active','Training Room','co-working','my_testingggggggggg','HSR Layout','HSR Layout,Banglore',12.914941,77.57401501,'500/Hr','abcxyz','20-05-2016 09:08',-1,'8:00pm','10:00am',-1,'','','aaaaaaaaaa','ND','ND'),(225,6,'active','Event_Hall','','galaxy y','46, Richmond Rd,Victoria Layout,Bengaluru, Karnataka 560025','46, Richmond Rd,Victoria Layout,Bengaluru, Karnataka 560025',12.9669050376684,77.6136093959212,'0','abhz@gmail.com','20-05-2016 09:13',-1,'08:00pm','08:00am',-1,'static/6/eventhalldd.jpg','','play','ND','ND'),(226,7,'active','Plug & Play','co-working','my_testingggggggggg','HSR Layout','HSR Layout,Banglore',12.914941,77.57401501,'500/Hr','abcxyz','20-05-2016 09:33',-1,'8:00pm','10:00am',-1,'','','aaaaaaaaaa','ND','ND'),(227,188,'active','Meeting_Room','','meet test','Challaghatta,Bengaluru, Karnataka,India','Challaghatta,Bengaluru, Karnataka,India',12.935013179403,77.6524129137397,'0','abhic@gmail.com','20-05-2016 10:00',-1,'08:00pm','08:00am',-1,'static/8/meetinga.jpg','','place','ND','ND'),(228,189,'active','Plug & Play','Start Up/Co-Working','check','PWD Quarters, Sector 1, HSR Layout,Bengaluru, Karnataka,India','PWD Quarters, Sector 1, HSR Layout,Bengaluru, Karnataka,India',12.9072209641097,77.6605872809887,'200','jai@gmail.com','20-05-2016 10:40',-1,'08:00pm','08:00am',-1,'static/189/meetss.jpg, static/189/meetinga.jpg','','good','ND','ND'),(229,190,'active','Training Room','co-working','my_testing','HSR Layout','HSR Layout,Banglore',12.914941,77.574015,'200/Hr','ranjithakr123@gmail.com','20-05-2016 11:07',-1,'9:00pm','9:00am',-1,'','','Good','ND','ND'),(230,191,'active','Training Room','','testing y','Challaghatta,Bengaluru, Karnataka,India','Challaghatta,Bengaluru, Karnataka,India',12.934350819066,77.6438177749515,'0','jai@gmail.com','20-05-2016 11:08',-1,'08:00pm','08:00am',-1,'','','','ND','ND'),(231,192,'active','Training Room','co-working','my_testing','HSR Layout','HSR Layout,Banglore',12.914941,77.574015,'200/Hr','ranjitha@gmail.com','20-05-2016 11:09',-1,'9:00pm','9:00am',-1,'','','Good','ND','ND'),(232,193,'active','Training Room','co-working','my_testing','HSR Layout','HSR Layout,Banglore',12.914941,77.574015,'200/Hr','ranjitha3@gmail.com','20-05-2016 11:12',-1,'9:00pm','9:00am',-1,'','','Good','ND','ND'),(233,194,'active','Meeting_Room','co-working','my_testing','HSR Layout','HSR Layout,Banglore',12.914941,77.574015,'200/Hr','abcxyz','20-05-2016 11:18',-1,'','',-1,'','','','ND','ND'),(234,195,'active','Event_Hall','','zoom','Challaghatta,Bengaluru, Karnataka,India','Challaghatta,Bengaluru, Karnataka,India',12.9365803555158,77.6420438289642,'0','jai11@gmail.com','20-05-2016 11:20',-1,'08:00pm','08:00am',-1,'static/195/eventhalldd.jpg','','plan','ND','ND'),(237,196,'active','Training Room','co-working','testww','931,S.T. Bed, Cauvery Colony, Koramangala,Bengaluru, Karnataka 560034','931,S.T. Bed, Cauvery Colony, Koramangala,Bengaluru, Karnataka 560034',12.9302178076947,77.6342409476638,'200/Hr','jai11@gmail.com','20-05-2016 11:45',-1,'08:00pm','08:00am',-1,'','','','ND','ND'),(238,197,'active','Training Room','','finally','18, Koramangala Indiranagar Ring Rd,Ejipura,Bengaluru, Karnataka 560095','18, Koramangala Indiranagar Ring Rd,Ejipura,Bengaluru, Karnataka 560095',12.9375720892742,77.6352337002754,'0','jayaa@gmail.com','20-05-2016 12:12',-1,'08:00pm','08:00am',-1,'','','test','ND','ND'),(239,198,'active','Plug & Play','Start Up/Co-Working','properties','4th Cross Rd,1st Block Koramangala, Koramangala,Bengaluru, Karnataka 560034','4th Cross Rd,1st Block Koramangala, Koramangala,Bengaluru, Karnataka 560034',12.9267752131599,77.6356253027916,'200','jayaa@gmail.com','20-05-2016 12:49',-1,'08:00pm','08:00am',-1,'static/198/meetinga.jpg, static/198/meetss.jpg','','','ND','ND'),(240,199,'active','Plug & Play','Start Up/Co-Working','edit','508,New Friends Colony, S T Bed Layout, Koramangala,Bengaluru, Karnataka 560095','508,New Friends Colony, S T Bed Layout, Koramangala,Bengaluru, Karnataka 560095',12.9349291999214,77.6328676566482,'250','abhy@gmail.com','20-05-2016 13:57',-1,'08:00pm','08:00am',-1,'static/199/meetss.jpg','','nice','ND','ND'),(241,200,'active','Plug & Play','co-working','my_testingggggggggg','HSR Layout','HSR Layout,Banglore',12.914941,77.57401501,'500/Hr','abcxyz','23-05-2016 04:50',-1,'8:00pm','10:00am',-1,'','','aaaaaaaaaa','ND','ND'),(242,201,'active','Training Room','co-working','my_testingggggggggg','HSR Layout','HSR Layout,Banglore',12.914941,77.57401501,'500/Hr','abcxyz','23-05-2016 05:38',-1,'8:00pm','10:00am',-1,'','','aaaaaaaaaa','ND','ND'),(244,202,'active','Plug & Play,Training Room','Start Up/Co-Working','testtttt','KSRP Block, Venkatapura,Bengaluru, Karnataka 560034,India','KSRP Block, Venkatapura,Bengaluru, Karnataka 560034,India',12.9223064683812,77.631001509726,'200','abhay@gmail.com','23-05-2016 05:54',-1,'08:00pm','08:00am',-1,'','Plug & Play','nice','ND','ND'),(245,203,'active','Event_Hall','','event','21, Cross Rd,1st Block Koramangala, Koramangala,Bengaluru, Karnataka 560034','21, Cross Rd,1st Block Koramangala, Koramangala,Bengaluru, Karnataka 560034',12.9257553333702,77.6329618692398,'0','abhay@gmail.com','23-05-2016 06:01',-1,'08:00pm','08:00am',-1,'static/1/meetss.jpg, static/1/eventhalldd.jpg','','nice place','ND','ND'),(246,204,'active','Event_Hall','','event2','21, Cross Rd,1st Block Koramangala, Koramangala,Bengaluru, Karnataka 560034','21, Cross Rd,1st Block Koramangala, Koramangala,Bengaluru, Karnataka 560034',12.9257553333702,77.6329618692398,'0','abhay@gmail.com','23-05-2016 06:04',-1,'08:00pm','08:00am',-1,'','','nice place','ND','ND'),(247,205,'active','Training Room','','tester pro','6, 2nd B Cross Rd,Koramangala 1A Block, Koramangala 3 Block, Koramangala,Bengaluru, Karnataka 560034','6, 2nd B Cross Rd,Koramangala 1A Block, Koramangala 3 Block, Koramangala,Bengaluru, Karnataka 560034',12.9271176774672,77.6325203105807,'0','jai22@gmail.com','23-05-2016 08:58',-1,'08:00pm','08:00am',-1,'','','nice','ND','ND'),(248,206,'active','Training Room','co-working','my_testingggggggggg','HSR Layout','HSR Layout,Banglore',12.914941,77.57401501,'500/Hr','abcxyz','23-05-2016 09:29',-1,'8:00pm','10:00am',-1,'static/206/av_oa6_l2.jpg','','aaaaaaaaaa','ND','ND'),(249,207,'active','Event_Hall','','fun','7th Cross Rd,Agara Village, Sector 1, HSR Layout,Bengaluru, Karnataka 560102','7th Cross Rd,Agara Village, Sector 1, HSR Layout,Bengaluru, Karnataka 560102',12.9195594986296,77.6441885903478,'0','jai22@gmail.com','23-05-2016 09:36',-1,'08:00pm','08:00am',-1,'static/207/eventhalldd.jpg','','','ND','ND'),(250,208,'active','Meeting_Room','','jack','Kariyammana Agrahara, Bellandur,Bengaluru, Karnataka 560103,India','Kariyammana Agrahara, Bellandur,Bengaluru, Karnataka 560103,India',12.933725055218,77.6816107705235,'0','jai22@gmail.com','23-05-2016 10:55',-1,'08:00pm','08:00am',-1,'','','wow','ND','ND'),(251,209,'active','Meeting_Room','','check','Iblur Village, Bellandur,Bengaluru, Karnataka,India','Iblur Village, Bellandur,Bengaluru, Karnataka,India',12.9248687763583,77.6606546714902,'0','jai22@gmail.com','23-05-2016 10:59',-1,'08:00pm','10:00am',-1,'static/209/meetee.jpg','','wow','ND','ND'),(252,210,'active','Meeting_Room','','jai','87, Mangamma Palya Rd,Sector 7, Mangammanapalya,Bengaluru, Karnataka 560068','87, Mangamma Palya Rd,Sector 7, Mangammanapalya,Bengaluru, Karnataka 560068',12.9054147078879,77.6357154920697,'0','jai22@gmail.com','23-05-2016 11:06',-1,'08:00pm','08:00am',-1,'static/210/eventhalldd.jpg','','','ND','ND'),(253,211,'active','Meeting_Room','','che','2nd Main Rd,1st Block Koramangala, Koramangala,Bengaluru, Karnataka 560034','2nd Main Rd,1st Block Koramangala, Koramangala,Bengaluru, Karnataka 560034',12.9283306770359,77.6352337002754,'0','jai22@gmail.com','23-05-2016 11:12',-1,'08:00pm','08:00am',-1,'static/211/eventhalldd.jpg','','','ND','ND'),(254,212,'active','Meeting_Room','','meet','Cherry Ln,Green Glen Layout, Bellandur,Bengaluru, Karnataka 560103','Cherry Ln,Green Glen Layout, Bellandur,Bengaluru, Karnataka 560103',12.9275437965218,77.6695669814944,'0','jai22@gmail.com','23-05-2016 11:27',-1,'08:00pm','10:00am',-1,'static/212/meetinga.jpg, static/212/eventhalldd.jpg','','wow','ND','ND'),(255,213,'active','Plug & Play,Training Room','Start Up/Co-Working','dell','381-382, 1st Cross Rd,Koramangala 3 Block, Koramangala,Bengaluru, Karnataka 560034','381-382, 1st Cross Rd,Koramangala 3 Block, Koramangala,Bengaluru, Karnataka 560034',12.9265301286821,77.6237038895488,'20','jai22@gmail.com','23-05-2016 12:19',-1,'08:00pm','08:00am',-1,'static/213/eventhalldd.jpg, static/213/meetinga.jpg, static/213/tra.jpg','Plug & Play','ac avaliable','ND','ND'),(256,214,'active','Plug & Play,Training Room,Event_Hall,Meeting_Room','Start Up/Co-Working','nnn','799, 22nd Cross Rd,Sector 3, HSR Layout,Bengaluru, Karnataka 560102','799, 22nd Cross Rd,Sector 3, HSR Layout,Bengaluru, Karnataka 560102',12.9085673959381,77.6403956115246,'0','jai22@gmail.com','24-05-2016 04:48',-1,'08:00pm','08:00am',-1,'static/214/meetinga.jpg, static/214/meetss.jpg, static/214/meetee.jpg, static/214/eventhalldd.jpg','Plug & Play','wow','ND','ND'),(257,215,'active','Plug & Play','','tested23','118, 13th Main Rd,Jakkasandra, Sector 7, HSR Layout,Bengaluru, Karnataka 560034','118, 13th Main Rd,Jakkasandra, Sector 7, HSR Layout,Bengaluru, Karnataka 560034',12.9165987764899,77.6377774402499,'200','jai22@gmail.com','24-05-2016 04:53',-1,'08:00pm','08:00am',-1,'static/215/meetinga.jpg','','','ND','ND'),(258,216,'active','Training Room','co-working','my_testingggggggggg','HSR Layout','HSR Layout,Banglore',12.914941,77.57401501,'500/Hr','abcxyz','24-05-2016 04:56',-1,'8:00pm','10:00am',-1,'static/216/av_oa6_l2.jpg','','aaaaaaaaaa','ND','ND'),(259,217,'active','Training Room','co-working','my_testingggggggggg','HSR Layout','HSR Layout,Banglore',12.914941,77.57401501,'500/Hr','abcxyz','24-05-2016 04:59',-1,'8:00pm','10:00am',-1,'static/217/av_oa6_l2.jpg','','aaaaaaaaaa','ND','ND'),(269,218,'active','Plug & Play','Start Up/Co-Working','test','hsr','3rd \'A\' main,Teacher\'s Colony, Jakkasandra, 1st Block Koramangala, HSR Layout 5th Sector,Bengaluru, Karnataka 560034',12.9190706224258,77.6347981765866,'300','jai22@gmail.com','24-05-2016 05:45',-1,'08:00pm','08:00am',-1,'static/218/meetss.jpg','','wow','ND','ND'),(272,219,'active','Plug & Play','Start Up/Co-Working','test','3rd \'A\' main,Teacher\'s Colony, Jakkasandra, 1st Block Koramangala, HSR Layout 5th Sector,Bengaluru, Karnataka 560034','3rd \'A\' main,Teacher\'s Colony, Jakkasandra, 1st Block Koramangala, HSR Layout 5th Sector,Bengaluru, Karnataka 560034',12.9190706224258,77.6347981765866,'300','jai22@gmail.com','24-05-2016 06:40',-1,'08:00pm','08:00am',-1,'static/219/meetss.jpg','','wow','ND','ND'),(273,220,'active','Training Room','','test10','D3, Sarjapur Main Rd,Iblur Village, Bellandur,Bengaluru, Karnataka 560103','D3, Sarjapur Main Rd,Iblur Village, Bellandur,Bengaluru, Karnataka 560103',12.9239747001937,77.6633861660957,'0','jai22@gmail.com','24-05-2016 06:57',-1,'08:00pm','08:00am',-1,'static/220/eventhalldd.jpg','','','ND','ND'),(274,221,'active','Plug & Play,Training Room','Start Up/Co-Working','testing 1n2','12th Cross Rd,Sector 4, HSR Layout,Bengaluru, Karnataka 560102','12th Cross Rd,Sector 4, HSR Layout,Bengaluru, Karnataka 560102',12.9159566284814,77.6409820094705,'10','jai22@gmail.com','24-05-2016 08:58',-1,'08:00pm','08:00am',-1,'static/221/meetss.jpg, static/221/eventhalldd.jpg','Plug & Play','wow','ND','ND'),(275,222,'active','Plug & Play,Training Room','Start Up/Co-Working','testing jj','12th Cross Rd,Sector 4, HSR Layout,Bengaluru, Karnataka 560102','12th Cross Rd,Sector 4, HSR Layout,Bengaluru, Karnataka 560102',12.9159566284814,77.6409820094705,'10','jai22@gmail.com','24-05-2016 09:01',-1,'08:00pm','08:00am',-1,'','Plug & Play','wow','ND','ND'),(276,223,'active','Plug & Play','Start Up/Co-Working','player','122, 3rd Main Rd,1st Block Koramangala, Koramangala,Bengaluru, Karnataka 560034','122, 3rd Main Rd,1st Block Koramangala, Koramangala,Bengaluru, Karnataka 560034',12.9279712219593,77.6353983208537,'20','jai22@gmail.com','24-05-2016 09:27',-1,'08:00pm','08:00am',-1,'static/223/eventhalldd.jpg','','wow....','ND','ND'),(277,224,'active','Training Room','','player 2','PWD Quarters, Sector 1, HSR Layout,Bengaluru, Karnataka,India','PWD Quarters, Sector 1, HSR Layout,Bengaluru, Karnataka,India',12.9038783830731,77.6535904034972,'400','jai22@gmail.com','24-05-2016 09:35',-1,'08:00pm','09:00am',-1,'static/224/CoworkingSpace1.jpg','','wow...','ND','ND'),(278,225,'active','Training Room','','players','486,Sector 7, HSR Layout,Bengaluru, Karnataka 560102','486,Sector 7, HSR Layout,Bengaluru, Karnataka 560102',12.9081108517836,77.6367414370179,'0','jai22@gmail.com','24-05-2016 09:41',-1,'08:00pm','09:00am',-1,'static/225/tra.jpg','','wow..','ND','ND'),(279,226,'active','Training Room','','players 3','3rd Main Rd,Sector 6, HSR Layout,Bengaluru, Karnataka 560102','3rd Main Rd,Sector 6, HSR Layout,Bengaluru, Karnataka 560102',12.9161814621703,77.6304694265127,'0','jai22@gmail.com','24-05-2016 09:47',-1,'08:00pm','08:00am',-1,'static/226/meetinga.jpg','','wow.','ND','0'),(280,227,'active','Event_Hall','','evwnt','38/4, Sarjapur Main Rd,Jakkasandra Extension, Koramangala,Bengaluru, Karnataka 560034','38/4, Sarjapur Main Rd,Jakkasandra Extension, Koramangala,Bengaluru, Karnataka 560034',12.9246024491806,77.6404254510999,'0','jai22@gmail.com','24-05-2016 09:54',-1,'08:00pm','08:00am',-1,'static/227/coffeeshop - Copy.jpg','','wow','ND','ND'),(281,228,'active','Event_Hall','','tests 12','4th Cross Rd,Madiwala, Stage 1, BTM Layout 1,Bengaluru, Karnataka 560068','4th Cross Rd,Madiwala, Stage 1, BTM Layout 1,Bengaluru, Karnataka 560068',12.9233191730185,77.6165068522096,'0','jai22@gmail.com','24-05-2016 10:00',-1,'08:00pm','08:00am',-1,'static/228/meetss.jpg, static/228/CoworkingSpace1.jpg, static/228/meetee.jpg','','','ND','ND'),(282,229,'active','Event_Hall','','event23','3rd Ave St,Teacher\'s Colony, 1st Block Koramangala, HSR Layout 5th Sector,Bengaluru, Karnataka 560034','3rd Ave St,Teacher\'s Colony, 1st Block Koramangala, HSR Layout 5th Sector,Bengaluru, Karnataka 560034',12.9187650743125,77.6296231895685,'0','jai22@gmail.com','24-05-2016 10:07',-1,'08:00pm','08:00am',-1,'static/229/meet.jpg, static/229/meetss.jpg','','wow','ND','ND'),(283,230,'active','Meeting_Room','','meet','PWD Quarters, Sector 1, HSR Layout,Bengaluru, Karnataka,India','PWD Quarters, Sector 1, HSR Layout,Bengaluru, Karnataka,India',12.9174023578558,77.6591509580612,'0','jai22@gmail.com','24-05-2016 10:10',-1,'08:00pm','08:00am',-1,'static/230/mmetdd.jpg','','wow','ND','ND'),(284,231,'active','Meeting_Room','','match','12th Cross Rd,Sector 4, HSR Layout,Bengaluru, Karnataka 560102','12th Cross Rd,Sector 4, HSR Layout,Bengaluru, Karnataka 560102',12.9159566284814,77.6409820094705,'0','jai22@gmail.com','24-05-2016 10:33',-1,'08:00pm','08:00am',-1,'static/231/mmetdd.jpg','','','ND','ND'),(285,232,'active','Meeting_Room','co-working','my_testingggggggggg','HSR Layout','HSR Layout,Banglore',12.914941,77.57401501,'500/Hr','ranjithakr123@gmail.com','24-05-2016 11:05',-1,'','',-1,'','','aaaaaaaaaa','ND','11%'),(286,233,'active','Plug & Play','Start Up/Co-Working','play','14, 1st Avenue Rd,KSRP Block, Venkatapura, Koramangala,Bengaluru, Karnataka 560034','14, 1st Avenue Rd,KSRP Block, Venkatapura, Koramangala,Bengaluru, Karnataka 560034',12.9200506613922,77.6303349807858,'250','jai22@gmail.com','24-05-2016 11:22',-1,'08:00pm','08:00am',-1,'static/233/meetss.jpg','','wow','ND','2'),(287,234,'active','Plug & Play','','check','7th Cross Rd,ITI Layout, Sector 7, HSR Layout,Bengaluru, Karnataka 560068','7th Cross Rd,ITI Layout, Sector 7, HSR Layout,Bengaluru, Karnataka 560068',12.9025538223222,77.6398973912001,'30','jai22@gmail.com','24-05-2016 11:34',-1,'08:00pm','08:00am',-1,'','','','ND','5'),(289,236,'active','Event_Hall','','event','Tank Shore Rd,BTM 2nd Stage, EWS Colony, Stage 2, BTM 2nd Stage,Bengaluru, Karnataka 560068','Tank Shore Rd,BTM 2nd Stage, EWS Colony, Stage 2, BTM 2nd Stage,Bengaluru, Karnataka 560068',12.9134465165389,77.6169189065695,'300','jai22@gmail.com','24-05-2016 12:38',-1,'08:00pm','08:00am',-1,'static/236/tra.jpg','','wow..','ND','6'),(290,237,'active','Meeting_Room','co-working','my_testingggggggggg','HSR Layout','HSR Layout,Banglore',12.914941,77.57401501,'500/Hr','ranjithakr123@gmail.com','24-05-2016 12:46',-1,'','',-1,'','','aaaaaaaaaa','ND','11%'),(291,238,'active','Training Room','','brisa','161, 5th Cross Rd,Sector 2, PWD Quarters, Sector 1, HSR Layout,Bengaluru, Karnataka 560102','161, 5th Cross Rd,Sector 2, PWD Quarters, Sector 1, HSR Layout,Bengaluru, Karnataka 560102',12.9203147059113,77.6523099839687,'0','jai22@gmail.com','25-05-2016 05:38',-1,'08:00pm','10:00am',-1,'static/238/CoworkingSpace1.jpg','','nice...','ND','5'),(292,239,'active','Training Room','','brisa1','29, Asian Highway 45,Central Silk Board Colony, Stage 2, BTM Layout,Bengaluru, Karnataka 560068','29, Asian Highway 45,Central Silk Board Colony, Stage 2, BTM Layout,Bengaluru, Karnataka 560068',12.9157889834624,77.62435734272,'200','jai22@gmail.com','25-05-2016 05:49',-1,'08:00pm','08:00am',-1,'static/239/eventhalldd.jpg, static/239/meetinga.jpg, static/239/tra.jpg','','nic','ND','3');

--
-- Table structure for table `BizPit_app_property_facility`
--

CREATE TABLE `BizPit_app_property_facility` (
  `id` int(11) NOT NULL AUTO_INCREMENT,
  `property_id` int(11) NOT NULL,
  `Wifi` tinyint(1) NOT NULL,
  `Coffee_tea` tinyint(1) NOT NULL,
  `Water_bottle` tinyint(1) NOT NULL,
  `Printer` tinyint(1) NOT NULL,
  `Charging_Point` tinyint(1) NOT NULL,
  `Changing_room` tinyint(1) NOT NULL,
  `Library` tinyint(1) NOT NULL,
  `Massage_chair` tinyint(1) NOT NULL,
  `Locker` tinyint(1) NOT NULL,
  `AC` tinyint(1) NOT NULL,
  `Hourly_deal` tinyint(1) NOT NULL,
  `Half_day_deal` tinyint(1) NOT NULL,
  `Full_day_deal` tinyint(1) NOT NULL,
  `Projector` tinyint(1) NOT NULL,
  `Projection_screen` tinyint(1) NOT NULL,
  `PA_system` tinyint(1) NOT NULL,
  `PC_or_Laptop` tinyint(1) NOT NULL,
  `Seat_up` varchar(100) NOT NULL,
  `Chair` varchar(100) NOT NULL,
  `Stationary` varchar(100) NOT NULL,
  `Complemetry` varchar(100) NOT NULL,
  `Add_On` varchar(100) NOT NULL,
  `Meeting_room_images` longtext NOT NULL,
  `Conference_room_images` longtext NOT NULL,
  PRIMARY KEY (`id`)
) ENGINE=InnoDB AUTO_INCREMENT=321 DEFAULT CHARSET=latin1;

--
-- Dumping data for table `BizPit_app_property_facility`
--

INSERT INTO `BizPit_app_property_facility` VALUES (2,2,1,0,0,1,1,0,1,0,1,0,0,0,0,1,1,0,1,'ND','ND','basic','ND','ND','',''),(3,3,1,0,1,1,1,0,0,0,0,0,0,0,0,1,1,0,0,'common','ND','ND','ND','ND','',''),(5,4,1,1,1,1,1,1,1,0,1,1,0,0,0,1,1,0,1,'common','office','ND','ND','ND','',''),(9,8,1,0,1,0,1,0,0,0,0,0,0,0,0,0,0,0,0,'common','ND','ND','ND','ND','',''),(10,9,1,1,1,0,0,0,0,0,0,0,0,0,0,0,0,0,0,'ND','ND','ND','ND','ND','',''),(11,10,1,0,1,0,1,0,0,0,0,1,0,0,0,0,0,0,0,'ND','ND','ND','ND','ND','',''),(12,11,1,0,1,0,1,0,0,0,0,0,0,0,0,0,0,0,0,'common','ND','ND','ND','ND','',''),(13,12,1,1,1,1,1,0,0,0,1,0,0,0,0,0,0,0,1,'ND','ND','ND','ND','ND','',''),(14,13,0,0,0,1,1,0,0,0,1,0,0,0,0,1,1,0,1,'common','ND','ND','ND','ND','',''),(15,14,1,0,0,1,1,0,0,0,0,1,0,0,0,0,0,0,0,'common','ND','basic','ND','ND','',''),(16,15,1,0,0,1,0,0,1,0,0,1,0,0,0,1,1,0,0,'ND','ND','ND','ND','ND','',''),(18,17,1,0,1,1,1,0,1,0,1,1,0,0,0,0,0,0,1,'ND','ND','ND','ND','ND','',''),(19,18,1,0,0,0,0,0,1,0,0,1,0,0,0,0,0,0,0,'ND','ND','basic','ND','ND','',''),(20,19,1,0,1,1,1,0,0,0,0,1,0,0,0,1,0,0,1,'common','ND','ND','ND','ND','',''),(21,20,1,1,1,1,1,1,0,0,1,0,0,0,0,1,0,0,1,'common','ND','ND','ND','ND','',''),(22,21,1,1,1,0,1,0,0,0,1,0,0,0,0,1,0,0,1,'common','ND','ND','ND','ND','',''),(23,22,1,1,1,0,1,1,0,0,0,1,0,0,0,0,0,0,1,'common','ND','basic','ND','ND','',''),(24,23,1,1,1,1,1,1,1,0,1,1,0,0,0,1,0,0,1,'common','ND','basic','ND','ND','',''),(25,24,1,1,1,1,1,1,0,0,1,1,0,0,0,1,1,0,1,'common','ND','basic','ND','ND','',''),(26,25,1,1,1,0,1,1,1,0,1,1,0,0,0,0,0,0,0,'common','ND','basic','ND','ND','',''),(27,26,1,1,1,1,1,1,0,0,0,1,0,0,0,1,1,0,1,'common','ND','ND','ND','ND','',''),(28,27,1,0,1,0,1,0,0,0,0,1,0,0,0,1,1,0,1,'common','ND','ND','ND','ND','',''),(29,28,1,0,1,0,1,0,1,0,0,0,0,0,0,1,1,0,1,'common','ND','basic','ND','ND','',''),(30,29,0,0,1,0,1,1,0,0,0,1,0,0,0,1,1,0,1,'common','ND','ND','ND','ND','',''),(31,30,0,0,1,0,1,0,0,0,0,1,0,0,0,1,1,0,1,'common','ND','ND','ND','ND','',''),(32,30,1,1,1,1,1,1,0,0,0,1,0,0,0,1,1,0,1,'common','ND','ND','ND','ND','',''),(33,31,0,0,1,0,1,0,0,0,0,1,0,0,0,1,1,0,1,'common','ND','ND','ND','ND','',''),(34,32,1,1,1,1,1,1,1,0,1,1,0,0,0,1,1,0,1,'common','ND','basic','ND','ND','',''),(35,33,1,0,1,1,1,1,0,0,0,1,0,0,0,1,1,0,1,'common','ND','basic','ND','ND','',''),(36,34,1,1,1,1,0,0,0,0,0,0,0,0,0,1,0,0,0,'ND','ND','ND','ND','ND','',''),(37,35,1,1,1,1,0,0,0,0,0,0,0,0,0,1,0,0,0,'ND','ND','basic','ND','ND','',''),(38,36,0,0,0,0,0,0,0,0,0,0,0,0,0,0,0,0,0,'ND','ND','ND','ND','ND','',''),(39,36,0,0,0,0,0,0,0,0,0,0,0,0,0,0,0,0,0,'ND','ND','ND','ND','ND','',''),(40,37,0,0,0,0,0,0,0,0,0,0,0,0,0,0,0,0,0,'ND','ND','ND','ND','ND','',''),(41,38,1,0,1,1,0,0,0,0,1,0,0,0,0,1,0,0,1,'ND','ND','ND','ND','ND','',''),(42,38,1,1,1,1,1,0,0,0,0,0,0,0,0,1,0,0,1,'ND','ND','basic','ND','ND','',''),(43,39,1,1,1,1,1,1,0,0,0,0,0,0,0,1,0,0,0,'ND','ND','basic','ND','ND','',''),(44,40,0,0,0,0,0,0,0,0,0,0,0,0,0,0,0,0,0,'ND','ND','ND','ND','ND','',''),(45,41,0,0,0,0,0,0,0,0,0,0,0,0,0,0,0,0,0,'ND','ND','ND','ND','ND','',''),(46,41,0,0,0,0,0,0,0,0,0,0,0,0,0,0,0,0,0,'ND','ND','ND','ND','ND','',''),(47,42,1,1,1,1,1,0,0,0,0,1,0,0,0,1,0,0,1,'common','ND','ND','ND','ND','',''),(48,43,1,1,1,1,1,0,0,0,0,0,0,0,0,1,1,0,0,'ND','ND','ND','ND','ND','',''),(49,44,1,1,1,1,0,1,0,0,0,0,0,0,0,1,1,0,0,'common','ND','ND','ND','ND','',''),(50,45,1,1,1,1,1,0,0,0,1,0,0,0,0,1,1,0,0,'common','ND','ND','ND','ND','',''),(51,46,1,1,1,1,1,0,0,0,0,1,0,0,0,1,0,0,1,'common','ND','basic','ND','ND','',''),(52,47,1,1,1,1,1,0,0,0,0,1,0,0,0,1,1,0,1,'common','ND','basic','ND','ND','',''),(53,48,0,0,0,0,0,0,0,0,0,0,0,0,0,0,0,0,0,'ND','ND','ND','ND','ND','',''),(54,49,0,0,0,0,0,0,0,0,0,0,0,0,0,0,0,0,0,'ND','ND','ND','ND','ND','',''),(56,49,0,0,0,0,0,0,0,0,0,0,0,0,0,0,0,0,0,'ND','ND','ND','ND','ND','',''),(57,49,0,0,0,0,0,0,0,0,0,0,0,0,0,0,0,0,0,'ND','ND','ND','ND','ND','',''),(59,51,1,1,1,0,1,1,0,0,1,1,0,0,0,1,1,0,1,'common','ND','ND','ND','ND','',''),(60,52,1,1,1,0,1,1,0,0,0,1,0,0,0,1,1,0,1,'common','ND','ND','ND','ND','',''),(61,52,1,1,1,0,1,1,0,0,0,1,0,0,0,1,1,0,1,'common','ND','ND','ND','ND','',''),(62,53,1,1,1,0,1,1,0,0,0,1,0,0,0,1,1,0,1,'common','ND','ND','ND','ND','',''),(63,54,1,1,1,0,1,0,0,0,1,0,0,0,0,1,1,0,1,'ND','ND','ND','ND','ND','',''),(64,55,0,0,0,0,0,0,0,0,0,0,0,0,0,0,0,0,0,'ND','ND','ND','ND','ND','',''),(65,56,1,1,1,0,0,1,0,0,0,1,0,0,0,1,1,0,0,'ND','ND','ND','ND','ND','',''),(66,57,0,1,0,1,1,0,0,0,1,1,0,0,0,1,1,0,1,'ND','ND','ND','ND','ND','',''),(67,58,1,1,1,0,1,1,0,0,1,1,0,0,0,1,1,0,1,'common','ND','ND','ND','ND','',''),(68,59,1,1,1,0,1,1,0,0,1,0,0,0,0,1,1,0,1,'ND','ND','ND','ND','ND','',''),(69,60,0,0,0,1,1,1,0,0,1,1,0,0,0,1,1,0,1,'common','ND','ND','ND','ND','',''),(70,61,1,1,1,0,1,0,0,0,1,1,0,0,0,1,1,0,1,'common','ND','ND','ND','ND','',''),(71,62,0,0,0,1,1,1,0,0,1,1,0,0,0,1,1,0,0,'ND','ND','basic','ND','ND','',''),(72,63,1,1,0,0,0,0,0,0,1,1,0,0,0,1,1,0,1,'common','ND','ND','ND','ND','',''),(73,64,0,1,0,1,1,0,0,0,0,0,0,0,0,1,1,0,1,'common','ND','ND','ND','ND','',''),(74,65,1,1,1,0,0,1,0,0,1,1,0,0,0,1,1,0,1,'common','ND','ND','ND','ND','',''),(75,66,1,1,0,1,1,1,0,0,1,1,0,0,0,1,1,0,1,'common','ND','ND','ND','ND','',''),(76,67,0,1,1,0,1,1,0,0,1,1,0,0,0,1,1,0,1,'common','ND','ND','ND','ND','',''),(77,68,1,1,1,0,1,1,0,0,1,1,0,0,0,1,1,0,1,'common','ND','ND','ND','ND','',''),(78,69,1,1,1,1,1,0,1,0,1,1,0,0,0,1,1,0,1,'common','ND','ND','ND','ND','',''),(79,70,1,0,0,0,0,0,0,0,0,0,0,0,0,0,0,0,0,'ND','ND','basic','ND','ND','',''),(80,71,1,1,1,1,1,1,1,0,1,1,0,0,0,1,1,0,1,'ND','ND','ND','ND','ND','',''),(81,72,1,1,1,1,1,1,0,0,0,0,0,0,0,1,1,0,1,'common','ND','ND','ND','ND','',''),(82,73,1,1,1,1,1,1,0,0,1,0,0,0,0,1,1,0,1,'common','ND','basic','ND','ND','',''),(83,74,1,1,1,1,1,0,0,0,0,1,0,0,0,1,1,0,1,'common','ND','ND','ND','ND','',''),(84,74,1,1,1,0,1,1,0,0,1,1,0,0,0,1,1,0,1,'common','ND','ND','ND','ND','',''),(85,74,0,1,1,0,1,1,0,0,1,1,0,0,0,1,1,0,1,'common','ND','ND','ND','ND','',''),(86,75,1,1,1,1,1,0,0,0,1,1,0,0,0,1,1,0,0,'common','ND','basic','ND','ND','',''),(87,76,1,1,1,1,1,1,0,0,1,1,0,0,0,1,1,0,1,'common','ND','ND','ND','ND','',''),(88,77,1,1,1,1,1,0,0,0,1,1,0,0,0,1,1,0,1,'common','ND','ND','ND','ND','',''),(89,78,0,0,0,0,0,0,0,0,0,0,0,0,0,0,0,0,0,'ND','ND','ND','ND','ND','',''),(90,78,1,1,0,0,0,0,0,0,0,0,0,0,0,0,0,0,0,'common','ND','basic','ND','ND','',''),(91,79,1,1,0,1,1,1,0,0,1,1,0,0,0,1,0,0,0,'ND','ND','ND','ND','ND','',''),(92,80,0,0,1,1,0,0,0,0,0,1,0,0,0,1,0,0,0,'common','ND','ND','ND','ND','',''),(93,81,1,0,1,0,1,0,0,0,1,0,0,0,0,0,0,0,1,'ND','ND','basic','ND','ND','',''),(94,82,1,0,1,1,0,0,1,0,0,1,0,0,0,0,0,0,1,'common','ND','basic','ND','ND','',''),(95,83,1,0,0,0,1,0,1,0,0,1,0,0,0,1,0,0,1,'common','ND','basic','ND','ND','',''),(96,84,1,0,0,1,1,0,1,0,0,0,0,0,0,1,0,0,0,'ND','ND','basic','ND','ND','',''),(97,85,1,1,1,1,0,0,0,0,1,0,0,0,0,0,0,0,0,'common','ND','basic','ND','ND','',''),(98,86,1,0,0,0,0,0,0,0,0,0,0,0,0,0,0,0,0,'ND','ND','ND','ND','ND','',''),(99,86,1,0,0,0,1,0,0,0,0,0,0,0,0,0,0,0,1,'ND','ND','basic','ND','ND','',''),(100,86,1,0,0,0,0,0,1,0,0,0,0,0,0,0,0,0,1,'ND','ND','basic','ND','ND','',''),(101,86,1,0,0,0,1,0,0,0,0,0,0,0,0,1,0,0,1,'ND','ND','basic','ND','ND','',''),(102,86,1,0,0,1,1,0,0,0,0,0,0,0,0,1,0,0,0,'ND','ND','ND','ND','ND','',''),(103,86,1,0,0,1,1,0,0,0,0,0,0,0,0,1,0,0,0,'common','ND','ND','ND','ND','',''),(104,86,1,0,0,1,1,0,0,0,0,0,0,0,0,0,0,0,0,'ND','ND','basic','ND','ND','',''),(105,86,1,0,0,0,0,0,0,0,0,0,0,0,0,0,0,0,0,'ND','ND','ND','ND','ND','',''),(106,86,1,0,0,0,0,0,0,0,0,0,0,0,0,0,0,0,0,'ND','ND','ND','ND','ND','',''),(107,87,0,0,0,0,0,0,0,0,0,0,0,0,0,0,0,0,0,'ND','ND','ND','ND','ND','',''),(108,88,0,0,0,0,0,0,0,0,0,0,0,0,0,0,0,0,0,'ND','ND','ND','ND','ND','',''),(110,90,0,0,0,0,1,0,0,0,1,0,0,0,0,0,0,0,0,'ND','ND','basic','ND','ND','',''),(111,91,0,1,0,1,0,0,0,0,1,0,0,0,0,1,0,0,0,'ND','ND','ND','ND','ND','',''),(112,92,0,1,0,0,0,0,0,0,1,0,0,0,0,1,1,0,0,'ND','ND','ND','ND','ND','',''),(113,93,0,0,0,0,0,0,0,0,0,0,0,0,0,0,0,0,0,'ND','ND','ND','ND','ND','',''),(114,94,1,0,0,1,0,0,1,0,0,1,0,0,0,1,0,0,0,'ND','ND','ND','ND','ND','',''),(115,95,0,0,1,1,1,1,0,0,1,1,0,0,0,1,0,0,1,'ND','ND','basic','ND','ND','',''),(116,96,1,1,1,1,1,0,0,0,0,0,0,0,0,1,1,0,1,'ND','ND','basic','ND','ND','',''),(118,97,1,0,0,0,1,1,0,0,1,0,0,0,0,1,0,0,0,'ND','ND','basic','ND','ND','',''),(119,98,1,0,0,0,0,1,1,0,1,0,0,0,0,0,0,0,0,'ND','ND','ND','ND','ND','',''),(120,99,1,0,0,0,1,0,0,0,0,0,0,0,0,0,0,0,1,'ND','ND','basic','ND','ND','',''),(121,100,1,0,0,0,0,0,1,0,0,0,0,0,0,1,0,0,1,'ND','ND','basic','ND','ND','',''),(123,101,0,0,1,0,0,0,0,0,0,1,0,0,0,0,0,0,1,'common','ND','basic','ND','ND','',''),(124,102,0,0,0,0,0,0,0,0,0,0,0,0,0,0,0,0,0,'ND','ND','ND','ND','ND','',''),(125,103,0,0,1,1,0,0,0,0,0,1,0,0,0,0,0,0,0,'common','ND','ND','ND','ND','',''),(127,104,0,0,0,0,0,0,0,0,0,0,0,0,0,0,0,0,0,'ND','ND','ND','ND','ND','',''),(128,105,0,0,1,1,0,0,0,0,0,1,0,0,0,1,0,0,0,'common','ND','ND','ND','ND','',''),(129,106,1,0,0,1,0,0,1,0,0,0,0,0,0,1,0,0,0,'ND','ND','ND','ND','ND','',''),(130,107,0,0,0,0,0,0,0,0,0,0,0,0,0,0,0,0,0,'ND','ND','ND','ND','ND','',''),(131,108,0,0,0,0,0,0,0,0,0,0,0,0,0,0,0,0,0,'ND','ND','ND','ND','ND','',''),(132,109,0,0,0,0,0,0,0,0,0,0,0,0,0,0,0,0,0,'ND','ND','ND','ND','ND','',''),(133,110,0,1,1,0,0,0,0,0,0,1,0,0,0,0,0,0,0,'ND','ND','ND','ND','ND','',''),(134,111,0,0,0,1,0,0,1,0,0,0,0,0,0,1,0,0,0,'common','ND','ND','ND','ND','',''),(135,112,1,0,0,0,0,0,1,0,0,0,0,0,0,1,0,0,0,'common','ND','basic','ND','ND','',''),(136,113,0,0,0,0,0,0,0,0,0,0,0,0,0,0,0,0,0,'ND','ND','ND','ND','ND','',''),(137,114,0,1,1,0,1,1,1,0,1,1,0,0,0,0,0,0,0,'ND','ND','basic','ND','ND','',''),(138,115,0,1,1,0,1,1,1,0,1,1,0,0,0,0,0,0,0,'ND','ND','basic','ND','ND','',''),(139,116,0,0,1,0,0,0,0,0,0,1,0,0,0,0,0,0,0,'ND','ND','basic','ND','ND','',''),(140,117,0,0,0,0,0,0,0,0,0,0,0,0,0,0,0,0,0,'ND','ND','ND','ND','ND','',''),(141,118,0,0,1,0,0,0,0,0,0,0,0,0,0,0,0,0,0,'ND','office','ND','ND','ND','',''),(142,119,0,0,0,0,0,0,0,0,0,0,0,0,0,0,0,0,0,'ND','ND','ND','ND','ND','',''),(143,120,0,1,1,0,1,1,1,0,1,1,0,0,0,0,0,0,0,'ND','ND','basic','ND','ND','',''),(144,121,0,0,1,1,0,0,0,0,0,1,0,0,0,1,0,0,0,'ND','office','ND','ND','ND','',''),(145,122,0,0,1,1,0,0,0,0,0,1,0,0,0,1,1,0,1,'ND','office','basic','ND','ND','',''),(146,122,0,0,1,0,0,0,0,0,0,1,0,0,0,1,1,0,0,'ND','ND','ND','ND','ND','',''),(147,123,0,0,1,0,0,0,0,0,0,1,0,0,0,0,0,0,0,'ND','ND','ND','ND','ND','',''),(148,124,0,0,1,1,0,1,0,0,1,1,0,0,0,1,0,0,0,'ND','ND','ND','ND','ND','',''),(149,125,0,0,1,0,0,0,0,0,1,1,0,0,0,0,0,0,0,'ND','ND','ND','ND','ND','',''),(150,126,1,0,0,0,0,0,1,0,0,0,0,0,0,1,0,0,0,'common','ND','ND','ND','ND','',''),(151,127,0,0,1,1,0,0,0,0,0,1,0,0,0,1,1,0,0,'ND','ND','ND','ND','ND','',''),(152,128,1,1,1,1,0,0,0,0,0,0,0,0,0,1,0,0,0,'ND','ND','ND','ND','ND','',''),(153,129,0,0,1,1,0,0,0,0,1,1,0,0,0,1,1,0,0,'ND','office','ND','ND','ND','',''),(154,130,0,0,1,1,0,0,0,0,1,1,0,0,0,1,0,0,0,'common','ND','basic','ND','ND','',''),(155,131,0,1,1,0,1,1,1,0,1,1,0,0,0,0,0,0,0,'ND','ND','ND','ND','ND','',''),(156,132,0,0,0,1,0,0,1,0,1,0,0,0,0,0,0,0,0,'common','office','basic','ND','ND','',''),(157,133,1,0,0,1,0,0,1,0,0,0,0,0,0,1,1,0,0,'ND','office','ND','ND','ND','',''),(158,134,1,1,1,1,0,1,0,0,0,0,0,0,0,0,0,0,1,'common','office','ND','ND','ND','',''),(159,135,1,1,1,1,1,1,0,0,0,0,0,0,0,0,0,0,1,'common','office','ND','ND','ND','',''),(160,136,1,1,1,1,1,1,0,0,0,0,0,0,0,1,0,0,1,'common','office','ND','ND','ND','',''),(161,136,1,1,0,0,0,1,0,0,0,0,0,0,0,0,0,0,0,'common','office','basic','ND','ND','',''),(162,137,1,1,1,0,0,0,0,0,1,1,0,0,0,1,1,0,0,'common','office','basic','ND','ND','',''),(163,138,1,0,0,1,1,1,1,0,1,1,0,0,0,1,0,0,0,'common','ND','ND','ND','ND','',''),(164,139,1,1,1,1,1,0,0,0,0,0,0,0,0,1,0,0,1,'common','office','basic','ND','ND','',''),(165,140,1,1,1,1,0,0,0,0,0,0,0,0,0,0,0,0,0,'ND','ND','ND','ND','ND','',''),(166,141,1,0,0,1,0,0,1,0,0,0,0,0,0,1,0,0,0,'common','ND','basic','ND','ND','',''),(167,142,1,0,1,1,1,1,0,0,1,0,0,0,0,1,0,0,0,'ND','office','ND','ND','ND','',''),(168,143,1,0,0,1,0,0,0,0,0,1,0,0,0,0,0,0,0,'ND','ND','ND','ND','ND','',''),(169,144,0,0,0,0,0,0,0,0,0,0,0,0,0,0,0,0,0,'ND','ND','ND','ND','ND','',''),(170,145,0,0,0,0,0,0,0,0,0,0,0,0,0,0,0,0,0,'ND','ND','ND','ND','ND','',''),(171,146,0,0,0,0,0,0,0,0,0,0,0,0,0,0,0,0,0,'ND','ND','ND','ND','ND','',''),(172,147,1,0,0,0,0,0,1,0,0,0,0,0,0,0,0,0,1,'common','ND','basic','ND','ND','',''),(173,148,1,0,0,0,0,0,1,0,0,0,0,0,0,0,0,0,1,'common','ND','basic','ND','ND','',''),(174,149,0,0,0,0,0,0,0,0,0,0,0,0,0,0,0,0,0,'ND','ND','ND','ND','ND','',''),(175,150,1,0,0,1,0,0,1,0,0,0,0,0,0,0,0,0,0,'common','ND','basic','ND','ND','',''),(176,150,1,0,0,1,0,0,0,0,0,1,0,0,0,0,0,0,0,'common','office','basic','ND','ND','',''),(177,151,1,1,1,1,1,0,1,0,0,1,0,0,0,1,0,0,1,'ND','ND','ND','ND','ND','',''),(178,152,1,1,1,1,1,1,1,0,1,1,0,0,0,1,1,0,0,'common','office','basic','ND','ND','',''),(179,153,0,1,1,1,1,0,1,0,0,1,0,0,0,0,0,0,0,'common','ND','basic','ND','ND','',''),(180,154,1,0,1,1,1,0,1,0,0,0,0,0,0,0,0,0,1,'common','ND','basic','ND','ND','',''),(181,155,1,0,1,1,1,0,1,0,0,0,0,0,0,0,0,0,1,'common','ND','basic','ND','ND','',''),(182,156,1,0,0,0,0,0,1,0,0,0,0,0,0,0,0,0,1,'common','ND','basic','ND','ND','',''),(183,157,1,0,0,0,0,0,1,0,0,0,0,0,0,0,0,0,1,'ND','ND','basic','ND','ND','',''),(184,158,1,1,1,1,1,0,0,0,0,0,0,0,0,0,0,0,1,'ND','office','basic','ND','ND','',''),(185,159,1,0,0,1,1,1,1,0,0,1,0,0,0,1,1,0,0,'common','office','ND','ND','ND','',''),(186,159,1,0,0,1,0,0,1,0,0,1,0,0,0,0,0,0,0,'common','ND','basic','ND','ND','',''),(187,159,1,0,0,0,0,0,1,0,0,0,0,0,0,0,0,0,0,'common','ND','basic','ND','ND','',''),(188,160,1,0,0,1,0,0,0,0,0,0,0,0,0,0,0,0,0,'common','ND','basic','ND','ND','',''),(189,161,1,1,1,0,0,0,0,0,0,0,0,0,0,0,0,0,0,'ND','ND','basic','ND','ND','',''),(190,162,1,1,1,1,1,1,1,0,1,1,0,0,0,1,1,0,1,'common','office','basic','ND','ND','',''),(191,163,1,1,1,0,0,0,1,0,1,0,0,0,0,0,0,0,1,'common','office','basic','ND','ND','',''),(192,163,1,0,1,0,1,0,0,0,1,0,0,0,0,0,0,0,1,'ND','ND','basic','ND','ND','',''),(193,164,0,1,1,1,0,0,0,0,1,1,0,0,0,1,0,0,0,'ND','office','ND','ND','ND','',''),(194,165,1,1,1,1,1,0,1,0,0,1,0,0,0,1,0,0,1,'common','ND','ND','ND','ND','',''),(195,166,1,0,0,0,0,0,1,0,0,0,0,0,0,0,0,0,1,'common','ND','basic','ND','ND','',''),(196,167,1,0,0,0,0,0,1,0,0,0,0,0,0,0,0,0,1,'common','ND','basic','ND','ND','',''),(197,167,1,0,0,0,0,0,1,0,0,0,0,0,0,0,0,0,1,'common','ND','basic','ND','ND','',''),(198,168,1,0,0,1,0,0,1,0,0,1,0,0,0,1,0,0,0,'ND','ND','ND','ND','ND','',''),(199,169,1,0,0,0,0,0,1,0,0,0,0,0,0,0,0,0,1,'common','office','basic','ND','ND','',''),(200,170,1,0,0,1,0,0,0,0,0,0,0,0,0,0,0,0,0,'common','ND','basic','ND','ND','',''),(201,171,1,0,0,0,0,0,0,0,0,0,0,0,0,0,0,0,1,'common','ND','basic','ND','ND','',''),(202,172,0,0,1,1,0,0,0,0,0,1,0,0,0,0,0,0,1,'ND','office','ND','ND','ND','',''),(203,173,1,0,0,1,0,0,1,0,0,0,0,0,0,0,0,0,1,'ND','ND','basic','ND','ND','',''),(204,174,0,0,0,0,0,0,0,0,0,0,0,0,0,0,0,0,0,'ND','ND','ND','ND','ND','',''),(209,175,0,0,0,0,0,0,0,0,0,0,0,0,0,0,0,0,0,'ND','ND','ND','ND','ND','',''),(210,176,1,0,0,0,0,0,1,0,0,1,0,0,0,0,0,0,1,'common','ND','basic','ND','ND','',''),(211,176,1,0,0,0,0,0,1,0,0,0,0,0,0,0,0,0,1,'common','ND','basic','ND','ND','',''),(212,176,0,0,1,1,0,0,0,0,0,1,0,0,0,0,0,0,0,'ND','ND','ND','ND','ND','',''),(213,176,0,0,1,0,0,0,0,0,0,0,0,0,0,0,0,0,0,'ND','office','ND','ND','ND','',''),(214,176,0,0,1,0,0,0,0,0,0,0,0,0,0,0,0,0,0,'ND','office','ND','ND','ND','',''),(215,176,0,0,1,1,0,0,0,0,0,1,0,0,0,1,0,0,0,'ND','office','ND','ND','ND','',''),(216,176,0,0,0,0,0,0,0,0,0,0,0,0,0,0,0,0,0,'ND','ND','ND','ND','ND','',''),(217,177,0,0,1,0,0,0,0,0,0,1,0,0,0,0,0,0,0,'ND','office','ND','ND','ND','',''),(218,177,0,0,1,0,0,0,0,0,0,1,0,0,0,0,0,0,0,'ND','office','ND','ND','ND','',''),(220,177,0,0,1,1,0,0,0,0,0,1,0,0,0,0,0,0,0,'ND','office','ND','ND','ND','',''),(221,178,0,1,1,1,0,1,0,0,1,1,0,0,0,1,0,0,0,'ND','ND','ND','ND','ND','',''),(222,179,0,0,1,1,0,0,0,0,0,1,0,0,0,1,0,0,0,'ND','office','ND','ND','ND','',''),(223,180,0,1,1,1,1,1,0,0,1,1,0,0,0,1,1,0,1,'ND','office','basic','ND','ND','',''),(224,180,0,0,0,0,0,0,0,0,0,0,0,0,0,0,0,0,0,'ND','ND','ND','ND','ND','',''),(225,181,0,0,0,0,0,0,0,0,0,0,0,0,0,0,0,0,0,'ND','ND','ND','ND','ND','',''),(226,181,0,0,1,1,0,0,0,0,0,1,0,0,0,1,0,0,0,'ND','ND','ND','ND','ND','',''),(227,181,1,1,1,1,0,0,1,0,1,1,0,0,0,0,0,0,0,'common','ND','ND','ND','ND','',''),(228,181,1,0,0,1,0,0,1,0,0,0,0,0,0,0,0,0,1,'common','ND','basic','ND','ND','',''),(229,182,1,0,0,0,0,0,0,0,0,0,0,0,0,0,0,0,1,'common','ND','basic','ND','ND','',''),(230,183,1,0,0,1,0,0,1,0,0,0,0,0,0,1,0,0,1,'ND','ND','basic','ND','ND','',''),(234,183,0,0,0,0,0,0,0,0,0,0,0,0,0,0,0,0,0,'ND','ND','ND','ND','ND','',''),(235,184,1,1,0,1,0,1,0,0,0,1,0,0,0,0,1,0,0,'ND','ND','ND','ND','ND','',''),(236,185,1,1,1,1,1,1,0,0,0,1,0,0,0,1,1,0,1,'common','office','ND','ND','ND','',''),(237,185,1,0,1,1,0,0,0,0,0,1,0,0,0,0,0,0,0,'ND','ND','ND','ND','ND','',''),(238,185,1,1,1,1,0,0,0,0,0,0,0,0,0,1,0,0,0,'ND','ND','basic','ND','ND','',''),(239,186,1,0,1,1,0,0,1,0,0,1,0,0,0,0,0,0,1,'common','office','basic','ND','ND','',''),(240,187,1,0,0,1,0,0,0,0,0,1,0,0,0,1,0,0,0,'common','ND','ND','ND','ND','',''),(241,188,1,0,0,0,0,0,1,0,0,0,0,0,0,0,0,0,1,'common','ND','basic','ND','ND','',''),(242,188,1,0,0,0,0,0,1,0,0,0,0,0,0,0,0,0,1,'common','ND','basic','ND','ND','',''),(243,188,0,0,1,0,0,0,0,0,0,1,0,0,0,0,0,0,0,'ND','office','ND','ND','ND','',''),(245,1,1,0,0,1,0,0,1,0,0,0,0,0,0,0,0,0,0,'common','ND','basic','ND','ND','',''),(246,2,1,0,0,0,0,0,1,0,0,0,0,0,0,0,0,0,1,'common','ND','basic','ND','ND','',''),(247,3,0,0,1,1,0,0,0,0,0,1,0,0,0,0,0,0,1,'ND','office','basic','ND','ND','',''),(248,4,1,0,0,0,0,0,1,0,0,0,0,0,0,0,0,0,1,'common','ND','basic','ND','ND','',''),(249,5,1,0,0,0,0,0,1,0,0,0,0,0,0,0,0,0,1,'common','ND','basic','ND','ND','',''),(250,6,1,0,0,0,0,0,1,0,0,0,0,0,0,0,0,0,1,'common','ND','basic','ND','ND','',''),(251,7,1,0,1,0,0,0,1,0,0,0,0,0,0,0,0,0,1,'common','office','basic','ND','ND','',''),(252,8,1,0,0,0,0,0,1,0,0,0,0,0,0,0,0,0,1,'common','ND','basic','ND','ND','',''),(253,189,1,0,0,0,0,0,1,0,0,0,0,0,0,0,0,0,1,'common','ND','basic','ND','ND','',''),(254,190,1,0,0,0,0,0,0,0,0,0,0,0,0,0,0,0,0,'ND','ND','ND','ND','ND','',''),(255,191,1,0,0,0,0,0,1,0,0,0,0,0,0,0,0,0,1,'common','ND','basic','ND','ND','',''),(256,192,1,0,0,0,0,0,0,0,0,0,0,0,0,0,0,0,0,'ND','ND','ND','ND','ND','',''),(257,193,1,0,0,0,0,0,0,0,0,0,0,0,0,0,0,0,0,'ND','ND','ND','ND','ND','',''),(258,194,0,0,0,0,0,0,0,0,0,0,0,0,0,0,0,0,0,'ND','ND','ND','ND','ND','',''),(259,195,1,0,0,0,0,0,1,0,0,0,0,0,0,0,0,0,1,'common','ND','basic','ND','ND','',''),(260,196,1,0,0,0,0,0,1,0,0,0,0,0,0,0,0,0,1,'common','ND','basic','ND','ND','',''),(262,196,0,0,1,1,0,0,0,0,0,0,0,0,0,0,0,0,1,'ND','office','basic','ND','ND','',''),(263,197,0,0,1,1,1,0,0,0,0,1,0,0,0,1,1,0,0,'ND','office','basic','ND','ND','',''),(264,198,1,0,0,0,0,0,1,0,0,0,0,0,0,0,0,0,1,'common','ND','basic','ND','ND','',''),(265,199,1,0,0,1,1,0,1,0,0,1,0,0,0,0,0,0,1,'ND','office','ND','ND','ND','',''),(266,200,1,0,1,0,0,0,0,0,0,0,0,0,0,0,0,0,1,'ND','office','basic','ND','ND','',''),(267,201,1,0,1,0,0,0,0,0,0,1,0,0,0,0,0,0,1,'ND','office','basic','ND','ND','',''),(268,202,0,0,1,1,0,0,0,0,0,1,0,0,0,0,0,0,0,'ND','office','ND','ND','ND','',''),(269,0,1,0,0,0,0,0,1,0,0,0,0,0,0,0,0,0,1,'common','ND','basic','ND','ND','',''),(270,1,1,0,0,0,0,0,1,0,0,0,0,0,0,0,0,0,1,'common','ND','basic','ND','ND','',''),(271,2,1,0,0,0,0,0,1,0,0,0,0,0,0,0,0,0,1,'common','ND','basic','ND','ND','',''),(272,205,1,0,0,1,1,0,1,0,0,0,0,0,0,0,0,0,1,'ND','ND','basic','ND','ND','',''),(273,206,1,0,1,1,0,0,0,0,0,0,0,0,0,0,0,0,1,'ND','office','basic','ND','ND','',''),(274,207,0,0,1,1,1,0,0,0,0,1,0,0,0,0,0,0,0,'ND','ND','basic','ND','ND','',''),(275,208,1,0,0,1,1,0,0,0,0,0,0,0,0,0,0,0,1,'common','ND','basic','ND','ND','',''),(276,209,1,0,0,0,0,0,1,0,0,0,0,0,0,0,0,0,1,'common','ND','basic','ND','ND','',''),(277,210,1,0,0,0,0,0,1,0,0,0,0,0,0,0,0,0,1,'common','ND','basic','ND','ND','',''),(278,211,1,0,0,1,0,0,1,0,0,0,0,0,0,0,0,0,1,'ND','ND','basic','ND','ND','',''),(279,212,0,0,0,1,0,0,1,0,0,0,0,0,0,0,0,0,0,'common','office','basic','ND','ND','',''),(280,213,1,0,0,0,0,0,1,0,0,0,0,0,0,0,0,0,1,'ND','ND','basic','ND','ND','',''),(281,214,1,0,0,0,0,0,0,0,0,1,0,0,0,0,0,0,1,'ND','office','basic','ND','ND','',''),(282,215,0,0,1,1,1,0,0,0,0,1,0,0,0,0,0,0,0,'ND','office','basic','ND','ND','',''),(283,216,1,0,0,1,0,0,1,0,0,0,0,0,0,0,0,0,1,'common','ND','basic','ND','ND','',''),(284,217,1,1,0,1,0,0,0,0,1,0,0,0,0,1,0,0,1,'ND','ND','basic','ND','ND','',''),(285,218,1,0,0,0,0,0,1,0,0,0,0,0,0,0,0,0,1,'common','ND','basic','ND','ND','',''),(286,0,1,0,0,0,0,0,1,0,0,0,0,0,0,0,0,0,1,'common','ND','basic','ND','ND','',''),(287,0,1,0,0,0,0,0,1,0,0,0,0,0,0,0,0,0,1,'common','ND','basic','ND','ND','',''),(288,0,1,0,0,0,0,0,0,0,0,0,0,0,0,0,0,0,1,'common','ND','basic','ND','ND','',''),(289,1,1,0,0,1,0,0,1,0,0,0,0,0,0,0,0,0,1,'common','ND','basic','ND','ND','',''),(290,0,1,0,0,0,0,0,1,0,0,0,0,0,0,0,0,0,1,'common','ND','basic','ND','ND','',''),(291,1,1,0,0,0,0,0,1,0,0,0,0,0,0,0,0,0,1,'common','ND','basic','ND','ND','',''),(292,0,0,0,0,1,0,0,1,0,0,0,0,0,0,0,0,0,1,'ND','ND','basic','ND','ND','',''),(293,218,1,0,0,0,0,0,1,0,0,0,0,0,0,0,0,0,1,'common','ND','basic','ND','ND','',''),(294,218,1,0,0,0,0,0,1,0,0,0,0,0,0,0,0,0,1,'common','ND','basic','ND','ND','',''),(295,219,1,0,0,0,0,0,1,0,0,0,0,0,0,0,0,0,1,'common','ND','basic','ND','ND','',''),(296,219,1,0,0,0,0,0,1,0,0,0,0,0,0,0,0,0,1,'common','ND','basic','ND','ND','',''),(297,219,1,0,0,0,0,0,1,0,0,0,0,0,0,0,0,0,1,'common','ND','basic','ND','ND','',''),(298,220,0,0,1,1,1,0,0,0,0,0,0,0,0,0,0,0,1,'ND','ND','basic','ND','ND','',''),(299,221,0,0,1,1,0,0,0,0,0,0,0,0,0,1,0,0,1,'ND','ND','ND','ND','ND','',''),(300,222,0,0,1,1,0,0,0,0,0,0,0,0,0,1,0,0,1,'ND','ND','ND','ND','ND','',''),(301,223,1,0,0,1,0,0,1,0,0,1,0,0,0,0,0,0,1,'common','ND','basic','ND','ND','',''),(302,224,0,0,1,1,1,0,0,0,0,0,0,0,0,0,0,0,0,'ND','office','basic','ND','ND','',''),(303,225,0,0,1,1,1,0,0,0,0,1,0,0,0,0,0,0,0,'ND','office','basic','ND','ND','',''),(304,226,0,0,1,1,1,0,0,0,1,1,0,0,0,1,0,0,0,'ND','ND','basic','ND','ND','',''),(305,227,0,0,0,1,1,0,0,0,0,1,0,0,0,1,0,0,1,'ND','office','basic','ND','ND','',''),(306,228,1,0,0,0,0,0,0,0,1,0,0,0,0,1,1,0,1,'common','ND','basic','ND','ND','',''),(307,229,0,0,1,0,0,0,0,0,0,1,0,0,0,0,0,0,0,'ND','office','ND','ND','ND','',''),(308,230,0,0,1,1,1,0,0,0,0,0,0,0,0,0,0,0,0,'ND','office','basic','ND','ND','',''),(309,231,0,0,1,0,0,0,0,0,0,0,0,0,0,0,0,0,1,'ND','office','basic','ND','ND','',''),(310,232,1,0,0,0,0,0,0,0,0,0,0,0,0,0,0,0,0,'ND','ND','ND','ND','ND','',''),(311,233,0,1,1,0,0,0,1,0,1,1,0,0,0,0,0,0,0,'ND','ND','ND','ND','ND','',''),(312,233,1,0,0,0,0,0,1,0,0,0,0,0,0,0,0,0,1,'ND','ND','basic','ND','ND','',''),(313,234,0,0,0,0,0,0,1,0,0,1,0,0,0,0,0,0,1,'common','office','basic','ND','ND','',''),(315,236,1,0,0,0,0,0,1,0,0,1,0,0,0,0,0,0,1,'ND','office','ND','ND','ND','',''),(316,237,1,0,1,0,0,0,1,0,0,1,0,0,0,0,0,0,1,'common','office','basic','ND','ND','',''),(317,238,1,0,0,1,1,0,0,0,0,1,0,0,0,0,0,0,1,'common','ND','basic','ND','ND','',''),(318,239,1,0,0,0,0,0,1,0,1,1,0,0,0,0,0,0,1,'common','ND','basic','ND','ND','',''),(319,240,1,0,0,0,0,0,1,0,0,1,0,0,0,0,0,0,1,'ND','office','basic','ND','ND','',''),(320,240,0,0,1,0,0,0,0,0,0,1,0,0,0,0,0,0,1,'ND','ND','basic','ND','ND','','');

--
-- Table structure for table `BizPit_app_property_tags`
--

CREATE TABLE `BizPit_app_property_tags` (
  `id` int(11) NOT NULL AUTO_INCREMENT,
  `property_id` int(11) NOT NULL,
  `Label` varchar(500) NOT NULL,
  `Usecase` varchar(500) NOT NULL,
  PRIMARY KEY (`id`)
) ENGINE=InnoDB DEFAULT CHARSET=latin1;

--
-- Dumping data for table `BizPit_app_property_tags`
--


--
-- Table structure for table `BizPit_app_rate_comment`
--

CREATE TABLE `BizPit_app_rate_comment` (
  `id` int(11) NOT NULL AUTO_INCREMENT,
  `property_id` int(11) NOT NULL,
  `user_id` int(11) NOT NULL,
  `comment` varchar(100) NOT NULL,
  `rates` varchar(100) NOT NULL,
  PRIMARY KEY (`id`)
) ENGINE=InnoDB AUTO_INCREMENT=5 DEFAULT CHARSET=latin1;

--
-- Dumping data for table `BizPit_app_rate_comment`
--

INSERT INTO `BizPit_app_rate_comment` VALUES (1,1,1,'nice property','4.5'),(3,2,1,'nice app','2.0'),(4,3,1,'good work','2.5');

--
-- Table structure for table `BizPit_app_set_comment`
--

CREATE TABLE `BizPit_app_set_comment` (
  `id` int(11) NOT NULL AUTO_INCREMENT,
  `user_id` int(11) NOT NULL,
  `comment_id` int(11) NOT NULL,
  `like` varchar(500) NOT NULL,
  `unlike` varchar(500) NOT NULL,
  PRIMARY KEY (`id`)
) ENGINE=InnoDB AUTO_INCREMENT=5 DEFAULT CHARSET=latin1;

--
-- Dumping data for table `BizPit_app_set_comment`
--

INSERT INTO `BizPit_app_set_comment` VALUES (1,4,1,'true','false'),(2,4,2,'false','false'),(3,4,3,'ND','true'),(4,1,3,'ND','true');

--
-- Table structure for table `BizPit_app_shared_area`
--

CREATE TABLE `BizPit_app_shared_area` (
  `id` int(11) NOT NULL AUTO_INCREMENT,
  `property_id` int(11) NOT NULL,
  `capacity` int(11) NOT NULL,
  `rate_hr` int(11) NOT NULL,
  `rate_daily` int(11) NOT NULL,
  `rate_weekly` int(11) NOT NULL,
  `rate_monthly` int(11) NOT NULL,
  `shared_images` longtext NOT NULL,
  `daily_offer` varchar(500) NOT NULL,
  `hr_offer` varchar(500) NOT NULL,
  `monthly_offer` varchar(500) NOT NULL,
  `weekly_offer` varchar(500) NOT NULL,
  PRIMARY KEY (`id`)
) ENGINE=InnoDB AUTO_INCREMENT=101 DEFAULT CHARSET=latin1;

--
-- Dumping data for table `BizPit_app_shared_area`
--

INSERT INTO `BizPit_app_shared_area` VALUES (4,8,15,0,428,2314,7000,'','ND','ND','ND','ND'),(5,9,1,250,0,0,0,'','ND','ND','ND','ND'),(6,10,20,200,0,0,0,'','ND','ND','ND','ND'),(7,11,10,0,300,0,4000,'','ND','ND','ND','ND'),(8,20,5,0,0,450,3000,'','ND','ND','ND','ND'),(9,21,20,50,600,4200,16800,'','ND','ND','ND','ND'),(10,22,20,50,600,4200,16800,'','ND','ND','ND','ND'),(11,23,15,250,1500,8500,20000,'','ND','ND','ND','ND'),(12,24,20,300,2000,14000,16000,'','ND','ND','ND','ND'),(13,25,20,200,1500,9000,36000,'','ND','ND','ND','ND'),(14,32,10,200,0,0,0,'','ND','ND','ND','ND'),(15,33,10,150,500,2000,5000,'','ND','ND','ND','ND'),(16,34,10,200,500,1000,5000,'','ND','ND','ND','ND'),(17,35,10,200,800,5000,0,'','ND','ND','ND','ND'),(19,51,15,500,1000,5000,10000,'','ND','ND','ND','ND'),(20,52,15,200,600,1500,6000,'','ND','ND','ND','ND'),(21,53,10,500,1500,3000,9000,'','ND','ND','ND','ND'),(22,54,15,400,800,1600,3000,'','ND','ND','ND','ND'),(23,56,10,200,500,1000,3000,'','ND','ND','ND','ND'),(24,57,20,100,500,1500,6000,'','ND','ND','ND','ND'),(25,58,20,500,1500,3000,7000,'','ND','ND','ND','ND'),(26,60,20,500,1500,3000,6000,'','ND','ND','ND','ND'),(27,64,15,200,600,1500,3000,'','ND','ND','ND','ND'),(28,66,12,500,1500,3000,6000,'','ND','ND','ND','ND'),(29,67,20,500,1500,3000,6000,'','ND','ND','ND','ND'),(30,68,15,700,1400,3000,7000,'','ND','ND','ND','ND'),(31,69,20,700,2700,4700,7000,'','ND','ND','ND','ND'),(32,70,6,100,0,0,0,'','ND','ND','ND','ND'),(33,72,19,200,500,2000,6000,'','ND','ND','ND','ND'),(34,73,20,500,1500,3000,6000,'','ND','ND','ND','ND'),(35,75,20,500,1500,3000,6000,'','ND','ND','ND','ND'),(36,76,12,500,1500,3000,6000,'','ND','ND','ND','ND'),(37,77,20,300,1000,3000,6000,'','ND','ND','ND','ND'),(38,78,10,500,1500,0,0,'','ND','ND','ND','ND'),(39,81,25,250,0,0,0,'','ND','ND','ND','ND'),(40,82,12,250,0,0,0,'','ND','ND','ND','ND'),(41,83,25,250,0,0,0,'','ND','ND','ND','ND'),(42,84,15,250,0,0,0,'','ND','ND','ND','ND'),(43,149,10,200,0,0,0,'','ND','ND','ND','ND'),(44,150,20,100,200,300,400,'','ND','ND','ND','ND'),(45,151,25,25,50,100,300,'','ND','ND','ND','ND'),(46,152,25,200,400,0,0,'','ND','ND','ND','ND'),(47,154,20,200,0,0,0,'','ND','ND','ND','ND'),(48,155,25,200,0,0,0,'','ND','ND','ND','ND'),(49,156,25,250,0,0,0,'','ND','ND','ND','ND'),(50,158,10,100,200,300,400,'','ND','ND','ND','ND'),(51,160,25,250,0,0,0,'','ND','ND','ND','ND'),(52,161,50,50,100,500,1000,'','ND','ND','ND','ND'),(53,162,20,200,0,0,0,'','ND','ND','ND','ND'),(54,163,25,250,0,0,0,'','ND','ND','ND','ND'),(55,164,25,250,0,0,0,'','ND','ND','ND','ND'),(56,165,30,300,0,0,0,'','ND','ND','ND','ND'),(57,166,20,200,0,0,0,'','ND','ND','ND','ND'),(58,167,20,200,0,0,0,'','ND','ND','ND','ND'),(59,169,25,250,0,0,0,'','ND','ND','ND','ND'),(60,174,10,200,0,0,0,'static/174/image_name1.png','ND','ND','ND','ND'),(63,175,10,200,0,0,0,'static/175/image_name1.png','ND','ND','ND','ND'),(64,176,10,200,0,0,0,'static/176/image_name1.png','ND','ND','ND','ND'),(65,183,20,250,0,0,0,'static/183/startup.jpg, static/183/CoworkingSpace1.jpg','ND','ND','ND','ND'),(66,0,20,200,0,0,0,'static/0/startup.jpg','ND','ND','ND','ND'),(68,183,10,200,0,0,0,'static/183/av_oa6_l2.jpg','ND','ND','ND','ND'),(69,184,500,100,500,0,0,'static/184/EventHall.jpg, static/184/mmetdd.jpg','ND','ND','ND','ND'),(71,186,20,200,0,0,0,'static/186/meetss.jpg','ND','ND','ND','ND'),(72,0,12,250,0,0,0,'static/0/meetss.jpg','ND','ND','ND','ND'),(73,1,20,200,0,0,0,'static/1/meetss.jpg','ND','ND','ND','ND'),(74,3,20,20,40,60,80,'static/3/CoworkingSpace1.jpg','ND','ND','ND','ND'),(75,7,10,100,0,0,0,'','ND','ND','ND','ND'),(76,189,20,200,400,0,0,'static/189/meetss.jpg, static/189/meetinga.jpg','ND','ND','ND','ND'),(77,198,20,200,0,0,0,'static/198/meetss.jpg, static/198/meetinga.jpg','ND','ND','ND','ND'),(78,42,10,100,0,0,0,'','ND','ND','ND','ND'),(79,199,24,25,0,0,0,'','ND','ND','ND','ND'),(80,200,10,100,0,0,0,'','ND','ND','ND','ND'),(81,0,25,250,0,0,0,'','ND','ND','ND','ND'),(82,213,20,200,300,400,500,'static/213/meetinga.jpg','ND','ND','ND','ND'),(83,214,20,250,0,0,0,'static/214/eventhalldd.jpg','ND','ND','ND','ND'),(84,215,20,200,0,0,0,'static/215/meetinga.jpg,static/215/eventhalldd.jpg','ND','ND','ND','ND'),(86,218,30,300,400,500,600,'static/218/meetss.jpg','ND','ND','ND','ND'),(87,0,30,300,400,500,600,'static/0/meetss.jpg','ND','ND','ND','ND'),(88,0,30,300,400,500,600,'static/0/meetss.jpg','ND','ND','ND','ND'),(89,1,30,300,400,500,600,'','ND','ND','ND','ND'),(90,218,30,300,400,500,600,'static/218/meetss.jpg','ND','ND','ND','ND'),(91,218,30,300,400,500,600,'static/218/meetss.jpg','ND','ND','ND','ND'),(92,219,30,300,400,500,600,'static/219/meetss.jpg','ND','ND','ND','ND'),(93,219,30,300,400,500,600,'static/219/meetss.jpg','ND','ND','ND','ND'),(94,219,30,300,400,500,600,'static/219/meetss.jpg','ND','ND','ND','ND'),(95,221,50,25,10,50,0,'static/221/eventhalldd.jpg','ND','ND','ND','ND'),(96,222,50,25,10,50,0,'','ND','ND','ND','ND'),(97,223,25,20,30,60,100,'static/223/eventhalldd.jpg,static/223/mmetdd.jpg,static/223/meetss.jpg, static/223/meetinga.jpg','ND','ND','ND','ND'),(99,233,25,250,300,500,1000,'static/233/meetss.jpg','5%','2%','2%','10%'),(100,234,20,30,500,80,100,'static/234/coffeeshop - Copy.jpg','8%','5%','5%','5%');

--
-- Table structure for table `BizPit_app_submit_comment`
--

CREATE TABLE `BizPit_app_submit_comment` (
  `id` int(11) NOT NULL AUTO_INCREMENT,
  `user_id` int(11) NOT NULL,
  `email_id` varchar(200) NOT NULL,
  `comment_id` int(11) NOT NULL,
  `property_id` int(11) NOT NULL,
  `comment` varchar(1000) NOT NULL,
  `rate` varchar(200) NOT NULL,
  `timestamp` varchar(100) NOT NULL,
  `like_count` int(11) NOT NULL,
  `unlike_count` int(11) NOT NULL,
  PRIMARY KEY (`id`)
) ENGINE=InnoDB AUTO_INCREMENT=5 DEFAULT CHARSET=latin1;

--
-- Dumping data for table `BizPit_app_submit_comment`
--

INSERT INTO `BizPit_app_submit_comment` VALUES (1,7,'ranjithakr123@gmail.com',1,8,'Good property','4.5','19-05-2016 11:15',1,0),(2,4,'hr@brisa-tech.com',2,10,'hai good property','3','19-05-2016 12:07',2,0),(3,4,'hr@brisa-tech.com',3,25,'hai this is a good property','3','23-05-2016 06:09',0,2),(4,1,'abhaybansod@gmail.com',4,8,'not bad','3.5','24-05-2016 09:36',0,0);

--
-- Table structure for table `BizPit_app_training_room`
--

CREATE TABLE `BizPit_app_training_room` (
  `id` int(11) NOT NULL AUTO_INCREMENT,
  `property_id` int(11) NOT NULL,
  `capacity` int(11) NOT NULL,
  `training_room_no` int(11) NOT NULL,
  `rate_half_day` int(11) NOT NULL,
  `rate_full_day` int(11) NOT NULL,
  `rate_weekly` int(11) NOT NULL,
  `rate_monthly` int(11) NOT NULL,
  `training_room_images` longtext NOT NULL,
  `full_offer` varchar(500) NOT NULL,
  `half_offer` varchar(500) NOT NULL,
  `weekly_offer` varchar(500) NOT NULL,
  PRIMARY KEY (`id`)
) ENGINE=InnoDB AUTO_INCREMENT=236 DEFAULT CHARSET=latin1;

--
-- Dumping data for table `BizPit_app_training_room`
--

INSERT INTO `BizPit_app_training_room` VALUES (5,28,20,1,500,1000,0,0,'','ND','ND','ND'),(6,29,20,1,600,2000,0,0,'','ND','ND','ND'),(7,36,50,1,200,1000,0,0,'','ND','ND','ND'),(8,36,10,2,500,0,0,0,'','ND','ND','ND'),(9,39,10,1,500,1200,0,0,'','ND','ND','ND'),(10,39,15,2,800,1600,0,0,'','ND','ND','ND'),(11,41,1,1,50,100,0,0,'','ND','ND','ND'),(12,41,1,2,80,900,0,0,'','ND','ND','ND'),(13,41,1,3,0,0,0,0,'','ND','ND','ND'),(14,45,18,1,400,5000,0,0,'','ND','ND','ND'),(15,46,20,1,400,6000,0,0,'','ND','ND','ND'),(16,47,10,1,200,2000,0,0,'','ND','ND','ND'),(17,48,50,1,200,1000,0,0,'','ND','ND','ND'),(18,48,10,2,500,0,0,0,'','ND','ND','ND'),(24,53,15,1,200,900,0,0,'','ND','ND','ND'),(25,53,20,2,600,1200,0,0,'','ND','ND','ND'),(26,53,13,3,700,1900,0,0,'','ND','ND','ND'),(27,55,50,1,200,1000,0,0,'','ND','ND','ND'),(28,55,10,2,500,0,0,0,'','ND','ND','ND'),(29,57,20,1,500,1500,0,0,'','ND','ND','ND'),(30,57,14,2,600,1200,0,0,'','ND','ND','ND'),(31,58,15,1,500,1500,0,0,'','ND','ND','ND'),(32,58,20,2,500,2000,0,0,'','ND','ND','ND'),(33,59,11,1,600,3000,0,0,'','ND','ND','ND'),(34,61,11,1,600,1800,0,0,'','ND','ND','ND'),(35,61,15,2,500,2000,0,0,'','ND','ND','ND'),(36,63,20,1,300,600,0,0,'','ND','ND','ND'),(37,65,15,1,500,1200,0,0,'','ND','ND','ND'),(38,65,10,2,800,2000,0,0,'','ND','ND','ND'),(39,69,19,1,400,1400,0,0,'','ND','ND','ND'),(40,70,1,1,200,0,0,0,'','ND','ND','ND'),(41,71,20,1,500,2500,0,0,'','ND','ND','ND'),(42,71,15,2,600,3200,0,0,'','ND','ND','ND'),(43,71,12,3,300,2000,0,0,'','ND','ND','ND'),(44,72,14,1,500,2500,0,0,'','ND','ND','ND'),(45,74,11,1,500,2000,0,0,'','ND','ND','ND'),(46,75,15,1,300,2000,0,0,'','ND','ND','ND'),(47,75,15,2,600,2000,0,0,'','ND','ND','ND'),(48,76,20,1,200,1000,0,0,'','ND','ND','ND'),(49,77,15,1,300,1000,0,0,'','ND','ND','ND'),(50,77,15,2,500,1500,0,0,'','ND','ND','ND'),(51,84,15,1,250,0,0,0,'','ND','ND','ND'),(54,87,50,1,200,1000,0,0,'','ND','ND','ND'),(55,87,10,2,500,0,0,0,'','ND','ND','ND'),(56,88,50,1,200,1000,0,0,'','ND','ND','ND'),(57,88,10,2,500,0,0,0,'','ND','ND','ND'),(58,89,50,1,200,1000,0,0,'','ND','ND','ND'),(59,89,10,2,500,0,0,0,'','ND','ND','ND'),(60,92,25,1,250,0,0,0,'','ND','ND','ND'),(61,94,25,1,250,500,0,0,'','ND','ND','ND'),(62,95,30,1,300,600,0,0,'','ND','ND','ND'),(63,95,25,2,250,500,0,0,'','ND','ND','ND'),(64,96,30,1,250,500,0,0,'','ND','ND','ND'),(65,96,20,2,250,0,0,0,'','ND','ND','ND'),(66,101,30,1,1000,2000,0,0,'','ND','ND','ND'),(67,101,25,2,2500,5000,0,0,'','ND','ND','ND'),(68,102,25,1,360,0,0,0,'','ND','ND','ND'),(69,103,25,1,250,0,0,0,'','ND','ND','ND'),(70,104,10,1,100,0,0,0,'','ND','ND','ND'),(71,104,20,2,200,0,0,0,'','ND','ND','ND'),(72,105,25,1,250,0,0,0,'','ND','ND','ND'),(73,105,30,2,300,0,0,0,'','ND','ND','ND'),(74,109,25,1,250,0,0,0,'','ND','ND','ND'),(75,112,25,1,250,0,0,0,'','ND','ND','ND'),(76,112,10,2,100,0,0,0,'','ND','ND','ND'),(77,114,30,1,0,250,0,0,'','ND','ND','ND'),(78,114,25,2,250,0,0,0,'','ND','ND','ND'),(79,115,30,1,0,250,0,0,'','ND','ND','ND'),(80,115,25,2,250,0,0,0,'','ND','ND','ND'),(81,116,25,1,300,600,0,0,'','ND','ND','ND'),(82,116,20,2,200,400,0,0,'','ND','ND','ND'),(83,120,30,1,0,250,0,0,'','ND','ND','ND'),(84,120,25,2,250,0,0,0,'','ND','ND','ND'),(85,122,25,1,250,0,0,0,'','ND','ND','ND'),(86,122,30,2,300,0,0,0,'','ND','ND','ND'),(87,125,25,1,300,0,0,0,'','ND','ND','ND'),(88,127,25,1,250,0,0,0,'','ND','ND','ND'),(89,128,50,1,50,90,0,0,'','ND','ND','ND'),(90,130,25,1,250,500,0,0,'','ND','ND','ND'),(91,131,20,1,0,700,0,0,'','ND','ND','ND'),(92,137,30,1,500,0,0,0,'','ND','ND','ND'),(93,139,6,1,800,1200,0,0,'','ND','ND','ND'),(94,140,50,1,80,600,0,0,'','ND','ND','ND'),(95,141,20,1,250,0,0,0,'','ND','ND','ND'),(96,142,25,1,250,600,0,0,'','ND','ND','ND'),(97,144,50,1,0,0,0,0,'','ND','ND','ND'),(98,152,25,1,500,1000,0,0,'','ND','ND','ND'),(99,153,20,1,200,400,0,0,'','ND','ND','ND'),(100,154,50,1,500,0,0,0,'','ND','ND','ND'),(101,157,20,1,200,0,0,0,'','ND','ND','ND'),(103,159,25,1,250,0,0,0,'','ND','ND','ND'),(104,161,50,1,40,400,0,0,'','ND','ND','ND'),(105,161,80,2,100,1000,0,0,'','ND','ND','ND'),(109,158,25,1,250,0,0,0,'','ND','ND','ND'),(111,162,15,1,150,0,0,0,'','ND','ND','ND'),(113,165,50,1,500,0,0,0,'','ND','ND','ND'),(115,166,10,1,100,0,0,0,'','ND','ND','ND'),(116,168,25,1,250,0,0,0,'','ND','ND','ND'),(117,170,25,1,250,0,0,0,'','ND','ND','ND'),(119,172,25,1,250,0,0,0,'','ND','ND','ND'),(120,171,20,1,20,0,0,0,'','ND','ND','ND'),(121,174,50,1,200,1000,0,0,'static/174/image_name1.png','ND','ND','ND'),(122,174,10,2,20,100,0,0,'static/174/image_name1.png','ND','ND','ND'),(123,175,50,1,200,1000,0,0,'static/175/image_name1.png','ND','ND','ND'),(124,175,10,2,20,100,0,0,'static/175/image_name1.png','ND','ND','ND'),(125,176,50,1,200,1000,0,0,'static/176/image_name1.png','ND','ND','ND'),(126,176,10,2,20,100,0,0,'static/176/image_name1.png','ND','ND','ND'),(127,177,10,1,100,0,0,0,'static/177/coffeeshop - Copy.jpg, static/177/coffeeshopmug.jpg','ND','ND','ND'),(129,178,20,1,300,0,0,0,'static/178/meetss.jpg, static/178/EventHall.jpg','ND','ND','ND'),(130,180,22,1,50,0,0,0,'static/180/0, static/180/0, static/180/0','ND','ND','ND'),(131,180,25,2,250,0,0,0,'static/180/0, static/180/0, static/180/0','ND','ND','ND'),(132,180,20,1,500,0,0,0,'static/180/mmetdd.jpg, static/180/0, static/180/meetss.jpg, static/180/eventhalldd.jpg, static/180/tra.jpg','ND','ND','ND'),(133,181,20,1,200,0,0,0,'static/181/startup.jpg','ND','ND','ND'),(134,181,10,2,100,0,0,0,'static/181/startup.jpg','ND','ND','ND'),(135,181,20,1,300,0,0,0,'static/181/Event.jpg','ND','ND','ND'),(136,181,20,2,25,0,0,0,'static/181/Event.jpg','ND','ND','ND'),(137,181,30,1,600,0,0,0,'static/181/coffeeshop - Copy.jpg','ND','ND','ND'),(138,181,20,2,25,0,0,0,'static/181/coffeeshop - Copy.jpg','ND','ND','ND'),(139,181,10,1,200,0,0,0,'','ND','ND','ND'),(140,183,10,1,300,0,0,0,'','ND','ND','ND'),(143,4,15,1,500,1000,0,0,'','ND','ND','ND'),(144,188,10,1,100,0,0,0,'','ND','ND','ND'),(145,2,30,1,300,0,0,0,'static/2/tra.jpg','ND','ND','ND'),(146,12,10,1,500,0,0,0,'','ND','ND','ND'),(148,13,15,1,0,500,0,0,'','ND','ND','ND'),(149,3,30,1,30,60,0,0,'static/3/tra.jpg','ND','ND','ND'),(150,4,25,1,50,0,0,0,'static/4/meetss.jpg','ND','ND','ND'),(151,5,50,1,200,1000,0,0,'','ND','ND','ND'),(152,17,11,1,200,400,0,0,'','ND','ND','ND'),(153,190,50,1,200,1000,0,0,'','ND','ND','ND'),(154,190,10,2,20,100,0,0,'','ND','ND','ND'),(155,191,30,1,300,0,0,0,'','ND','ND','ND'),(156,192,50,1,200,1000,0,0,'','ND','ND','ND'),(157,192,10,2,20,100,0,0,'','ND','ND','ND'),(158,193,50,1,200,1000,0,0,'','ND','ND','ND'),(159,193,10,2,20,100,0,0,'','ND','ND','ND'),(162,196,10,1,100,0,0,0,'','ND','ND','ND'),(163,196,20,2,200,0,0,0,'','ND','ND','ND'),(168,197,25,1,250,0,0,0,'','ND','ND','ND'),(169,197,10,2,200,0,0,0,'','ND','ND','ND'),(187,42,50,1,200,1000,0,0,'','ND','ND','ND'),(188,42,10,2,20,100,0,0,'','ND','ND','ND'),(189,202,25,1,250,0,0,0,'static/202/eventhalldd.jpg','ND','ND','ND'),(190,202,20,2,200,0,0,0,'static/202/meetss.jpg','ND','ND','ND'),(191,0,20,1,200,0,0,0,'','ND','ND','ND'),(192,201,50,1,200,1000,0,0,'','ND','ND','ND'),(193,201,10,2,20,100,0,0,'','ND','ND','ND'),(194,185,50,1,200,1000,0,0,'','ND','ND','ND'),(195,185,10,2,20,100,0,0,'','ND','ND','ND'),(198,86,50,1,200,1000,0,0,'','ND','ND','ND'),(199,86,10,2,20,100,0,0,'','ND','ND','ND'),(200,205,20,1,20,0,0,0,'','ND','ND','ND'),(201,205,25,2,25,0,0,0,'','ND','ND','ND'),(202,206,50,1,200,1000,0,0,'static/206/av_oa6_l2.jpg,static/206/meetee.jpg','ND','ND','ND'),(203,206,10,2,20,100,0,0,'static/206/meetee.jpg','ND','ND','ND'),(204,213,20,1,20,400,0,0,'static/213/tra.jpg, static/213/eventhalldd.jpg','ND','ND','ND'),(205,214,30,1,300,0,0,0,'static/214/meetss.jpg','ND','ND','ND'),(206,216,50,1,200,1000,0,0,'static/216/av_oa6_l2.jpg,static/216/eventhalldd.jpg','ND','ND','ND'),(207,216,10,2,20,100,0,0,'static/216/eventhalldd.jpg','ND','ND','ND'),(208,217,50,1,200,1000,0,0,'static/217/av_oa6_l2.jpg,static/217/meetinga.jpg','ND','ND','ND'),(209,5,10,2,20,100,0,0,'','ND','ND','ND'),(210,217,10,2,20,100,0,0,'static/217/meetinga.jpg','ND','ND','ND'),(211,220,20,1,250,0,0,0,'static/220/meetinga.jpg','ND','ND','ND'),(212,220,10,2,100,0,0,0,'static/220/eventhalldd.jpg,static/220/meetinga.jpg','ND','ND','ND'),(213,221,20,1,203,30,0,0,'static/221/meetss.jpg','ND','ND','ND'),(214,222,20,1,203,30,0,0,'','ND','ND','ND'),(215,224,40,1,400,500,0,0,'static/224/tra.jpg','ND','ND','ND'),(216,224,20,2,500,0,0,0,'static/224/CoworkingSpace1.jpg,static/224/tra.jpg','ND','ND','ND'),(217,225,20,1,200,0,0,0,'static/225/0','ND','ND','ND'),(218,225,30,2,300,0,0,0,'static/225/tra.jpg,static/225/0','ND','ND','ND'),(219,226,21,1,200,0,0,0,'static/226/eventhalldd.jpg,static/226/meetee.jpg','0','0','0'),(220,226,51,2,500,0,0,0,'static/226/meetinga.jpg,static/226/eventhalldd.jpg,static/226/meetee.jpg','','0','0'),(223,233,30,1,20,0,0,0,'static/233/meetss.jpg','0%','0%','0'),(224,233,30,2,300,0,0,0,'','0%','0%','0'),(225,233,20,3,20,0,0,0,'static/233/mmetdd.jpg','0%','0%','0'),(228,238,26,1,25,0,0,0,'static/238/eventhalldd.jpg, static/238/meet.jpg','0','0','0'),(229,238,31,2,20,0,0,0,'static/238/CoworkingSpace1.jpg,static/238/eventhalldd.jpg, static/238/meet.jpg','','0','0'),(230,239,20,1,200,400,0,0,'static/239/meetinga.jpg','3%','5%','0'),(231,239,30,2,300,0,0,0,'static/239/eventhalldd.jpg, static/239/tra.jpg','','3%','0'),(234,240,30,1,20,0,0,0,'','2%','2%','0'),(235,240,20,2,30,60,0,0,'static/240/meetinga.jpg','2%','2%','0');

--
-- Table structure for table `BizPit_app_user_share`
--

CREATE TABLE `BizPit_app_user_share` (
  `id` int(11) NOT NULL AUTO_INCREMENT,
  `property_id` int(11) NOT NULL,
  `user_id` int(11) NOT NULL,
  `mobile_number` varchar(100) NOT NULL,
  PRIMARY KEY (`id`)
) ENGINE=InnoDB AUTO_INCREMENT=23 DEFAULT CHARSET=latin1;

--
-- Dumping data for table `BizPit_app_user_share`
--

INSERT INTO `BizPit_app_user_share` VALUES (1,1,2,'1234567890'),(2,5,2,'1234567890'),(3,1,2,'1234567890'),(4,1,4,'9535591744'),(5,1,4,'9535591744'),(6,1,4,'9535591744'),(7,2,4,'9535591744'),(8,1,4,'9535591744'),(9,1,4,'9535591744'),(10,2,2,'2825252528282828'),(11,21,5,'325955268885'),(12,14,10,'9945991622'),(13,22,10,'1234561234'),(14,22,10,'1///NNNNNN'),(15,22,10,'1///NNNNNN'),(16,22,10,'123456789N'),(17,53,4,'664649484949'),(18,58,2,'646484649484'),(19,30,26,'8149969610'),(20,30,26,'8149969610'),(21,20,4,'9535591744'),(22,20,4,'9535591744');

--
-- Table structure for table `BizPit_app_user_usage`
--

CREATE TABLE `BizPit_app_user_usage` (
  `id` int(11) NOT NULL AUTO_INCREMENT,
  `property_id` int(11) NOT NULL,
  `user_id` int(11) DEFAULT NULL,
  `Action` varchar(100) NOT NULL,
  `Action_data` varchar(100) NOT NULL,
  `Action_timestamp` varchar(100) NOT NULL,
  PRIMARY KEY (`id`)
) ENGINE=InnoDB DEFAULT CHARSET=latin1;

--
-- Dumping data for table `BizPit_app_user_usage`
--


--
-- Table structure for table `BizPit_app_weekly_booking`
--

CREATE TABLE `BizPit_app_weekly_booking` (
  `id` int(11) NOT NULL AUTO_INCREMENT,
  `property_id` int(11) NOT NULL,
  `booking_id` int(11) NOT NULL,
  `booked_by` varchar(100) DEFAULT NULL,
  `booked_by_id` int(11) DEFAULT NULL,
  `start_week` varchar(100) NOT NULL,
  `end_week` varchar(100) NOT NULL,
  `start_time` varchar(100) NOT NULL,
  `end_time` varchar(100) NOT NULL,
  `property_type` varchar(100) DEFAULT NULL,
  `head_count` int(11) NOT NULL,
  `timestamp` varchar(100) NOT NULL,
  PRIMARY KEY (`id`)
) ENGINE=InnoDB DEFAULT CHARSET=latin1;

--
-- Dumping data for table `BizPit_app_weekly_booking`
--


--
-- Table structure for table `auth_group`
--

CREATE TABLE `auth_group` (
  `id` int(11) NOT NULL AUTO_INCREMENT,
  `name` varchar(80) NOT NULL,
  PRIMARY KEY (`id`),
  UNIQUE KEY `name` (`name`)
) ENGINE=InnoDB DEFAULT CHARSET=latin1;

--
-- Dumping data for table `auth_group`
--


--
-- Table structure for table `auth_group_permissions`
--

CREATE TABLE `auth_group_permissions` (
  `id` int(11) NOT NULL AUTO_INCREMENT,
  `group_id` int(11) NOT NULL,
  `permission_id` int(11) NOT NULL,
  PRIMARY KEY (`id`),
  UNIQUE KEY `group_id` (`group_id`,`permission_id`),
  KEY `auth_group_permissions_0e939a4f` (`group_id`),
  KEY `auth_group_permissions_8373b171` (`permission_id`),
  CONSTRAINT `auth_group_permission_group_id_689710a9a73b7457_fk_auth_group_id` FOREIGN KEY (`group_id`) REFERENCES `auth_group` (`id`),
  CONSTRAINT `auth_group__permission_id_1f49ccbbdc69d2fc_fk_auth_permission_id` FOREIGN KEY (`permission_id`) REFERENCES `auth_permission` (`id`)
) ENGINE=InnoDB DEFAULT CHARSET=latin1;

--
-- Dumping data for table `auth_group_permissions`
--


--
-- Table structure for table `auth_permission`
--

CREATE TABLE `auth_permission` (
  `id` int(11) NOT NULL AUTO_INCREMENT,
  `name` varchar(50) NOT NULL,
  `content_type_id` int(11) NOT NULL,
  `codename` varchar(100) NOT NULL,
  PRIMARY KEY (`id`),
  UNIQUE KEY `content_type_id` (`content_type_id`,`codename`),
  KEY `auth_permission_417f1b1c` (`content_type_id`),
  CONSTRAINT `auth__content_type_id_508cf46651277a81_fk_django_content_type_id` FOREIGN KEY (`content_type_id`) REFERENCES `django_content_type` (`id`)
) ENGINE=InnoDB AUTO_INCREMENT=121 DEFAULT CHARSET=latin1;

--
-- Dumping data for table `auth_permission`
--

INSERT INTO `auth_permission` VALUES (1,'Can add log entry',1,'add_logentry'),(2,'Can change log entry',1,'change_logentry'),(3,'Can delete log entry',1,'delete_logentry'),(4,'Can add permission',2,'add_permission'),(5,'Can change permission',2,'change_permission'),(6,'Can delete permission',2,'delete_permission'),(7,'Can add group',3,'add_group'),(8,'Can change group',3,'change_group'),(9,'Can delete group',3,'delete_group'),(10,'Can add user',4,'add_user'),(11,'Can change user',4,'change_user'),(12,'Can delete user',4,'delete_user'),(13,'Can add content type',5,'add_contenttype'),(14,'Can change content type',5,'change_contenttype'),(15,'Can delete content type',5,'delete_contenttype'),(16,'Can add session',6,'add_session'),(17,'Can change session',6,'change_session'),(18,'Can delete session',6,'delete_session'),(19,'Can add property_ details',7,'add_property_details'),(20,'Can change property_ details',7,'change_property_details'),(21,'Can delete property_ details',7,'delete_property_details'),(22,'Can add booking_ type',8,'add_booking_type'),(23,'Can change booking_ type',8,'change_booking_type'),(24,'Can delete booking_ type',8,'delete_booking_type'),(25,'Can add holidays',9,'add_holidays'),(26,'Can change holidays',9,'change_holidays'),(27,'Can delete holidays',9,'delete_holidays'),(31,'Can add property_tags',11,'add_property_tags'),(32,'Can change property_tags',11,'change_property_tags'),(33,'Can delete property_tags',11,'delete_property_tags'),(34,'Can add login',12,'add_login'),(35,'Can change login',12,'change_login'),(36,'Can delete login',12,'delete_login'),(37,'Can add sign_ up',13,'add_sign_up'),(38,'Can change sign_ up',13,'change_sign_up'),(39,'Can delete sign_ up',13,'delete_sign_up'),(40,'Can add meeting_room',14,'add_meeting_room'),(41,'Can change meeting_room',14,'change_meeting_room'),(42,'Can delete meeting_room',14,'delete_meeting_room'),(43,'Can add training_room',15,'add_training_room'),(44,'Can change training_room',15,'change_training_room'),(45,'Can delete training_room',15,'delete_training_room'),(46,'Can add shared_area',16,'add_shared_area'),(47,'Can change shared_area',16,'change_shared_area'),(48,'Can delete shared_area',16,'delete_shared_area'),(49,'Can add event_ halls',17,'add_event_halls'),(50,'Can change event_ halls',17,'change_event_halls'),(51,'Can delete event_ halls',17,'delete_event_halls'),(52,'Can add commercial_ halls',18,'add_commercial_halls'),(53,'Can change commercial_ halls',18,'change_commercial_halls'),(54,'Can delete commercial_ halls',18,'delete_commercial_halls'),(55,'Can add property_ facility',19,'add_property_facility'),(56,'Can change property_ facility',19,'change_property_facility'),(57,'Can delete property_ facility',19,'delete_property_facility'),(58,'Can add payment',20,'add_payment'),(59,'Can change payment',20,'change_payment'),(60,'Can delete payment',20,'delete_payment'),(61,'Can add user_ usage',21,'add_user_usage'),(62,'Can change user_ usage',21,'change_user_usage'),(63,'Can delete user_ usage',21,'delete_user_usage'),(64,'Can add user_ details',22,'add_user_details'),(65,'Can change user_ details',22,'change_user_details'),(66,'Can delete user_ details',22,'delete_user_details'),(67,'Can add property_ capacity',23,'add_property_capacity'),(68,'Can change property_ capacity',23,'change_property_capacity'),(69,'Can delete property_ capacity',23,'delete_property_capacity'),(70,'Can add hourly_ booking',24,'add_hourly_booking'),(71,'Can change hourly_ booking',24,'change_hourly_booking'),(72,'Can delete hourly_ booking',24,'delete_hourly_booking'),(73,'Can add monthly_ booking',25,'add_monthly_booking'),(74,'Can change monthly_ booking',25,'change_monthly_booking'),(75,'Can delete monthly_ booking',25,'delete_monthly_booking'),(76,'Can add weekly_ booking',26,'add_weekly_booking'),(77,'Can change weekly_ booking',26,'change_weekly_booking'),(78,'Can delete weekly_ booking',26,'delete_weekly_booking'),(79,'Can add daily_ booking',27,'add_daily_booking'),(80,'Can change daily_ booking',27,'change_daily_booking'),(81,'Can delete daily_ booking',27,'delete_daily_booking'),(82,'Can add booking_ master_ table',28,'add_booking_master_table'),(83,'Can change booking_ master_ table',28,'change_booking_master_table'),(84,'Can delete booking_ master_ table',28,'delete_booking_master_table'),(85,'Can add dw m_ booking',29,'add_dwm_booking'),(86,'Can change dw m_ booking',29,'change_dwm_booking'),(87,'Can delete dw m_ booking',29,'delete_dwm_booking'),(88,'Can add hourly_ halfday_ booking',30,'add_hourly_halfday_booking'),(89,'Can change hourly_ halfday_ booking',30,'change_hourly_halfday_booking'),(90,'Can delete hourly_ halfday_ booking',30,'delete_hourly_halfday_booking'),(91,'Can add login request responses',31,'add_loginrequestresponses'),(92,'Can change login request responses',31,'change_loginrequestresponses'),(93,'Can delete login request responses',31,'delete_loginrequestresponses'),(94,'Can add user settings request responses',32,'add_usersettingsrequestresponses'),(95,'Can change user settings request responses',32,'change_usersettingsrequestresponses'),(96,'Can delete user settings request responses',32,'delete_usersettingsrequestresponses'),(97,'Can add api access',33,'add_apiaccess'),(98,'Can change api access',33,'change_apiaccess'),(99,'Can delete api access',33,'delete_apiaccess'),(100,'Can add api key',34,'add_apikey'),(101,'Can change api key',34,'change_apikey'),(102,'Can delete api key',34,'delete_apikey'),(103,'Can add favourite',35,'add_favourite'),(104,'Can change favourite',35,'change_favourite'),(105,'Can delete favourite',35,'delete_favourite'),(106,'Can add non_ working_ days',36,'add_non_working_days'),(107,'Can change non_ working_ days',36,'change_non_working_days'),(108,'Can delete non_ working_ days',36,'delete_non_working_days'),(109,'Can add rate_ comment',37,'add_rate_comment'),(110,'Can change rate_ comment',37,'change_rate_comment'),(111,'Can delete rate_ comment',37,'delete_rate_comment'),(112,'Can add user_ share',38,'add_user_share'),(113,'Can change user_ share',38,'change_user_share'),(114,'Can delete user_ share',38,'delete_user_share'),(115,'Can add submit_ comment',39,'add_submit_comment'),(116,'Can change submit_ comment',39,'change_submit_comment'),(117,'Can delete submit_ comment',39,'delete_submit_comment'),(118,'Can add set_ comment',40,'add_set_comment'),(119,'Can change set_ comment',40,'change_set_comment'),(120,'Can delete set_ comment',40,'delete_set_comment');

--
-- Table structure for table `auth_user_groups`
--

CREATE TABLE `auth_user_groups` (
  `id` int(11) NOT NULL AUTO_INCREMENT,
  `user_id` int(11) NOT NULL,
  `group_id` int(11) NOT NULL,
  PRIMARY KEY (`id`),
  UNIQUE KEY `user_id` (`user_id`,`group_id`),
  KEY `auth_user_groups_e8701ad4` (`user_id`),
  KEY `auth_user_groups_0e939a4f` (`group_id`),
  CONSTRAINT `auth_user_groups_group_id_33ac548dcf5f8e37_fk_auth_group_id` FOREIGN KEY (`group_id`) REFERENCES `auth_group` (`id`),
  CONSTRAINT `auth_user_groups_user_id_4b5ed4ffdb8fd9b0_fk_auth_user_id` FOREIGN KEY (`user_id`) REFERENCES `auth_user` (`id`)
) ENGINE=InnoDB DEFAULT CHARSET=latin1;

--
-- Dumping data for table `auth_user_groups`
--


--
-- Table structure for table `auth_user_user_permissions`
--

CREATE TABLE `auth_user_user_permissions` (
  `id` int(11) NOT NULL AUTO_INCREMENT,
  `user_id` int(11) NOT NULL,
  `permission_id` int(11) NOT NULL,
  PRIMARY KEY (`id`),
  UNIQUE KEY `user_id` (`user_id`,`permission_id`),
  KEY `auth_user_user_permissions_e8701ad4` (`user_id`),
  KEY `auth_user_user_permissions_8373b171` (`permission_id`),
  CONSTRAINT `auth_user_user_permissi_user_id_7f0938558328534a_fk_auth_user_id` FOREIGN KEY (`user_id`) REFERENCES `auth_user` (`id`),
  CONSTRAINT `auth_user_u_permission_id_384b62483d7071f0_fk_auth_permission_id` FOREIGN KEY (`permission_id`) REFERENCES `auth_permission` (`id`)
) ENGINE=InnoDB DEFAULT CHARSET=latin1;

--
-- Dumping data for table `auth_user_user_permissions`
--


--
-- Table structure for table `django_admin_log`
--

CREATE TABLE `django_admin_log` (
  `id` int(11) NOT NULL AUTO_INCREMENT,
  `action_time` datetime NOT NULL,
  `object_id` longtext,
  `object_repr` varchar(200) NOT NULL,
  `action_flag` smallint(5) unsigned NOT NULL,
  `change_message` longtext NOT NULL,
  `content_type_id` int(11) DEFAULT NULL,
  `user_id` int(11) NOT NULL,
  PRIMARY KEY (`id`),
  KEY `django_admin_log_417f1b1c` (`content_type_id`),
  KEY `django_admin_log_e8701ad4` (`user_id`),
  CONSTRAINT `django_admin_log_user_id_52fdd58701c5f563_fk_auth_user_id` FOREIGN KEY (`user_id`) REFERENCES `auth_user` (`id`),
  CONSTRAINT `djang_content_type_id_697914295151027a_fk_django_content_type_id` FOREIGN KEY (`content_type_id`) REFERENCES `django_content_type` (`id`)
) ENGINE=InnoDB DEFAULT CHARSET=latin1;

--
-- Dumping data for table `django_admin_log`
--


--
-- Table structure for table `django_content_type`
--

CREATE TABLE `django_content_type` (
  `id` int(11) NOT NULL AUTO_INCREMENT,
  `name` varchar(100) NOT NULL,
  `app_label` varchar(100) NOT NULL,
  `model` varchar(100) NOT NULL,
  PRIMARY KEY (`id`),
  UNIQUE KEY `django_content_type_app_label_45f3b1d93ec8c61c_uniq` (`app_label`,`model`)
) ENGINE=InnoDB AUTO_INCREMENT=41 DEFAULT CHARSET=latin1;

--
-- Dumping data for table `django_content_type`
--

INSERT INTO `django_content_type` VALUES (1,'log entry','admin','logentry'),(2,'permission','auth','permission'),(3,'group','auth','group'),(4,'user','auth','user'),(5,'content type','contenttypes','contenttype'),(6,'session','sessions','session'),(7,'property_ details','BizPit_app','property_details'),(8,'booking_ type','BizPit_app','booking_type'),(9,'holidays','BizPit_app','holidays'),(11,'property_tags','BizPit_app','property_tags'),(12,'login','BizPit_app','login'),(13,'sign_ up','BizPit_app','sign_up'),(14,'meeting_room','BizPit_app','meeting_room'),(15,'training_room','BizPit_app','training_room'),(16,'shared_area','BizPit_app','shared_area'),(17,'event_ halls','BizPit_app','event_halls'),(18,'commercial_ halls','BizPit_app','commercial_halls'),(19,'property_ facility','BizPit_app','property_facility'),(20,'payment','BizPit_app','payment'),(21,'user_ usage','BizPit_app','user_usage'),(22,'user_ details','BizPit_app','user_details'),(23,'property_ capacity','BizPit_app','property_capacity'),(24,'hourly_ booking','BizPit_app','hourly_booking'),(25,'monthly_ booking','BizPit_app','monthly_booking'),(26,'weekly_ booking','BizPit_app','weekly_booking'),(27,'daily_ booking','BizPit_app','daily_booking'),(28,'booking_ master_ table','BizPit_app','booking_master_table'),(29,'dw m_ booking','BizPit_app','dwm_booking'),(30,'hourly_ halfday_ booking','BizPit_app','hourly_halfday_booking'),(31,'login request responses','BizPit_api_app','loginrequestresponses'),(32,'user settings request responses','BizPit_api_app','usersettingsrequestresponses'),(33,'api access','tastypie','apiaccess'),(34,'api key','tastypie','apikey'),(35,'favourite','BizPit_app','favourite'),(36,'non_ working_ days','BizPit_app','non_working_days'),(37,'rate_ comment','BizPit_app','rate_comment'),(38,'user_ share','BizPit_app','user_share'),(39,'submit_ comment','BizPit_app','submit_comment'),(40,'set_ comment','BizPit_app','set_comment');

--
-- Table structure for table `django_migrations`
--

CREATE TABLE `django_migrations` (
  `id` int(11) NOT NULL AUTO_INCREMENT,
  `app` varchar(255) NOT NULL,
  `name` varchar(255) NOT NULL,
  `applied` datetime NOT NULL,
  PRIMARY KEY (`id`)
) ENGINE=InnoDB AUTO_INCREMENT=41 DEFAULT CHARSET=latin1;

--
-- Dumping data for table `django_migrations`
--

INSERT INTO `django_migrations` VALUES (1,'BizPit_app','0001_initial','2016-02-25 07:34:15'),(2,'BizPit_app','0002_auto_20160212_0608','2016-02-25 07:34:15'),(3,'BizPit_app','0003_auto_20160212_0616','2016-02-25 07:34:15'),(4,'BizPit_app','0004_auto_20160212_0618','2016-02-25 07:34:15'),(5,'BizPit_app','0005_login','2016-02-25 07:34:15'),(6,'BizPit_app','0006_daily_booking_hourly_booking_monthly_booking_payment_property_capacity_property_facility_user_detail','2016-02-25 07:34:15'),(7,'BizPit_app','0007_auto_20160222_1217','2016-02-25 07:34:18'),(8,'BizPit_app','0008_auto_20160223_0617','2016-02-25 07:34:19'),(9,'BizPit_app','0009_sign_up','2016-02-25 07:34:19'),(10,'BizPit_app','0010_auto_20160224_1210','2016-02-25 07:34:19'),(11,'BizPit_app','0011_holidays_working_days','2016-02-25 07:34:20'),(12,'contenttypes','0001_initial','2016-02-25 07:34:20'),(13,'auth','0001_initial','2016-02-25 07:34:20'),(14,'admin','0001_initial','2016-02-25 07:34:20'),(15,'sessions','0001_initial','2016-02-25 07:34:20'),(16,'BizPit_api_app','0001_initial','2016-02-25 09:33:43'),(17,'tastypie','0001_initial','2016-02-25 09:33:43'),(18,'BizPit_app','0012_auto_20160304_0505','2016-03-04 05:05:35'),(19,'BizPit_app','0013_holidays_non_working_days','2016-03-08 09:44:29'),(20,'BizPit_app','0014_login_user_type','2016-04-11 10:50:56'),(21,'BizPit_app','0015_auto_20160411_1042','2016-04-11 10:50:56'),(22,'BizPit_app','0016_user_share','2016-04-13 07:00:48'),(23,'BizPit_app','0017_property_details_default_type','2016-04-25 10:06:18'),(24,'BizPit_app','0018_event_halls_room_no','2016-04-25 10:34:33'),(25,'BizPit_app','0019_property_details_description','2016-04-26 10:05:33'),(26,'BizPit_app','0020_auto_20160428_1033','2016-04-28 10:34:00'),(27,'BizPit_app','0021_auto_20160509_1224','2016-05-09 12:24:32'),(28,'BizPit_app','0014_auto_20160323_0625','2016-05-17 09:14:08'),(29,'BizPit_app','0015_rate_comment','2016-05-17 09:14:08'),(30,'BizPit_app','0020_auto_20160428_1025','2016-05-17 09:14:08'),(31,'BizPit_app','0021_remove_hourly_halfday_booking_room_no','2016-05-17 09:14:08'),(32,'BizPit_app','0022_hourly_halfday_booking_room_no','2016-05-17 09:14:08'),(33,'BizPit_app','0023_property_details_invoice_no','2016-05-17 09:14:08'),(34,'BizPit_app','0024_auto_20160503_0533','2016-05-17 09:14:08'),(35,'BizPit_app','0025_login_gcm_id','2016-05-17 09:14:08'),(36,'BizPit_app','0026_auto_20160512_1240','2016-05-17 09:14:08'),(37,'BizPit_app','0027_submit_comment','2016-05-19 11:15:17'),(38,'BizPit_app','0028_auto_20160523_1258','2016-05-23 12:58:27'),(39,'BizPit_app','0029_auto_20160524_0638','2016-05-24 06:38:52'),(40,'BizPit_app','0030_auto_20160524_1104','2016-05-24 11:04:17');

--
-- Table structure for table `tastypie_apiaccess`
--

CREATE TABLE `tastypie_apiaccess` (
  `id` int(11) NOT NULL AUTO_INCREMENT,
  `identifier` varchar(255) NOT NULL,
  `url` varchar(255) NOT NULL,
  `request_method` varchar(10) NOT NULL,
  `accessed` int(10) unsigned NOT NULL,
  PRIMARY KEY (`id`)
) ENGINE=InnoDB DEFAULT CHARSET=latin1;

--
-- Dumping data for table `tastypie_apiaccess`
--



