--
-- Host: localhost    Database: bizpit
-- ------------------------------------------------------


--
-- Table structure for table `BizPit_api_app_loginrequestresponses`
--

CREATE TABLE `BizPit_api_app_loginrequestresponses` (
  `id` int(11) NOT NULL AUTO_INCREMENT,
  `requestid` varchar(200) NOT NULL,
  `userMobileNos` varchar(200) NOT NULL,
  `userhandle` varchar(200) NOT NULL,
  `deviceType` varchar(200) NOT NULL,
  `deviceId` varchar(200) NOT NULL,
  `appVersion` varchar(200) NOT NULL,
  `gcmId` varchar(200) NOT NULL,
  `userLocation` varchar(200) NOT NULL,
  PRIMARY KEY (`id`)
) ENGINE=InnoDB DEFAULT CHARSET=latin1;

--
-- Dumping data for table `BizPit_api_app_loginrequestresponses`
--


--
-- Table structure for table `BizPit_api_app_usersettingsrequestresponses`
--

CREATE TABLE `BizPit_api_app_usersettingsrequestresponses` (
  `id` int(11) NOT NULL AUTO_INCREMENT,
  `Request_ID` varchar(200) NOT NULL,
  `userHandle` varchar(200) NOT NULL,
  `resultCode` varchar(200) NOT NULL,
  `resultDetails` varchar(200) NOT NULL,
  PRIMARY KEY (`id`)
) ENGINE=InnoDB AUTO_INCREMENT=4617 DEFAULT CHARSET=latin1;

--
-- Dumping data for table `BizPit_api_app_usersettingsrequestresponses`
--

INSERT INTO `BizPit_api_app_usersettingsrequestresponses` VALUES (1,'','2','',''),(2,'','10','',''),(3,'','','',''),(4,'','10','',''),(5,'','10','',''),(6,'','10','',''),(7,'','10','',''),(8,'','10','',''),(9,'','2','',''),(10,'','10','',''),(11,'','10','',''),(12,'','2','',''),(13,'','2','',''),(14,'','2','',''),(15,'','2','',''),(16,'','10','',''),(17,'','10','',''),(18,'','2','',''),(19,'','2','',''),(20,'','2','',''),(21,'','2','',''),(22,'','10','',''),(23,'','10','',''),(24,'','10','',''),(25,'','2','',''),(26,'','1','',''),(27,'','1','',''),(28,'','1','',''),(29,'','10','',''),(30,'','10','',''),(31,'','10','',''),(32,'','10','',''),(33,'','2','',''),(34,'','1','',''),(35,'','1','',''),(36,'','1','',''),(37,'','2','',''),(38,'','1','',''),(39,'','','',''),(40,'','2','',''),(41,'','1','',''),(42,'','1','',''),(43,'','2','',''),(44,'','1','',''),(45,'','2','',''),(46,'','1','',''),(47,'','2','',''),(48,'','1','',''),(49,'','2','',''),(50,'','1','',''),(51,'','2','',''),(52,'','1','',''),(53,'','1','',''),(54,'','2','',''),(55,'','','',''),(56,'','2','',''),(57,'','1','',''),(58,'','1','',''),(59,'','1','',''),(60,'','2','',''),(61,'','1','',''),(62,'','2','',''),(63,'','1','',''),(64,'','2','',''),(65,'','1','',''),(66,'','2','',''),(67,'','1','',''),(68,'','2','',''),(69,'','1','',''),(70,'','2','',''),(71,'','1','',''),(72,'','2','',''),(73,'','1','',''),(74,'','1','',''),(75,'','2','',''),(76,'','1','',''),(77,'','2','',''),(78,'','1','',''),(79,'','1','',''),(80,'','10','',''),(81,'','1','',''),(82,'','2','',''),(83,'','1','',''),(84,'','1','',''),(85,'','1','',''),(86,'','1','',''),(87,'','1','',''),(88,'','1','',''),(89,'','1','',''),(90,'','1','',''),(91,'','1','',''),(92,'','2','',''),(93,'','1','',''),(94,'','1','',''),(95,'','1','',''),(96,'','1','',''),(97,'','1','',''),(98,'','1','',''),(99,'','1','',''),(100,'','1','',''),(101,'','1','',''),(102,'','10','',''),(103,'','10','',''),(104,'','10','',''),(105,'','2','',''),(106,'','1','',''),(107,'','2','',''),(108,'','1','',''),(109,'','1','',''),(110,'','','',''),(111,'','1','',''),(112,'','10','',''),(113,'','10','',''),(114,'','1','',''),(115,'','1','',''),(116,'','2','',''),(117,'','1','',''),(118,'','1','',''),(119,'','1','',''),(120,'','1','',''),(121,'','1','',''),(122,'','1','',''),(123,'','1','',''),(124,'','1','',''),(125,'','1','',''),(126,'','1','',''),(127,'','2','',''),(128,'','10','',''),(129,'','10','',''),(130,'','2','',''),(131,'','1','',''),(132,'','1','',''),(133,'','10','',''),(134,'','10','',''),(135,'','2','',''),(136,'','','',''),(137,'','1','',''),(138,'','1','',''),(139,'','1','',''),(140,'','1','',''),(141,'','1','',''),(142,'','2','',''),(143,'','1','',''),(144,'','1','',''),(145,'','1','',''),(146,'','2','',''),(147,'','1','',''),(148,'','1','',''),(149,'','1','',''),(150,'','1','',''),(151,'','1','',''),(152,'','1','',''),(153,'','1','',''),(154,'','2','',''),(155,'','1','',''),(156,'','1','',''),(157,'','1','',''),(158,'','1','',''),(159,'','1','',''),(160,'','','',''),(161,'','10','',''),(162,'','2','',''),(163,'','1','',''),(164,'','','',''),(165,'','10','',''),(166,'','2','',''),(167,'','2','',''),(168,'','1','',''),(169,'','2','',''),(170,'','2','',''),(171,'','2','',''),(172,'','1','',''),(173,'','','',''),(174,'','1','',''),(175,'','10','',''),(176,'','2','',''),(177,'','2','',''),(178,'','1','',''),(179,'','1','',''),(180,'','2','',''),(181,'','2','',''),(182,'','1','',''),(183,'','2','',''),(184,'','1','',''),(185,'','1','',''),(186,'','1','',''),(187,'','2','',''),(188,'','1','',''),(189,'','2','',''),(190,'','1','',''),(191,'','2','',''),(192,'','1','',''),(193,'','2','',''),(194,'','2','',''),(195,'','1','',''),(196,'','1','',''),(197,'','2','',''),(198,'','1','',''),(199,'','2','',''),(200,'','2','',''),(201,'','','',''),(202,'','1','',''),(203,'','1','',''),(204,'','1','',''),(205,'','1','',''),(206,'','2','',''),(207,'','2','',''),(208,'','1','',''),(209,'','1','',''),(210,'','2','',''),(211,'','1','',''),(212,'','1','',''),(213,'','2','',''),(214,'','1','',''),(215,'','1','',''),(216,'','1','',''),(217,'','2','',''),(218,'','1','',''),(219,'','1','',''),(220,'','1','',''),(221,'','1','',''),(222,'','2','',''),(223,'','1','',''),(224,'','1','',''),(225,'','1','',''),(226,'','1','',''),(227,'','10','',''),(228,'','10','',''),(229,'','2','',''),(230,'','1','',''),(231,'','1','',''),(232,'','1','',''),(233,'','1','',''),(234,'','10','',''),(235,'','1','',''),(236,'','10','',''),(237,'','10','',''),(238,'','10','',''),(239,'','1','',''),(240,'','1','',''),(241,'','2','',''),(242,'','1','',''),(243,'','1','',''),(244,'','2','',''),(245,'','1','',''),(246,'','2','',''),(247,'','1','',''),(248,'','2','',''),(249,'','2','',''),(250,'','','',''),(251,'','1','',''),(252,'','1','',''),(253,'','1','',''),(254,'','1','',''),(255,'','','',''),(256,'','','',''),(257,'','','',''),(258,'','1','',''),(259,'','1','',''),(260,'','1','',''),(261,'','','',''),(262,'','','',''),(263,'','','',''),(264,'','3','',''),(265,'','3','',''),(266,'','3','',''),(267,'','','',''),(268,'','1','',''),(269,'','','',''),(270,'','4','',''),(271,'','4','',''),(272,'','4','',''),(273,'','4','',''),(274,'','1','',''),(275,'','1','',''),(276,'','4','',''),(277,'','4','',''),(278,'','4','',''),(279,'','4','',''),(280,'','4','',''),(281,'','1','',''),(282,'','4','',''),(283,'','1','',''),(284,'','2','',''),(285,'','2','',''),(286,'','2','',''),(287,'','1','',''),(288,'','1','',''),(289,'','1','',''),(290,'','2','',''),(291,'','1','',''),(292,'','2','',''),(293,'','1','',''),(294,'','2','',''),(295,'','1','',''),(296,'','2','',''),(297,'','1','',''),(298,'','1','',''),(299,'','1','',''),(300,'','2','',''),(301,'','1','',''),(302,'','','',''),(303,'','2','',''),(304,'','','',''),(305,'','1','',''),(306,'','1','',''),(307,'','1','',''),(308,'','','',''),(309,'','','',''),(310,'','5','',''),(311,'','5','',''),(312,'','2','',''),(313,'','1','',''),(314,'','1','',''),(315,'','1','',''),(316,'','2','',''),(317,'','1','',''),(318,'','1','',''),(319,'','2','',''),(320,'','2','',''),(321,'','1','',''),(322,'','2','',''),(323,'','2','',''),(324,'','2','',''),(325,'','2','',''),(326,'','2','',''),(327,'','2','',''),(328,'','2','',''),(329,'','2','',''),(330,'','2','',''),(331,'','1','',''),(332,'','2','',''),(333,'','10','',''),(334,'','2','',''),(335,'','2','',''),(336,'','2','',''),(337,'','2','',''),(338,'','2','',''),(339,'','2','',''),(340,'','2','',''),(341,'','2','',''),(342,'','2','',''),(343,'','1','',''),(344,'','1','',''),(345,'','2','',''),(346,'','2','',''),(347,'','1','',''),(348,'','2','',''),(349,'','2','',''),(350,'','1','',''),(351,'','10','',''),(352,'','10','',''),(353,'','2','',''),(354,'','2','',''),(355,'','2','',''),(356,'','2','',''),(357,'','2','',''),(358,'','1','',''),(359,'','10','',''),(360,'','10','',''),(361,'','1','',''),(362,'','10','',''),(363,'','2','',''),(364,'','1','',''),(365,'','2','',''),(366,'','2','',''),(367,'','2','',''),(368,'','10','',''),(369,'','10','',''),(370,'','1','',''),(371,'','1','',''),(372,'','1','',''),(373,'','1','',''),(374,'','2','',''),(375,'','10','',''),(376,'','10','',''),(377,'','2','',''),(378,'','1','',''),(379,'','1','',''),(380,'','2','',''),(381,'','2','',''),(382,'','2','',''),(383,'','1','',''),(384,'','2','',''),(385,'','2','',''),(386,'','2','',''),(387,'','2','',''),(388,'','1','',''),(389,'','1','',''),(390,'','2','',''),(391,'','1','',''),(392,'','2','',''),(393,'','10','',''),(394,'','10','',''),(395,'','2','',''),(396,'','1','',''),(397,'','2','',''),(398,'','1','',''),(399,'','1','',''),(400,'','1','',''),(401,'','1','',''),(402,'','1','',''),(403,'','1','',''),(404,'','1','',''),(405,'','1','',''),(406,'','2','',''),(407,'','2','',''),(408,'','2','',''),(409,'','2','',''),(410,'','2','',''),(411,'','2','',''),(412,'','1','',''),(413,'','2','',''),(414,'','1','',''),(415,'','2','',''),(416,'','2','',''),(417,'','2','',''),(418,'','1','',''),(419,'','10','',''),(420,'','10','',''),(421,'','10','',''),(422,'','10','',''),(423,'','2','',''),(424,'','2','',''),(425,'','2','',''),(426,'','2','',''),(427,'','2','',''),(428,'','2','',''),(429,'','1','',''),(430,'','1','',''),(431,'','2','',''),(432,'','2','',''),(433,'','1','',''),(434,'','1','',''),(435,'','1','',''),(436,'','2','',''),(437,'','2','',''),(438,'','1','',''),(439,'','1','',''),(440,'','1','',''),(441,'','1','',''),(442,'','2','',''),(443,'','1','',''),(444,'','2','',''),(445,'','1','',''),(446,'','2','',''),(447,'','2','',''),(448,'','2','',''),(449,'','1','',''),(450,'','1','',''),(451,'','2','',''),(452,'','2','',''),(453,'','2','',''),(454,'','2','',''),(455,'','2','',''),(456,'','2','',''),(457,'','1','',''),(458,'','2','',''),(459,'','2','',''),(460,'','2','',''),(461,'','2','',''),(462,'','1','',''),(463,'','1','',''),(464,'','2','',''),(465,'','2','',''),(466,'','1','',''),(467,'','2','',''),(468,'','2','',''),(469,'','2','',''),(470,'','2','',''),(471,'','1','',''),(472,'','2','',''),(473,'','2','',''),(474,'','2','',''),(475,'','2','',''),(476,'','2','',''),(477,'','1','',''),(478,'','1','',''),(479,'','2','',''),(480,'','2','',''),(481,'','1','',''),(482,'','1','',''),(483,'','1','',''),(484,'','1','',''),(485,'','2','',''),(486,'','2','',''),(487,'','1','',''),(488,'','2','',''),(489,'','2','',''),(490,'','2','',''),(491,'','2','',''),(492,'','2','',''),(493,'','2','',''),(494,'','1','',''),(495,'','2','',''),(496,'','2','',''),(497,'','1','',''),(498,'','1','',''),(499,'','2','',''),(500,'','2','',''),(501,'','2','',''),(502,'','2','',''),(503,'','2','',''),(504,'','1','',''),(505,'','2','',''),(506,'','1','',''),(507,'','2','',''),(508,'','1','',''),(509,'','2','',''),(510,'','2','',''),(511,'','2','',''),(512,'','1','',''),(513,'','1','',''),(514,'','2','',''),(515,'','10','',''),(516,'','10','',''),(517,'','2','',''),(518,'','10','',''),(519,'','1','',''),(520,'','10','',''),(521,'','2','',''),(522,'','10','',''),(523,'','2','',''),(524,'','1','',''),(525,'','2','',''),(526,'','2','',''),(527,'','1','',''),(528,'','1','',''),(529,'','10','',''),(530,'','10','',''),(531,'','2','',''),(532,'','10','',''),(533,'','10','',''),(534,'','2','',''),(535,'','10','',''),(536,'','10','',''),(537,'','10','',''),(538,'','1','',''),(539,'','1','',''),(540,'','1','',''),(541,'','10','',''),(542,'','1','',''),(543,'','10','',''),(544,'','','',''),(545,'','','',''),(546,'','','',''),(547,'','','',''),(548,'','2','',''),(549,'','1','',''),(550,'','','',''),(551,'','','',''),(552,'','2','',''),(553,'','','',''),(554,'','','',''),(555,'','','',''),(556,'','2','',''),(557,'','10','',''),(558,'','10','',''),(559,'','','',''),(560,'','','',''),(561,'','10','',''),(562,'','1','',''),(563,'','2','',''),(564,'','2','',''),(565,'','2','',''),(566,'','2','',''),(567,'','1','',''),(568,'','2','',''),(569,'','','',''),(570,'','1','',''),(571,'','2','',''),(572,'','','',''),(573,'','','',''),(574,'','6','',''),(575,'','2','',''),(576,'','','',''),(577,'','1','',''),(578,'','1','',''),(579,'','2','',''),(580,'','','',''),(581,'','2','',''),(582,'','2','',''),(583,'','','',''),(584,'','6','',''),(585,'','10','',''),(586,'','10','',''),(587,'','10','',''),(588,'','','',''),(589,'','2','',''),(590,'','','',''),(591,'','6','',''),(592,'','2','',''),(593,'','1','',''),(594,'','','',''),(595,'','','',''),(596,'','1','',''),(597,'','6','',''),(598,'','2','',''),(599,'','6','',''),(600,'','2','',''),(601,'','1','',''),(602,'','2','',''),(603,'','6','',''),(604,'','10','',''),(605,'','1','',''),(606,'','10','',''),(607,'','6','',''),(608,'','1','',''),(609,'','6','',''),(610,'','6','',''),(611,'','6','',''),(612,'','2','',''),(613,'','1','',''),(614,'','','',''),(615,'','2','',''),(616,'','1','',''),(617,'','1','',''),(618,'','1','',''),(619,'','','',''),(620,'','2','',''),(621,'','1','',''),(622,'','6','',''),(623,'','1','',''),(624,'','1','',''),(625,'','6','',''),(626,'','6','',''),(627,'','2','',''),(628,'','1','',''),(629,'','1','',''),(630,'','1','',''),(631,'','2','',''),(632,'','1','',''),(633,'','2','',''),(634,'','1','',''),(635,'','2','',''),(636,'','1','',''),(637,'','1','',''),(638,'','1','',''),(639,'','1','',''),(640,'','2','',''),(641,'','1','',''),(642,'','1','',''),(643,'','2','',''),(644,'','1','',''),(645,'','1','',''),(646,'','1','',''),(647,'','1','',''),(648,'','2','',''),(649,'','1','',''),(650,'','6','',''),(651,'','1','',''),(652,'','10','',''),(653,'','10','',''),(654,'','10','',''),(655,'','1','',''),(656,'','1','',''),(657,'','2','',''),(658,'','1','',''),(659,'','10','',''),(660,'','2','',''),(661,'','2','',''),(662,'','','',''),(663,'','6','',''),(664,'','6','',''),(665,'','1','',''),(666,'','1','',''),(667,'','2','',''),(668,'','1','',''),(669,'','','',''),(670,'','2','',''),(671,'','1','',''),(672,'','1','',''),(673,'','','',''),(674,'','1','',''),(675,'','','',''),(676,'','1','',''),(677,'','1','',''),(678,'','1','',''),(679,'','2','',''),(680,'','1','',''),(681,'','1','',''),(682,'','1','',''),(683,'','6','',''),(684,'','6','',''),(685,'','1','',''),(686,'','10','',''),(687,'','6','',''),(688,'','6','',''),(689,'','','',''),(690,'','7','',''),(691,'','1','',''),(692,'','1','',''),(693,'','1','',''),(694,'','2','',''),(695,'','1','',''),(696,'','2','',''),(697,'','7','',''),(698,'','1','',''),(699,'','','',''),(700,'','7','',''),(701,'','1','',''),(702,'','1','',''),(703,'','2','',''),(704,'','7','',''),(705,'','1','',''),(706,'','7','',''),(707,'','7','',''),(708,'','1','',''),(709,'','2','',''),(710,'','7','',''),(711,'','1','',''),(712,'','2','',''),(713,'','7','',''),(714,'','1','',''),(715,'','2','',''),(716,'','7','',''),(717,'','1','',''),(718,'','1','',''),(719,'','','',''),(720,'','6','',''),(721,'','7','',''),(722,'','1','',''),(723,'','2','',''),(724,'','7','',''),(725,'','7','',''),(726,'','7','',''),(727,'','6','',''),(728,'','1','',''),(729,'','2','',''),(730,'','7','',''),(731,'','1','',''),(732,'','7','',''),(733,'','7','',''),(734,'','1','',''),(735,'','2','',''),(736,'','7','',''),(737,'','7','',''),(738,'','7','',''),(739,'','1','',''),(740,'','7','',''),(741,'','1','',''),(742,'','2','',''),(743,'','1','',''),(744,'','7','',''),(745,'','','',''),(746,'','1','',''),(747,'','1','',''),(748,'','','',''),(749,'','','',''),(750,'','1','',''),(751,'','','',''),(752,'','1','',''),(753,'','1','',''),(754,'','','',''),(755,'','1','',''),(756,'','7','',''),(757,'','7','',''),(758,'','1','',''),(759,'','7','',''),(760,'','1','',''),(761,'','2','',''),(762,'','7','',''),(763,'','1','',''),(764,'','2','',''),(765,'','6','',''),(766,'','7','',''),(767,'','7','',''),(768,'','1','',''),(769,'','2','',''),(770,'','','',''),(771,'','7','',''),(772,'','7','',''),(773,'','1','',''),(774,'','2','',''),(775,'','','',''),(776,'','','',''),(777,'','','',''),(778,'','','',''),(779,'','1','',''),(780,'','','',''),(781,'','','',''),(782,'','','',''),(783,'','','',''),(784,'','1','',''),(785,'','','',''),(786,'','','',''),(787,'','1','',''),(788,'','','',''),(789,'','1','',''),(790,'','1','',''),(791,'','','',''),(792,'','1','',''),(793,'','','',''),(794,'','','',''),(795,'','','',''),(796,'','1','',''),(797,'','1','',''),(798,'','1','',''),(799,'','6','',''),(800,'','6','',''),(801,'','6','',''),(802,'','7','',''),(803,'','7','',''),(804,'','6','',''),(805,'','7','',''),(806,'','1','',''),(807,'','2','',''),(808,'','1','',''),(809,'','7','',''),(810,'','1','',''),(811,'','2','',''),(812,'','7','',''),(813,'','10','',''),(814,'','10','',''),(815,'','10','',''),(816,'','','',''),(817,'','6','',''),(818,'','6','',''),(819,'','6','',''),(820,'','6','',''),(821,'','6','',''),(822,'','6','',''),(823,'','7','',''),(824,'','7','',''),(825,'','1','',''),(826,'','2','',''),(827,'','','',''),(828,'','6','',''),(829,'','','',''),(830,'','7','',''),(831,'','7','',''),(832,'','1','',''),(833,'','2','',''),(834,'','7','',''),(835,'','10','',''),(836,'','10','',''),(837,'','10','',''),(838,'','10','',''),(839,'','10','',''),(840,'','7','',''),(841,'','1','',''),(842,'','7','',''),(843,'','7','',''),(844,'','7','',''),(845,'','7','',''),(846,'','7','',''),(847,'','7','',''),(848,'','1','',''),(849,'','','',''),(850,'','','',''),(851,'','10','',''),(852,'','10','',''),(853,'','7','',''),(854,'','7','',''),(855,'','1','',''),(856,'','2','',''),(857,'','7','',''),(858,'','1','',''),(859,'','2','',''),(860,'','7','',''),(861,'','1','',''),(862,'','1','',''),(863,'','2','',''),(864,'','1','',''),(865,'','1','',''),(866,'','2','',''),(867,'','7','',''),(868,'','7','',''),(869,'','1','',''),(870,'','2','',''),(871,'','7','',''),(872,'','1','',''),(873,'','2','',''),(874,'','7','',''),(875,'','7','',''),(876,'','1','',''),(877,'','2','',''),(878,'','7','',''),(879,'','1','',''),(880,'','2','',''),(881,'','2','',''),(882,'','7','',''),(883,'','7','',''),(884,'','7','',''),(885,'','7','',''),(886,'','7','',''),(887,'','7','',''),(888,'','1','',''),(889,'','1','',''),(890,'','1','',''),(891,'','2','',''),(892,'','7','',''),(893,'','','',''),(894,'','6','',''),(895,'','6','',''),(896,'','7','',''),(897,'','7','',''),(898,'','1','',''),(899,'','1','',''),(900,'','1','',''),(901,'','2','',''),(902,'','7','',''),(903,'','1','',''),(904,'','2','',''),(905,'','1','',''),(906,'','2','',''),(907,'','1','',''),(908,'','2','',''),(909,'','7','',''),(910,'','1','',''),(911,'','2','',''),(912,'','7','',''),(913,'','1','',''),(914,'','2','',''),(915,'','7','',''),(916,'','7','',''),(917,'','7','',''),(918,'','','',''),(919,'','8','',''),(920,'','8','',''),(921,'','8','',''),(922,'','1','',''),(923,'','8','',''),(924,'','8','',''),(925,'','2','',''),(926,'','','',''),(927,'','','',''),(928,'','','',''),(929,'','','',''),(930,'','7','',''),(931,'','','',''),(932,'','','',''),(933,'','','',''),(934,'','1','',''),(935,'','2','',''),(936,'','','',''),(937,'','','',''),(938,'','','',''),(939,'','','',''),(940,'','7','',''),(941,'','','',''),(942,'','','',''),(943,'','7','',''),(944,'','','',''),(945,'','1','',''),(946,'','2','',''),(947,'','1','',''),(948,'','2','',''),(949,'','','',''),(950,'','7','',''),(951,'','7','',''),(952,'','1','',''),(953,'','2','',''),(954,'','7','',''),(955,'','7','',''),(956,'','1','',''),(957,'','2','',''),(958,'','7','',''),(959,'','1','',''),(960,'','2','',''),(961,'','1','',''),(962,'','1','',''),(963,'','1','',''),(964,'','1','',''),(965,'','1','',''),(966,'','2','',''),(967,'','7','',''),(968,'','1','',''),(969,'','2','',''),(970,'','7','',''),(971,'','7','',''),(972,'','7','',''),(973,'','1','',''),(974,'','1','',''),(975,'','1','',''),(976,'','2','',''),(977,'','7','',''),(978,'','1','',''),(979,'','2','',''),(980,'','7','',''),(981,'','1','',''),(982,'','2','',''),(983,'','7','',''),(984,'','7','',''),(985,'','1','',''),(986,'','1','',''),(987,'','2','',''),(988,'','7','',''),(989,'','7','',''),(990,'','1','',''),(991,'','2','',''),(992,'','1','',''),(993,'','7','',''),(994,'','7','',''),(995,'','7','',''),(996,'','1','',''),(997,'','1','',''),(998,'','','',''),(999,'','7','',''),(1000,'','7','',''),(1001,'','1','',''),(1002,'','1','',''),(1003,'','1','',''),(1004,'','1','',''),(1005,'','1','',''),(1006,'','1','',''),(1007,'','1','',''),(1008,'','2','',''),(1009,'','7','',''),(1010,'','7','',''),(1011,'','7','',''),(1012,'','6','',''),(1013,'','7','',''),(1014,'','1','',''),(1015,'','1','',''),(1016,'','2','',''),(1017,'','1','',''),(1018,'','1','',''),(1019,'','7','',''),(1020,'','7','',''),(1021,'','7','',''),(1022,'','7','',''),(1023,'','7','',''),(1024,'','7','',''),(1025,'','7','',''),(1026,'','1','',''),(1027,'','1','',''),(1028,'','1','',''),(1029,'','2','',''),(1030,'','1','',''),(1031,'','2','',''),(1032,'','7','',''),(1033,'','7','',''),(1034,'','1','',''),(1035,'','1','',''),(1036,'','1','',''),(1037,'','1','',''),(1038,'','1','',''),(1039,'','1','',''),(1040,'','1','',''),(1041,'','7','',''),(1042,'','7','',''),(1043,'','1','',''),(1044,'','2','',''),(1045,'','7','',''),(1046,'','1','',''),(1047,'','2','',''),(1048,'','1','',''),(1049,'','1','',''),(1050,'','7','',''),(1051,'','7','',''),(1052,'','7','',''),(1053,'','7','',''),(1054,'','','',''),(1055,'','1','',''),(1056,'','1','',''),(1057,'','1','',''),(1058,'','1','',''),(1059,'','1','',''),(1060,'','1','',''),(1061,'','1','',''),(1062,'','1','',''),(1063,'','1','',''),(1064,'','7','',''),(1065,'','1','',''),(1066,'','1','',''),(1067,'','1','',''),(1068,'','1','',''),(1069,'','2','',''),(1070,'','1','',''),(1071,'','1','',''),(1072,'','2','',''),(1073,'','1','',''),(1074,'','1','',''),(1075,'','','',''),(1076,'','1','',''),(1077,'','','',''),(1078,'','','',''),(1079,'','1','',''),(1080,'','1','',''),(1081,'','','',''),(1082,'','','',''),(1083,'','1','',''),(1084,'','1','',''),(1085,'','7','',''),(1086,'','','',''),(1087,'','1','',''),(1088,'','1','',''),(1089,'','1','',''),(1090,'','1','',''),(1091,'','1','',''),(1092,'','1','',''),(1093,'','1','',''),(1094,'','1','',''),(1095,'','1','',''),(1096,'','1','',''),(1097,'','1','',''),(1098,'','1','',''),(1099,'','1','',''),(1100,'','1','',''),(1101,'','7','',''),(1102,'','7','',''),(1103,'','1','',''),(1104,'','2','',''),(1105,'','1','',''),(1106,'','1','',''),(1107,'','1','',''),(1108,'','1','',''),(1109,'','','',''),(1110,'','1','',''),(1111,'','1','',''),(1112,'','1','',''),(1113,'','','',''),(1114,'','8','',''),(1115,'','8','',''),(1116,'','1','',''),(1117,'','2','',''),(1118,'','8','',''),(1119,'','7','',''),(1120,'','7','',''),(1121,'','1','',''),(1122,'','2','',''),(1123,'','7','',''),(1124,'','1','',''),(1125,'','2','',''),(1126,'','1','',''),(1127,'','7','',''),(1128,'','7','',''),(1129,'','1','',''),(1130,'','2','',''),(1131,'','7','',''),(1132,'','7','',''),(1133,'','1','',''),(1134,'','2','',''),(1135,'','7','',''),(1136,'','1','',''),(1137,'','2','',''),(1138,'','','',''),(1139,'','9','',''),(1140,'','9','',''),(1141,'','9','',''),(1142,'','9','',''),(1143,'','9','',''),(1144,'','9','',''),(1145,'','9','',''),(1146,'','','',''),(1147,'','1','',''),(1148,'','9','',''),(1149,'','9','',''),(1150,'','1','',''),(1151,'','1','',''),(1152,'','2','',''),(1153,'','1','',''),(1154,'','1','',''),(1155,'','1','',''),(1156,'','9','',''),(1157,'','1','',''),(1158,'','1','',''),(1159,'','9','',''),(1160,'','9','',''),(1161,'','9','',''),(1162,'','1','',''),(1163,'','1','',''),(1164,'','1','',''),(1165,'','1','',''),(1166,'','2','',''),(1167,'','1','',''),(1168,'','1','',''),(1169,'','2','',''),(1170,'','9','',''),(1171,'','','',''),(1172,'','8','',''),(1173,'','8','',''),(1174,'','8','',''),(1175,'','1','',''),(1176,'','2','',''),(1177,'','8','',''),(1178,'','9','',''),(1179,'','1','',''),(1180,'','9','',''),(1181,'','1','',''),(1182,'','1','',''),(1183,'','2','',''),(1184,'','9','',''),(1185,'','9','',''),(1186,'','9','',''),(1187,'','9','',''),(1188,'','9','',''),(1189,'','9','',''),(1190,'','9','',''),(1191,'','9','',''),(1192,'','9','',''),(1193,'','9','',''),(1194,'','9','',''),(1195,'','9','',''),(1196,'','9','',''),(1197,'','9','',''),(1198,'','9','',''),(1199,'','','',''),(1200,'','4','',''),(1201,'','4','',''),(1202,'','1','',''),(1203,'','2','',''),(1204,'','4','',''),(1205,'','8','',''),(1206,'','9','',''),(1207,'','9','',''),(1208,'','6','',''),(1209,'','6','',''),(1210,'','6','',''),(1211,'','6','',''),(1212,'','6','',''),(1213,'','6','',''),(1214,'','6','',''),(1215,'','','',''),(1216,'','','',''),(1217,'','6','',''),(1218,'','6','',''),(1219,'','6','',''),(1220,'','1','',''),(1221,'','1','',''),(1222,'','','',''),(1223,'','6','',''),(1224,'','1','',''),(1225,'','1','',''),(1226,'','1','',''),(1227,'','1','',''),(1228,'','2','',''),(1229,'','6','',''),(1230,'','1','',''),(1231,'','1','',''),(1232,'','6','',''),(1233,'','7','',''),(1234,'','7','',''),(1235,'','6','',''),(1236,'','1','',''),(1237,'','2','',''),(1238,'','1','',''),(1239,'','1','',''),(1240,'','7','',''),(1241,'','1','',''),(1242,'','7','',''),(1243,'','1','',''),(1244,'','7','',''),(1245,'','7','',''),(1246,'','1','',''),(1247,'','1','',''),(1248,'','7','',''),(1249,'','7','',''),(1250,'','6','',''),(1251,'','1','',''),(1252,'','1','',''),(1253,'','7','',''),(1254,'','7','',''),(1255,'','1','',''),(1256,'','6','',''),(1257,'','6','',''),(1258,'','6','',''),(1259,'','','',''),(1260,'','1','',''),(1261,'','1','',''),(1262,'','7','',''),(1263,'','7','',''),(1264,'','7','',''),(1265,'','1','',''),(1266,'','6','',''),(1267,'','1','',''),(1268,'','7','',''),(1269,'','6','',''),(1270,'','1','',''),(1271,'','7','',''),(1272,'','1','',''),(1273,'','6','',''),(1274,'','1','',''),(1275,'','7','',''),(1276,'','1','',''),(1277,'','7','',''),(1278,'','1','',''),(1279,'','6','',''),(1280,'','1','',''),(1281,'','6','',''),(1282,'','1','',''),(1283,'','2','',''),(1284,'','1','',''),(1285,'','','',''),(1286,'','','',''),(1287,'','','',''),(1288,'','1','',''),(1289,'','6','',''),(1290,'','1','',''),(1291,'','1','',''),(1292,'','','',''),(1293,'','1','',''),(1294,'','1','',''),(1295,'','6','',''),(1296,'','1','',''),(1297,'','6','',''),(1298,'','1','',''),(1299,'','1','',''),(1300,'','6','',''),(1301,'','1','',''),(1302,'','6','',''),(1303,'','1','',''),(1304,'','6','',''),(1305,'','6','',''),(1306,'','1','',''),(1307,'','6','',''),(1308,'','1','',''),(1309,'','6','',''),(1310,'','1','',''),(1311,'','1','',''),(1312,'','','',''),(1313,'','','',''),(1314,'','','',''),(1315,'','1','',''),(1316,'','','',''),(1317,'','','',''),(1318,'','','',''),(1319,'','','',''),(1320,'','','',''),(1321,'','10','',''),(1322,'','10','',''),(1323,'','10','',''),(1324,'','10','',''),(1325,'','6','',''),(1326,'','1','',''),(1327,'','1','',''),(1328,'','1','',''),(1329,'','10','',''),(1330,'','10','',''),(1331,'','10','',''),(1332,'','10','',''),(1333,'','6','',''),(1334,'','1','',''),(1335,'','6','',''),(1336,'','1','',''),(1337,'','6','',''),(1338,'','1','',''),(1339,'','6','',''),(1340,'','1','',''),(1341,'','6','',''),(1342,'','6','',''),(1343,'','1','',''),(1344,'','6','',''),(1345,'','1','',''),(1346,'','10','',''),(1347,'','10','',''),(1348,'','10','',''),(1349,'','10','',''),(1350,'','1','',''),(1351,'','1','',''),(1352,'','1','',''),(1353,'','1','',''),(1354,'','1','',''),(1355,'','1','',''),(1356,'','1','',''),(1357,'','2','',''),(1358,'','2','',''),(1359,'','2','',''),(1360,'','2','',''),(1361,'','10','',''),(1362,'','10','',''),(1363,'','10','',''),(1364,'','10','',''),(1365,'','1','',''),(1366,'','','',''),(1367,'','10','',''),(1368,'','10','',''),(1369,'','1','',''),(1370,'','','',''),(1371,'','10','',''),(1372,'','10','',''),(1373,'','1','',''),(1374,'','','',''),(1375,'','10','',''),(1376,'','10','',''),(1377,'','10','',''),(1378,'','10','',''),(1379,'','10','',''),(1380,'','1','',''),(1381,'','10','',''),(1382,'','1','',''),(1383,'','10','',''),(1384,'','10','',''),(1385,'','1','',''),(1386,'','2','',''),(1387,'','10','',''),(1388,'','10','',''),(1389,'','10','',''),(1390,'','1','',''),(1391,'','','',''),(1392,'','10','',''),(1393,'','10','',''),(1394,'','','',''),(1395,'','1','',''),(1396,'','','',''),(1397,'','10','',''),(1398,'','10','',''),(1399,'','1','',''),(1400,'','','',''),(1401,'','','',''),(1402,'','10','',''),(1403,'','10','',''),(1404,'','1','',''),(1405,'','','',''),(1406,'','','',''),(1407,'','10','',''),(1408,'','10','',''),(1409,'','1','',''),(1410,'','','',''),(1411,'','10','',''),(1412,'','10','',''),(1413,'','10','',''),(1414,'','1','',''),(1415,'','','',''),(1416,'','','',''),(1417,'','10','',''),(1418,'','10','',''),(1419,'','10','',''),(1420,'','1','',''),(1421,'','','',''),(1422,'','2','',''),(1423,'','1','',''),(1424,'','10','',''),(1425,'','10','',''),(1426,'','1','',''),(1427,'','','',''),(1428,'','10','',''),(1429,'','10','',''),(1430,'','10','',''),(1431,'','1','',''),(1432,'','','',''),(1433,'','1','',''),(1434,'','','',''),(1435,'','10','',''),(1436,'','10','',''),(1437,'','1','',''),(1438,'','','',''),(1439,'','2','',''),(1440,'','10','',''),(1441,'','10','',''),(1442,'','10','',''),(1443,'','10','',''),(1444,'','2','',''),(1445,'','','',''),(1446,'','10','',''),(1447,'','10','',''),(1448,'','2','',''),(1449,'','','',''),(1450,'','10','',''),(1451,'','10','',''),(1452,'','10','',''),(1453,'','2','',''),(1454,'','','',''),(1455,'','10','',''),(1456,'','10','',''),(1457,'','2','',''),(1458,'','2','',''),(1459,'','2','',''),(1460,'','2','',''),(1461,'','2','',''),(1462,'','2','',''),(1463,'','2','',''),(1464,'','10','',''),(1465,'','10','',''),(1466,'','','',''),(1467,'','','',''),(1468,'','10','',''),(1469,'','','',''),(1470,'','10','',''),(1471,'','','',''),(1472,'','10','',''),(1473,'','10','',''),(1474,'','10','',''),(1475,'','10','',''),(1476,'','10','',''),(1477,'','2','',''),(1478,'','10','',''),(1479,'','10','',''),(1480,'','10','',''),(1481,'','10','',''),(1482,'','10','',''),(1483,'','10','',''),(1484,'','10','',''),(1485,'','10','',''),(1486,'','10','',''),(1487,'','10','',''),(1488,'','10','',''),(1489,'','10','',''),(1490,'','10','',''),(1491,'','10','',''),(1492,'','10','',''),(1493,'','10','',''),(1494,'','10','',''),(1495,'','10','',''),(1496,'','10','',''),(1497,'','10','',''),(1498,'','10','',''),(1499,'','10','',''),(1500,'','10','',''),(1501,'','','',''),(1502,'','','',''),(1503,'','','',''),(1504,'','10','',''),(1505,'','10','',''),(1506,'','10','',''),(1507,'','10','',''),(1508,'','10','',''),(1509,'','10','',''),(1510,'','10','',''),(1511,'','10','',''),(1512,'','1','',''),(1513,'','1','',''),(1514,'','','',''),(1515,'','10','',''),(1516,'','10','',''),(1517,'','10','',''),(1518,'','2','',''),(1519,'','10','',''),(1520,'','2','',''),(1521,'','10','',''),(1522,'','10','',''),(1523,'','10','',''),(1524,'','10','',''),(1525,'','2','',''),(1526,'','10','',''),(1527,'','2','',''),(1528,'','1','',''),(1529,'','1','',''),(1530,'','6','',''),(1531,'','6','',''),(1532,'','6','',''),(1533,'','6','',''),(1534,'','','',''),(1535,'','10','',''),(1536,'','10','',''),(1537,'','','',''),(1538,'','','',''),(1539,'','2','',''),(1540,'','1','',''),(1541,'','1','',''),(1542,'','','',''),(1543,'','10','',''),(1544,'','10','',''),(1545,'','1','',''),(1546,'','2','',''),(1547,'','10','',''),(1548,'','10','',''),(1549,'','10','',''),(1550,'','10','',''),(1551,'','10','',''),(1552,'','','',''),(1553,'','2','',''),(1554,'','10','',''),(1555,'','2','',''),(1556,'','','',''),(1557,'','2','',''),(1558,'','10','',''),(1559,'','10','',''),(1560,'','10','',''),(1561,'','10','',''),(1562,'','','',''),(1563,'','2','',''),(1564,'','10','',''),(1565,'','2','',''),(1566,'','10','',''),(1567,'','6','',''),(1568,'','6','',''),(1569,'','10','',''),(1570,'','10','',''),(1571,'','2','',''),(1572,'','1','',''),(1573,'','','',''),(1574,'','10','',''),(1575,'','2','',''),(1576,'','10','',''),(1577,'','6','',''),(1578,'','6','',''),(1579,'','','',''),(1580,'','6','',''),(1581,'','6','',''),(1582,'','6','',''),(1583,'','10','',''),(1584,'','10','',''),(1585,'','2','',''),(1586,'','10','',''),(1587,'','','',''),(1588,'','2','',''),(1589,'','','',''),(1590,'','','',''),(1591,'','10','',''),(1592,'','10','',''),(1593,'','10','',''),(1594,'','6','',''),(1595,'','1','',''),(1596,'','1','',''),(1597,'','','',''),(1598,'','10','',''),(1599,'','10','',''),(1600,'','10','',''),(1601,'','2','',''),(1602,'','10','',''),(1603,'','','',''),(1604,'','10','',''),(1605,'','10','',''),(1606,'','2','',''),(1607,'','6','',''),(1608,'','10','',''),(1609,'','2','',''),(1610,'','10','',''),(1611,'','10','',''),(1612,'','10','',''),(1613,'','2','',''),(1614,'','10','',''),(1615,'','10','',''),(1616,'','10','',''),(1617,'','2','',''),(1618,'','10','',''),(1619,'','10','',''),(1620,'','2','',''),(1621,'','1','',''),(1622,'','','',''),(1623,'','6','',''),(1624,'','1','',''),(1625,'','10','',''),(1626,'','10','',''),(1627,'','2','',''),(1628,'','1','',''),(1629,'','','',''),(1630,'','6','',''),(1631,'','6','',''),(1632,'','','',''),(1633,'','','',''),(1634,'','','',''),(1635,'','2','',''),(1636,'','1','',''),(1637,'','','',''),(1638,'','2','',''),(1639,'','10','',''),(1640,'','10','',''),(1641,'','10','',''),(1642,'','2','',''),(1643,'','','',''),(1644,'','2','',''),(1645,'','','',''),(1646,'','2','',''),(1647,'','','',''),(1648,'','10','',''),(1649,'','10','',''),(1650,'','2','',''),(1651,'','','',''),(1652,'','10','',''),(1653,'','10','',''),(1654,'','2','',''),(1655,'','','',''),(1656,'','2','',''),(1657,'','10','',''),(1658,'','10','',''),(1659,'','2','',''),(1660,'','','',''),(1661,'','2','',''),(1662,'','','',''),(1663,'','10','',''),(1664,'','10','',''),(1665,'','10','',''),(1666,'','10','',''),(1667,'','10','',''),(1668,'','6','',''),(1669,'','6','',''),(1670,'','10','',''),(1671,'','10','',''),(1672,'','10','',''),(1673,'','10','',''),(1674,'','6','',''),(1675,'','10','',''),(1676,'','6','',''),(1677,'','','',''),(1678,'','6','',''),(1679,'','','',''),(1680,'','6','',''),(1681,'','','',''),(1682,'','','',''),(1683,'','10','',''),(1684,'','6','',''),(1685,'','10','',''),(1686,'','10','',''),(1687,'','10','',''),(1688,'','10','',''),(1689,'','10','',''),(1690,'','2','',''),(1691,'','','',''),(1692,'','','',''),(1693,'','2','',''),(1694,'','6','',''),(1695,'','10','',''),(1696,'','10','',''),(1697,'','6','',''),(1698,'','10','',''),(1699,'','6','',''),(1700,'','21','',''),(1701,'','1','',''),(1702,'','10','',''),(1703,'','3','',''),(1704,'','2','',''),(1705,'','1','',''),(1706,'','10','',''),(1707,'','10','',''),(1708,'','10','',''),(1709,'','','',''),(1710,'','10','',''),(1711,'','','',''),(1712,'','10','',''),(1713,'','','',''),(1714,'','10','',''),(1715,'','10','',''),(1716,'','','',''),(1717,'','11','',''),(1718,'','11','',''),(1719,'','','',''),(1720,'','11','',''),(1721,'','2','',''),(1722,'','11','',''),(1723,'','2','',''),(1724,'','1','',''),(1725,'','','',''),(1726,'','2','',''),(1727,'','','',''),(1728,'','','',''),(1729,'','10','',''),(1730,'','3','',''),(1731,'','1','',''),(1732,'','2','',''),(1733,'','6','',''),(1734,'','1','',''),(1735,'','1','',''),(1736,'','1','',''),(1737,'','10','',''),(1738,'','','',''),(1739,'','10','',''),(1740,'','1','',''),(1741,'','10','',''),(1742,'','10','',''),(1743,'','10','',''),(1744,'','10','',''),(1745,'','6','',''),(1746,'','1','',''),(1747,'','1','',''),(1748,'','10','',''),(1749,'','10','',''),(1750,'','1','',''),(1751,'','6','',''),(1752,'','1','',''),(1753,'','10','',''),(1754,'','10','',''),(1755,'','1','',''),(1756,'','1','',''),(1757,'','10','',''),(1758,'','10','',''),(1759,'','10','',''),(1760,'','10','',''),(1761,'','10','',''),(1762,'','10','',''),(1763,'','10','',''),(1764,'','6','',''),(1765,'','1','',''),(1766,'','1','',''),(1767,'','6','',''),(1768,'','1','',''),(1769,'','1','',''),(1770,'','1','',''),(1771,'','10','',''),(1772,'','10','',''),(1773,'','10','',''),(1774,'','10','',''),(1775,'','2','',''),(1776,'','10','',''),(1777,'','2','',''),(1778,'','1','',''),(1779,'','1','',''),(1780,'','10','',''),(1781,'','6','',''),(1782,'','1','',''),(1783,'','1','',''),(1784,'','1','',''),(1785,'','','',''),(1786,'','10','',''),(1787,'','6','',''),(1788,'','1','',''),(1789,'','1','',''),(1790,'','1','',''),(1791,'','1','',''),(1792,'','10','',''),(1793,'','1','',''),(1794,'','10','',''),(1795,'','1','',''),(1796,'','1','',''),(1797,'','10','',''),(1798,'','10','',''),(1799,'','6','',''),(1800,'','1','',''),(1801,'','1','',''),(1802,'','6','',''),(1803,'','1','',''),(1804,'','10','',''),(1805,'','10','',''),(1806,'','10','',''),(1807,'','10','',''),(1808,'','10','',''),(1809,'','6','',''),(1810,'','1','',''),(1811,'','6','',''),(1812,'','1','',''),(1813,'','1','',''),(1814,'','1','',''),(1815,'','10','',''),(1816,'','10','',''),(1817,'','6','',''),(1818,'','6','',''),(1819,'','1','',''),(1820,'','10','',''),(1821,'','10','',''),(1822,'','10','',''),(1823,'','','',''),(1824,'','12','',''),(1825,'','1','',''),(1826,'','10','',''),(1827,'','10','',''),(1828,'','10','',''),(1829,'','10','',''),(1830,'','10','',''),(1831,'','10','',''),(1832,'','10','',''),(1833,'','10','',''),(1834,'','','',''),(1835,'','','',''),(1836,'','13','',''),(1837,'','13','',''),(1838,'','13','',''),(1839,'','13','',''),(1840,'','13','',''),(1841,'','3','',''),(1842,'','13','',''),(1843,'','1','',''),(1844,'','13','',''),(1845,'','2','',''),(1846,'','1','',''),(1847,'','1','',''),(1848,'','13','',''),(1849,'','','',''),(1850,'','10','',''),(1851,'','10','',''),(1852,'','10','',''),(1853,'','2','',''),(1854,'','10','',''),(1855,'','2','',''),(1856,'','10','',''),(1857,'','10','',''),(1858,'','2','',''),(1859,'','10','',''),(1860,'','10','',''),(1861,'','10','',''),(1862,'','10','',''),(1863,'','10','',''),(1864,'','1','',''),(1865,'','1','',''),(1866,'','10','',''),(1867,'','10','',''),(1868,'','1','',''),(1869,'','1','',''),(1870,'','1','',''),(1871,'','1','',''),(1872,'','','',''),(1873,'','','',''),(1874,'','','',''),(1875,'','','',''),(1876,'','','',''),(1877,'','','',''),(1878,'','1','',''),(1879,'','6','',''),(1880,'','1','',''),(1881,'','1','',''),(1882,'','6','',''),(1883,'','6','',''),(1884,'','6','',''),(1885,'','6','',''),(1886,'','2','',''),(1887,'','1','',''),(1888,'','','',''),(1889,'','2','',''),(1890,'','1','',''),(1891,'','2','',''),(1892,'','6','',''),(1893,'','6','',''),(1894,'','6','',''),(1895,'','2','',''),(1896,'','6','',''),(1897,'','6','',''),(1898,'','6','',''),(1899,'','6','',''),(1900,'','6','',''),(1901,'','6','',''),(1902,'','','',''),(1903,'','10','',''),(1904,'','10','',''),(1905,'','1','',''),(1906,'','1','',''),(1907,'','','',''),(1908,'','10','',''),(1909,'','10','',''),(1910,'','10','',''),(1911,'','10','',''),(1912,'','6','',''),(1913,'','6','',''),(1914,'','6','',''),(1915,'','6','',''),(1916,'','6','',''),(1917,'','6','',''),(1918,'','6','',''),(1919,'','6','',''),(1920,'','','',''),(1921,'','10','',''),(1922,'','1','',''),(1923,'','6','',''),(1924,'','','',''),(1925,'','6','',''),(1926,'','6','',''),(1927,'','6','',''),(1928,'','6','',''),(1929,'','6','',''),(1930,'','6','',''),(1931,'','6','',''),(1932,'','6','',''),(1933,'','6','',''),(1934,'','1','',''),(1935,'','','',''),(1936,'','6','',''),(1937,'','1','',''),(1938,'','6','',''),(1939,'','6','',''),(1940,'','6','',''),(1941,'','6','',''),(1942,'','6','',''),(1943,'','10','',''),(1944,'','1','',''),(1945,'','','',''),(1946,'','1','',''),(1947,'','1','',''),(1948,'','','',''),(1949,'','1','',''),(1950,'','1','',''),(1951,'','1','',''),(1952,'','10','',''),(1953,'','','',''),(1954,'','','',''),(1955,'','10','',''),(1956,'','6','',''),(1957,'','10','',''),(1958,'','10','',''),(1959,'','10','',''),(1960,'','6','',''),(1961,'','6','',''),(1962,'','','',''),(1963,'','11','',''),(1964,'','11','',''),(1965,'','2','',''),(1966,'','11','',''),(1967,'','11','',''),(1968,'','11','',''),(1969,'','','',''),(1970,'','4','',''),(1971,'','4','',''),(1972,'','1','',''),(1973,'','2','',''),(1974,'','4','',''),(1975,'','10','',''),(1976,'','10','',''),(1977,'','10','',''),(1978,'','10','',''),(1979,'','10','',''),(1980,'','10','',''),(1981,'','10','',''),(1982,'','1','',''),(1983,'','1','',''),(1984,'','11','',''),(1985,'','11','',''),(1986,'','2','',''),(1987,'','11','',''),(1988,'','6','',''),(1989,'','6','',''),(1990,'','1','',''),(1991,'','1','',''),(1992,'','11','',''),(1993,'','11','',''),(1994,'','11','',''),(1995,'','11','',''),(1996,'','11','',''),(1997,'','11','',''),(1998,'','11','',''),(1999,'','6','',''),(2000,'','6','',''),(2001,'','6','',''),(2002,'','6','',''),(2003,'','6','',''),(2004,'','1','',''),(2005,'','1','',''),(2006,'','1','',''),(2007,'','6','',''),(2008,'','6','',''),(2009,'','6','',''),(2010,'','6','',''),(2011,'','6','',''),(2012,'','6','',''),(2013,'','6','',''),(2014,'','6','',''),(2015,'','6','',''),(2016,'','6','',''),(2017,'','6','',''),(2018,'','','',''),(2019,'','6','',''),(2020,'','6','',''),(2021,'','','',''),(2022,'','6','',''),(2023,'','6','',''),(2024,'','6','',''),(2025,'','6','',''),(2026,'','6','',''),(2027,'','6','',''),(2028,'','6','',''),(2029,'','6','',''),(2030,'','6','',''),(2031,'','6','',''),(2032,'','6','',''),(2033,'','6','',''),(2034,'','6','',''),(2035,'','6','',''),(2036,'','6','',''),(2037,'','6','',''),(2038,'','6','',''),(2039,'','6','',''),(2040,'','6','',''),(2041,'','6','',''),(2042,'','6','',''),(2043,'','6','',''),(2044,'','6','',''),(2045,'','6','',''),(2046,'','6','',''),(2047,'','6','',''),(2048,'','6','',''),(2049,'','6','',''),(2050,'','6','',''),(2051,'','6','',''),(2052,'','6','',''),(2053,'','6','',''),(2054,'','6','',''),(2055,'','6','',''),(2056,'','6','',''),(2057,'','6','',''),(2058,'','6','',''),(2059,'','','',''),(2060,'','14','',''),(2061,'','14','',''),(2062,'','14','',''),(2063,'','2','',''),(2064,'','14','',''),(2065,'','6','',''),(2066,'','6','',''),(2067,'','6','',''),(2068,'','','',''),(2069,'','15','',''),(2070,'','15','',''),(2071,'','15','',''),(2072,'','2','',''),(2073,'','6','',''),(2074,'','6','',''),(2075,'','6','',''),(2076,'','6','',''),(2077,'','6','',''),(2078,'','6','',''),(2079,'','6','',''),(2080,'','6','',''),(2081,'','6','',''),(2082,'','6','',''),(2083,'','6','',''),(2084,'','6','',''),(2085,'','6','',''),(2086,'','6','',''),(2087,'','6','',''),(2088,'','6','',''),(2089,'','6','',''),(2090,'','6','',''),(2091,'','6','',''),(2092,'','6','',''),(2093,'','6','',''),(2094,'','6','',''),(2095,'','6','',''),(2096,'','6','',''),(2097,'','6','',''),(2098,'','6','',''),(2099,'','6','',''),(2100,'','6','',''),(2101,'','6','',''),(2102,'','6','',''),(2103,'','15','',''),(2104,'','6','',''),(2105,'','6','',''),(2106,'','15','',''),(2107,'','15','',''),(2108,'','15','',''),(2109,'','2','',''),(2110,'','2','',''),(2111,'','15','',''),(2112,'','2','',''),(2113,'','1','',''),(2114,'','','',''),(2115,'','','',''),(2116,'','15','',''),(2117,'','1','',''),(2118,'','1','',''),(2119,'','1','',''),(2120,'','','',''),(2121,'','1','',''),(2122,'','','',''),(2123,'','14','',''),(2124,'','14','',''),(2125,'','2','',''),(2126,'','1','',''),(2127,'','1','',''),(2128,'','6','',''),(2129,'','6','',''),(2130,'','6','',''),(2131,'','6','',''),(2132,'','6','',''),(2133,'','6','',''),(2134,'','6','',''),(2135,'','6','',''),(2136,'','6','',''),(2137,'','6','',''),(2138,'','6','',''),(2139,'','6','',''),(2140,'','','',''),(2141,'','','',''),(2142,'','','',''),(2143,'','6','',''),(2144,'','6','',''),(2145,'','','',''),(2146,'','6','',''),(2147,'','6','',''),(2148,'','6','',''),(2149,'','6','',''),(2150,'','6','',''),(2151,'','6','',''),(2152,'','6','',''),(2153,'','14','',''),(2154,'','11','',''),(2155,'','11','',''),(2156,'','6','',''),(2157,'','6','',''),(2158,'','6','',''),(2159,'','14','',''),(2160,'','2','',''),(2161,'','6','',''),(2162,'','14','',''),(2163,'','6','',''),(2164,'','6','',''),(2165,'','6','',''),(2166,'','6','',''),(2167,'','6','',''),(2168,'','6','',''),(2169,'','6','',''),(2170,'','6','',''),(2171,'','6','',''),(2172,'','6','',''),(2173,'','6','',''),(2174,'','6','',''),(2175,'','6','',''),(2176,'','6','',''),(2177,'','6','',''),(2178,'','6','',''),(2179,'','6','',''),(2180,'','6','',''),(2181,'','6','',''),(2182,'','6','',''),(2183,'','6','',''),(2184,'','6','',''),(2185,'','6','',''),(2186,'','6','',''),(2187,'','6','',''),(2188,'','6','',''),(2189,'','6','',''),(2190,'','6','',''),(2191,'','6','',''),(2192,'','6','',''),(2193,'','6','',''),(2194,'','6','',''),(2195,'','6','',''),(2196,'','','',''),(2197,'','','',''),(2198,'','6','',''),(2199,'','6','',''),(2200,'','6','',''),(2201,'','6','',''),(2202,'','10','',''),(2203,'','6','',''),(2204,'','6','',''),(2205,'','6','',''),(2206,'','6','',''),(2207,'','6','',''),(2208,'','6','',''),(2209,'','6','',''),(2210,'','6','',''),(2211,'','6','',''),(2212,'','2','',''),(2213,'','6','',''),(2214,'','11','',''),(2215,'','11','',''),(2216,'','10','',''),(2217,'','','',''),(2218,'','10','',''),(2219,'','10','',''),(2220,'','10','',''),(2221,'','10','',''),(2222,'','10','',''),(2223,'','10','',''),(2224,'','10','',''),(2225,'','10','',''),(2226,'','10','',''),(2227,'','10','',''),(2228,'','10','',''),(2229,'','10','',''),(2230,'','10','',''),(2231,'','10','',''),(2232,'','10','',''),(2233,'','10','',''),(2234,'','10','',''),(2235,'','10','',''),(2236,'','10','',''),(2237,'','10','',''),(2238,'','10','',''),(2239,'','10','',''),(2240,'','6','',''),(2241,'','6','',''),(2242,'','6','',''),(2243,'','6','',''),(2244,'','6','',''),(2245,'','10','',''),(2246,'','6','',''),(2247,'','2','',''),(2248,'','10','',''),(2249,'','6','',''),(2250,'','6','',''),(2251,'','6','',''),(2252,'','6','',''),(2253,'','6','',''),(2254,'','10','',''),(2255,'','10','',''),(2256,'','6','',''),(2257,'','6','',''),(2258,'','6','',''),(2259,'','6','',''),(2260,'','6','',''),(2261,'','6','',''),(2262,'','6','',''),(2263,'','6','',''),(2264,'','10','',''),(2265,'','2','',''),(2266,'','','',''),(2267,'','2','',''),(2268,'','','',''),(2269,'','2','',''),(2270,'','','',''),(2271,'','2','',''),(2272,'','','',''),(2273,'','2','',''),(2274,'','2','',''),(2275,'','2','',''),(2276,'','','',''),(2277,'','2','',''),(2278,'','1','',''),(2279,'','1','',''),(2280,'','','',''),(2281,'','6','',''),(2282,'','6','',''),(2283,'','6','',''),(2284,'','6','',''),(2285,'','6','',''),(2286,'','6','',''),(2287,'','6','',''),(2288,'','6','',''),(2289,'','6','',''),(2290,'','6','',''),(2291,'','6','',''),(2292,'','6','',''),(2293,'','6','',''),(2294,'','6','',''),(2295,'','6','',''),(2296,'','6','',''),(2297,'','6','',''),(2298,'','6','',''),(2299,'','6','',''),(2300,'','1','',''),(2301,'','','',''),(2302,'','10','',''),(2303,'','10','',''),(2304,'','10','',''),(2305,'','10','',''),(2306,'','10','',''),(2307,'','10','',''),(2308,'','10','',''),(2309,'','10','',''),(2310,'','2','',''),(2311,'','6','',''),(2312,'','6','',''),(2313,'','6','',''),(2314,'','6','',''),(2315,'','6','',''),(2316,'','2','',''),(2317,'','6','',''),(2318,'','6','',''),(2319,'','6','',''),(2320,'','6','',''),(2321,'','2','',''),(2322,'','6','',''),(2323,'','6','',''),(2324,'','6','',''),(2325,'','6','',''),(2326,'','6','',''),(2327,'','6','',''),(2328,'','6','',''),(2329,'','6','',''),(2330,'','6','',''),(2331,'','6','',''),(2332,'','6','',''),(2333,'','6','',''),(2334,'','6','',''),(2335,'','6','',''),(2336,'','6','',''),(2337,'','2','',''),(2338,'','6','',''),(2339,'','6','',''),(2340,'','6','',''),(2341,'','6','',''),(2342,'','6','',''),(2343,'','6','',''),(2344,'','6','',''),(2345,'','6','',''),(2346,'','6','',''),(2347,'','6','',''),(2348,'','6','',''),(2349,'','6','',''),(2350,'','6','',''),(2351,'','6','',''),(2352,'','6','',''),(2353,'','6','',''),(2354,'','6','',''),(2355,'','2','',''),(2356,'','6','',''),(2357,'','6','',''),(2358,'','6','',''),(2359,'','6','',''),(2360,'','6','',''),(2361,'','6','',''),(2362,'','6','',''),(2363,'','2','',''),(2364,'','6','',''),(2365,'','6','',''),(2366,'','6','',''),(2367,'','2','',''),(2368,'','6','',''),(2369,'','6','',''),(2370,'','6','',''),(2371,'','6','',''),(2372,'','2','',''),(2373,'','6','',''),(2374,'','6','',''),(2375,'','','',''),(2376,'','','',''),(2377,'','','',''),(2378,'','','',''),(2379,'','','',''),(2380,'','14','',''),(2381,'','14','',''),(2382,'','14','',''),(2383,'','2','',''),(2384,'','14','',''),(2385,'','','',''),(2386,'','','',''),(2387,'','3','',''),(2388,'','3','',''),(2389,'','3','',''),(2390,'','3','',''),(2391,'','3','',''),(2392,'','3','',''),(2393,'','3','',''),(2394,'','3','',''),(2395,'','3','',''),(2396,'','2','',''),(2397,'','1','',''),(2398,'','','',''),(2399,'','1','',''),(2400,'','1','',''),(2401,'','1','',''),(2402,'','1','',''),(2403,'','1','',''),(2404,'','1','',''),(2405,'','6','',''),(2406,'','6','',''),(2407,'','6','',''),(2408,'','6','',''),(2409,'','6','',''),(2410,'','6','',''),(2411,'','6','',''),(2412,'','','',''),(2413,'','6','',''),(2414,'','1','',''),(2415,'','1','',''),(2416,'','1','',''),(2417,'','1','',''),(2418,'','1','',''),(2419,'','','',''),(2420,'','1','',''),(2421,'','10','',''),(2422,'','1','',''),(2423,'','1','',''),(2424,'','1','',''),(2425,'','','',''),(2426,'','10','',''),(2427,'','1','',''),(2428,'','1','',''),(2429,'','1','',''),(2430,'','1','',''),(2431,'','1','',''),(2432,'','1','',''),(2433,'','10','',''),(2434,'','10','',''),(2435,'','10','',''),(2436,'','10','',''),(2437,'','10','',''),(2438,'','10','',''),(2439,'','10','',''),(2440,'','10','',''),(2441,'','10','',''),(2442,'','10','',''),(2443,'','10','',''),(2444,'','1','',''),(2445,'','','',''),(2446,'','1','',''),(2447,'','1','',''),(2448,'','1','',''),(2449,'','','',''),(2450,'','1','',''),(2451,'','1','',''),(2452,'','1','',''),(2453,'','1','',''),(2454,'','10','',''),(2455,'','10','',''),(2456,'','','',''),(2457,'','','',''),(2458,'','','',''),(2459,'','10','',''),(2460,'','1','',''),(2461,'','','',''),(2462,'','10','',''),(2463,'','1','',''),(2464,'','1','',''),(2465,'','10','',''),(2466,'','10','',''),(2467,'','1','',''),(2468,'','1','',''),(2469,'','1','',''),(2470,'','1','',''),(2471,'','10','',''),(2472,'','10','',''),(2473,'','10','',''),(2474,'','2','',''),(2475,'','10','',''),(2476,'','2','',''),(2477,'','10','',''),(2478,'','10','',''),(2479,'','2','',''),(2480,'','10','',''),(2481,'','10','',''),(2482,'','2','',''),(2483,'','1','',''),(2484,'','1','',''),(2485,'','10','',''),(2486,'','10','',''),(2487,'','2','',''),(2488,'','10','',''),(2489,'','10','',''),(2490,'','10','',''),(2491,'','10','',''),(2492,'','10','',''),(2493,'','10','',''),(2494,'','2','',''),(2495,'','10','',''),(2496,'','10','',''),(2497,'','10','',''),(2498,'','10','',''),(2499,'','10','',''),(2500,'','10','',''),(2501,'','10','',''),(2502,'','10','',''),(2503,'','10','',''),(2504,'','10','',''),(2505,'','10','',''),(2506,'','10','',''),(2507,'','10','',''),(2508,'','1','',''),(2509,'','1','',''),(2510,'','1','',''),(2511,'','1','',''),(2512,'','1','',''),(2513,'','1','',''),(2514,'','1','',''),(2515,'','1','',''),(2516,'','10','',''),(2517,'','10','',''),(2518,'','2','',''),(2519,'','10','',''),(2520,'','10','',''),(2521,'','10','',''),(2522,'','2','',''),(2523,'','10','',''),(2524,'','1','',''),(2525,'','2','',''),(2526,'','10','',''),(2527,'','2','',''),(2528,'','10','',''),(2529,'','10','',''),(2530,'','10','',''),(2531,'','2','',''),(2532,'','10','',''),(2533,'','10','',''),(2534,'','10','',''),(2535,'','10','',''),(2536,'','10','',''),(2537,'','10','',''),(2538,'','10','',''),(2539,'','10','',''),(2540,'','10','',''),(2541,'','10','',''),(2542,'','10','',''),(2543,'','10','',''),(2544,'','10','',''),(2545,'','10','',''),(2546,'','10','',''),(2547,'','10','',''),(2548,'','2','',''),(2549,'','10','',''),(2550,'','2','',''),(2551,'','2','',''),(2552,'','2','',''),(2553,'','10','',''),(2554,'','10','',''),(2555,'','10','',''),(2556,'','10','',''),(2557,'','2','',''),(2558,'','10','',''),(2559,'','2','',''),(2560,'','2','',''),(2561,'','10','',''),(2562,'','2','',''),(2563,'','2','',''),(2564,'','10','',''),(2565,'','2','',''),(2566,'','2','',''),(2567,'','2','',''),(2568,'','10','',''),(2569,'','1','',''),(2570,'','10','',''),(2571,'','2','',''),(2572,'','2','',''),(2573,'','2','',''),(2574,'','10','',''),(2575,'','10','',''),(2576,'','10','',''),(2577,'','2','',''),(2578,'','2','',''),(2579,'','2','',''),(2580,'','10','',''),(2581,'','10','',''),(2582,'','10','',''),(2583,'','2','',''),(2584,'','1','',''),(2585,'','10','',''),(2586,'','2','',''),(2587,'','1','',''),(2588,'','1','',''),(2589,'','10','',''),(2590,'','1','',''),(2591,'','10','',''),(2592,'','2','',''),(2593,'','10','',''),(2594,'','10','',''),(2595,'','10','',''),(2596,'','1','',''),(2597,'','10','',''),(2598,'','10','',''),(2599,'','2','',''),(2600,'','10','',''),(2601,'','10','',''),(2602,'','10','',''),(2603,'','10','',''),(2604,'','10','',''),(2605,'','10','',''),(2606,'','10','',''),(2607,'','2','',''),(2608,'','10','',''),(2609,'','10','',''),(2610,'','10','',''),(2611,'','1','',''),(2612,'','10','',''),(2613,'','10','',''),(2614,'','10','',''),(2615,'','1','',''),(2616,'','1','',''),(2617,'','10','',''),(2618,'','1','',''),(2619,'','1','',''),(2620,'','1','',''),(2621,'','1','',''),(2622,'','10','',''),(2623,'','10','',''),(2624,'','10','',''),(2625,'','2','',''),(2626,'','10','',''),(2627,'','10','',''),(2628,'','10','',''),(2629,'','10','',''),(2630,'','1','',''),(2631,'','10','',''),(2632,'','10','',''),(2633,'','2','',''),(2634,'','10','',''),(2635,'','10','',''),(2636,'','2','',''),(2637,'','2','',''),(2638,'','1','',''),(2639,'','10','',''),(2640,'','2','',''),(2641,'','10','',''),(2642,'','10','',''),(2643,'','10','',''),(2644,'','10','',''),(2645,'','10','',''),(2646,'','10','',''),(2647,'','10','',''),(2648,'','10','',''),(2649,'','10','',''),(2650,'','2','',''),(2651,'','10','',''),(2652,'','10','',''),(2653,'','2','',''),(2654,'','10','',''),(2655,'','10','',''),(2656,'','10','',''),(2657,'','10','',''),(2658,'','10','',''),(2659,'','2','',''),(2660,'','1','',''),(2661,'','10','',''),(2662,'','10','',''),(2663,'','2','',''),(2664,'','10','',''),(2665,'','2','',''),(2666,'','10','',''),(2667,'','10','',''),(2668,'','10','',''),(2669,'','2','',''),(2670,'','10','',''),(2671,'','10','',''),(2672,'','10','',''),(2673,'','2','',''),(2674,'','10','',''),(2675,'','10','',''),(2676,'','10','',''),(2677,'','10','',''),(2678,'','10','',''),(2679,'','10','',''),(2680,'','10','',''),(2681,'','10','',''),(2682,'','10','',''),(2683,'','10','',''),(2684,'','10','',''),(2685,'','10','',''),(2686,'','1','',''),(2687,'','1','',''),(2688,'','1','',''),(2689,'','1','',''),(2690,'','1','',''),(2691,'','1','',''),(2692,'','','',''),(2693,'','10','',''),(2694,'','1','',''),(2695,'','1','',''),(2696,'','1','',''),(2697,'','1','',''),(2698,'','1','',''),(2699,'','10','',''),(2700,'','10','',''),(2701,'','10','',''),(2702,'','10','',''),(2703,'','10','',''),(2704,'','10','',''),(2705,'','10','',''),(2706,'','1','',''),(2707,'','10','',''),(2708,'','1','',''),(2709,'','','',''),(2710,'','2','',''),(2711,'','10','',''),(2712,'','10','',''),(2713,'','2','',''),(2714,'','10','',''),(2715,'','10','',''),(2716,'','10','',''),(2717,'','2','',''),(2718,'','2','',''),(2719,'','2','',''),(2720,'','10','',''),(2721,'','10','',''),(2722,'','2','',''),(2723,'','2','',''),(2724,'','2','',''),(2725,'','1','',''),(2726,'','1','',''),(2727,'','1','',''),(2728,'','','',''),(2729,'','1','',''),(2730,'','','',''),(2731,'','1','',''),(2732,'','1','',''),(2733,'','1','',''),(2734,'','1','',''),(2735,'','1','',''),(2736,'','','',''),(2737,'','','',''),(2738,'','1','',''),(2739,'','','',''),(2740,'','1','',''),(2741,'','1','',''),(2742,'','','',''),(2743,'','10','',''),(2744,'','10','',''),(2745,'','10','',''),(2746,'','10','',''),(2747,'','10','',''),(2748,'','10','',''),(2749,'','10','',''),(2750,'','','',''),(2751,'','11','',''),(2752,'','11','',''),(2753,'','2','',''),(2754,'','11','',''),(2755,'','','',''),(2756,'','14','',''),(2757,'','14','',''),(2758,'','14','',''),(2759,'','2','',''),(2760,'','14','',''),(2761,'','','',''),(2762,'','1','',''),(2763,'','10','',''),(2764,'','10','',''),(2765,'','1','',''),(2766,'','1','',''),(2767,'','1','',''),(2768,'','1','',''),(2769,'','1','',''),(2770,'','1','',''),(2771,'','10','',''),(2772,'','10','',''),(2773,'','10','',''),(2774,'','1','',''),(2775,'','1','',''),(2776,'','1','',''),(2777,'','1','',''),(2778,'','10','',''),(2779,'','10','',''),(2780,'','1','',''),(2781,'','1','',''),(2782,'','1','',''),(2783,'','1','',''),(2784,'','1','',''),(2785,'','1','',''),(2786,'','1','',''),(2787,'','1','',''),(2788,'','1','',''),(2789,'','','',''),(2790,'','1','',''),(2791,'','','',''),(2792,'','1','',''),(2793,'','1','',''),(2794,'','1','',''),(2795,'','1','',''),(2796,'','1','',''),(2797,'','1','',''),(2798,'','1','',''),(2799,'','','',''),(2800,'','10','',''),(2801,'','10','',''),(2802,'','2','',''),(2803,'','10','',''),(2804,'','2','',''),(2805,'','10','',''),(2806,'','10','',''),(2807,'','2','',''),(2808,'','1','',''),(2809,'','10','',''),(2810,'','10','',''),(2811,'','2','',''),(2812,'','10','',''),(2813,'','10','',''),(2814,'','1','',''),(2815,'','2','',''),(2816,'','2','',''),(2817,'','2','',''),(2818,'','2','',''),(2819,'','1','',''),(2820,'','2','',''),(2821,'','1','',''),(2822,'','1','',''),(2823,'','1','',''),(2824,'','1','',''),(2825,'','1','',''),(2826,'','1','',''),(2827,'','1','',''),(2828,'','1','',''),(2829,'','1','',''),(2830,'','1','',''),(2831,'','10','',''),(2832,'','1','',''),(2833,'','1','',''),(2834,'','1','',''),(2835,'','10','',''),(2836,'','10','',''),(2837,'','1','',''),(2838,'','1','',''),(2839,'','1','',''),(2840,'','1','',''),(2841,'','','',''),(2842,'','10','',''),(2843,'','10','',''),(2844,'','10','',''),(2845,'','2','',''),(2846,'','1','',''),(2847,'','10','',''),(2848,'','10','',''),(2849,'','2','',''),(2850,'','10','',''),(2851,'','10','',''),(2852,'','10','',''),(2853,'','10','',''),(2854,'','1','',''),(2855,'','1','',''),(2856,'','1','',''),(2857,'','1','',''),(2858,'','10','',''),(2859,'','11','',''),(2860,'','10','',''),(2861,'','10','',''),(2862,'','10','',''),(2863,'','10','',''),(2864,'','10','',''),(2865,'','10','',''),(2866,'','10','',''),(2867,'','10','',''),(2868,'','10','',''),(2869,'','10','',''),(2870,'','11','',''),(2871,'','10','',''),(2872,'','10','',''),(2873,'','10','',''),(2874,'','10','',''),(2875,'','1','',''),(2876,'','','',''),(2877,'','','',''),(2878,'','','',''),(2879,'','','',''),(2880,'','1','',''),(2881,'','10','',''),(2882,'','10','',''),(2883,'','','',''),(2884,'','','',''),(2885,'','','',''),(2886,'','','',''),(2887,'','','',''),(2888,'','','',''),(2889,'','10','',''),(2890,'','10','',''),(2891,'','','',''),(2892,'','','',''),(2893,'','1','',''),(2894,'','10','',''),(2895,'','10','',''),(2896,'','10','',''),(2897,'','10','',''),(2898,'','10','',''),(2899,'','10','',''),(2900,'','10','',''),(2901,'','10','',''),(2902,'','10','',''),(2903,'','10','',''),(2904,'','10','',''),(2905,'','10','',''),(2906,'','10','',''),(2907,'','10','',''),(2908,'','1','',''),(2909,'','1','',''),(2910,'','1','',''),(2911,'','','',''),(2912,'','10','',''),(2913,'','10','',''),(2914,'','1','',''),(2915,'','1','',''),(2916,'','10','',''),(2917,'','10','',''),(2918,'','','',''),(2919,'','','',''),(2920,'','','',''),(2921,'','','',''),(2922,'','2','',''),(2923,'','','',''),(2924,'','','',''),(2925,'','10','',''),(2926,'','10','',''),(2927,'','10','',''),(2928,'','2','',''),(2929,'','1','',''),(2930,'','1','',''),(2931,'','','',''),(2932,'','','',''),(2933,'','','',''),(2934,'','2','',''),(2935,'','','',''),(2936,'','10','',''),(2937,'','10','',''),(2938,'','10','',''),(2939,'','10','',''),(2940,'','10','',''),(2941,'','10','',''),(2942,'','10','',''),(2943,'','10','',''),(2944,'','10','',''),(2945,'','10','',''),(2946,'','10','',''),(2947,'','10','',''),(2948,'','2','',''),(2949,'','10','',''),(2950,'','2','',''),(2951,'','','',''),(2952,'','','',''),(2953,'','1','',''),(2954,'','','',''),(2955,'','','',''),(2956,'','','',''),(2957,'','1','',''),(2958,'','10','',''),(2959,'','10','',''),(2960,'','','',''),(2961,'','6','',''),(2962,'','6','',''),(2963,'','10','',''),(2964,'','6','',''),(2965,'','10','',''),(2966,'','1','',''),(2967,'','1','',''),(2968,'','1','',''),(2969,'','1','',''),(2970,'','1','',''),(2971,'','1','',''),(2972,'','10','',''),(2973,'','1','',''),(2974,'','11','',''),(2975,'','11','',''),(2976,'','10','',''),(2977,'','11','',''),(2978,'','10','',''),(2979,'','','',''),(2980,'','11','',''),(2981,'','11','',''),(2982,'','11','',''),(2983,'','11','',''),(2984,'','2','',''),(2985,'','11','',''),(2986,'','1','',''),(2987,'','11','',''),(2988,'','11','',''),(2989,'','10','',''),(2990,'','11','',''),(2991,'','11','',''),(2992,'','11','',''),(2993,'','11','',''),(2994,'','11','',''),(2995,'','11','',''),(2996,'','10','',''),(2997,'','1','',''),(2998,'','10','',''),(2999,'','11','',''),(3000,'','10','',''),(3001,'','10','',''),(3002,'','10','',''),(3003,'','11','',''),(3004,'','11','',''),(3005,'','10','',''),(3006,'','10','',''),(3007,'','1','',''),(3008,'','11','',''),(3009,'','11','',''),(3010,'','','',''),(3011,'','12','',''),(3012,'','12','',''),(3013,'','2','',''),(3014,'','12','',''),(3015,'','12','',''),(3016,'','12','',''),(3017,'','12','',''),(3018,'','12','',''),(3019,'','12','',''),(3020,'','12','',''),(3021,'','12','',''),(3022,'','12','',''),(3023,'','12','',''),(3024,'','12','',''),(3025,'','12','',''),(3026,'','12','',''),(3027,'','12','',''),(3028,'','12','',''),(3029,'','12','',''),(3030,'','12','',''),(3031,'','12','',''),(3032,'','12','',''),(3033,'','12','',''),(3034,'','10','',''),(3035,'','12','',''),(3036,'','12','',''),(3037,'','12','',''),(3038,'','2','',''),(3039,'','12','',''),(3040,'','11','',''),(3041,'','10','',''),(3042,'','10','',''),(3043,'','10','',''),(3044,'','11','',''),(3045,'','11','',''),(3046,'','11','',''),(3047,'','11','',''),(3048,'','12','',''),(3049,'','12','',''),(3050,'','12','',''),(3051,'','12','',''),(3052,'','12','',''),(3053,'','12','',''),(3054,'','12','',''),(3055,'','12','',''),(3056,'','12','',''),(3057,'','12','',''),(3058,'','12','',''),(3059,'','12','',''),(3060,'','12','',''),(3061,'','12','',''),(3062,'','12','',''),(3063,'','12','',''),(3064,'','12','',''),(3065,'','12','',''),(3066,'','12','',''),(3067,'','12','',''),(3068,'','12','',''),(3069,'','10','',''),(3070,'','10','',''),(3071,'','10','',''),(3072,'','10','',''),(3073,'','10','',''),(3074,'','12','',''),(3075,'','12','',''),(3076,'','12','',''),(3077,'','12','',''),(3078,'','12','',''),(3079,'','12','',''),(3080,'','12','',''),(3081,'','12','',''),(3082,'','12','',''),(3083,'','12','',''),(3084,'','12','',''),(3085,'','12','',''),(3086,'','12','',''),(3087,'','12','',''),(3088,'','12','',''),(3089,'','12','',''),(3090,'','12','',''),(3091,'','12','',''),(3092,'','12','',''),(3093,'','12','',''),(3094,'','12','',''),(3095,'','12','',''),(3096,'','12','',''),(3097,'','12','',''),(3098,'','12','',''),(3099,'','12','',''),(3100,'','12','',''),(3101,'','12','',''),(3102,'','12','',''),(3103,'','12','',''),(3104,'','12','',''),(3105,'','12','',''),(3106,'','12','',''),(3107,'','12','',''),(3108,'','12','',''),(3109,'','12','',''),(3110,'','12','',''),(3111,'','12','',''),(3112,'','12','',''),(3113,'','12','',''),(3114,'','12','',''),(3115,'','12','',''),(3116,'','12','',''),(3117,'','12','',''),(3118,'','12','',''),(3119,'','12','',''),(3120,'','12','',''),(3121,'','12','',''),(3122,'','12','',''),(3123,'','12','',''),(3124,'','12','',''),(3125,'','12','',''),(3126,'','12','',''),(3127,'','12','',''),(3128,'','11','',''),(3129,'','11','',''),(3130,'','2','',''),(3131,'','2','',''),(3132,'','2','',''),(3133,'','11','',''),(3134,'','2','',''),(3135,'','11','',''),(3136,'','11','',''),(3137,'','11','',''),(3138,'','11','',''),(3139,'','11','',''),(3140,'','11','',''),(3141,'','11','',''),(3142,'','2','',''),(3143,'','11','',''),(3144,'','11','',''),(3145,'','11','',''),(3146,'','11','',''),(3147,'','11','',''),(3148,'','10','',''),(3149,'','10','',''),(3150,'','2','',''),(3151,'','10','',''),(3152,'','10','',''),(3153,'','10','',''),(3154,'','2','',''),(3155,'','10','',''),(3156,'','10','',''),(3157,'','10','',''),(3158,'','10','',''),(3159,'','10','',''),(3160,'','2','',''),(3161,'','10','',''),(3162,'','11','',''),(3163,'','2','',''),(3164,'','10','',''),(3165,'','11','',''),(3166,'','10','',''),(3167,'','10','',''),(3168,'','10','',''),(3169,'','11','',''),(3170,'','11','',''),(3171,'','11','',''),(3172,'','11','',''),(3173,'','11','',''),(3174,'','11','',''),(3175,'','11','',''),(3176,'','11','',''),(3177,'','11','',''),(3178,'','11','',''),(3179,'','11','',''),(3180,'','11','',''),(3181,'','11','',''),(3182,'','11','',''),(3183,'','2','',''),(3184,'','11','',''),(3185,'','10','',''),(3186,'','11','',''),(3187,'','10','',''),(3188,'','10','',''),(3189,'','10','',''),(3190,'','11','',''),(3191,'','11','',''),(3192,'','11','',''),(3193,'','11','',''),(3194,'','10','',''),(3195,'','11','',''),(3196,'','11','',''),(3197,'','11','',''),(3198,'','11','',''),(3199,'','2','',''),(3200,'','2','',''),(3201,'','2','',''),(3202,'','11','',''),(3203,'','12','',''),(3204,'','11','',''),(3205,'','12','',''),(3206,'','12','',''),(3207,'','10','',''),(3208,'','2','',''),(3209,'','10','',''),(3210,'','2','',''),(3211,'','10','',''),(3212,'','2','',''),(3213,'','10','',''),(3214,'','10','',''),(3215,'','10','',''),(3216,'','12','',''),(3217,'','12','',''),(3218,'','12','',''),(3219,'','12','',''),(3220,'','12','',''),(3221,'','12','',''),(3222,'','12','',''),(3223,'','12','',''),(3224,'','10','',''),(3225,'','10','',''),(3226,'','2','',''),(3227,'','10','',''),(3228,'','10','',''),(3229,'','11','',''),(3230,'','12','',''),(3231,'','11','',''),(3232,'','11','',''),(3233,'','11','',''),(3234,'','11','',''),(3235,'','11','',''),(3236,'','11','',''),(3237,'','11','',''),(3238,'','11','',''),(3239,'','11','',''),(3240,'','11','',''),(3241,'','11','',''),(3242,'','11','',''),(3243,'','11','',''),(3244,'','10','',''),(3245,'','10','',''),(3246,'','2','',''),(3247,'','10','',''),(3248,'','11','',''),(3249,'','11','',''),(3250,'','11','',''),(3251,'','11','',''),(3252,'','11','',''),(3253,'','','',''),(3254,'','','',''),(3255,'','12','',''),(3256,'','1','',''),(3257,'','10','',''),(3258,'','10','',''),(3259,'','10','',''),(3260,'','','',''),(3261,'','6','',''),(3262,'','1','',''),(3263,'','1','',''),(3264,'','1','',''),(3265,'','1','',''),(3266,'','1','',''),(3267,'','10','',''),(3268,'','10','',''),(3269,'','','',''),(3270,'','10','',''),(3271,'','6','',''),(3272,'','6','',''),(3273,'','6','',''),(3274,'','6','',''),(3275,'','6','',''),(3276,'','6','',''),(3277,'','10','',''),(3278,'','10','',''),(3279,'','10','',''),(3280,'','10','',''),(3281,'','10','',''),(3282,'','2','',''),(3283,'','2','',''),(3284,'','2','',''),(3285,'','2','',''),(3286,'','10','',''),(3287,'','2','',''),(3288,'','10','',''),(3289,'','2','',''),(3290,'','10','',''),(3291,'','2','',''),(3292,'','','',''),(3293,'','2','',''),(3294,'','','',''),(3295,'','','',''),(3296,'','10','',''),(3297,'','10','',''),(3298,'','10','',''),(3299,'','1','',''),(3300,'','1','',''),(3301,'','10','',''),(3302,'','1','',''),(3303,'','','',''),(3304,'','','',''),(3305,'','10','',''),(3306,'','10','',''),(3307,'','10','',''),(3308,'','10','',''),(3309,'','10','',''),(3310,'','10','',''),(3311,'','10','',''),(3312,'','10','',''),(3313,'','10','',''),(3314,'','','',''),(3315,'','','',''),(3316,'','','',''),(3317,'','2','',''),(3318,'','','',''),(3319,'','','',''),(3320,'','','',''),(3321,'','10','',''),(3322,'','10','',''),(3323,'','2','',''),(3324,'','','',''),(3325,'','','',''),(3326,'','','',''),(3327,'','6','',''),(3328,'','6','',''),(3329,'','10','',''),(3330,'','6','',''),(3331,'','6','',''),(3332,'','6','',''),(3333,'','6','',''),(3334,'','6','',''),(3335,'','6','',''),(3336,'','6','',''),(3337,'','1','',''),(3338,'','1','',''),(3339,'','2','',''),(3340,'','3','',''),(3341,'','6','',''),(3342,'','14','',''),(3343,'','2','',''),(3344,'','','',''),(3345,'','','',''),(3346,'','6','',''),(3347,'','6','',''),(3348,'','6','',''),(3349,'','6','',''),(3350,'','6','',''),(3351,'','2','',''),(3352,'','2','',''),(3353,'','6','',''),(3354,'','6','',''),(3355,'','6','',''),(3356,'','6','',''),(3357,'','6','',''),(3358,'','2','',''),(3359,'','2','',''),(3360,'','6','',''),(3361,'','2','',''),(3362,'','6','',''),(3363,'','1','',''),(3364,'','2','',''),(3365,'','6','',''),(3366,'','2','',''),(3367,'','6','',''),(3368,'','2','',''),(3369,'','6','',''),(3370,'','6','',''),(3371,'','6','',''),(3372,'','10','',''),(3373,'','1','',''),(3374,'','2','',''),(3375,'','6','',''),(3376,'','2','',''),(3377,'','6','',''),(3378,'','1','',''),(3379,'','14','',''),(3380,'','10','',''),(3381,'','10','',''),(3382,'','10','',''),(3383,'','1','',''),(3384,'','10','',''),(3385,'','10','',''),(3386,'','10','',''),(3387,'','10','',''),(3388,'','6','',''),(3389,'','6','',''),(3390,'','6','',''),(3391,'','6','',''),(3392,'','6','',''),(3393,'','10','',''),(3394,'','6','',''),(3395,'','2','',''),(3396,'','2','',''),(3397,'','2','',''),(3398,'','6','',''),(3399,'','6','',''),(3400,'','6','',''),(3401,'','2','',''),(3402,'','6','',''),(3403,'','10','',''),(3404,'','10','',''),(3405,'','10','',''),(3406,'','10','',''),(3407,'','10','',''),(3408,'','10','',''),(3409,'','2','',''),(3410,'','1','',''),(3411,'','14','',''),(3412,'','15','',''),(3413,'','10','',''),(3414,'','9','',''),(3415,'','9','',''),(3416,'','17','',''),(3417,'','17','',''),(3418,'','14','',''),(3419,'','10','',''),(3420,'','10','',''),(3421,'','10','',''),(3422,'','10','',''),(3423,'','2','',''),(3424,'','','',''),(3425,'','2','',''),(3426,'','','',''),(3427,'','10','',''),(3428,'','10','',''),(3429,'','10','',''),(3430,'','10','',''),(3431,'','','',''),(3432,'','11','',''),(3433,'','11','',''),(3434,'','10','',''),(3435,'','11','',''),(3436,'','11','',''),(3437,'','11','',''),(3438,'','11','',''),(3439,'','11','',''),(3440,'','10','',''),(3441,'','10','',''),(3442,'','10','',''),(3443,'','2','',''),(3444,'','','',''),(3445,'','','',''),(3446,'','10','',''),(3447,'','10','',''),(3448,'','2','',''),(3449,'','10','',''),(3450,'','10','',''),(3451,'','2','',''),(3452,'','10','',''),(3453,'','2','',''),(3454,'','2','',''),(3455,'','2','',''),(3456,'','2','',''),(3457,'','10','',''),(3458,'','10','',''),(3459,'','2','',''),(3460,'','10','',''),(3461,'','10','',''),(3462,'','10','',''),(3463,'','10','',''),(3464,'','2','',''),(3465,'','2','',''),(3466,'','10','',''),(3467,'','10','',''),(3468,'','2','',''),(3469,'','2','',''),(3470,'','2','',''),(3471,'','2','',''),(3472,'','10','',''),(3473,'','10','',''),(3474,'','10','',''),(3475,'','10','',''),(3476,'','1','',''),(3477,'','1','',''),(3478,'','10','',''),(3479,'','10','',''),(3480,'','2','',''),(3481,'','','',''),(3482,'','','',''),(3483,'','','',''),(3484,'','10','',''),(3485,'','10','',''),(3486,'','10','',''),(3487,'','10','',''),(3488,'','10','',''),(3489,'','10','',''),(3490,'','10','',''),(3491,'','10','',''),(3492,'','10','',''),(3493,'','10','',''),(3494,'','10','',''),(3495,'','10','',''),(3496,'','10','',''),(3497,'','10','',''),(3498,'','10','',''),(3499,'','10','',''),(3500,'','10','',''),(3501,'','10','',''),(3502,'','10','',''),(3503,'','10','',''),(3504,'','10','',''),(3505,'','10','',''),(3506,'','10','',''),(3507,'','10','',''),(3508,'','10','',''),(3509,'','10','',''),(3510,'','10','',''),(3511,'','10','',''),(3512,'','10','',''),(3513,'','10','',''),(3514,'','10','',''),(3515,'','10','',''),(3516,'','10','',''),(3517,'','10','',''),(3518,'','10','',''),(3519,'','10','',''),(3520,'','10','',''),(3521,'','10','',''),(3522,'','10','',''),(3523,'','10','',''),(3524,'','10','',''),(3525,'','10','',''),(3526,'','10','',''),(3527,'','10','',''),(3528,'','10','',''),(3529,'','10','',''),(3530,'','10','',''),(3531,'','10','',''),(3532,'','10','',''),(3533,'','10','',''),(3534,'','2','',''),(3535,'','2','',''),(3536,'','2','',''),(3537,'','2','',''),(3538,'','2','',''),(3539,'','2','',''),(3540,'','2','',''),(3541,'','10','',''),(3542,'','10','',''),(3543,'','10','',''),(3544,'','10','',''),(3545,'','10','',''),(3546,'','10','',''),(3547,'','10','',''),(3548,'','10','',''),(3549,'','10','',''),(3550,'','10','',''),(3551,'','10','',''),(3552,'','10','',''),(3553,'','10','',''),(3554,'','10','',''),(3555,'','10','',''),(3556,'','10','',''),(3557,'','10','',''),(3558,'','10','',''),(3559,'','10','',''),(3560,'','10','',''),(3561,'','2','',''),(3562,'','','',''),(3563,'','','',''),(3564,'','','',''),(3565,'','','',''),(3566,'','','',''),(3567,'','10','',''),(3568,'','10','',''),(3569,'','10','',''),(3570,'','10','',''),(3571,'','10','',''),(3572,'','10','',''),(3573,'','10','',''),(3574,'','10','',''),(3575,'','10','',''),(3576,'','10','',''),(3577,'','10','',''),(3578,'','10','',''),(3579,'','10','',''),(3580,'','10','',''),(3581,'','2','',''),(3582,'','10','',''),(3583,'','10','',''),(3584,'','10','',''),(3585,'','','',''),(3586,'','6','',''),(3587,'','10','',''),(3588,'','10','',''),(3589,'','10','',''),(3590,'','10','',''),(3591,'','10','',''),(3592,'','2','',''),(3593,'','10','',''),(3594,'','10','',''),(3595,'','10','',''),(3596,'','10','',''),(3597,'','10','',''),(3598,'','10','',''),(3599,'','10','',''),(3600,'','10','',''),(3601,'','10','',''),(3602,'','10','',''),(3603,'','10','',''),(3604,'','10','',''),(3605,'','2','',''),(3606,'','10','',''),(3607,'','2','',''),(3608,'','2','',''),(3609,'','2','',''),(3610,'','10','',''),(3611,'','10','',''),(3612,'','10','',''),(3613,'','10','',''),(3614,'','2','',''),(3615,'','10','',''),(3616,'','10','',''),(3617,'','10','',''),(3618,'','2','',''),(3619,'','10','',''),(3620,'','10','',''),(3621,'','2','',''),(3622,'','2','',''),(3623,'','10','',''),(3624,'','10','',''),(3625,'','10','',''),(3626,'','10','',''),(3627,'','10','',''),(3628,'','2','',''),(3629,'','2','',''),(3630,'','2','',''),(3631,'','10','',''),(3632,'','2','',''),(3633,'','6','',''),(3634,'','','',''),(3635,'','11','',''),(3636,'','11','',''),(3637,'','11','',''),(3638,'','2','',''),(3639,'','11','',''),(3640,'','2','',''),(3641,'','11','',''),(3642,'','2','',''),(3643,'','','',''),(3644,'','11','',''),(3645,'','11','',''),(3646,'','2','',''),(3647,'','11','',''),(3648,'','2','',''),(3649,'','10','',''),(3650,'','10','',''),(3651,'','2','',''),(3652,'','10','',''),(3653,'','2','',''),(3654,'','10','',''),(3655,'','10','',''),(3656,'','10','',''),(3657,'','10','',''),(3658,'','10','',''),(3659,'','2','',''),(3660,'','10','',''),(3661,'','10','',''),(3662,'','10','',''),(3663,'','2','',''),(3664,'','2','',''),(3665,'','10','',''),(3666,'','10','',''),(3667,'','1','',''),(3668,'','10','',''),(3669,'','10','',''),(3670,'','10','',''),(3671,'','10','',''),(3672,'','10','',''),(3673,'','2','',''),(3674,'','2','',''),(3675,'','2','',''),(3676,'','2','',''),(3677,'','10','',''),(3678,'','2','',''),(3679,'','2','',''),(3680,'','2','',''),(3681,'','2','',''),(3682,'','10','',''),(3683,'','10','',''),(3684,'','10','',''),(3685,'','10','',''),(3686,'','10','',''),(3687,'','10','',''),(3688,'','2','',''),(3689,'','2','',''),(3690,'','2','',''),(3691,'','10','',''),(3692,'','10','',''),(3693,'','2','',''),(3694,'','2','',''),(3695,'','10','',''),(3696,'','10','',''),(3697,'','10','',''),(3698,'','1','',''),(3699,'','1','',''),(3700,'','10','',''),(3701,'','1','',''),(3702,'','10','',''),(3703,'','','',''),(3704,'','10','',''),(3705,'','10','',''),(3706,'','10','',''),(3707,'','10','',''),(3708,'','10','',''),(3709,'','10','',''),(3710,'','10','',''),(3711,'','10','',''),(3712,'','10','',''),(3713,'','2','',''),(3714,'','10','',''),(3715,'','10','',''),(3716,'','1','',''),(3717,'','10','',''),(3718,'','10','',''),(3719,'','10','',''),(3720,'','10','',''),(3721,'','10','',''),(3722,'','10','',''),(3723,'','10','',''),(3724,'','10','',''),(3725,'','10','',''),(3726,'','10','',''),(3727,'','10','',''),(3728,'','','',''),(3729,'','','',''),(3730,'','','',''),(3731,'','10','',''),(3732,'','10','',''),(3733,'','','',''),(3734,'','10','',''),(3735,'','10','',''),(3736,'','10','',''),(3737,'','10','',''),(3738,'','10','',''),(3739,'','10','',''),(3740,'','','',''),(3741,'','10','',''),(3742,'','10','',''),(3743,'','','',''),(3744,'','10','',''),(3745,'','10','',''),(3746,'','','',''),(3747,'','10','',''),(3748,'','10','',''),(3749,'','','',''),(3750,'','10','',''),(3751,'','10','',''),(3752,'','2','',''),(3753,'','10','',''),(3754,'','','',''),(3755,'','10','',''),(3756,'','10','',''),(3757,'','','',''),(3758,'','','',''),(3759,'','','',''),(3760,'','','',''),(3761,'','','',''),(3762,'','10','',''),(3763,'','10','',''),(3764,'','10','',''),(3765,'','10','',''),(3766,'','10','',''),(3767,'','10','',''),(3768,'','10','',''),(3769,'','10','',''),(3770,'','10','',''),(3771,'','10','',''),(3772,'','6','',''),(3773,'','10','',''),(3774,'','10','',''),(3775,'','1','',''),(3776,'','1','',''),(3777,'','10','',''),(3778,'','2','',''),(3779,'','','',''),(3780,'','','',''),(3781,'','1','',''),(3782,'','1','',''),(3783,'','10','',''),(3784,'','10','',''),(3785,'','10','',''),(3786,'','10','',''),(3787,'','10','',''),(3788,'','10','',''),(3789,'','2','',''),(3790,'','2','',''),(3791,'','1','',''),(3792,'','10','',''),(3793,'','10','',''),(3794,'','10','',''),(3795,'','2','',''),(3796,'','2','',''),(3797,'','1','',''),(3798,'','1','',''),(3799,'','10','',''),(3800,'','10','',''),(3801,'','2','',''),(3802,'','2','',''),(3803,'','2','',''),(3804,'','2','',''),(3805,'','10','',''),(3806,'','10','',''),(3807,'','10','',''),(3808,'','10','',''),(3809,'','2','',''),(3810,'','10','',''),(3811,'','2','',''),(3812,'','2','',''),(3813,'','2','',''),(3814,'','2','',''),(3815,'','10','',''),(3816,'','10','',''),(3817,'','2','',''),(3818,'','1','',''),(3819,'','10','',''),(3820,'','10','',''),(3821,'','10','',''),(3822,'','10','',''),(3823,'','2','',''),(3824,'','10','',''),(3825,'','10','',''),(3826,'','10','',''),(3827,'','10','',''),(3828,'','10','',''),(3829,'','10','',''),(3830,'','10','',''),(3831,'','1','',''),(3832,'','','',''),(3833,'','1','',''),(3834,'','1','',''),(3835,'','10','',''),(3836,'','1','',''),(3837,'','10','',''),(3838,'','10','',''),(3839,'','10','',''),(3840,'','10','',''),(3841,'','1','',''),(3842,'','10','',''),(3843,'','10','',''),(3844,'','1','',''),(3845,'','10','',''),(3846,'','','',''),(3847,'','10','',''),(3848,'','1','',''),(3849,'','10','',''),(3850,'','10','',''),(3851,'','1','',''),(3852,'','10','',''),(3853,'','10','',''),(3854,'','1','',''),(3855,'','2','',''),(3856,'','10','',''),(3857,'','2','',''),(3858,'','1','',''),(3859,'','10','',''),(3860,'','1','',''),(3861,'','1','',''),(3862,'','1','',''),(3863,'','','',''),(3864,'','1','',''),(3865,'','1','',''),(3866,'','','',''),(3867,'','11','',''),(3868,'','11','',''),(3869,'','11','',''),(3870,'','11','',''),(3871,'','','',''),(3872,'','14','',''),(3873,'','14','',''),(3874,'','2','',''),(3875,'','14','',''),(3876,'','14','',''),(3877,'','14','',''),(3878,'','2','',''),(3879,'','14','',''),(3880,'','14','',''),(3881,'','14','',''),(3882,'','14','',''),(3883,'','14','',''),(3884,'','14','',''),(3885,'','14','',''),(3886,'','14','',''),(3887,'','14','',''),(3888,'','1','',''),(3889,'','','',''),(3890,'','1','',''),(3891,'','1','',''),(3892,'','1','',''),(3893,'','1','',''),(3894,'','14','',''),(3895,'','','',''),(3896,'','1','',''),(3897,'','14','',''),(3898,'','14','',''),(3899,'','1','',''),(3900,'','','',''),(3901,'','6','',''),(3902,'','','',''),(3903,'','10','',''),(3904,'','11','',''),(3905,'','11','',''),(3906,'','11','',''),(3907,'','','',''),(3908,'','6','',''),(3909,'','14','',''),(3910,'','14','',''),(3911,'','14','',''),(3912,'','14','',''),(3913,'','2','',''),(3914,'','14','',''),(3915,'','14','',''),(3916,'','6','',''),(3917,'','1','',''),(3918,'','1','',''),(3919,'','1','',''),(3920,'','1','',''),(3921,'','1','',''),(3922,'','1','',''),(3923,'','1','',''),(3924,'','1','',''),(3925,'','1','',''),(3926,'','1','',''),(3927,'','1','',''),(3928,'','1','',''),(3929,'','1','',''),(3930,'','','',''),(3931,'','1','',''),(3932,'','10','',''),(3933,'','1','',''),(3934,'','','',''),(3935,'','1','',''),(3936,'','1','',''),(3937,'','1','',''),(3938,'','1','',''),(3939,'','1','',''),(3940,'','1','',''),(3941,'','1','',''),(3942,'','1','',''),(3943,'','1','',''),(3944,'','1','',''),(3945,'','1','',''),(3946,'','1','',''),(3947,'','1','',''),(3948,'','','',''),(3949,'','10','',''),(3950,'','10','',''),(3951,'','10','',''),(3952,'','10','',''),(3953,'','10','',''),(3954,'','10','',''),(3955,'','10','',''),(3956,'','1','',''),(3957,'','10','',''),(3958,'','1','',''),(3959,'','10','',''),(3960,'','10','',''),(3961,'','10','',''),(3962,'','10','',''),(3963,'','10','',''),(3964,'','1','',''),(3965,'','10','',''),(3966,'','10','',''),(3967,'','10','',''),(3968,'','1','',''),(3969,'','1','',''),(3970,'','1','',''),(3971,'','10','',''),(3972,'','10','',''),(3973,'','10','',''),(3974,'','10','',''),(3975,'','10','',''),(3976,'','10','',''),(3977,'','10','',''),(3978,'','10','',''),(3979,'','1','',''),(3980,'','1','',''),(3981,'','10','',''),(3982,'','10','',''),(3983,'','1','',''),(3984,'','1','',''),(3985,'','1','',''),(3986,'','1','',''),(3987,'','1','',''),(3988,'','1','',''),(3989,'','1','',''),(3990,'','1','',''),(3991,'','1','',''),(3992,'','1','',''),(3993,'','10','',''),(3994,'','10','',''),(3995,'','1','',''),(3996,'','2','',''),(3997,'','10','',''),(3998,'','10','',''),(3999,'','1','',''),(4000,'','','',''),(4001,'','10','',''),(4002,'','1','',''),(4003,'','1','',''),(4004,'','1','',''),(4005,'','10','',''),(4006,'','10','',''),(4007,'','10','',''),(4008,'','10','',''),(4009,'','2','',''),(4010,'','2','',''),(4011,'','1','',''),(4012,'','10','',''),(4013,'','10','',''),(4014,'','10','',''),(4015,'','10','',''),(4016,'','1','',''),(4017,'','10','',''),(4018,'','10','',''),(4019,'','10','',''),(4020,'','10','',''),(4021,'','10','',''),(4022,'','10','',''),(4023,'','1','',''),(4024,'','10','',''),(4025,'','2','',''),(4026,'','10','',''),(4027,'','1','',''),(4028,'','2','',''),(4029,'','10','',''),(4030,'','1','',''),(4031,'','10','',''),(4032,'','10','',''),(4033,'','10','',''),(4034,'','10','',''),(4035,'','10','',''),(4036,'','10','',''),(4037,'','10','',''),(4038,'','10','',''),(4039,'','1','',''),(4040,'','1','',''),(4041,'','10','',''),(4042,'','1','',''),(4043,'','1','',''),(4044,'','1','',''),(4045,'','1','',''),(4046,'','1','',''),(4047,'','1','',''),(4048,'','1','',''),(4049,'','1','',''),(4050,'','1','',''),(4051,'','1','',''),(4052,'','1','',''),(4053,'','1','',''),(4054,'','1','',''),(4055,'','1','',''),(4056,'','1','',''),(4057,'','1','',''),(4058,'','1','',''),(4059,'','1','',''),(4060,'','1','',''),(4061,'','1','',''),(4062,'','1','',''),(4063,'','1','',''),(4064,'','1','',''),(4065,'','1','',''),(4066,'','1','',''),(4067,'','1','',''),(4068,'','1','',''),(4069,'','1','',''),(4070,'','1','',''),(4071,'','1','',''),(4072,'','1','',''),(4073,'','1','',''),(4074,'','1','',''),(4075,'','1','',''),(4076,'','1','',''),(4077,'','1','',''),(4078,'','1','',''),(4079,'','1','',''),(4080,'','1','',''),(4081,'','1','',''),(4082,'','1','',''),(4083,'','1','',''),(4084,'','1','',''),(4085,'','1','',''),(4086,'','1','',''),(4087,'','1','',''),(4088,'','1','',''),(4089,'','1','',''),(4090,'','1','',''),(4091,'','1','',''),(4092,'','1','',''),(4093,'','1','',''),(4094,'','1','',''),(4095,'','1','',''),(4096,'','1','',''),(4097,'','1','',''),(4098,'','1','',''),(4099,'','1','',''),(4100,'','1','',''),(4101,'','1','',''),(4102,'','1','',''),(4103,'','1','',''),(4104,'','','',''),(4105,'','10','',''),(4106,'','1','',''),(4107,'','10','',''),(4108,'','1','',''),(4109,'','1','',''),(4110,'','10','',''),(4111,'','10','',''),(4112,'','10','',''),(4113,'','1','',''),(4114,'','10','',''),(4115,'','10','',''),(4116,'','1','',''),(4117,'','10','',''),(4118,'','10','',''),(4119,'','10','',''),(4120,'','1','',''),(4121,'','10','',''),(4122,'','10','',''),(4123,'','1','',''),(4124,'','1','',''),(4125,'','10','',''),(4126,'','10','',''),(4127,'','1','',''),(4128,'','1','',''),(4129,'','1','',''),(4130,'','1','',''),(4131,'','10','',''),(4132,'','10','',''),(4133,'','1','',''),(4134,'','10','',''),(4135,'','10','',''),(4136,'','1','',''),(4137,'','10','',''),(4138,'','10','',''),(4139,'','10','',''),(4140,'','10','',''),(4141,'','10','',''),(4142,'','10','',''),(4143,'','10','',''),(4144,'','10','',''),(4145,'','10','',''),(4146,'','2','',''),(4147,'','10','',''),(4148,'','1','',''),(4149,'','10','',''),(4150,'','10','',''),(4151,'','10','',''),(4152,'','10','',''),(4153,'','10','',''),(4154,'','1','',''),(4155,'','10','',''),(4156,'','1','',''),(4157,'','1','',''),(4158,'','1','',''),(4159,'','1','',''),(4160,'','1','',''),(4161,'','1','',''),(4162,'','1','',''),(4163,'','1','',''),(4164,'','1','',''),(4165,'','1','',''),(4166,'','1','',''),(4167,'','1','',''),(4168,'','1','',''),(4169,'','10','',''),(4170,'','1','',''),(4171,'','1','',''),(4172,'','10','',''),(4173,'','10','',''),(4174,'','1','',''),(4175,'','10','',''),(4176,'','10','',''),(4177,'','10','',''),(4178,'','10','',''),(4179,'','10','',''),(4180,'','1','',''),(4181,'','10','',''),(4182,'','10','',''),(4183,'','10','',''),(4184,'','1','',''),(4185,'','1','',''),(4186,'','10','',''),(4187,'','10','',''),(4188,'','10','',''),(4189,'','10','',''),(4190,'','10','',''),(4191,'','1','',''),(4192,'','1','',''),(4193,'','1','',''),(4194,'','1','',''),(4195,'','10','',''),(4196,'','10','',''),(4197,'','10','',''),(4198,'','10','',''),(4199,'','10','',''),(4200,'','1','',''),(4201,'','1','',''),(4202,'','1','',''),(4203,'','1','',''),(4204,'','1','',''),(4205,'','10','',''),(4206,'','10','',''),(4207,'','10','',''),(4208,'','10','',''),(4209,'','10','',''),(4210,'','1','',''),(4211,'','10','',''),(4212,'','10','',''),(4213,'','10','',''),(4214,'','10','',''),(4215,'','10','',''),(4216,'','10','',''),(4217,'','10','',''),(4218,'','10','',''),(4219,'','10','',''),(4220,'','10','',''),(4221,'','10','',''),(4222,'','10','',''),(4223,'','10','',''),(4224,'','10','',''),(4225,'','10','',''),(4226,'','10','',''),(4227,'','10','',''),(4228,'','10','',''),(4229,'','10','',''),(4230,'','10','',''),(4231,'','10','',''),(4232,'','10','',''),(4233,'','10','',''),(4234,'','10','',''),(4235,'','10','',''),(4236,'','10','',''),(4237,'','10','',''),(4238,'','10','',''),(4239,'','10','',''),(4240,'','10','',''),(4241,'','10','',''),(4242,'','1','',''),(4243,'','','',''),(4244,'','1','',''),(4245,'','1','',''),(4246,'','10','',''),(4247,'','10','',''),(4248,'','10','',''),(4249,'','10','',''),(4250,'','10','',''),(4251,'','1','',''),(4252,'','1','',''),(4253,'','1','',''),(4254,'','1','',''),(4255,'','10','',''),(4256,'','10','',''),(4257,'','10','',''),(4258,'','10','',''),(4259,'','10','',''),(4260,'','10','',''),(4261,'','10','',''),(4262,'','1','',''),(4263,'','10','',''),(4264,'','1','',''),(4265,'','10','',''),(4266,'','10','',''),(4267,'','10','',''),(4268,'','10','',''),(4269,'','10','',''),(4270,'','10','',''),(4271,'','1','',''),(4272,'','','',''),(4273,'','1','',''),(4274,'','','',''),(4275,'','1','',''),(4276,'','1','',''),(4277,'','1','',''),(4278,'','','',''),(4279,'','','',''),(4280,'','10','',''),(4281,'','10','',''),(4282,'','10','',''),(4283,'','10','',''),(4284,'','10','',''),(4285,'','10','',''),(4286,'','10','',''),(4287,'','10','',''),(4288,'','10','',''),(4289,'','10','',''),(4290,'','10','',''),(4291,'','1','',''),(4292,'','10','',''),(4293,'','10','',''),(4294,'','10','',''),(4295,'','10','',''),(4296,'','10','',''),(4297,'','10','',''),(4298,'','10','',''),(4299,'','10','',''),(4300,'','10','',''),(4301,'','10','',''),(4302,'','10','',''),(4303,'','10','',''),(4304,'','10','',''),(4305,'','10','',''),(4306,'','10','',''),(4307,'','10','',''),(4308,'','10','',''),(4309,'','10','',''),(4310,'','1','',''),(4311,'','1','',''),(4312,'','1','',''),(4313,'','1','',''),(4314,'','10','',''),(4315,'','10','',''),(4316,'','10','',''),(4317,'','10','',''),(4318,'','10','',''),(4319,'','1','',''),(4320,'','1','',''),(4321,'','1','',''),(4322,'','1','',''),(4323,'','','',''),(4324,'','1','',''),(4325,'','1','',''),(4326,'','1','',''),(4327,'','1','',''),(4328,'','10','',''),(4329,'','10','',''),(4330,'','10','',''),(4331,'','10','',''),(4332,'','10','',''),(4333,'','10','',''),(4334,'','10','',''),(4335,'','10','',''),(4336,'','','',''),(4337,'','1','',''),(4338,'','','',''),(4339,'','','',''),(4340,'','','',''),(4341,'','','',''),(4342,'','1','',''),(4343,'','1','',''),(4344,'','1','',''),(4345,'','1','',''),(4346,'','1','',''),(4347,'','1','',''),(4348,'','1','',''),(4349,'','1','',''),(4350,'','1','',''),(4351,'','1','',''),(4352,'','10','',''),(4353,'','10','',''),(4354,'','10','',''),(4355,'','','',''),(4356,'','1','',''),(4357,'','','',''),(4358,'','1','',''),(4359,'','1','',''),(4360,'','1','',''),(4361,'','10','',''),(4362,'','10','',''),(4363,'','10','',''),(4364,'','1','',''),(4365,'','','',''),(4366,'','1','',''),(4367,'','10','',''),(4368,'','10','',''),(4369,'','10','',''),(4370,'','10','',''),(4371,'','10','',''),(4372,'','10','',''),(4373,'','10','',''),(4374,'','10','',''),(4375,'','10','',''),(4376,'','10','',''),(4377,'','10','',''),(4378,'','10','',''),(4379,'','10','',''),(4380,'','1','',''),(4381,'','10','',''),(4382,'','10','',''),(4383,'','10','',''),(4384,'','10','',''),(4385,'','10','',''),(4386,'','10','',''),(4387,'','10','',''),(4388,'','1','',''),(4389,'','10','',''),(4390,'','10','',''),(4391,'','','',''),(4392,'','1','',''),(4393,'','','',''),(4394,'','1','',''),(4395,'','11','',''),(4396,'','10','',''),(4397,'','10','',''),(4398,'','10','',''),(4399,'','10','',''),(4400,'','10','',''),(4401,'','','',''),(4402,'','10','',''),(4403,'','10','',''),(4404,'','10','',''),(4405,'','10','',''),(4406,'','10','',''),(4407,'','10','',''),(4408,'','10','',''),(4409,'','10','',''),(4410,'','10','',''),(4411,'','10','',''),(4412,'','10','',''),(4413,'','10','',''),(4414,'','1','',''),(4415,'','10','',''),(4416,'','10','',''),(4417,'','10','',''),(4418,'','10','',''),(4419,'','10','',''),(4420,'','10','',''),(4421,'','10','',''),(4422,'','10','',''),(4423,'','1','',''),(4424,'','1','',''),(4425,'','1','',''),(4426,'','1','',''),(4427,'','1','',''),(4428,'','','',''),(4429,'','1','',''),(4430,'','10','',''),(4431,'','1','',''),(4432,'','10','',''),(4433,'','10','',''),(4434,'','10','',''),(4435,'','10','',''),(4436,'','10','',''),(4437,'','10','',''),(4438,'','10','',''),(4439,'','10','',''),(4440,'','10','',''),(4441,'','','',''),(4442,'','','',''),(4443,'','10','',''),(4444,'','10','',''),(4445,'','10','',''),(4446,'','10','',''),(4447,'','10','',''),(4448,'','10','',''),(4449,'','10','',''),(4450,'','10','',''),(4451,'','10','',''),(4452,'','10','',''),(4453,'','10','',''),(4454,'','10','',''),(4455,'','10','',''),(4456,'','10','',''),(4457,'','10','',''),(4458,'','10','',''),(4459,'','10','',''),(4460,'','10','',''),(4461,'','10','',''),(4462,'','10','',''),(4463,'','1','',''),(4464,'','1','',''),(4465,'','10','',''),(4466,'','10','',''),(4467,'','10','',''),(4468,'','1','',''),(4469,'','10','',''),(4470,'','10','',''),(4471,'','10','',''),(4472,'','10','',''),(4473,'','10','',''),(4474,'','10','',''),(4475,'','10','',''),(4476,'','1','',''),(4477,'','1','',''),(4478,'','1','',''),(4479,'','1','',''),(4480,'','1','',''),(4481,'','','',''),(4482,'','1','',''),(4483,'','10','',''),(4484,'','10','',''),(4485,'','10','',''),(4486,'','10','',''),(4487,'','10','',''),(4488,'','','',''),(4489,'','10','',''),(4490,'','10','',''),(4491,'','10','',''),(4492,'','10','',''),(4493,'','10','',''),(4494,'','10','',''),(4495,'','10','',''),(4496,'','10','',''),(4497,'','','',''),(4498,'','10','',''),(4499,'','10','',''),(4500,'','10','',''),(4501,'','10','',''),(4502,'','10','',''),(4503,'','','',''),(4504,'','10','',''),(4505,'','10','',''),(4506,'','10','',''),(4507,'','10','',''),(4508,'','10','',''),(4509,'','','',''),(4510,'','10','',''),(4511,'','10','',''),(4512,'','10','',''),(4513,'','10','',''),(4514,'','10','',''),(4515,'','','',''),(4516,'','','',''),(4517,'','10','',''),(4518,'','10','',''),(4519,'','2','',''),(4520,'','10','',''),(4521,'','10','',''),(4522,'','10','',''),(4523,'','2','',''),(4524,'','10','',''),(4525,'','10','',''),(4526,'','1','',''),(4527,'','','',''),(4528,'','1','',''),(4529,'','','',''),(4530,'','1','',''),(4531,'','1','',''),(4532,'','1','',''),(4533,'','1','',''),(4534,'','','',''),(4535,'','1','',''),(4536,'','','',''),(4537,'','1','',''),(4538,'','','',''),(4539,'','1','',''),(4540,'','','',''),(4541,'','10','',''),(4542,'','10','',''),(4543,'','10','',''),(4544,'','10','',''),(4545,'','10','',''),(4546,'','10','',''),(4547,'','10','',''),(4548,'','2','',''),(4549,'','2','',''),(4550,'','10','',''),(4551,'','10','',''),(4552,'','10','',''),(4553,'','10','',''),(4554,'','10','',''),(4555,'','10','',''),(4556,'','10','',''),(4557,'','10','',''),(4558,'','10','',''),(4559,'','1','',''),(4560,'','','',''),(4561,'','10','',''),(4562,'','10','',''),(4563,'','10','',''),(4564,'','10','',''),(4565,'','10','',''),(4566,'','2','',''),(4567,'','2','',''),(4568,'','2','',''),(4569,'','10','',''),(4570,'','10','',''),(4571,'','2','',''),(4572,'','1','',''),(4573,'','','',''),(4574,'','','',''),(4575,'','1','',''),(4576,'','1','',''),(4577,'','','',''),(4578,'','11','',''),(4579,'','11','',''),(4580,'','11','',''),(4581,'','11','',''),(4582,'','11','',''),(4583,'','11','',''),(4584,'','11','',''),(4585,'','2','',''),(4586,'','2','',''),(4587,'','11','',''),(4588,'','','',''),(4589,'','','',''),(4590,'','14','',''),(4591,'','14','',''),(4592,'','2','',''),(4593,'','14','',''),(4594,'','14','',''),(4595,'','1','',''),(4596,'','1','',''),(4597,'','1','',''),(4598,'','1','',''),(4599,'','','',''),(4600,'','1','',''),(4601,'','10','',''),(4602,'','10','',''),(4603,'','10','',''),(4604,'','1','',''),(4605,'','1','',''),(4606,'','1','',''),(4607,'','1','',''),(4608,'','1','',''),(4609,'','1','',''),(4610,'','1','',''),(4611,'','1','',''),(4612,'','','',''),(4613,'','10','',''),(4614,'','10','',''),(4615,'','10','',''),(4616,'','10','','');

--
-- Table structure for table `BizPit_app_booking_master_table`
--

CREATE TABLE `BizPit_app_booking_master_table` (
  `id` int(11) NOT NULL AUTO_INCREMENT,
  `property_id` int(11) NOT NULL,
  `booking_id` int(11) NOT NULL,
  `booked_by` varchar(100) NOT NULL,
  `booked_by_id` int(11) NOT NULL,
  `booking_type` varchar(100) NOT NULL,
  `property_type` varchar(100) NOT NULL,
  `head_count` int(11) NOT NULL,
  `timestamp` varchar(100) NOT NULL,
  PRIMARY KEY (`id`)
) ENGINE=InnoDB AUTO_INCREMENT=31 DEFAULT CHARSET=latin1;

--
-- Dumping data for table `BizPit_app_booking_master_table`
--

INSERT INTO `BizPit_app_booking_master_table` VALUES (1,9,1,'user',10,'Daily','meeting',10,'time'),(2,9,2,'user',10,'Weekly','meeting',10,'time'),(3,2,3,'user',14,'Hourly','Plug & Play',10,'07/03/2016'),(4,15,4,'user',10,'Hourly','Plug & Play',10,'13/03/2016'),(5,1,5,'user',11,'Hourly','Plug & Play',10,'12/03/2016'),(6,17,6,'user',11,'Weekly','meeting',10,'time'),(7,21,7,'user',10,'Hourly','Plug & Play',10,'09/03/2016'),(8,8,8,'user',10,'Hourly','Plug & Play',10,'10/03/2016'),(9,2,9,'user',6,'Hourly','Plug & Play',10,'16/03/2016'),(10,1,10,'user',10,'Daily','meeting',10,'time'),(11,1,11,'user',10,'Daily','meeting',10,'time'),(12,1,12,'user',10,'Daily','meeting',10,'time'),(13,2,13,'user',11,'Hourly','Plug & Play',10,'14/03/2016'),(14,2,14,'user',11,'Hourly','Plug & Play',10,'11/03/2016'),(15,2,15,'user',11,'Hourly','Plug & Play',10,'12/03/2016'),(16,2,16,'user',10,'Hourly','Plug & Play',10,'15/03/2016'),(17,2,17,'user',10,'Hourly','Plug & Play',10,'17/03/2016'),(18,2,18,'user',10,'Hourly','Plug & Play',10,'21/03/2016'),(19,2,19,'user',1,'Hourly','meeting',1,'24/03/2016'),(20,2,20,'user',10,'Hourly','Plug & Play',10,'05/04/2016'),(21,18,21,'user',10,'Hourly','Plug & Play',10,'11/03/2016'),(22,15,22,'user',10,'Hourly','Plug & Play',10,'17/03/2016'),(23,18,23,'user',14,'Hourly','Plug & Play',10,'11/03/2016'),(24,1,24,'user',14,'Daily','meeting',10,'time'),(25,5,25,'user',14,'Hourly','Plug & Play',10,'13/03/2016'),(26,3,26,'user',10,'Weekly','meeting',10,'time'),(27,7,27,'user',10,'Hourly','Plug & Play',10,'17/03/2016'),(28,7,28,'user',10,'Hourly','Plug & Play',10,'19/03/2016'),(29,9,29,'user',11,'Hourly','Plug & Play',10,'25/03/2016'),(30,12,30,'user',14,'Hourly','Plug & Play',10,'19/03/2016');

--
-- Table structure for table `BizPit_app_booking_type`
--

CREATE TABLE `BizPit_app_booking_type` (
  `id` int(11) NOT NULL AUTO_INCREMENT,
  `property_id` int(11) NOT NULL,
  `book_type` varchar(500) NOT NULL,
  `property_type` varchar(500) NOT NULL,
  PRIMARY KEY (`id`)
) ENGINE=InnoDB AUTO_INCREMENT=21 DEFAULT CHARSET=latin1;

--
-- Dumping data for table `BizPit_app_booking_type`
--

INSERT INTO `BizPit_app_booking_type` VALUES (1,1,'Daily,Weekly,Monthly','Shared Area'),(2,2,'Hourly','Shared Area'),(3,3,'Monthly','Shared Area'),(4,4,'Daily','Shared Area'),(5,8,'Monthly','Shared Area'),(6,9,'Monthly','Shared Area'),(7,10,'Monthly','Shared Area'),(8,11,'Monthly','Shared Area'),(9,12,'Hourly,Daily,Weekly,Monthly','Shared Area'),(10,13,'Daily,Weekly,Monthly','Shared Area'),(11,14,'Hourly,Daily,Weekly,Monthly','Shared Area'),(12,15,'Hourly','Shared Area'),(13,16,'Hourly,Daily','Shared Area'),(14,5,'Weekly','Meeting Room'),(15,6,'Hourly','Meeting Room'),(16,7,'Hourly,Daily,Weekly','Meeting Room'),(17,16,'Hourly,Daily','Meeting Room'),(18,5,'Weekly,Monthly','Training Room'),(19,7,'Fullday,Weekly,Monthly','Training Room'),(20,16,'Fullday','Training Room');

--
-- Table structure for table `BizPit_app_commercial_halls`
--

CREATE TABLE `BizPit_app_commercial_halls` (
  `id` int(11) NOT NULL AUTO_INCREMENT,
  `property_id` int(11) NOT NULL,
  `capacity` int(11) NOT NULL,
  `rate_hr` int(11) NOT NULL,
  `rate_daily` int(11) NOT NULL,
  `rate_weekly` int(11) NOT NULL,
  `rate_monthly` int(11) NOT NULL,
  `shared_images` longtext NOT NULL,
  PRIMARY KEY (`id`)
) ENGINE=InnoDB DEFAULT CHARSET=latin1;

--
-- Dumping data for table `BizPit_app_commercial_halls`
--


--
-- Table structure for table `BizPit_app_daily_booking`
--

CREATE TABLE `BizPit_app_daily_booking` (
  `id` int(11) NOT NULL AUTO_INCREMENT,
  `property_id` int(11) NOT NULL,
  `booking_id` int(11) NOT NULL,
  `booked_by` varchar(100),
  `booked_by_id` int(11),
  `start_date` varchar(100) NOT NULL,
  `end_date` varchar(100) NOT NULL,
  `start_time` varchar(100) NOT NULL,
  `end_time` varchar(100) NOT NULL,
  `Timestamp` varchar(100) NOT NULL,
  `head_count` int(11) NOT NULL,
  `property_type` varchar(100) NOT NULL,
  PRIMARY KEY (`id`)
) ENGINE=InnoDB DEFAULT CHARSET=latin1;

--
-- Dumping data for table `BizPit_app_daily_booking`
--


--
-- Table structure for table `BizPit_app_dwm_booking`
--

CREATE TABLE `BizPit_app_dwm_booking` (
  `id` int(11) NOT NULL AUTO_INCREMENT,
  `property_id` int(11) NOT NULL,
  `booking_id` int(11) NOT NULL,
  `booking_type` varchar(100) NOT NULL,
  `head_count` int(11) NOT NULL,
  `date` varchar(100) NOT NULL,
  PRIMARY KEY (`id`)
) ENGINE=InnoDB AUTO_INCREMENT=29 DEFAULT CHARSET=latin1;

--
-- Dumping data for table `BizPit_app_dwm_booking`
--

INSERT INTO `BizPit_app_dwm_booking` VALUES (1,9,9,'Daily',10,'09/03/2016'),(2,9,9,'Weekly',10,'17/03/2016'),(3,9,9,'Weekly',10,'18/03/2016'),(4,9,9,'Weekly',10,'19/03/2016'),(5,9,9,'Weekly',10,'20/03/2016'),(6,9,9,'Weekly',10,'21/03/2016'),(7,9,9,'Weekly',10,'22/03/2016'),(8,9,9,'Weekly',10,'23/03/2016'),(9,17,17,'Weekly',10,'17/03/2016'),(10,17,17,'Weekly',10,'18/03/2016'),(11,17,17,'Weekly',10,'19/03/2016'),(12,17,17,'Weekly',10,'20/03/2016'),(13,17,17,'Weekly',10,'21/03/2016'),(14,17,17,'Weekly',10,'22/03/2016'),(15,17,17,'Weekly',10,'23/03/2016'),(16,1,1,'Daily',10,'16/03/2016'),(17,1,1,'Daily',10,'13/03/2016'),(18,1,1,'Daily',10,'23/03/2016'),(19,1,1,'Daily',10,'17/03/2016'),(20,1,1,'Daily',10,'19/03/2016'),(21,1,1,'Daily',10,'18/03/2016'),(22,3,3,'Weekly',10,'16/03/2016'),(23,3,3,'Weekly',10,'17/03/2016'),(24,3,3,'Weekly',10,'18/03/2016'),(25,3,3,'Weekly',10,'19/03/2016'),(26,3,3,'Weekly',10,'20/03/2016'),(27,3,3,'Weekly',10,'21/03/2016'),(28,3,3,'Weekly',10,'22/03/2016');

--
-- Table structure for table `BizPit_app_event_halls`
--

CREATE TABLE `BizPit_app_event_halls` (
  `id` int(11) NOT NULL AUTO_INCREMENT,
  `property_id` int(11) NOT NULL,
  `capacity` int(11) NOT NULL,
  `duration_half` int(11),
  `rate_daily` int(11) NOT NULL,
  `rate_halfday` int(11),
  `shared_images` longtext NOT NULL,
  PRIMARY KEY (`id`)
) ENGINE=InnoDB AUTO_INCREMENT=20 DEFAULT CHARSET=latin1;

--
-- Dumping data for table `BizPit_app_event_halls`
--

INSERT INTO `BizPit_app_event_halls` VALUES (1,1,0,0,0,0,'[]'),(2,2,0,0,0,0,'[]'),(3,3,0,0,0,0,'[]'),(4,4,0,0,0,0,'[]'),(5,5,0,0,0,0,'[]'),(6,6,0,0,0,0,'[]'),(7,7,0,0,0,0,'[]'),(8,8,0,0,0,0,'[]'),(9,9,0,0,0,0,'[]'),(10,10,0,0,0,0,'[]'),(11,11,0,0,0,0,'[]'),(12,12,0,0,0,0,'[]'),(13,13,0,0,0,0,'[]'),(14,14,0,0,0,0,'[]'),(15,15,0,0,0,0,'static/15/p8.jpg'),(16,16,0,0,0,0,'[]'),(17,20,0,0,0,0,'[]'),(18,21,0,0,0,0,'[]'),(19,22,123,0,1234,0,'static/22/floor plan 3BHK-1877 sqft.jpg');

--
-- Table structure for table `BizPit_app_favourite`
--

CREATE TABLE `BizPit_app_favourite` (
  `id` int(11) NOT NULL AUTO_INCREMENT,
  `user_id` int(11) NOT NULL,
  `property_id` int(11) NOT NULL,
  `count` int(11) NOT NULL,
  `status` varchar(500) NOT NULL,
  PRIMARY KEY (`id`)
) ENGINE=InnoDB AUTO_INCREMENT=37 DEFAULT CHARSET=latin1;

--
-- Dumping data for table `BizPit_app_favourite`
--

INSERT INTO `BizPit_app_favourite` VALUES (1,10,12,10,'false'),(2,1,12,1,'true'),(3,1,2,1,'true'),(4,6,2,6,'false'),(5,6,1,6,'false'),(6,6,5,6,'true'),(7,6,6,6,'true'),(8,6,13,6,'true'),(9,6,8,6,'true'),(10,6,16,6,'true'),(11,6,17,6,'true'),(12,6,12,6,'true'),(13,6,3,6,'true'),(14,10,1,10,'false'),(15,10,3,10,'true'),(16,10,4,10,'true'),(17,10,18,10,'true'),(18,10,2,10,'true'),(19,10,5,10,'false'),(20,11,1,11,'true'),(21,11,9,11,'true'),(22,11,4,11,'true'),(23,12,1,12,'false'),(24,12,4,12,'true'),(25,12,9,12,'false'),(26,12,10,12,'true'),(27,12,12,12,'true'),(28,12,2,12,'true'),(29,12,6,12,'false'),(30,12,8,12,'true'),(31,12,7,12,'true'),(32,12,13,12,'true'),(33,6,21,6,'true'),(34,10,7,10,'true'),(35,10,14,10,'false'),(36,10,15,10,'true');

--
-- Table structure for table `BizPit_app_holidays`
--

CREATE TABLE `BizPit_app_holidays` (
  `id` int(11) NOT NULL AUTO_INCREMENT,
  `property_id` int(11) NOT NULL,
  `holidays` varchar(500) NOT NULL,
  PRIMARY KEY (`id`)
) ENGINE=InnoDB AUTO_INCREMENT=3 DEFAULT CHARSET=latin1;

--
-- Dumping data for table `BizPit_app_holidays`
--

INSERT INTO `BizPit_app_holidays` VALUES (1,23,'Sunday'),(2,24,'Sunday');

--
-- Table structure for table `BizPit_app_hourly_booking`
--

CREATE TABLE `BizPit_app_hourly_booking` (
  `id` int(11) NOT NULL AUTO_INCREMENT,
  `property_id` int(11) NOT NULL,
  `booking_id` int(11) NOT NULL,
  `booked_by` varchar(100),
  `booked_by_id` int(11),
  `date` varchar(100),
  `start_time` varchar(100) NOT NULL,
  `end_time` varchar(100) NOT NULL,
  `property_type` varchar(100),
  `head_count` int(11) NOT NULL,
  `timestamp` varchar(100) NOT NULL,
  PRIMARY KEY (`id`)
) ENGINE=InnoDB DEFAULT CHARSET=latin1;

--
-- Dumping data for table `BizPit_app_hourly_booking`
--


--
-- Table structure for table `BizPit_app_hourly_halfday_booking`
--

CREATE TABLE `BizPit_app_hourly_halfday_booking` (
  `id` int(11) NOT NULL AUTO_INCREMENT,
  `property_id` int(11) NOT NULL,
  `booking_id` int(11) NOT NULL,
  `booking_type` varchar(100) NOT NULL,
  `head_count` int(11) NOT NULL,
  `date` varchar(100) NOT NULL,
  `time` varchar(100) NOT NULL,
  PRIMARY KEY (`id`)
) ENGINE=InnoDB AUTO_INCREMENT=39 DEFAULT CHARSET=latin1;

--
-- Dumping data for table `BizPit_app_hourly_halfday_booking`
--

INSERT INTO `BizPit_app_hourly_halfday_booking` VALUES (1,2,3,'Hourly',10,'07/03/2016','11:00am'),(2,2,3,'Hourly',10,'07/03/2016','12:00pm'),(3,2,3,'Hourly',10,'07/03/2016','01:00pm'),(4,2,3,'Hourly',10,'07/03/2016','02:00pm'),(5,15,4,'Hourly',10,'11/03/2016','08:00am'),(6,15,4,'Hourly',10,'13/03/2016','09:00am'),(7,1,5,'Hourly',10,'12/03/2016','11:00am'),(8,21,7,'Hourly',10,'09/03/2016','11:00am'),(9,21,7,'Hourly',10,'09/03/2016','12:00pm'),(10,21,7,'Hourly',10,'09/03/2016','01:00pm'),(11,21,7,'Hourly',10,'09/03/2016','02:00pm'),(12,8,8,'Hourly',10,'10/03/2016','10:00am'),(13,2,9,'Hourly',10,'16/03/2016','08:00am'),(14,2,13,'Hourly',10,'14/03/2016','12:00pm'),(15,2,14,'Hourly',10,'11/03/2016','11:00am'),(16,2,15,'Hourly',10,'12/03/2016','10:00am'),(17,2,16,'Hourly',10,'15/03/2016','10:00am'),(18,2,17,'Hourly',10,'17/03/2016','09:00am'),(19,2,18,'Hourly',10,'21/03/2016','09:00am'),(20,2,19,'Hourly',1,'24/03/2016','09:00am'),(21,2,20,'Hourly',10,'19/03/2016','09:00am'),(22,2,20,'Hourly',10,'05/04/2016','09:00am'),(23,18,21,'Hourly',10,'11/03/2016','10:00am'),(24,18,21,'Hourly',10,'11/03/2016','11:00am'),(25,18,21,'Hourly',10,'11/03/2016','12:00pm'),(26,15,22,'Hourly',10,'17/03/2016','08:00am'),(27,18,23,'Hourly',10,'11/03/2016','01:00pm'),(28,18,23,'Hourly',10,'11/03/2016','02:00pm'),(29,18,23,'Hourly',10,'11/03/2016','03:00pm'),(30,5,25,'Hourly',10,'13/03/2016','11:00am'),(31,5,25,'Hourly',10,'13/03/2016','12:00pm'),(32,5,25,'Hourly',10,'13/03/2016','01:00pm'),(33,7,27,'Hourly',10,'17/03/2016','11:00am'),(34,7,28,'Hourly',10,'19/03/2016','12:00pm'),(35,9,29,'Hourly',10,'25/03/2016','11:00am'),(36,12,30,'Hourly',10,'19/03/2016','10:00am'),(37,12,30,'Hourly',10,'19/03/2016','11:00am'),(38,12,30,'Hourly',10,'19/03/2016','12:00pm');

--
-- Table structure for table `BizPit_app_meeting_room`
--

CREATE TABLE `BizPit_app_meeting_room` (
  `id` int(11) NOT NULL AUTO_INCREMENT,
  `property_id` int(11) NOT NULL,
  `capacity` int(11) NOT NULL,
  `room_no` int(11) NOT NULL,
  `rate_hr` int(11) NOT NULL,
  `rate_daily` int(11) NOT NULL,
  `rate_weekly` int(11) NOT NULL,
  `rate_monthly` int(11) NOT NULL,
  `meeting_room_images` longtext NOT NULL,
  PRIMARY KEY (`id`)
) ENGINE=InnoDB AUTO_INCREMENT=24 DEFAULT CHARSET=latin1;

--
-- Dumping data for table `BizPit_app_meeting_room`
--

INSERT INTO `BizPit_app_meeting_room` VALUES (1,1,0,1,0,0,0,-1,'[]'),(2,2,0,1,0,0,0,-1,'[]'),(3,3,0,1,0,0,0,-1,'[]'),(4,4,0,1,0,0,0,-1,'[]'),(5,5,10,1,0,0,1651,-1,'static/5/bhive2.png'),(6,6,0,1,250,0,0,-1,'static/6/golden sq22.jpg,static/6/golden sq33.jpg'),(7,7,0,1,600,1000,5000,-1,'static/7/new biz 3.jpg,static/7/newbiz2.jpeg'),(8,8,0,1,0,0,0,-1,'[]'),(9,9,0,1,0,0,0,-1,'[]'),(10,10,0,1,0,0,0,-1,'[]'),(11,11,0,1,0,0,0,-1,'[]'),(12,12,0,1,0,0,0,-1,'[]'),(13,13,0,1,0,0,0,-1,'[]'),(14,14,0,1,0,0,0,-1,'[]'),(15,15,0,1,0,0,0,-1,'static/15/p3.jpg'),(16,16,20,1,12,25,0,-1,'static/16/floor_plan3bhk1986sqft.jpg,static/16/floor_plan3bhk1878sqft.jpg,static/16/location_map.jpg'),(17,17,10,1,200,800,0,0,''),(18,18,12,1,200,900,0,0,''),(19,19,20,1,150,500,1500,4000,''),(20,20,10000,1,0,0,0,-1,'[]'),(21,21,1234,1,0,0,0,-1,'[]'),(22,22,20,1,12,0,0,-1,'static/22/floor plan 3BHK-1897 sqft.jpg'),(23,23,0,1,200,0,0,0,'');

--
-- Table structure for table `BizPit_app_monthly_booking`
--

CREATE TABLE `BizPit_app_monthly_booking` (
  `id` int(11) NOT NULL AUTO_INCREMENT,
  `property_id` int(11) NOT NULL,
  `booking_id` int(11) NOT NULL,
  `booked_by` varchar(100),
  `booked_by_id` int(11),
  `start_month` varchar(100) NOT NULL,
  `end_month` varchar(100) NOT NULL,
  `start_time` varchar(100) NOT NULL,
  `end_time` varchar(100) NOT NULL,
  `property_type` varchar(100),
  `head_count` int(11) NOT NULL,
  `timestamp` varchar(100) NOT NULL,
  PRIMARY KEY (`id`)
) ENGINE=InnoDB DEFAULT CHARSET=latin1;

--
-- Dumping data for table `BizPit_app_monthly_booking`
--


--
-- Table structure for table `BizPit_app_non_working_days`
--

CREATE TABLE `BizPit_app_non_working_days` (
  `id` int(11) NOT NULL AUTO_INCREMENT,
  `property_id` int(11) NOT NULL,
  `Non_Working_days` varchar(500) NOT NULL,
  PRIMARY KEY (`id`)
) ENGINE=InnoDB AUTO_INCREMENT=3 DEFAULT CHARSET=latin1;

--
-- Dumping data for table `BizPit_app_non_working_days`
--

INSERT INTO `BizPit_app_non_working_days` VALUES (1,23,'27/04/2016'),(2,24,'Sunday');

--
-- Table structure for table `BizPit_app_payment`
--

CREATE TABLE `BizPit_app_payment` (
  `id` int(11) NOT NULL AUTO_INCREMENT,
  `property_id` int(11) NOT NULL,
  `Booking_id` int(11) NOT NULL,
  `Payment_id` int(11) NOT NULL,
  `User_id` int(11) NOT NULL,
  `Booking_type` varchar(100) NOT NULL,
  `Price` varchar(100) NOT NULL,
  `Payment_status` varchar(100) NOT NULL,
  `timestamp` varchar(100) NOT NULL,
  PRIMARY KEY (`id`)
) ENGINE=InnoDB DEFAULT CHARSET=latin1;

--
-- Dumping data for table `BizPit_app_payment`
--


--
-- Table structure for table `BizPit_app_property_capacity`
--

CREATE TABLE `BizPit_app_property_capacity` (
  `id` int(11) NOT NULL AUTO_INCREMENT,
  `property_id` int(11) NOT NULL,
  `Shared_area` tinyint(1) NOT NULL,
  `Shared_capacity` int(11) NOT NULL,
  `Shared_available` int(11) NOT NULL,
  `Meeting_Room` tinyint(1) NOT NULL,
  `Meeting_capacity` int(11) NOT NULL,
  `Meeting_availabe` int(11) NOT NULL,
  PRIMARY KEY (`id`)
) ENGINE=InnoDB DEFAULT CHARSET=latin1;

--
-- Dumping data for table `BizPit_app_property_capacity`
--


--
-- Table structure for table `BizPit_app_property_details`
--

CREATE TABLE `BizPit_app_property_details` (
  `id` int(11) NOT NULL AUTO_INCREMENT,
  `property_id` int(11) NOT NULL,
  `status` varchar(500) NOT NULL,
  `property_type` varchar(200) NOT NULL,
  `property_subtype` varchar(200) NOT NULL,
  `property_name` varchar(200) NOT NULL,
  `location` varchar(100) NOT NULL,
  `address` varchar(500) NOT NULL,
  `latitude` double NOT NULL,
  `longitude` double NOT NULL,
  `starting_price` varchar(100) NOT NULL,
  `submitted_by` varchar(100),
  `timestamp` varchar(100) NOT NULL,
  `Owner_id` int(11) NOT NULL,
  `operating_stoptime` varchar(100) NOT NULL,
  `operating_strattime` varchar(100) NOT NULL,
  `submitted_by_id` int(11) NOT NULL,
  `images` varchar(100) NOT NULL,
  PRIMARY KEY (`id`)
) ENGINE=InnoDB AUTO_INCREMENT=24 DEFAULT CHARSET=latin1;

--
-- Dumping data for table `BizPit_app_property_details`
--

INSERT INTO `BizPit_app_property_details` VALUES (1,1,'active','Plug & Play','biz-center','Sierra Cartel Business Center','SIERRA CARTEL','SIERRA CARTEL, 17th Cross Road, Sector 4, Bengaluru, Karnataka, India',12.9123844,77.6387642,'200','','2016-02-25 09:28:27.399611',1,'08:00pm','09:00am',1,'static/1/index.jpeg'),(2,2,'active','Plug & Play','biz-center','Workshaala spaces','Workshaala Spaces','Workshaala Spaces, Bengaluru, Karnataka, India',12.926791,77.671344,'5000','','2016-02-25 09:34:55.790895',2,'09:00pm','08:00am',2,'static/2/workshaala1.jpg'),(3,3,'active','Plug & Play','biz-center','365 Shared Space','19th Main Road','19th Main, HSR Layout, Bengaluru, Karnataka, India',12.9128702,77.6446522,'300','','2016-02-25 09:40:08.808558',3,'11:00pm','12:00am',3,'static/3/365 SP.png'),(4,4,'active','Plug & Play','co-working','Bhive Workspace.','BHIVE Workspace','BHIVE Workspace, 18th D Main Road, Koramangala 6 Block, Bengaluru, Karnataka, India',12.940334,77.621846,'300','tanmay.wange@brisa-tech.com','2016-02-25 10:04:35.527369',4,'10:00pm','09:00am',4,'static/4/bhive1.jpg'),(5,5,'active','Plug & Play','biz-center','Golden Square Business Centre','Golden Square Business Centre Vittal Mallya Road','Golden Square Business Centre Vittal Mallya Road, Bengaluru, Karnataka, India',12.97064,77.5973369999999,'250','tanmay.wange@brisa-tech.com','2016-02-25 10:12:21.867664',5,'08:00pm','09:00am',5,'static/5/logo.png'),(6,6,'active','Plug & Play','biz-center',' Newbridge Business Centres ','New Bridge Bussiness Centre','New Bridge Bussiness Centre, Bengaluru, Karnataka, India',12.9316981,77.6227695,'600','tanmay.wange@brisa-tech.com','2016-02-25 10:31:08.040334',6,'11:00pm','12:00am',6,'static/6/Newbiz1.jpeg'),(7,7,'active','Plug & Play','co-working','CoHub','Cohub India','Cohub India, 1st Cross Road, CIL Layout A Block, Judicial Colony, Bengaluru, Karnataka, India',13.0330698,77.5758845,'5000','tanmay.wange@brisa-tech.com','2016-02-25 10:37:35.884367',7,'09:00pm','09:00am',7,'static/7/cohub11.jpg'),(8,8,'active','Plug & Play','co-working','TechHub.','Hosur Road','Hosur Road, Bangalore, Karnataka, Inde, Koramangala, Bengaluru, Karnataka, India',12.9287659,77.615515,'5000','tanmay.wange@brisa-tech.com','2016-02-25 10:40:56.231376',8,'06:00pm','09:00am',8,'static/8/techhub_opt.jpg'),(9,9,'active','Plug & Play','co-working','Officespac.es','HAL 2nd Stage','HAL 2nd Stage, Bengaluru, Karnataka, India',12.9673053,77.6433089,'3000','tanmay.wange@brisa-tech.com','2016-02-25 10:47:14.699295',9,'09:00pm','09:00am',9,'[]'),(10,10,'active','Plug & Play','co-working','Bangalore Alpha Lab','9th Cross Road','9th Cross, J P Nagar, Bengaluru, Karnataka, India',12.8737178,77.5741141999999,'4000','tanmay.wange@brisa-tech.com','2016-02-25 10:55:56.152973',10,'08:00pm','10:00am',10,'static/10/Bangalore-Alpha-Lab1.jpg'),(11,11,'active','Plug & Play','co-working','Brisa   Excelerator','27th Main Road','27th Main, HSR Layout, Bengaluru, Karnataka, India',12.9032021,77.6504281,'600','tanmay.wange@brisa-tech.com','2016-02-25 10:59:25.094351',11,'06:00pm','09:00am',11,'static/11/index.jpeg'),(12,12,'active','Plug & Play','co-working','Trinity Co Working Space','Patel Rama Reddy Road','Patel Rama Reddy Road, Basavanapura, Bengaluru, Karnataka, India',12.8463838,77.5914395,'250','tanmay.wange@brisa-tech.com','2016-02-25 11:58:17.964919',12,'09:00pm','09:00am',12,'static/12/trinity1.jpg'),(13,13,'active','Plug & Play','co-working','Brisa   Excel.','27th Main Road','27th Main, HSR Layout, Bengaluru, Karnataka, India',12.9032021,77.6504281,'600','tanmay.wange@brisa-tech.com','2016-02-25 12:55:34.846968',13,'06:00pm','09:00am',13,'static/13/brisat.jpg'),(14,14,'active','Plug & Play','biz-center','new_testing','HSR Layout','HSR Layout, Bengaluru, Karnataka, India',12.9081357,77.647608,'100/Hr','tanmay.wange@brisa-tech.com','2016-02-25 13:16:05.559364',14,'04:00am','09:00pm',14,'static/14/teaser_image.jpg'),(15,15,'active','Plug & Play,Training,Event Hall','commercial-hall','solkboard','Silk Board','Silk Board, 1st Block Koramangala, Bengaluru, Karnataka, India',12.9176507,77.6233465,'800','brisatech@gmail.com','2016-02-25 14:13:29.780993',15,'02:00pm','06:00am',15,'static/15/p6.jpg'),(16,16,'active','Plug & Play','biz-center','samith','HSR Layout','HSR Layout, Bengaluru, Karnataka, India',12.9081357,77.647608,'100','brisatech@gmail.com','2016-02-26 07:13:28.905235',16,'06:00pm','09:00am',16,'static/16/images.jpg'),(17,17,'active','Training Room','co-working,','my_testing1213','HSR Layout','HSR Layout,Banglore',12.914941,77.574015,'200/Hr','abcxyz','03-03-2016 13:20',-1,'06:00pm','09:00am',-1,'ND'),(18,18,'active','Plug n Play,','Co-working','Brisa test','203, 8th Cross Rd,Sector 2, PWD Quarters, Sector 1, HSR Layout,Bengaluru, Karnataka 560102','203, 8th Cross Rd,Sector 2, PWD Quarters, Sector 1, HSR Layout,Bengaluru, Karnataka 560102',12.9198194668485,77.6522782046338,'200/Hr','Deepak','03-03-2016 13:46',-1,'06:00pm','09:00am',-1,'ND'),(19,19,'active','Plug n Play,Training Room,','Co-working','sumo','28, 3rd Main Rd,Ashwini Layout, Ejipura,Bengaluru, Karnataka 560095','28, 3rd Main Rd,Ashwini Layout, Ejipura,Bengaluru, Karnataka 560095',12.9389997214901,77.6287705823779,'200/Hr','Deepak','04-03-2016 08:21',-1,'06:00pm','09:00am',-1,'ND'),(20,20,'active','Plug & Play','biz-center','testingh','Domlur','Domlur, Bengaluru, Karnataka, India',12.9609857,77.6387316,'120','brisatech@gmail.com','2016-03-07 11:06:22.884911',0,'06:00am','10:00pm',0,'static/20/floor plan 2BHK-1206 sqft.jpg'),(21,21,'active','Plug & Play','hotel-hall','testing_prop','Pulikeshi Nagar','Frazer Town, Bengaluru, Karnataka, India',12.9971503,77.6142558,'2000','','2016-03-07 11:18:37.945101',1,'09:00pm','06:00am',1,'static/21/floor plan 3BHK-1845 sqft.jpg'),(22,22,'active','Plug & Play,Training,Event Hall','biz-center','test_test','Pulikeshi Nagar','Frazer Town, Bengaluru, Karnataka, India',12.9971503,77.6142558,'1234','brisatech@gmail.com','2016-03-08 05:55:36.217114',2,'04:00pm','10:00am',2,'static/22/floor plan 2BHK-1247 sqft.jpg'),(23,23,'active','Training Room','co-working,','my_testing','HSR Layout','HSR Layout,Banglore',12.914941,77.574015,'200/Hr','abcxyz','16-03-2016 13:49',-1,'05:30pm','10:00am',-1,'ND');

--
-- Table structure for table `BizPit_app_property_facility`
--

CREATE TABLE `BizPit_app_property_facility` (
  `id` int(11) NOT NULL AUTO_INCREMENT,
  `property_id` int(11) NOT NULL,
  `Wifi` tinyint(1) NOT NULL,
  `Coffee_tea` tinyint(1) NOT NULL,
  `Water_bottle` tinyint(1) NOT NULL,
  `Printer` tinyint(1) NOT NULL,
  `Charging_Point` tinyint(1) NOT NULL,
  `Changing_room` tinyint(1) NOT NULL,
  `Library` tinyint(1) NOT NULL,
  `Massage_chair` tinyint(1) NOT NULL,
  `Locker` tinyint(1) NOT NULL,
  `AC` tinyint(1) NOT NULL,
  `Hourly_deal` tinyint(1) NOT NULL,
  `Half_day_deal` tinyint(1) NOT NULL,
  `Full_day_deal` tinyint(1) NOT NULL,
  `Projector` tinyint(1) NOT NULL,
  `Projection_screen` tinyint(1) NOT NULL,
  `PA_system` tinyint(1) NOT NULL,
  `PC_or_Laptop` tinyint(1) NOT NULL,
  `Seat_up` varchar(100) NOT NULL,
  `Chair` varchar(100) NOT NULL,
  `Stationary` varchar(100) NOT NULL,
  `Complemetry` varchar(100) NOT NULL,
  `Add_On` varchar(100) NOT NULL,
  `Meeting_room_images` longtext NOT NULL,
  `Conference_room_images` longtext NOT NULL,
  PRIMARY KEY (`id`)
) ENGINE=InnoDB AUTO_INCREMENT=20 DEFAULT CHARSET=latin1;

--
-- Dumping data for table `BizPit_app_property_facility`
--

INSERT INTO `BizPit_app_property_facility` VALUES (1,1,1,1,1,1,1,1,0,0,0,0,0,0,0,1,1,0,0,'common','office','basic','','','',''),(2,2,1,1,1,1,1,0,0,0,0,1,1,0,0,1,0,0,0,'common','normal','basic','','','',''),(3,3,1,1,1,1,1,0,0,0,0,0,0,0,0,0,0,0,0,'common','normal','basic','Access to Conference and Discussion rooms','','',''),(4,4,1,0,1,1,1,0,0,0,0,0,0,0,0,1,0,0,0,'common','normal','basic','HR and Admin Support.','','',''),(5,5,1,1,1,1,1,1,0,0,0,0,0,0,1,1,0,0,0,'private','','basic','','','',''),(6,6,1,1,1,1,1,1,0,0,0,1,0,0,0,0,0,0,0,'private','normal','basic','Conference Rooms and Meeting Rooms','','',''),(7,7,1,1,1,1,1,1,0,0,0,1,0,0,0,0,0,0,0,'private','office','basic','24-hour on-site security personne','','',''),(8,8,1,1,1,1,1,1,0,0,0,1,0,0,0,1,0,0,0,'common','office','basic','','','',''),(9,9,1,1,1,1,1,0,0,0,0,0,0,0,0,0,0,0,0,'common','normal','basic','','','',''),(10,10,1,1,1,1,1,1,0,0,0,0,0,0,0,0,0,0,0,'common','office','basic','','','',''),(11,11,1,1,1,0,1,1,0,0,0,0,0,0,0,1,0,0,0,'private','normal','basic','','','',''),(12,12,1,1,1,1,1,1,0,0,0,0,0,0,0,1,0,0,0,'common','normal','basic','','','',''),(13,13,1,1,1,0,1,0,0,0,0,0,0,0,0,0,0,0,0,'private','normal','basic','','','',''),(14,14,1,1,1,1,1,1,0,0,0,0,0,0,0,1,0,0,0,'common','normal','basic','','','',''),(15,15,1,0,1,0,0,0,1,0,0,1,1,1,0,0,0,1,0,'private','office','basic','good','aaa','',''),(16,16,1,0,0,0,1,0,0,0,1,0,0,0,0,1,0,0,0,'private','office','all','df','sdfh','',''),(17,20,0,1,0,0,1,0,0,0,0,0,0,0,0,1,0,0,0,'common','office','all','df','sdfh','',''),(18,21,1,0,0,0,1,0,0,0,1,0,0,0,0,1,0,0,0,'common','office','basic','df','sdfh','',''),(19,22,1,0,0,0,1,0,0,0,1,0,0,0,0,1,0,0,0,'private','reclining','basic','df','sdfh','','');

--
-- Table structure for table `BizPit_app_property_tags`
--

CREATE TABLE `BizPit_app_property_tags` (
  `id` int(11) NOT NULL AUTO_INCREMENT,
  `property_id` int(11) NOT NULL,
  `Label` varchar(500) NOT NULL,
  `Usecase` varchar(500) NOT NULL,
  PRIMARY KEY (`id`)
) ENGINE=InnoDB DEFAULT CHARSET=latin1;

--
-- Dumping data for table `BizPit_app_property_tags`
--


--
-- Table structure for table `BizPit_app_shared_area`
--

CREATE TABLE `BizPit_app_shared_area` (
  `id` int(11) NOT NULL AUTO_INCREMENT,
  `property_id` int(11) NOT NULL,
  `capacity` int(11) NOT NULL,
  `rate_hr` int(11) NOT NULL,
  `rate_daily` int(11) NOT NULL,
  `rate_weekly` int(11) NOT NULL,
  `rate_monthly` int(11) NOT NULL,
  `shared_images` longtext NOT NULL,
  PRIMARY KEY (`id`)
) ENGINE=InnoDB AUTO_INCREMENT=25 DEFAULT CHARSET=latin1;

--
-- Dumping data for table `BizPit_app_shared_area`
--

INSERT INTO `BizPit_app_shared_area` VALUES (1,1,14,0,600,1000,5000,'static/1/IMG_20160224_144313.jpg'),(2,2,20,200,0,0,0,'static/2/HS_03.jpg,static/2/ab5cb45ce7a83484b52628305ee20571.jpg'),(3,3,10,0,0,0,5000,'static/3/img4.jpg,static/3/index.jpeg,static/3/images.jpeg'),(4,4,10,0,375,0,0,'static/4/WP_20141030_006-300x168.jpg'),(5,5,0,0,0,0,0,'[]'),(6,6,0,0,0,0,0,'[]'),(7,7,0,0,0,0,0,'[]'),(8,8,15,0,0,0,5000,'static/8/cohub1.jpeg,static/8/cohub2.jpeg'),(9,9,40,0,0,0,5000,'static/9/techhub1.jpg'),(10,10,8,0,0,0,3000,'static/10/officespace1.jpg,static/10/officespace2.jpg'),(11,11,12,0,0,0,4000,'static/11/bangalore alpha lab2.png'),(12,12,14,200,600,4000,6000,'static/12/IMG_20160224_144313(1).jpg,static/12/IMG_20160224_144814.jpg'),(13,13,20,0,250,1500,2500,'static/13/trinity.jpg,static/13/trinity2.jpg'),(14,14,14,200,600,4000,5000,'static/14/IMG_20160224_144313(1).jpg,static/14/IMG_20160224_144814.jpg'),(15,15,10,16,0,0,0,'static/15/p2.jpg'),(16,16,20,12,23,0,0,'static/16/Master-Plan.jpg,static/16/teaser image.JPG,static/16/location map.jpg'),(17,17,10,200,800,0,0,''),(18,18,12,200,900,0,0,''),(19,19,20,150,500,1500,4000,''),(20,20,1000,0,0,0,0,'[]'),(21,21,122,0,0,0,0,'[]'),(22,22,30,123,234,345,567,'static/22/floor plan 3BHK-1836 sqft.jpg'),(23,23,0,200,0,0,0,''),(24,24,0,200,0,0,0,'');

--
-- Table structure for table `BizPit_app_training_room`
--

CREATE TABLE `BizPit_app_training_room` (
  `id` int(11) NOT NULL AUTO_INCREMENT,
  `property_id` int(11) NOT NULL,
  `capacity` int(11) NOT NULL,
  `training_room_no` int(11) NOT NULL,
  `rate_half_day` int(11) NOT NULL,
  `rate_full_day` int(11) NOT NULL,
  `rate_weekly` int(11) NOT NULL,
  `rate_monthly` int(11) NOT NULL,
  `training_room_images` longtext NOT NULL,
  PRIMARY KEY (`id`)
) ENGINE=InnoDB AUTO_INCREMENT=20 DEFAULT CHARSET=latin1;

--
-- Dumping data for table `BizPit_app_training_room`
--

INSERT INTO `BizPit_app_training_room` VALUES (1,1,0,1,0,0,0,0,'[]'),(2,2,0,1,0,0,0,0,'[]'),(3,3,0,1,0,0,0,0,'[]'),(4,4,0,1,0,0,0,0,'[]'),(5,5,0,1,0,0,1651,1651,'[]'),(6,6,0,1,0,0,0,0,'[]'),(7,7,0,1,0,1000,5000,5000,'[]'),(8,8,0,1,0,0,0,0,'[]'),(9,9,0,1,0,0,0,0,'[]'),(10,10,0,1,0,0,0,0,'[]'),(11,11,0,1,0,0,0,0,'[]'),(12,12,0,1,0,0,0,0,'[]'),(13,13,0,1,0,0,0,0,'[]'),(14,14,0,1,0,0,0,0,'[]'),(15,15,0,1,0,0,0,0,'static/15/p8.jpg'),(16,16,0,1,0,25,0,0,'[]'),(17,20,0,1,0,0,0,0,'[]'),(18,21,0,1,0,0,0,0,'[]'),(19,22,30,1,123,0,0,0,'static/22/floor plan 3BHK-1888 sqft.jpg');

--
-- Table structure for table `BizPit_app_user_usage`
--

CREATE TABLE `BizPit_app_user_usage` (
  `id` int(11) NOT NULL AUTO_INCREMENT,
  `property_id` int(11) NOT NULL,
  `user_id` int(11),
  `Action` varchar(100) NOT NULL,
  `Action_data` varchar(100) NOT NULL,
  `Action_timestamp` varchar(100) NOT NULL,
  PRIMARY KEY (`id`)
) ENGINE=InnoDB DEFAULT CHARSET=latin1;

--
-- Dumping data for table `BizPit_app_user_usage`
--


--
-- Table structure for table `BizPit_app_weekly_booking`
--

CREATE TABLE `BizPit_app_weekly_booking` (
  `id` int(11) NOT NULL AUTO_INCREMENT,
  `property_id` int(11) NOT NULL,
  `booking_id` int(11) NOT NULL,
  `booked_by` varchar(100),
  `booked_by_id` int(11),
  `start_week` varchar(100) NOT NULL,
  `end_week` varchar(100) NOT NULL,
  `start_time` varchar(100) NOT NULL,
  `end_time` varchar(100) NOT NULL,
  `property_type` varchar(100),
  `head_count` int(11) NOT NULL,
  `timestamp` varchar(100) NOT NULL,
  PRIMARY KEY (`id`)
) ENGINE=InnoDB DEFAULT CHARSET=latin1;

--
-- Dumping data for table `BizPit_app_weekly_booking`
--


--
-- Table structure for table `auth_group`
--

CREATE TABLE `auth_group` (
  `id` int(11) NOT NULL AUTO_INCREMENT,
  `name` varchar(80) NOT NULL,
  PRIMARY KEY (`id`),
  UNIQUE KEY `name` (`name`)
) ENGINE=InnoDB DEFAULT CHARSET=latin1;

--
-- Dumping data for table `auth_group`
--


--
-- Table structure for table `auth_group_permissions`
--

CREATE TABLE `auth_group_permissions` (
  `id` int(11) NOT NULL AUTO_INCREMENT,
  `group_id` int(11) NOT NULL,
  `permission_id` int(11) NOT NULL,
  PRIMARY KEY (`id`),
  UNIQUE KEY `group_id` (`group_id`,`permission_id`),
  KEY `auth_group_permissions_0e939a4f` (`group_id`),
  KEY `auth_group_permissions_8373b171` (`permission_id`),
  CONSTRAINT `auth_group__permission_id_1f49ccbbdc69d2fc_fk_auth_permission_id` FOREIGN KEY (`permission_id`) REFERENCES `auth_permission` (`id`),
  CONSTRAINT `auth_group_permission_group_id_689710a9a73b7457_fk_auth_group_id` FOREIGN KEY (`group_id`) REFERENCES `auth_group` (`id`)
) ENGINE=InnoDB DEFAULT CHARSET=latin1;

--
-- Dumping data for table `auth_group_permissions`
--


--
-- Table structure for table `auth_permission`
--

CREATE TABLE `auth_permission` (
  `id` int(11) NOT NULL AUTO_INCREMENT,
  `name` varchar(50) NOT NULL,
  `content_type_id` int(11) NOT NULL,
  `codename` varchar(100) NOT NULL,
  PRIMARY KEY (`id`),
  UNIQUE KEY `content_type_id` (`content_type_id`,`codename`),
  KEY `auth_permission_417f1b1c` (`content_type_id`),
  CONSTRAINT `auth__content_type_id_508cf46651277a81_fk_django_content_type_id` FOREIGN KEY (`content_type_id`) REFERENCES `django_content_type` (`id`)
) ENGINE=InnoDB AUTO_INCREMENT=109 DEFAULT CHARSET=latin1;

--
-- Dumping data for table `auth_permission`
--

INSERT INTO `auth_permission` VALUES (1,'Can add log entry',1,'add_logentry'),(2,'Can change log entry',1,'change_logentry'),(3,'Can delete log entry',1,'delete_logentry'),(4,'Can add permission',2,'add_permission'),(5,'Can change permission',2,'change_permission'),(6,'Can delete permission',2,'delete_permission'),(7,'Can add group',3,'add_group'),(8,'Can change group',3,'change_group'),(9,'Can delete group',3,'delete_group'),(10,'Can add user',4,'add_user'),(11,'Can change user',4,'change_user'),(12,'Can delete user',4,'delete_user'),(13,'Can add content type',5,'add_contenttype'),(14,'Can change content type',5,'change_contenttype'),(15,'Can delete content type',5,'delete_contenttype'),(16,'Can add session',6,'add_session'),(17,'Can change session',6,'change_session'),(18,'Can delete session',6,'delete_session'),(19,'Can add property_ details',7,'add_property_details'),(20,'Can change property_ details',7,'change_property_details'),(21,'Can delete property_ details',7,'delete_property_details'),(22,'Can add booking_ type',8,'add_booking_type'),(23,'Can change booking_ type',8,'change_booking_type'),(24,'Can delete booking_ type',8,'delete_booking_type'),(25,'Can add holidays',9,'add_holidays'),(26,'Can change holidays',9,'change_holidays'),(27,'Can delete holidays',9,'delete_holidays'),(31,'Can add property_tags',11,'add_property_tags'),(32,'Can change property_tags',11,'change_property_tags'),(33,'Can delete property_tags',11,'delete_property_tags'),(34,'Can add login',12,'add_login'),(35,'Can change login',12,'change_login'),(36,'Can delete login',12,'delete_login'),(37,'Can add sign_ up',13,'add_sign_up'),(38,'Can change sign_ up',13,'change_sign_up'),(39,'Can delete sign_ up',13,'delete_sign_up'),(40,'Can add meeting_room',14,'add_meeting_room'),(41,'Can change meeting_room',14,'change_meeting_room'),(42,'Can delete meeting_room',14,'delete_meeting_room'),(43,'Can add training_room',15,'add_training_room'),(44,'Can change training_room',15,'change_training_room'),(45,'Can delete training_room',15,'delete_training_room'),(46,'Can add shared_area',16,'add_shared_area'),(47,'Can change shared_area',16,'change_shared_area'),(48,'Can delete shared_area',16,'delete_shared_area'),(49,'Can add event_ halls',17,'add_event_halls'),(50,'Can change event_ halls',17,'change_event_halls'),(51,'Can delete event_ halls',17,'delete_event_halls'),(52,'Can add commercial_ halls',18,'add_commercial_halls'),(53,'Can change commercial_ halls',18,'change_commercial_halls'),(54,'Can delete commercial_ halls',18,'delete_commercial_halls'),(55,'Can add property_ facility',19,'add_property_facility'),(56,'Can change property_ facility',19,'change_property_facility'),(57,'Can delete property_ facility',19,'delete_property_facility'),(58,'Can add payment',20,'add_payment'),(59,'Can change payment',20,'change_payment'),(60,'Can delete payment',20,'delete_payment'),(61,'Can add user_ usage',21,'add_user_usage'),(62,'Can change user_ usage',21,'change_user_usage'),(63,'Can delete user_ usage',21,'delete_user_usage'),(64,'Can add user_ details',22,'add_user_details'),(65,'Can change user_ details',22,'change_user_details'),(66,'Can delete user_ details',22,'delete_user_details'),(67,'Can add property_ capacity',23,'add_property_capacity'),(68,'Can change property_ capacity',23,'change_property_capacity'),(69,'Can delete property_ capacity',23,'delete_property_capacity'),(70,'Can add hourly_ booking',24,'add_hourly_booking'),(71,'Can change hourly_ booking',24,'change_hourly_booking'),(72,'Can delete hourly_ booking',24,'delete_hourly_booking'),(73,'Can add monthly_ booking',25,'add_monthly_booking'),(74,'Can change monthly_ booking',25,'change_monthly_booking'),(75,'Can delete monthly_ booking',25,'delete_monthly_booking'),(76,'Can add weekly_ booking',26,'add_weekly_booking'),(77,'Can change weekly_ booking',26,'change_weekly_booking'),(78,'Can delete weekly_ booking',26,'delete_weekly_booking'),(79,'Can add daily_ booking',27,'add_daily_booking'),(80,'Can change daily_ booking',27,'change_daily_booking'),(81,'Can delete daily_ booking',27,'delete_daily_booking'),(82,'Can add booking_ master_ table',28,'add_booking_master_table'),(83,'Can change booking_ master_ table',28,'change_booking_master_table'),(84,'Can delete booking_ master_ table',28,'delete_booking_master_table'),(85,'Can add dw m_ booking',29,'add_dwm_booking'),(86,'Can change dw m_ booking',29,'change_dwm_booking'),(87,'Can delete dw m_ booking',29,'delete_dwm_booking'),(88,'Can add hourly_ halfday_ booking',30,'add_hourly_halfday_booking'),(89,'Can change hourly_ halfday_ booking',30,'change_hourly_halfday_booking'),(90,'Can delete hourly_ halfday_ booking',30,'delete_hourly_halfday_booking'),(91,'Can add login request responses',31,'add_loginrequestresponses'),(92,'Can change login request responses',31,'change_loginrequestresponses'),(93,'Can delete login request responses',31,'delete_loginrequestresponses'),(94,'Can add user settings request responses',32,'add_usersettingsrequestresponses'),(95,'Can change user settings request responses',32,'change_usersettingsrequestresponses'),(96,'Can delete user settings request responses',32,'delete_usersettingsrequestresponses'),(97,'Can add api access',33,'add_apiaccess'),(98,'Can change api access',33,'change_apiaccess'),(99,'Can delete api access',33,'delete_apiaccess'),(100,'Can add api key',34,'add_apikey'),(101,'Can change api key',34,'change_apikey'),(102,'Can delete api key',34,'delete_apikey'),(103,'Can add favourite',35,'add_favourite'),(104,'Can change favourite',35,'change_favourite'),(105,'Can delete favourite',35,'delete_favourite'),(106,'Can add non_ working_ days',36,'add_non_working_days'),(107,'Can change non_ working_ days',36,'change_non_working_days'),(108,'Can delete non_ working_ days',36,'delete_non_working_days');

--
-- Table structure for table `auth_user_groups`
--

CREATE TABLE `auth_user_groups` (
  `id` int(11) NOT NULL AUTO_INCREMENT,
  `user_id` int(11) NOT NULL,
  `group_id` int(11) NOT NULL,
  PRIMARY KEY (`id`),
  UNIQUE KEY `user_id` (`user_id`,`group_id`),
  KEY `auth_user_groups_e8701ad4` (`user_id`),
  KEY `auth_user_groups_0e939a4f` (`group_id`),
  CONSTRAINT `auth_user_groups_group_id_33ac548dcf5f8e37_fk_auth_group_id` FOREIGN KEY (`group_id`) REFERENCES `auth_group` (`id`),
  CONSTRAINT `auth_user_groups_user_id_4b5ed4ffdb8fd9b0_fk_auth_user_id` FOREIGN KEY (`user_id`) REFERENCES `auth_user` (`id`)
) ENGINE=InnoDB DEFAULT CHARSET=latin1;

--
-- Dumping data for table `auth_user_groups`
--


--
-- Table structure for table `auth_user_user_permissions`
--

CREATE TABLE `auth_user_user_permissions` (
  `id` int(11) NOT NULL AUTO_INCREMENT,
  `user_id` int(11) NOT NULL,
  `permission_id` int(11) NOT NULL,
  PRIMARY KEY (`id`),
  UNIQUE KEY `user_id` (`user_id`,`permission_id`),
  KEY `auth_user_user_permissions_e8701ad4` (`user_id`),
  KEY `auth_user_user_permissions_8373b171` (`permission_id`),
  CONSTRAINT `auth_user_u_permission_id_384b62483d7071f0_fk_auth_permission_id` FOREIGN KEY (`permission_id`) REFERENCES `auth_permission` (`id`),
  CONSTRAINT `auth_user_user_permissi_user_id_7f0938558328534a_fk_auth_user_id` FOREIGN KEY (`user_id`) REFERENCES `auth_user` (`id`)
) ENGINE=InnoDB DEFAULT CHARSET=latin1;

--
-- Dumping data for table `auth_user_user_permissions`
--


--
-- Table structure for table `django_admin_log`
--

CREATE TABLE `django_admin_log` (
  `id` int(11) NOT NULL AUTO_INCREMENT,
  `action_time` datetime NOT NULL,
  `object_id` longtext,
  `object_repr` varchar(200) NOT NULL,
  `action_flag` smallint(5) unsigned NOT NULL,
  `change_message` longtext NOT NULL,
  `content_type_id` int(11) DEFAULT NULL,
  `user_id` int(11) NOT NULL,
  PRIMARY KEY (`id`),
  KEY `django_admin_log_417f1b1c` (`content_type_id`),
  KEY `django_admin_log_e8701ad4` (`user_id`),
  CONSTRAINT `django_admin_log_user_id_52fdd58701c5f563_fk_auth_user_id` FOREIGN KEY (`user_id`) REFERENCES `auth_user` (`id`),
  CONSTRAINT `djang_content_type_id_697914295151027a_fk_django_content_type_id` FOREIGN KEY (`content_type_id`) REFERENCES `django_content_type` (`id`)
) ENGINE=InnoDB DEFAULT CHARSET=latin1;

--
-- Dumping data for table `django_admin_log`
--


--
-- Table structure for table `django_content_type`
--

CREATE TABLE `django_content_type` (
  `id` int(11) NOT NULL AUTO_INCREMENT,
  `name` varchar(100) NOT NULL,
  `app_label` varchar(100) NOT NULL,
  `model` varchar(100) NOT NULL,
  PRIMARY KEY (`id`),
  UNIQUE KEY `django_content_type_app_label_45f3b1d93ec8c61c_uniq` (`app_label`,`model`)
) ENGINE=InnoDB AUTO_INCREMENT=37 DEFAULT CHARSET=latin1;

--
-- Dumping data for table `django_content_type`
--

INSERT INTO `django_content_type` VALUES (1,'log entry','admin','logentry'),(2,'permission','auth','permission'),(3,'group','auth','group'),(4,'user','auth','user'),(5,'content type','contenttypes','contenttype'),(6,'session','sessions','session'),(7,'property_ details','BizPit_app','property_details'),(8,'booking_ type','BizPit_app','booking_type'),(9,'holidays','BizPit_app','holidays'),(11,'property_tags','BizPit_app','property_tags'),(12,'login','BizPit_app','login'),(13,'sign_ up','BizPit_app','sign_up'),(14,'meeting_room','BizPit_app','meeting_room'),(15,'training_room','BizPit_app','training_room'),(16,'shared_area','BizPit_app','shared_area'),(17,'event_ halls','BizPit_app','event_halls'),(18,'commercial_ halls','BizPit_app','commercial_halls'),(19,'property_ facility','BizPit_app','property_facility'),(20,'payment','BizPit_app','payment'),(21,'user_ usage','BizPit_app','user_usage'),(22,'user_ details','BizPit_app','user_details'),(23,'property_ capacity','BizPit_app','property_capacity'),(24,'hourly_ booking','BizPit_app','hourly_booking'),(25,'monthly_ booking','BizPit_app','monthly_booking'),(26,'weekly_ booking','BizPit_app','weekly_booking'),(27,'daily_ booking','BizPit_app','daily_booking'),(28,'booking_ master_ table','BizPit_app','booking_master_table'),(29,'dw m_ booking','BizPit_app','dwm_booking'),(30,'hourly_ halfday_ booking','BizPit_app','hourly_halfday_booking'),(31,'login request responses','BizPit_api_app','loginrequestresponses'),(32,'user settings request responses','BizPit_api_app','usersettingsrequestresponses'),(33,'api access','tastypie','apiaccess'),(34,'api key','tastypie','apikey'),(35,'favourite','BizPit_app','favourite'),(36,'non_ working_ days','BizPit_app','non_working_days');

--
-- Table structure for table `django_migrations`
--

CREATE TABLE `django_migrations` (
  `id` int(11) NOT NULL AUTO_INCREMENT,
  `app` varchar(255) NOT NULL,
  `name` varchar(255) NOT NULL,
  `applied` datetime NOT NULL,
  PRIMARY KEY (`id`)
) ENGINE=InnoDB AUTO_INCREMENT=20 DEFAULT CHARSET=latin1;

--
-- Dumping data for table `django_migrations`
--

INSERT INTO `django_migrations` VALUES (1,'BizPit_app','0001_initial','2016-02-25 07:34:15'),(2,'BizPit_app','0002_auto_20160212_0608','2016-02-25 07:34:15'),(3,'BizPit_app','0003_auto_20160212_0616','2016-02-25 07:34:15'),(4,'BizPit_app','0004_auto_20160212_0618','2016-02-25 07:34:15'),(5,'BizPit_app','0005_login','2016-02-25 07:34:15'),(6,'BizPit_app','0006_daily_booking_hourly_booking_monthly_booking_payment_property_capacity_property_facility_user_detail','2016-02-25 07:34:15'),(7,'BizPit_app','0007_auto_20160222_1217','2016-02-25 07:34:18'),(8,'BizPit_app','0008_auto_20160223_0617','2016-02-25 07:34:19'),(9,'BizPit_app','0009_sign_up','2016-02-25 07:34:19'),(10,'BizPit_app','0010_auto_20160224_1210','2016-02-25 07:34:19'),(11,'BizPit_app','0011_holidays_working_days','2016-02-25 07:34:20'),(12,'contenttypes','0001_initial','2016-02-25 07:34:20'),(13,'auth','0001_initial','2016-02-25 07:34:20'),(14,'admin','0001_initial','2016-02-25 07:34:20'),(15,'sessions','0001_initial','2016-02-25 07:34:20'),(16,'BizPit_api_app','0001_initial','2016-02-25 09:33:43'),(17,'tastypie','0001_initial','2016-02-25 09:33:43'),(18,'BizPit_app','0012_auto_20160304_0505','2016-03-04 05:05:35'),(19,'BizPit_app','0013_holidays_non_working_days','2016-03-08 09:44:29');

--
-- Table structure for table `tastypie_apiaccess`
--

CREATE TABLE `tastypie_apiaccess` (
  `id` int(11) NOT NULL AUTO_INCREMENT,
  `identifier` varchar(255) NOT NULL,
  `url` varchar(255) NOT NULL,
  `request_method` varchar(10) NOT NULL,
  `accessed` int(10) unsigned NOT NULL,
  PRIMARY KEY (`id`)
) ENGINE=InnoDB DEFAULT CHARSET=latin1;

--
-- Dumping data for table `tastypie_apiaccess`
--



